The Swift Package Index logo.Swift Package Index

Build Information

Failed to build SwiftTaggedPointer, reference 1.0.3 (4c7ce4), with Swift 6.4 for Wasm on 23 Sep 2026 22:08:20 UTC.

Build Command

bash -c docker run --pull=always --rm -v "checkouts-54344843-0":/host -w "$PWD" -e JAVA_HOME="/root/.sdkman/candidates/java/current" -e SPI_BUILD="1" -e SPI_PROCESSING="1" registry.gitlab.com/saguaro1/spi-images:wasm-6.4-latest swift build --swift-sdk swift-6.4.x-DEVELOPMENT-SNAPSHOT-2026-09-04-a_wasm 2>&1

Build Log

========================================
RunAll
========================================
Builder version: 5.1.0
Interrupt handler set up.
========================================
Checkout
========================================
Clone URL: https://github.com/joehinkle11/SwiftTaggedPointer.git
Reference: 1.0.3
Initialized empty Git repository in /host/spi-builder-workspace/.git/
hint: Using 'master' as the name for the initial branch. This default branch name
hint: is subject to change. To configure the initial branch name to use in all
hint: of your new repositories, which will suppress this warning, call:
hint:
hint: 	git config --global init.defaultBranch <name>
hint:
hint: Names commonly chosen instead of 'master' are 'main', 'trunk' and
hint: 'development'. The just-created branch can be renamed via this command:
hint:
hint: 	git branch -m <name>
From https://github.com/joehinkle11/SwiftTaggedPointer
 * tag               1.0.3      -> FETCH_HEAD
HEAD is now at 4c7ce4e improved tests and moved off stdlib _Pointer type
Cloned https://github.com/joehinkle11/SwiftTaggedPointer.git
Revision (git rev-parse @):
4c7ce4e7d153c237df461d74181e06cd379fe27b
SUCCESS checkout https://github.com/joehinkle11/SwiftTaggedPointer.git at 1.0.3
========================================
Build
========================================
Selected platform:         wasm
Swift version:             6.4
Building package at path:  $PWD
https://github.com/joehinkle11/SwiftTaggedPointer.git
Running build ...
bash -c docker run --pull=always --rm -v "checkouts-54344843-0":/host -w "$PWD" -e JAVA_HOME="/root/.sdkman/candidates/java/current" -e SPI_BUILD="1" -e SPI_PROCESSING="1" registry.gitlab.com/saguaro1/spi-images:wasm-6.4-latest swift build --swift-sdk swift-6.4.x-DEVELOPMENT-SNAPSHOT-2026-09-04-a_wasm 2>&1
wasm-6.4-latest: Pulling from saguaro1/spi-images
Digest: sha256:4328fdb43c680d205c1d6761b1e3267aa38277eefdda9ddfb17b6a0f1a77857a
Status: Image is up to date for registry.gitlab.com/saguaro1/spi-images:wasm-6.4-latest
Building for debugging...
[Planning deferred tasks]
error: SwiftCompile normal wasm32 failed with a nonzero exit code. Command line:     cd /host

[20 / 28] SwiftTaggedPointer
/host/spi-builder-workspace/Sources/SwiftTaggedPointer/SwiftTaggedPointer.swift:270:61: error: integer literal '140737488355320' overflows when stored into 'UInt'
268 | // Constants
269 | @_alwaysEmitIntoClient
270 | private let canonicalPointerGutsMask: Int = Int(bitPattern: 0b0000000000000000011111111111111111111111111111111111111111111000 as UInt)
    |                                                             `- error: integer literal '140737488355320' overflows when stored into 'UInt'
271 | @_alwaysEmitIntoClient
272 | private let canonicalPointerGutsMaskNegated: Int = ~canonicalPointerGutsMask
/host/spi-builder-workspace/Sources/SwiftTaggedPointer/SwiftTaggedPointer.swift:278:50: error: integer literal '18446603336221196288' overflows when stored into 'UInt'
276 | private let bottom3BitsMaskNegated: Int = ~bottom3BitsMask
277 | @_alwaysEmitIntoClient
278 | private let top17BitsMask: Int = Int(bitPattern: 0b1111111111111111100000000000000000000000000000000000000000000000 as UInt)
    |                                                  `- error: integer literal '18446603336221196288' overflows when stored into 'UInt'
279 | @_alwaysEmitIntoClient
280 | private let top17BitsMaskNegated: Int = ~top17BitsMask
/host/spi-builder-workspace/Sources/SwiftTaggedPointer/SwiftTaggedPointer.swift:282:50: error: integer literal '18446462598732840960' overflows when stored into 'UInt'
280 | private let top17BitsMaskNegated: Int = ~top17BitsMask
281 | @_alwaysEmitIntoClient
282 | private let top16BitsMask: Int = Int(bitPattern: 0b1111111111111111000000000000000000000000000000000000000000000000 as UInt)
    |                                                  `- error: integer literal '18446462598732840960' overflows when stored into 'UInt'
283 | @_alwaysEmitIntoClient
284 | private let top16BitsMaskNegated: Int = ~top16BitsMask
/host/spi-builder-workspace/Sources/SwiftTaggedPointer/SwiftTaggedPointer.swift:286:48: error: integer literal '140737488355328' overflows when stored into 'UInt'
284 | private let top16BitsMaskNegated: Int = ~top16BitsMask
285 | @_alwaysEmitIntoClient
286 | private let signBitMask: Int = Int(bitPattern: 0b100000000000000000000000000000000000000000000000 as UInt)
    |                                                `- error: integer literal '140737488355328' overflows when stored into 'UInt'
287 | @_alwaysEmitIntoClient
288 | private let signBitMaskNegated: Int = ~signBitMask
Failed frontend command:
/usr/bin/swift-frontend -frontend -emit-module -experimental-skip-non-inlinable-function-bodies-without-types /host/spi-builder-workspace/Sources/SwiftTaggedPointer/SwiftTaggedPointer.swift -target wasm32-unknown-wasip1 -disable-objc-interop -sdk /root/.swiftpm/swift-sdks/swift-6.4.x-DEVELOPMENT-SNAPSHOT-2026-09-04-a_wasm.artifactbundle/swift-6.4.x-DEVELOPMENT-SNAPSHOT-2026-09-04-a_wasm/wasm32-unknown-wasip1/WASI.sdk -sysroot /root/.swiftpm/swift-sdks/swift-6.4.x-DEVELOPMENT-SNAPSHOT-2026-09-04-a_wasm.artifactbundle/swift-6.4.x-DEVELOPMENT-SNAPSHOT-2026-09-04-a_wasm/wasm32-unknown-wasip1/WASI.sdk -I /host/spi-builder-workspace/.build/out/Products/Debug-webassembly-wasm32 -module-cache-path /host/spi-builder-workspace/.build/out/ModuleCache.noindex -color-diagnostics -Xcc -fcolor-diagnostics -enable-testing -g -debug-info-format\=dwarf -dwarf-version\=4 -swift-version 5 -Onone -D SWIFT_PACKAGE -D DEBUG -D SWIFT_MODULE_RESOURCE_BUNDLE_UNAVAILABLE -D Xcode -serialize-debugging-options -enable-experimental-feature DebugDescriptionMacro -empty-abi-descriptor -external-plugin-path /usr/lib/swift/host/plugins/testing\#/usr/bin/swift-plugin-server -validate-clang-modules-once -clang-build-session-file /host/spi-builder-workspace/.build/out/ModuleCache.noindex/Session.modulevalidation -Xcc -working-directory -Xcc /host -resource-dir /root/.swiftpm/swift-sdks/swift-6.4.x-DEVELOPMENT-SNAPSHOT-2026-09-04-a_wasm.artifactbundle/swift-6.4.x-DEVELOPMENT-SNAPSHOT-2026-09-04-a_wasm/wasm32-unknown-wasip1/swift.xctoolchain/usr/lib/swift_static -use-static-resource-dir -enable-anonymous-context-mangled-names -file-compilation-dir /host -Xcc -resource-dir -Xcc /root/.swiftpm/swift-sdks/swift-6.4.x-DEVELOPMENT-SNAPSHOT-2026-09-04-a_wasm.artifactbundle/swift-6.4.x-DEVELOPMENT-SNAPSHOT-2026-09-04-a_wasm/wasm32-unknown-wasip1/swift.xctoolchain/usr/lib/swift_static/clang -Xcc -D_LIBCPP_HARDENING_MODE\=_LIBCPP_HARDENING_MODE_DEBUG -Xcc -fmodules-prune-interval\=86400 -Xcc -fmodules-prune-after\=345600 -Xcc -I/host/spi-builder-workspace/.build/out/Products/Debug-webassembly-wasm32/include -Xcc -I/host/spi-builder-workspace/.build/out/Intermediates.noindex/SwiftTaggedPointer.build/Debug-webassembly-wasm32/SwiftTaggedPointer-t.build/DerivedSources-normal/wasm32 -Xcc -I/host/spi-builder-workspace/.build/out/Intermediates.noindex/SwiftTaggedPointer.build/Debug-webassembly-wasm32/SwiftTaggedPointer-t.build/DerivedSources/wasm32 -Xcc -I/host/spi-builder-workspace/.build/out/Intermediates.noindex/SwiftTaggedPointer.build/Debug-webassembly-wasm32/SwiftTaggedPointer-t.build/DerivedSources -Xcc -DSWIFT_PACKAGE -Xcc -DDEBUG\=1 -no-auto-bridging-header-chaining -module-name SwiftTaggedPointer -package-name spi_builder_workspace -const-gather-protocols-file /host/spi-builder-workspace/.build/out/Intermediates.noindex/SwiftTaggedPointer.build/Debug-webassembly-wasm32/SwiftTaggedPointer-t.build/Objects-normal/wasm32/SwiftTaggedPointer_const_extract_protocols.json -in-process-plugin-server-path /usr/lib/swift/host/libSwiftInProcPluginServer.so -plugin-path /usr/lib/swift/host/plugins -plugin-path /usr/local/lib/swift/host/plugins -emit-module-doc-path /host/spi-builder-workspace/.build/out/Intermediates.noindex/SwiftTaggedPointer.build/Debug-webassembly-wasm32/SwiftTaggedPointer-t.build/Objects-normal/wasm32/Modules/SwiftTaggedPointer.swiftdoc -emit-module-source-info-path /host/spi-builder-workspace/.build/out/Intermediates.noindex/SwiftTaggedPointer.build/Debug-webassembly-wasm32/SwiftTaggedPointer-t.build/Objects-normal/wasm32/Modules/SwiftTaggedPointer.swiftsourceinfo -emit-objc-header-path /host/spi-builder-workspace/.build/out/Intermediates.noindex/SwiftTaggedPointer.build/Debug-webassembly-wasm32/SwiftTaggedPointer-t.build/Objects-normal/wasm32/SwiftTaggedPointer-Swift.h -serialize-diagnostics-path /host/spi-builder-workspace/.build/out/Intermediates.noindex/SwiftTaggedPointer.build/Debug-webassembly-wasm32/SwiftTaggedPointer-t.build/Objects-normal/wasm32/SwiftTaggedPointer-primary-emit-module.dia -emit-dependencies-path /host/spi-builder-workspace/.build/out/Intermediates.noindex/SwiftTaggedPointer.build/Debug-webassembly-wasm32/SwiftTaggedPointer-t.build/Objects-normal/wasm32/SwiftTaggedPointer-primary-emit-module.d -parse-as-library -o /host/spi-builder-workspace/.build/out/Intermediates.noindex/SwiftTaggedPointer.build/Debug-webassembly-wasm32/SwiftTaggedPointer-t.build/Objects-normal/wasm32/Modules/SwiftTaggedPointer.swiftmodule
error: Build failed
BUILD FAILURE 6.4 wasm