Build Information
Failed to build ImageDataPicker, reference 1.0.0 (a5060b), with Swift 6.1 for tvOS using Xcode 16.3 on 24 Oct 2026 15:55:22 UTC.
Build Command
env DEVELOPER_DIR=/Applications/Xcode-16.3.0.app xcrun xcodebuild -IDEClonedSourcePackagesDirPathOverride=$PWD/.dependencies -skipMacroValidation -skipPackagePluginValidation -derivedDataPath $PWD/.derivedData build -scheme ImageDataPicker -destination generic/platform=tvOSBuild Log
========================================
RunAll
========================================
Builder version: 5.1.3
Interrupt handler set up.
========================================
Checkout
========================================
Clone URL: https://github.com/Technistic/ImageDataPicker.git
Reference: 1.0.0
Initialized empty Git repository in /Users/admin/builder/spi-builder-workspace/.git/
From https://github.com/Technistic/ImageDataPicker
* tag 1.0.0 -> FETCH_HEAD
HEAD is now at a5060b8 Modify build-xcframework GitHub Action to not test EmployeeFormExample
Cloned https://github.com/Technistic/ImageDataPicker.git
Revision (git rev-parse @):
a5060b8f24f783192a213e63759d951be0bb1e21
SPI manifest file found: $PWD/.spi.yml
SUCCESS checkout https://github.com/Technistic/ImageDataPicker.git at 1.0.0
========================================
Build
========================================
Selected platform: tvOS
Swift version: 6.1
Building package at path: $PWD
https://github.com/Technistic/ImageDataPicker.git
https://github.com/Technistic/ImageDataPicker.git
{
"dependencies" : [
],
"manifest_display_name" : "ImageDataPicker",
"name" : "ImageDataPicker",
"path" : "/Users/admin/builder/spi-builder-workspace",
"platforms" : [
{
"name" : "ios",
"version" : "17.0"
},
{
"name" : "macos",
"version" : "14.0"
},
{
"name" : "visionos",
"version" : "1.0"
}
],
"products" : [
{
"name" : "ImageDataPicker",
"targets" : [
"ImageDataPicker"
],
"type" : {
"library" : [
"automatic"
]
}
}
],
"targets" : [
{
"c99name" : "ImageDataPickerTests",
"module_type" : "SwiftTarget",
"name" : "ImageDataPickerTests",
"path" : "ImageDataPicker/ImageDataPickerPackageTests",
"sources" : [
"ImageDataPickerTests.swift"
],
"target_dependencies" : [
"ImageDataPicker"
],
"type" : "test"
},
{
"c99name" : "ImageDataPicker",
"module_type" : "SwiftTarget",
"name" : "ImageDataPicker",
"path" : "ImageDataPicker/ImageDataPicker",
"product_memberships" : [
"ImageDataPicker"
],
"sources" : [
"Logging/Logger+Extension.swift",
"Models/ImageDataModel.swift",
"Models/ImageState+Extension.swift",
"Views/Constants.swift",
"Views/ImageDataPickerView.swift",
"Views/ImageDataView.swift",
"Views/ImagePickerButtons.swift",
"Views/ImageStateView.swift",
"Views/NSImage+Extension.swift",
"Views/SquareImageViewModifier.swift",
"Views/View+Extension.swift"
],
"type" : "library"
}
],
"tools_version" : "6.0"
}
warning: 'spi-builder-workspace': Invalid Exclude '/Users/admin/builder/spi-builder-workspace/ImageDataPicker/ImageDataPicker/Media.xcassets': File not found.
Command line invocation:
/Applications/Xcode-16.3.0.app/Contents/Developer/usr/bin/xcodebuild -IDEClonedSourcePackagesDirPathOverride=/Users/admin/builder/spi-builder-workspace/.dependencies -resolvePackageDependencies
resolved source packages:
{
"dependencies" : [
],
"manifest_display_name" : "ImageDataPicker",
"name" : "ImageDataPicker",
"path" : "/Users/admin/builder/spi-builder-workspace",
"platforms" : [
{
"name" : "ios",
"version" : "17.0"
},
{
"name" : "macos",
"version" : "14.0"
},
{
"name" : "visionos",
"version" : "1.0"
}
],
"products" : [
{
"name" : "ImageDataPicker",
"targets" : [
"ImageDataPicker"
],
"type" : {
"library" : [
"automatic"
]
}
}
],
"targets" : [
{
"c99name" : "ImageDataPickerTests",
"module_type" : "SwiftTarget",
"name" : "ImageDataPickerTests",
"path" : "ImageDataPicker/ImageDataPickerPackageTests",
"sources" : [
"ImageDataPickerTests.swift"
],
"target_dependencies" : [
"ImageDataPicker"
],
"type" : "test"
},
{
"c99name" : "ImageDataPicker",
"module_type" : "SwiftTarget",
"name" : "ImageDataPicker",
"path" : "ImageDataPicker/ImageDataPicker",
"product_memberships" : [
"ImageDataPicker"
],
"sources" : [
"Logging/Logger+Extension.swift",
"Models/ImageDataModel.swift",
"Models/ImageState+Extension.swift",
"Views/Constants.swift",
"Views/ImageDataPickerView.swift",
"Views/ImageDataView.swift",
"Views/ImagePickerButtons.swift",
"Views/ImageStateView.swift",
"Views/NSImage+Extension.swift",
"Views/SquareImageViewModifier.swift",
"Views/View+Extension.swift"
],
"type" : "library"
}
],
"tools_version" : "6.0"
}
warning: 'spi-builder-workspace': Invalid Exclude '/Users/admin/builder/spi-builder-workspace/ImageDataPicker/ImageDataPicker/Media.xcassets': File not found.
{
"workspace" : {
"name" : "ImageDataPicker",
"schemes" : [
"EmployeeFormExample",
"EmployeeFormExample-alpha",
"EmployeeFormExample-beta",
"EmployeeFormExample-Release",
"ImageDataPicker",
"ImageDataPicker-alpha",
"ImageDataPicker-beta"
]
}
}
{
"workspace" : {
"name" : "spi-builder-workspace",
"schemes" : [
"ImageDataPicker"
]
}
}
Running build ...
env DEVELOPER_DIR=/Applications/Xcode-16.3.0.app xcrun xcodebuild -IDEClonedSourcePackagesDirPathOverride=$PWD/.dependencies -skipMacroValidation -skipPackagePluginValidation -derivedDataPath $PWD/.derivedData build -scheme ImageDataPicker -destination generic/platform=tvOS OTHER_SWIFT_FLAGS=-stats-output-dir .stats
Command line invocation:
/Applications/Xcode-16.3.0.app/Contents/Developer/usr/bin/xcodebuild -IDEClonedSourcePackagesDirPathOverride=/Users/admin/builder/spi-builder-workspace/.dependencies -skipMacroValidation -skipPackagePluginValidation -derivedDataPath /Users/admin/builder/spi-builder-workspace/.derivedData build -scheme ImageDataPicker -destination generic/platform=tvOS "OTHER_SWIFT_FLAGS=-stats-output-dir .stats"
Build settings from command line:
OTHER_SWIFT_FLAGS = -stats-output-dir .stats
Resolve Package Graph
Invalid Exclude '/Users/admin/builder/spi-builder-workspace/ImageDataPicker/ImageDataPicker/Media.xcassets': File not found.
Resolved source packages:
ImageDataPicker: /Users/admin/builder/spi-builder-workspace
ComputePackagePrebuildTargetDependencyGraph
Prepare packages
CreateBuildRequest
SendProjectDescription
CreateBuildOperation
ComputeTargetDependencyGraph
note: Building targets in dependency order
note: Target dependency graph (2 targets)
Target 'ImageDataPicker' in project 'ImageDataPicker'
➜ Explicit dependency on target 'ImageDataPicker' in project 'ImageDataPicker'
Target 'ImageDataPicker' in project 'ImageDataPicker' (no dependencies)
GatherProvisioningInputs
CreateBuildDescription
ExecuteExternalTool /Applications/Xcode-16.3.0.app/Contents/Developer/Toolchains/XcodeDefault.xctoolchain/usr/bin/clang -v -E -dM -isysroot /Applications/Xcode-16.3.0.app/Contents/Developer/Platforms/AppleTVOS.platform/Developer/SDKs/AppleTVOS18.4.sdk -x c -c /dev/null
ExecuteExternalTool /Applications/Xcode-16.3.0.app/Contents/Developer/Toolchains/XcodeDefault.xctoolchain/usr/bin/swiftc --version
ExecuteExternalTool /Applications/Xcode-16.3.0.app/Contents/Developer/Toolchains/XcodeDefault.xctoolchain/usr/bin/ld -version_details
Build description signature: e9a36b6ee72421ae9cba93a4f3636aec
Build description path: /Users/admin/builder/spi-builder-workspace/.derivedData/Build/Intermediates.noindex/XCBuildData/e9a36b6ee72421ae9cba93a4f3636aec.xcbuilddata
CreateBuildDirectory /Users/admin/builder/spi-builder-workspace/.derivedData/Build/Products
cd /Users/admin/builder/spi-builder-workspace/.swiftpm/xcode
builtin-create-build-directory /Users/admin/builder/spi-builder-workspace/.derivedData/Build/Products
ClangStatCache /Applications/Xcode-16.3.0.app/Contents/Developer/Toolchains/XcodeDefault.xctoolchain/usr/bin/clang-stat-cache /Applications/Xcode-16.3.0.app/Contents/Developer/Platforms/AppleTVOS.platform/Developer/SDKs/AppleTVOS18.4.sdk /Users/admin/builder/spi-builder-workspace/.derivedData/SDKStatCaches.noindex/appletvos18.4-22L251-271d326055c85f9856fa135c41255102.sdkstatcache
cd /Users/admin/builder/spi-builder-workspace/.swiftpm/xcode
/Applications/Xcode-16.3.0.app/Contents/Developer/Toolchains/XcodeDefault.xctoolchain/usr/bin/clang-stat-cache /Applications/Xcode-16.3.0.app/Contents/Developer/Platforms/AppleTVOS.platform/Developer/SDKs/AppleTVOS18.4.sdk -o /Users/admin/builder/spi-builder-workspace/.derivedData/SDKStatCaches.noindex/appletvos18.4-22L251-271d326055c85f9856fa135c41255102.sdkstatcache
CreateBuildDirectory /Users/admin/builder/spi-builder-workspace/.derivedData/Build/Intermediates.noindex
cd /Users/admin/builder/spi-builder-workspace/.swiftpm/xcode
builtin-create-build-directory /Users/admin/builder/spi-builder-workspace/.derivedData/Build/Intermediates.noindex
CreateBuildDirectory /Users/admin/builder/spi-builder-workspace/.derivedData/Build/Products/Debug-appletvos
cd /Users/admin/builder/spi-builder-workspace/.swiftpm/xcode
builtin-create-build-directory /Users/admin/builder/spi-builder-workspace/.derivedData/Build/Products/Debug-appletvos
CreateBuildDirectory /Users/admin/builder/spi-builder-workspace/.derivedData/Build/Intermediates.noindex/EagerLinkingTBDs/Debug-appletvos
cd /Users/admin/builder/spi-builder-workspace/.swiftpm/xcode
builtin-create-build-directory /Users/admin/builder/spi-builder-workspace/.derivedData/Build/Intermediates.noindex/EagerLinkingTBDs/Debug-appletvos
CreateBuildDirectory /Users/admin/builder/spi-builder-workspace/.derivedData/Build/Products/Debug-appletvos/PackageFrameworks
cd /Users/admin/builder/spi-builder-workspace/.swiftpm/xcode
builtin-create-build-directory /Users/admin/builder/spi-builder-workspace/.derivedData/Build/Products/Debug-appletvos/PackageFrameworks
WriteAuxiliaryFile /Users/admin/builder/spi-builder-workspace/.derivedData/Build/Intermediates.noindex/ImageDataPicker.build/Debug-appletvos/ImageDataPicker.build/ImageDataPicker.modulemap (in target 'ImageDataPicker' from project 'ImageDataPicker')
cd /Users/admin/builder/spi-builder-workspace
write-file /Users/admin/builder/spi-builder-workspace/.derivedData/Build/Intermediates.noindex/ImageDataPicker.build/Debug-appletvos/ImageDataPicker.build/ImageDataPicker.modulemap
WriteAuxiliaryFile /Users/admin/builder/spi-builder-workspace/.derivedData/Build/Intermediates.noindex/ImageDataPicker.build/Debug-appletvos/ImageDataPicker.build/Objects-normal/arm64/ImageDataPicker-OutputFileMap.json (in target 'ImageDataPicker' from project 'ImageDataPicker')
cd /Users/admin/builder/spi-builder-workspace
write-file /Users/admin/builder/spi-builder-workspace/.derivedData/Build/Intermediates.noindex/ImageDataPicker.build/Debug-appletvos/ImageDataPicker.build/Objects-normal/arm64/ImageDataPicker-OutputFileMap.json
WriteAuxiliaryFile /Users/admin/builder/spi-builder-workspace/.derivedData/Build/Intermediates.noindex/ImageDataPicker.build/Debug-appletvos/ImageDataPicker.build/Objects-normal/arm64/ImageDataPicker_const_extract_protocols.json (in target 'ImageDataPicker' from project 'ImageDataPicker')
cd /Users/admin/builder/spi-builder-workspace
write-file /Users/admin/builder/spi-builder-workspace/.derivedData/Build/Intermediates.noindex/ImageDataPicker.build/Debug-appletvos/ImageDataPicker.build/Objects-normal/arm64/ImageDataPicker_const_extract_protocols.json
WriteAuxiliaryFile /Users/admin/builder/spi-builder-workspace/.derivedData/Build/Intermediates.noindex/ImageDataPicker.build/Debug-appletvos/ImageDataPicker.build/Objects-normal/arm64/ImageDataPicker.SwiftFileList (in target 'ImageDataPicker' from project 'ImageDataPicker')
cd /Users/admin/builder/spi-builder-workspace
write-file /Users/admin/builder/spi-builder-workspace/.derivedData/Build/Intermediates.noindex/ImageDataPicker.build/Debug-appletvos/ImageDataPicker.build/Objects-normal/arm64/ImageDataPicker.SwiftFileList
WriteAuxiliaryFile /Users/admin/builder/spi-builder-workspace/.derivedData/Build/Intermediates.noindex/ImageDataPicker.build/Debug-appletvos/ImageDataPicker.build/Objects-normal/arm64/ImageDataPicker.SwiftConstValuesFileList (in target 'ImageDataPicker' from project 'ImageDataPicker')
cd /Users/admin/builder/spi-builder-workspace
write-file /Users/admin/builder/spi-builder-workspace/.derivedData/Build/Intermediates.noindex/ImageDataPicker.build/Debug-appletvos/ImageDataPicker.build/Objects-normal/arm64/ImageDataPicker.SwiftConstValuesFileList
WriteAuxiliaryFile /Users/admin/builder/spi-builder-workspace/.derivedData/Build/Intermediates.noindex/ImageDataPicker.build/Debug-appletvos/ImageDataPicker.build/ImageDataPicker.DependencyStaticMetadataFileList (in target 'ImageDataPicker' from project 'ImageDataPicker')
cd /Users/admin/builder/spi-builder-workspace
write-file /Users/admin/builder/spi-builder-workspace/.derivedData/Build/Intermediates.noindex/ImageDataPicker.build/Debug-appletvos/ImageDataPicker.build/ImageDataPicker.DependencyStaticMetadataFileList
WriteAuxiliaryFile /Users/admin/builder/spi-builder-workspace/.derivedData/Build/Intermediates.noindex/ImageDataPicker.build/Debug-appletvos/ImageDataPicker.build/Objects-normal/arm64/ImageDataPicker.LinkFileList (in target 'ImageDataPicker' from project 'ImageDataPicker')
cd /Users/admin/builder/spi-builder-workspace
write-file /Users/admin/builder/spi-builder-workspace/.derivedData/Build/Intermediates.noindex/ImageDataPicker.build/Debug-appletvos/ImageDataPicker.build/Objects-normal/arm64/ImageDataPicker.LinkFileList
WriteAuxiliaryFile /Users/admin/builder/spi-builder-workspace/.derivedData/Build/Intermediates.noindex/ImageDataPicker.build/Debug-appletvos/ImageDataPicker.build/ImageDataPicker.DependencyMetadataFileList (in target 'ImageDataPicker' from project 'ImageDataPicker')
cd /Users/admin/builder/spi-builder-workspace
write-file /Users/admin/builder/spi-builder-workspace/.derivedData/Build/Intermediates.noindex/ImageDataPicker.build/Debug-appletvos/ImageDataPicker.build/ImageDataPicker.DependencyMetadataFileList
Copy /Users/admin/builder/spi-builder-workspace/.derivedData/Build/Intermediates.noindex/GeneratedModuleMaps-appletvos/ImageDataPicker.modulemap /Users/admin/builder/spi-builder-workspace/.derivedData/Build/Intermediates.noindex/ImageDataPicker.build/Debug-appletvos/ImageDataPicker.build/ImageDataPicker.modulemap (in target 'ImageDataPicker' from project 'ImageDataPicker')
cd /Users/admin/builder/spi-builder-workspace
builtin-copy -exclude .DS_Store -exclude CVS -exclude .svn -exclude .git -exclude .hg -resolve-src-symlinks /Users/admin/builder/spi-builder-workspace/.derivedData/Build/Intermediates.noindex/ImageDataPicker.build/Debug-appletvos/ImageDataPicker.build/ImageDataPicker.modulemap /Users/admin/builder/spi-builder-workspace/.derivedData/Build/Intermediates.noindex/GeneratedModuleMaps-appletvos
SwiftDriver ImageDataPicker normal arm64 com.apple.xcode.tools.swift.compiler (in target 'ImageDataPicker' from project 'ImageDataPicker')
cd /Users/admin/builder/spi-builder-workspace/.swiftpm/xcode
builtin-SwiftDriver -- /Applications/Xcode-16.3.0.app/Contents/Developer/Toolchains/XcodeDefault.xctoolchain/usr/bin/swiftc -module-name ImageDataPicker -Onone -enforce-exclusivity\=checked @/Users/admin/builder/spi-builder-workspace/.derivedData/Build/Intermediates.noindex/ImageDataPicker.build/Debug-appletvos/ImageDataPicker.build/Objects-normal/arm64/ImageDataPicker.SwiftFileList -DSWIFT_PACKAGE -DDEBUG -stats-output-dir .stats -plugin-path /Applications/Xcode-16.3.0.app/Contents/Developer/Toolchains/XcodeDefault.xctoolchain/usr/lib/swift/host/plugins/testing -enable-experimental-feature DebugDescriptionMacro -sdk /Applications/Xcode-16.3.0.app/Contents/Developer/Platforms/AppleTVOS.platform/Developer/SDKs/AppleTVOS18.4.sdk -target arm64-apple-tvos17.0 -g -module-cache-path /Users/admin/builder/spi-builder-workspace/.derivedData/ModuleCache.noindex -Xfrontend -serialize-debugging-options -profile-coverage-mapping -profile-generate -enable-testing -index-store-path /Users/admin/builder/spi-builder-workspace/.derivedData/Index.noindex/DataStore -swift-version 6 -I /Users/admin/builder/spi-builder-workspace/.derivedData/Build/Products/Debug-appletvos -I /Applications/Xcode-16.3.0.app/Contents/Developer/Platforms/AppleTVOS.platform/Developer/usr/lib -F /Users/admin/builder/spi-builder-workspace/.derivedData/Build/Products/Debug-appletvos -F /Applications/Xcode-16.3.0.app/Contents/Developer/Platforms/AppleTVOS.platform/Developer/Library/Frameworks -F /Applications/Xcode-16.3.0.app/Contents/Developer/Platforms/AppleTVOS.platform/Developer/SDKs/AppleTVOS18.4.sdk/Developer/Library/Frameworks -c -j10 -enable-batch-mode -incremental -Xcc -ivfsstatcache -Xcc /Users/admin/builder/spi-builder-workspace/.derivedData/SDKStatCaches.noindex/appletvos18.4-22L251-271d326055c85f9856fa135c41255102.sdkstatcache -output-file-map /Users/admin/builder/spi-builder-workspace/.derivedData/Build/Intermediates.noindex/ImageDataPicker.build/Debug-appletvos/ImageDataPicker.build/Objects-normal/arm64/ImageDataPicker-OutputFileMap.json -use-frontend-parseable-output -save-temps -no-color-diagnostics -serialize-diagnostics -emit-dependencies -emit-module -emit-module-path /Users/admin/builder/spi-builder-workspace/.derivedData/Build/Intermediates.noindex/ImageDataPicker.build/Debug-appletvos/ImageDataPicker.build/Objects-normal/arm64/ImageDataPicker.swiftmodule -validate-clang-modules-once -clang-build-session-file /Users/admin/builder/spi-builder-workspace/.derivedData/ModuleCache.noindex/Session.modulevalidation -package-name spi_builder_workspace -Xcc -I/Users/admin/builder/spi-builder-workspace/.derivedData/Build/Intermediates.noindex/ImageDataPicker.build/Debug-appletvos/ImageDataPicker.build/swift-overrides.hmap -emit-const-values -Xfrontend -const-gather-protocols-file -Xfrontend /Users/admin/builder/spi-builder-workspace/.derivedData/Build/Intermediates.noindex/ImageDataPicker.build/Debug-appletvos/ImageDataPicker.build/Objects-normal/arm64/ImageDataPicker_const_extract_protocols.json -Xcc -I/Users/admin/builder/spi-builder-workspace/.derivedData/Build/Products/Debug-appletvos/include -Xcc -I/Users/admin/builder/spi-builder-workspace/.derivedData/Build/Intermediates.noindex/ImageDataPicker.build/Debug-appletvos/ImageDataPicker.build/DerivedSources-normal/arm64 -Xcc -I/Users/admin/builder/spi-builder-workspace/.derivedData/Build/Intermediates.noindex/ImageDataPicker.build/Debug-appletvos/ImageDataPicker.build/DerivedSources/arm64 -Xcc -I/Users/admin/builder/spi-builder-workspace/.derivedData/Build/Intermediates.noindex/ImageDataPicker.build/Debug-appletvos/ImageDataPicker.build/DerivedSources -Xcc -DSWIFT_PACKAGE -Xcc -DDEBUG\=1 -emit-objc-header -emit-objc-header-path /Users/admin/builder/spi-builder-workspace/.derivedData/Build/Intermediates.noindex/ImageDataPicker.build/Debug-appletvos/ImageDataPicker.build/Objects-normal/arm64/ImageDataPicker-Swift.h -working-directory /Users/admin/builder/spi-builder-workspace/.swiftpm/xcode -experimental-emit-module-separately -disable-cmo
SwiftCompile normal arm64 Compiling\ ImageState+Extension.swift /Users/admin/builder/spi-builder-workspace/ImageDataPicker/ImageDataPicker/Models/ImageState+Extension.swift (in target 'ImageDataPicker' from project 'ImageDataPicker')
SwiftCompile normal arm64 /Users/admin/builder/spi-builder-workspace/ImageDataPicker/ImageDataPicker/Models/ImageState+Extension.swift (in target 'ImageDataPicker' from project 'ImageDataPicker')
cd /Users/admin/builder/spi-builder-workspace/.swiftpm/xcode
SwiftCompile normal arm64 Compiling\ Constants.swift /Users/admin/builder/spi-builder-workspace/ImageDataPicker/ImageDataPicker/Views/Constants.swift (in target 'ImageDataPicker' from project 'ImageDataPicker')
SwiftCompile normal arm64 /Users/admin/builder/spi-builder-workspace/ImageDataPicker/ImageDataPicker/Views/Constants.swift (in target 'ImageDataPicker' from project 'ImageDataPicker')
cd /Users/admin/builder/spi-builder-workspace/.swiftpm/xcode
SwiftCompile normal arm64 Compiling\ ImageDataPickerView.swift /Users/admin/builder/spi-builder-workspace/ImageDataPicker/ImageDataPicker/Views/ImageDataPickerView.swift (in target 'ImageDataPicker' from project 'ImageDataPicker')
SwiftCompile normal arm64 /Users/admin/builder/spi-builder-workspace/ImageDataPicker/ImageDataPicker/Views/ImageDataPickerView.swift (in target 'ImageDataPicker' from project 'ImageDataPicker')
cd /Users/admin/builder/spi-builder-workspace/.swiftpm/xcode
SwiftCompile normal arm64 Compiling\ Logger+Extension.swift,\ ImageDataModel.swift /Users/admin/builder/spi-builder-workspace/ImageDataPicker/ImageDataPicker/Logging/Logger+Extension.swift /Users/admin/builder/spi-builder-workspace/ImageDataPicker/ImageDataPicker/Models/ImageDataModel.swift (in target 'ImageDataPicker' from project 'ImageDataPicker')
SwiftCompile normal arm64 /Users/admin/builder/spi-builder-workspace/ImageDataPicker/ImageDataPicker/Logging/Logger+Extension.swift (in target 'ImageDataPicker' from project 'ImageDataPicker')
cd /Users/admin/builder/spi-builder-workspace/.swiftpm/xcode
SwiftCompile normal arm64 /Users/admin/builder/spi-builder-workspace/ImageDataPicker/ImageDataPicker/Models/ImageDataModel.swift (in target 'ImageDataPicker' from project 'ImageDataPicker')
cd /Users/admin/builder/spi-builder-workspace/.swiftpm/xcode
SwiftCompile normal arm64 Compiling\ ImageDataView.swift /Users/admin/builder/spi-builder-workspace/ImageDataPicker/ImageDataPicker/Views/ImageDataView.swift (in target 'ImageDataPicker' from project 'ImageDataPicker')
SwiftCompile normal arm64 /Users/admin/builder/spi-builder-workspace/ImageDataPicker/ImageDataPicker/Views/ImageDataView.swift (in target 'ImageDataPicker' from project 'ImageDataPicker')
cd /Users/admin/builder/spi-builder-workspace/.swiftpm/xcode
SwiftCompile normal arm64 Compiling\ ImagePickerButtons.swift /Users/admin/builder/spi-builder-workspace/ImageDataPicker/ImageDataPicker/Views/ImagePickerButtons.swift (in target 'ImageDataPicker' from project 'ImageDataPicker')
SwiftCompile normal arm64 /Users/admin/builder/spi-builder-workspace/ImageDataPicker/ImageDataPicker/Views/ImagePickerButtons.swift (in target 'ImageDataPicker' from project 'ImageDataPicker')
cd /Users/admin/builder/spi-builder-workspace/.swiftpm/xcode
SwiftCompile normal arm64 Compiling\ ImageStateView.swift /Users/admin/builder/spi-builder-workspace/ImageDataPicker/ImageDataPicker/Views/ImageStateView.swift (in target 'ImageDataPicker' from project 'ImageDataPicker')
SwiftCompile normal arm64 /Users/admin/builder/spi-builder-workspace/ImageDataPicker/ImageDataPicker/Views/ImageStateView.swift (in target 'ImageDataPicker' from project 'ImageDataPicker')
cd /Users/admin/builder/spi-builder-workspace/.swiftpm/xcode
SwiftCompile normal arm64 Compiling\ NSImage+Extension.swift /Users/admin/builder/spi-builder-workspace/ImageDataPicker/ImageDataPicker/Views/NSImage+Extension.swift (in target 'ImageDataPicker' from project 'ImageDataPicker')
SwiftCompile normal arm64 /Users/admin/builder/spi-builder-workspace/ImageDataPicker/ImageDataPicker/Views/NSImage+Extension.swift (in target 'ImageDataPicker' from project 'ImageDataPicker')
cd /Users/admin/builder/spi-builder-workspace/.swiftpm/xcode
SwiftEmitModule normal arm64 Emitting\ module\ for\ ImageDataPicker (in target 'ImageDataPicker' from project 'ImageDataPicker')
Failed frontend command:
/Applications/Xcode-16.3.0.app/Contents/Developer/Toolchains/XcodeDefault.xctoolchain/usr/bin/swift-frontend -frontend -emit-module -experimental-skip-non-inlinable-function-bodies-without-types /Users/admin/builder/spi-builder-workspace/ImageDataPicker/ImageDataPicker/Logging/Logger+Extension.swift /Users/admin/builder/spi-builder-workspace/ImageDataPicker/ImageDataPicker/Models/ImageDataModel.swift /Users/admin/builder/spi-builder-workspace/ImageDataPicker/ImageDataPicker/Models/ImageState+Extension.swift /Users/admin/builder/spi-builder-workspace/ImageDataPicker/ImageDataPicker/Views/Constants.swift /Users/admin/builder/spi-builder-workspace/ImageDataPicker/ImageDataPicker/Views/ImageDataPickerView.swift /Users/admin/builder/spi-builder-workspace/ImageDataPicker/ImageDataPicker/Views/ImageDataView.swift /Users/admin/builder/spi-builder-workspace/ImageDataPicker/ImageDataPicker/Views/ImagePickerButtons.swift /Users/admin/builder/spi-builder-workspace/ImageDataPicker/ImageDataPicker/Views/ImageStateView.swift /Users/admin/builder/spi-builder-workspace/ImageDataPicker/ImageDataPicker/Views/NSImage+Extension.swift /Users/admin/builder/spi-builder-workspace/ImageDataPicker/ImageDataPicker/Views/SquareImageViewModifier.swift /Users/admin/builder/spi-builder-workspace/ImageDataPicker/ImageDataPicker/Views/View+Extension.swift -target arm64-apple-tvos17.0 -Xllvm -aarch64-use-tbi -enable-objc-interop -stack-check -sdk /Applications/Xcode-16.3.0.app/Contents/Developer/Platforms/AppleTVOS.platform/Developer/SDKs/AppleTVOS18.4.sdk -I /Users/admin/builder/spi-builder-workspace/.derivedData/Build/Products/Debug-appletvos -I /Applications/Xcode-16.3.0.app/Contents/Developer/Platforms/AppleTVOS.platform/Developer/usr/lib -F /Users/admin/builder/spi-builder-workspace/.derivedData/Build/Products/Debug-appletvos -F /Applications/Xcode-16.3.0.app/Contents/Developer/Platforms/AppleTVOS.platform/Developer/Library/Frameworks -F /Applications/Xcode-16.3.0.app/Contents/Developer/Platforms/AppleTVOS.platform/Developer/SDKs/AppleTVOS18.4.sdk/Developer/Library/Frameworks -no-color-diagnostics -enable-testing -g -debug-info-format\=dwarf -dwarf-version\=4 -module-cache-path /Users/admin/builder/spi-builder-workspace/.derivedData/ModuleCache.noindex -profile-generate -profile-coverage-mapping -swift-version 6 -enforce-exclusivity\=checked -stats-output-dir /Users/admin/builder/spi-builder-workspace/.swiftpm/xcode/.stats -Onone -D SWIFT_PACKAGE -D DEBUG -serialize-debugging-options -const-gather-protocols-file /Users/admin/builder/spi-builder-workspace/.derivedData/Build/Intermediates.noindex/ImageDataPicker.build/Debug-appletvos/ImageDataPicker.build/Objects-normal/arm64/ImageDataPicker_const_extract_protocols.json -enable-experimental-feature DebugDescriptionMacro -empty-abi-descriptor -plugin-path /Applications/Xcode-16.3.0.app/Contents/Developer/Toolchains/XcodeDefault.xctoolchain/usr/lib/swift/host/plugins/testing -validate-clang-modules-once -clang-build-session-file /Users/admin/builder/spi-builder-workspace/.derivedData/ModuleCache.noindex/Session.modulevalidation -Xcc -working-directory -Xcc /Users/admin/builder/spi-builder-workspace/.swiftpm/xcode -resource-dir /Applications/Xcode-16.3.0.app/Contents/Developer/Toolchains/XcodeDefault.xctoolchain/usr/lib/swift -enable-anonymous-context-mangled-names -file-compilation-dir /Users/admin/builder/spi-builder-workspace/.swiftpm/xcode -Xcc -ivfsstatcache -Xcc /Users/admin/builder/spi-builder-workspace/.derivedData/SDKStatCaches.noindex/appletvos18.4-22L251-271d326055c85f9856fa135c41255102.sdkstatcache -Xcc -I/Users/admin/builder/spi-builder-workspace/.derivedData/Build/Intermediates.noindex/ImageDataPicker.build/Debug-appletvos/ImageDataPicker.build/swift-overrides.hmap -Xcc -I/Users/admin/builder/spi-builder-workspace/.derivedData/Build/Products/Debug-appletvos/include -Xcc -I/Users/admin/builder/spi-builder-workspace/.derivedData/Build/Intermediates.noindex/ImageDataPicker.build/Debug-appletvos/ImageDataPicker.build/DerivedSources-normal/arm64 -Xcc -I/Users/admin/builder/spi-builder-workspace/.derivedData/Build/Intermediates.noindex/ImageDataPicker.build/Debug-appletvos/ImageDataPicker.build/DerivedSources/arm64 -Xcc -I/Users/admin/builder/spi-builder-workspace/.derivedData/Build/Intermediates.noindex/ImageDataPicker.build/Debug-appletvos/ImageDataPicker.build/DerivedSources -Xcc -DSWIFT_PACKAGE -Xcc -DDEBUG\=1 -module-name ImageDataPicker -package-name spi_builder_workspace -frontend-parseable-output -disable-clang-spi -target-sdk-version 18.4 -target-sdk-name appletvos18.4 -external-plugin-path /Applications/Xcode-16.3.0.app/Contents/Developer/Platforms/AppleTVOS.platform/Developer/usr/lib/swift/host/plugins\#/Applications/Xcode-16.3.0.app/Contents/Developer/Platforms/AppleTVOS.platform/Developer/usr/bin/swift-plugin-server -external-plugin-path /Applications/Xcode-16.3.0.app/Contents/Developer/Platforms/AppleTVOS.platform/Developer/usr/local/lib/swift/host/plugins\#/Applications/Xcode-16.3.0.app/Contents/Developer/Platforms/AppleTVOS.platform/Developer/usr/bin/swift-plugin-server -in-process-plugin-server-path /Applications/Xcode-16.3.0.app/Contents/Developer/Toolchains/XcodeDefault.xctoolchain/usr/lib/swift/host/libSwiftInProcPluginServer.dylib -plugin-path /Applications/Xcode-16.3.0.app/Contents/Developer/Toolchains/XcodeDefault.xctoolchain/usr/lib/swift/host/plugins -plugin-path /Applications/Xcode-16.3.0.app/Contents/Developer/Toolchains/XcodeDefault.xctoolchain/usr/local/lib/swift/host/plugins -emit-module-doc-path /Users/admin/builder/spi-builder-workspace/.derivedData/Build/Intermediates.noindex/ImageDataPicker.build/Debug-appletvos/ImageDataPicker.build/Objects-normal/arm64/ImageDataPicker.swiftdoc -emit-module-source-info-path /Users/admin/builder/spi-builder-workspace/.derivedData/Build/Intermediates.noindex/ImageDataPicker.build/Debug-appletvos/ImageDataPicker.build/Objects-normal/arm64/ImageDataPicker.swiftsourceinfo -emit-objc-header-path /Users/admin/builder/spi-builder-workspace/.derivedData/Build/Intermediates.noindex/ImageDataPicker.build/Debug-appletvos/ImageDataPicker.build/Objects-normal/arm64/ImageDataPicker-Swift.h -serialize-diagnostics-path /Users/admin/builder/spi-builder-workspace/.derivedData/Build/Intermediates.noindex/ImageDataPicker.build/Debug-appletvos/ImageDataPicker.build/Objects-normal/arm64/ImageDataPicker-master-emit-module.dia -emit-dependencies-path /Users/admin/builder/spi-builder-workspace/.derivedData/Build/Intermediates.noindex/ImageDataPicker.build/Debug-appletvos/ImageDataPicker.build/Objects-normal/arm64/ImageDataPicker-master-emit-module.d -o /Users/admin/builder/spi-builder-workspace/.derivedData/Build/Intermediates.noindex/ImageDataPicker.build/Debug-appletvos/ImageDataPicker.build/Objects-normal/arm64/ImageDataPicker.swiftmodule -emit-abi-descriptor-path /Users/admin/builder/spi-builder-workspace/.derivedData/Build/Intermediates.noindex/ImageDataPicker.build/Debug-appletvos/ImageDataPicker.build/Objects-normal/arm64/ImageDataPicker.abi.json
EmitSwiftModule normal arm64 (in target 'ImageDataPicker' from project 'ImageDataPicker')
cd /Users/admin/builder/spi-builder-workspace/.swiftpm/xcode
/Users/admin/builder/spi-builder-workspace/ImageDataPicker/ImageDataPicker/Models/ImageDataModel.swift:89:57: error: cannot find type 'PhotosPickerItem' in scope
public init(imageState: ImageState, imageSelection: PhotosPickerItem? = nil)
^~~~~~~~~~~~~~~~
/Users/admin/builder/spi-builder-workspace/ImageDataPicker/ImageDataPicker/Models/ImageDataModel.swift:102:25: error: cannot find type 'PhotosPickerItem' in scope
imageSelection: PhotosPickerItem? = nil
^~~~~~~~~~~~~~~~
/Users/admin/builder/spi-builder-workspace/ImageDataPicker/ImageDataPicker/Models/ImageDataModel.swift:117:51: error: cannot find type 'PhotosPickerItem' in scope
public init(imageData: Data?, imageSelection: PhotosPickerItem? = nil) {
^~~~~~~~~~~~~~~~
/Users/admin/builder/spi-builder-workspace/ImageDataPicker/ImageDataPicker/Models/ImageDataModel.swift:173:32: error: cannot find type 'PhotosPickerItem' in scope
public var imageSelection: PhotosPickerItem? = nil {
^~~~~~~~~~~~~~~~
@__swiftmacro_15ImageDataPicker0aB5ModelC14imageSelection18ObservationTrackedfMp_.swift:4:60: error: cannot find type 'PhotosPickerItem' in scope
@ObservationIgnored private var _imageSelection: PhotosPickerItem? = nil {
^~~~~~~~~~~~~~~~
@__swiftmacro_15ImageDataPicker0aB5ModelC14imageSelection10ObservablefMr9_.swift:1:1: note: in expansion of macro 'ObservationTracked' on property 'imageSelection' here
@ObservationTracked
^
@__swiftmacro_15ImageDataPicker0aB5ModelC14imageSelection10ObservablefMr9_.swift:1:1: note: in expansion of macro 'ObservationTracked' on property 'imageSelection' here
@ObservationTracked
^
/Users/admin/builder/spi-builder-workspace/ImageDataPicker/ImageDataPicker/Models/ImageDataModel.swift:188:57: error: cannot find type 'PhotosPickerItem' in scope
private func beginLoadingImage(from imageSelection: PhotosPickerItem) {
^~~~~~~~~~~~~~~~
/Users/admin/builder/spi-builder-workspace/ImageDataPicker/ImageDataPicker/Models/ImageDataModel.swift:197:56: error: cannot find type 'PhotosPickerItem' in scope
private func loadTransferable(from imageSelection: PhotosPickerItem) async {
^~~~~~~~~~~~~~~~
/Users/admin/builder/spi-builder-workspace/ImageDataPicker/ImageDataPicker/Views/SquareImageViewModifier.swift:24:56: error: 'systemBackground' is unavailable in tvOS
var background: Color = Color(uiColor: UIColor.systemBackground)
^~~~~~~~~~~~~~~~
/Applications/Xcode-16.3.0.app/Contents/Developer/Platforms/AppleTVOS.platform/Developer/SDKs/AppleTVOS18.4.sdk/System/Library/Frameworks/UIKit.framework/Headers/UIInterface.h:199:49: note: 'systemBackground' has been explicitly marked unavailable here
@property (class, nonatomic, readonly) UIColor *systemBackgroundColor API_AVAILABLE(ios(13.0)) API_UNAVAILABLE(tvos, watchos);
^
/Users/admin/builder/spi-builder-workspace/ImageDataPicker/ImageDataPicker/Views/ImageDataPickerView.swift:52:72: error: cannot infer contextual base in reference to member 'empty'
@State var viewModel: ImageDataModel = ImageDataModel(imageState: .empty)
~^~~~~
/Users/admin/builder/spi-builder-workspace/ImageDataPicker/ImageDataPicker/Views/ImageDataPickerView.swift:48:62: error: 'systemBackground' is unavailable in tvOS
private var backgroundColor: Color = Color(uiColor: .systemBackground)
^~~~~~~~~~~~~~~~
/Applications/Xcode-16.3.0.app/Contents/Developer/Platforms/AppleTVOS.platform/Developer/SDKs/AppleTVOS18.4.sdk/System/Library/Frameworks/UIKit.framework/Headers/UIInterface.h:199:49: note: 'systemBackground' has been explicitly marked unavailable here
@property (class, nonatomic, readonly) UIColor *systemBackgroundColor API_AVAILABLE(ios(13.0)) API_UNAVAILABLE(tvos, watchos);
^
/Users/admin/builder/spi-builder-workspace/ImageDataPicker/ImageDataPicker/Views/ImageDataPickerView.swift:112:45: error: 'systemBackground' is unavailable in tvOS
backgroundColor: Color = Color(.systemBackground),
^~~~~~~~~~~~~~~~
/Applications/Xcode-16.3.0.app/Contents/Developer/Platforms/AppleTVOS.platform/Developer/SDKs/AppleTVOS18.4.sdk/System/Library/Frameworks/UIKit.framework/Headers/UIInterface.h:199:49: note: 'systemBackground' has been explicitly marked unavailable here
@property (class, nonatomic, readonly) UIColor *systemBackgroundColor API_AVAILABLE(ios(13.0)) API_UNAVAILABLE(tvos, watchos);
^
/Users/admin/builder/spi-builder-workspace/ImageDataPicker/ImageDataPicker/Views/ImageDataPickerView.swift:253:53: error: 'systemBackground' is unavailable in tvOS
private var backgroundColor: Color = Color(.systemBackground)
^~~~~~~~~~~~~~~~
/Applications/Xcode-16.3.0.app/Contents/Developer/Platforms/AppleTVOS.platform/Developer/SDKs/AppleTVOS18.4.sdk/System/Library/Frameworks/UIKit.framework/Headers/UIInterface.h:199:49: note: 'systemBackground' has been explicitly marked unavailable here
@property (class, nonatomic, readonly) UIColor *systemBackgroundColor API_AVAILABLE(ios(13.0)) API_UNAVAILABLE(tvos, watchos);
^
/Users/admin/builder/spi-builder-workspace/ImageDataPicker/ImageDataPicker/Views/ImageDataPickerView.swift:307:45: error: 'systemBackground' is unavailable in tvOS
backgroundColor: Color = Color(.systemBackground),
^~~~~~~~~~~~~~~~
/Applications/Xcode-16.3.0.app/Contents/Developer/Platforms/AppleTVOS.platform/Developer/SDKs/AppleTVOS18.4.sdk/System/Library/Frameworks/UIKit.framework/Headers/UIInterface.h:199:49: note: 'systemBackground' has been explicitly marked unavailable here
@property (class, nonatomic, readonly) UIColor *systemBackgroundColor API_AVAILABLE(ios(13.0)) API_UNAVAILABLE(tvos, watchos);
^
/Users/admin/builder/spi-builder-workspace/ImageDataPicker/ImageDataPicker/Views/SquareImageViewModifier.swift:155:56: error: 'systemBackground' is unavailable in tvOS
background: Color = Color(uiColor: UIColor.systemBackground)
^~~~~~~~~~~~~~~~
/Applications/Xcode-16.3.0.app/Contents/Developer/Platforms/AppleTVOS.platform/Developer/SDKs/AppleTVOS18.4.sdk/System/Library/Frameworks/UIKit.framework/Headers/UIInterface.h:199:49: note: 'systemBackground' has been explicitly marked unavailable here
@property (class, nonatomic, readonly) UIColor *systemBackgroundColor API_AVAILABLE(ios(13.0)) API_UNAVAILABLE(tvos, watchos);
^
SwiftCompile normal arm64 Compiling\ View+Extension.swift /Users/admin/builder/spi-builder-workspace/ImageDataPicker/ImageDataPicker/Views/View+Extension.swift (in target 'ImageDataPicker' from project 'ImageDataPicker')
SwiftCompile normal arm64 /Users/admin/builder/spi-builder-workspace/ImageDataPicker/ImageDataPicker/Views/View+Extension.swift (in target 'ImageDataPicker' from project 'ImageDataPicker')
cd /Users/admin/builder/spi-builder-workspace/.swiftpm/xcode
SwiftCompile normal arm64 Compiling\ SquareImageViewModifier.swift /Users/admin/builder/spi-builder-workspace/ImageDataPicker/ImageDataPicker/Views/SquareImageViewModifier.swift (in target 'ImageDataPicker' from project 'ImageDataPicker')
Command SwiftCompile failed with a nonzero exit code
** BUILD FAILED **
The following build commands failed:
SwiftEmitModule normal arm64 Emitting\ module\ for\ ImageDataPicker (in target 'ImageDataPicker' from project 'ImageDataPicker')
EmitSwiftModule normal arm64 (in target 'ImageDataPicker' from project 'ImageDataPicker')
SwiftCompile normal arm64 Compiling\ SquareImageViewModifier.swift /Users/admin/builder/spi-builder-workspace/ImageDataPicker/ImageDataPicker/Views/SquareImageViewModifier.swift (in target 'ImageDataPicker' from project 'ImageDataPicker')
Building workspace spi-builder-workspace with scheme ImageDataPicker
(4 failures)
Command line invocation:
/Applications/Xcode-16.3.0.app/Contents/Developer/usr/bin/xcodebuild -IDEClonedSourcePackagesDirPathOverride=/Users/admin/builder/spi-builder-workspace/.dependencies -resolvePackageDependencies
Resolve Package Graph
Invalid Exclude '/Users/admin/builder/spi-builder-workspace/ImageDataPicker/ImageDataPicker/Media.xcassets': File not found.
Resolved source packages:
ImageDataPicker: /Users/admin/builder/spi-builder-workspace
resolved source packages: ImageDataPicker
{
"dependencies" : [
],
"manifest_display_name" : "ImageDataPicker",
"name" : "ImageDataPicker",
"path" : "/Users/admin/builder/spi-builder-workspace",
"platforms" : [
{
"name" : "ios",
"version" : "17.0"
},
{
"name" : "macos",
"version" : "14.0"
},
{
"name" : "visionos",
"version" : "1.0"
}
],
"products" : [
{
"name" : "ImageDataPicker",
"targets" : [
"ImageDataPicker"
],
"type" : {
"library" : [
"automatic"
]
}
}
],
"targets" : [
{
"c99name" : "ImageDataPickerTests",
"module_type" : "SwiftTarget",
"name" : "ImageDataPickerTests",
"path" : "ImageDataPicker/ImageDataPickerPackageTests",
"sources" : [
"ImageDataPickerTests.swift"
],
"target_dependencies" : [
"ImageDataPicker"
],
"type" : "test"
},
{
"c99name" : "ImageDataPicker",
"module_type" : "SwiftTarget",
"name" : "ImageDataPicker",
"path" : "ImageDataPicker/ImageDataPicker",
"product_memberships" : [
"ImageDataPicker"
],
"sources" : [
"Logging/Logger+Extension.swift",
"Models/ImageDataModel.swift",
"Models/ImageState+Extension.swift",
"Views/Constants.swift",
"Views/ImageDataPickerView.swift",
"Views/ImageDataView.swift",
"Views/ImagePickerButtons.swift",
"Views/ImageStateView.swift",
"Views/NSImage+Extension.swift",
"Views/SquareImageViewModifier.swift",
"Views/View+Extension.swift"
],
"type" : "library"
}
],
"tools_version" : "6.0"
}
warning: 'spi-builder-workspace': Invalid Exclude '/Users/admin/builder/spi-builder-workspace/ImageDataPicker/ImageDataPicker/Media.xcassets': File not found.
{
"workspace" : {
"name" : "spi-builder-workspace",
"schemes" : [
"ImageDataPicker"
]
}
}
Running build ...
env DEVELOPER_DIR=/Applications/Xcode-16.3.0.app xcrun xcodebuild -IDEClonedSourcePackagesDirPathOverride=$PWD/.dependencies -skipMacroValidation -skipPackagePluginValidation -derivedDataPath $PWD/.derivedData build -scheme ImageDataPicker -destination generic/platform=tvOS
Command line invocation:
/Applications/Xcode-16.3.0.app/Contents/Developer/usr/bin/xcodebuild -IDEClonedSourcePackagesDirPathOverride=/Users/admin/builder/spi-builder-workspace/.dependencies -skipMacroValidation -skipPackagePluginValidation -derivedDataPath /Users/admin/builder/spi-builder-workspace/.derivedData build -scheme ImageDataPicker -destination generic/platform=tvOS
Resolve Package Graph
Invalid Exclude '/Users/admin/builder/spi-builder-workspace/ImageDataPicker/ImageDataPicker/Media.xcassets': File not found.
Resolved source packages:
ImageDataPicker: /Users/admin/builder/spi-builder-workspace
ComputePackagePrebuildTargetDependencyGraph
Prepare packages
CreateBuildRequest
SendProjectDescription
CreateBuildOperation
ComputeTargetDependencyGraph
note: Building targets in dependency order
note: Target dependency graph (2 targets)
Target 'ImageDataPicker' in project 'ImageDataPicker'
➜ Explicit dependency on target 'ImageDataPicker' in project 'ImageDataPicker'
Target 'ImageDataPicker' in project 'ImageDataPicker' (no dependencies)
GatherProvisioningInputs
CreateBuildDescription
ExecuteExternalTool /Applications/Xcode-16.3.0.app/Contents/Developer/Toolchains/XcodeDefault.xctoolchain/usr/bin/clang -v -E -dM -isysroot /Applications/Xcode-16.3.0.app/Contents/Developer/Platforms/AppleTVOS.platform/Developer/SDKs/AppleTVOS18.4.sdk -x c -c /dev/null
ExecuteExternalTool /Applications/Xcode-16.3.0.app/Contents/Developer/Toolchains/XcodeDefault.xctoolchain/usr/bin/swiftc --version
ExecuteExternalTool /Applications/Xcode-16.3.0.app/Contents/Developer/Toolchains/XcodeDefault.xctoolchain/usr/bin/ld -version_details
Build description signature: 6201a4ba81557444a4c756cd56d9baaa
Build description path: /Users/admin/builder/spi-builder-workspace/.derivedData/Build/Intermediates.noindex/XCBuildData/6201a4ba81557444a4c756cd56d9baaa.xcbuilddata
ClangStatCache /Applications/Xcode-16.3.0.app/Contents/Developer/Toolchains/XcodeDefault.xctoolchain/usr/bin/clang-stat-cache /Applications/Xcode-16.3.0.app/Contents/Developer/Platforms/AppleTVOS.platform/Developer/SDKs/AppleTVOS18.4.sdk /Users/admin/builder/spi-builder-workspace/.derivedData/SDKStatCaches.noindex/appletvos18.4-22L251-271d326055c85f9856fa135c41255102.sdkstatcache
cd /Users/admin/builder/spi-builder-workspace/.swiftpm/xcode
/Applications/Xcode-16.3.0.app/Contents/Developer/Toolchains/XcodeDefault.xctoolchain/usr/bin/clang-stat-cache /Applications/Xcode-16.3.0.app/Contents/Developer/Platforms/AppleTVOS.platform/Developer/SDKs/AppleTVOS18.4.sdk -o /Users/admin/builder/spi-builder-workspace/.derivedData/SDKStatCaches.noindex/appletvos18.4-22L251-271d326055c85f9856fa135c41255102.sdkstatcache
SwiftDriver ImageDataPicker normal arm64 com.apple.xcode.tools.swift.compiler (in target 'ImageDataPicker' from project 'ImageDataPicker')
cd /Users/admin/builder/spi-builder-workspace/.swiftpm/xcode
builtin-SwiftDriver -- /Applications/Xcode-16.3.0.app/Contents/Developer/Toolchains/XcodeDefault.xctoolchain/usr/bin/swiftc -module-name ImageDataPicker -Onone -enforce-exclusivity\=checked @/Users/admin/builder/spi-builder-workspace/.derivedData/Build/Intermediates.noindex/ImageDataPicker.build/Debug-appletvos/ImageDataPicker.build/Objects-normal/arm64/ImageDataPicker.SwiftFileList -DSWIFT_PACKAGE -DDEBUG -DXcode -plugin-path /Applications/Xcode-16.3.0.app/Contents/Developer/Toolchains/XcodeDefault.xctoolchain/usr/lib/swift/host/plugins/testing -enable-experimental-feature DebugDescriptionMacro -sdk /Applications/Xcode-16.3.0.app/Contents/Developer/Platforms/AppleTVOS.platform/Developer/SDKs/AppleTVOS18.4.sdk -target arm64-apple-tvos17.0 -g -module-cache-path /Users/admin/builder/spi-builder-workspace/.derivedData/ModuleCache.noindex -Xfrontend -serialize-debugging-options -profile-coverage-mapping -profile-generate -enable-testing -index-store-path /Users/admin/builder/spi-builder-workspace/.derivedData/Index.noindex/DataStore -swift-version 6 -I /Users/admin/builder/spi-builder-workspace/.derivedData/Build/Products/Debug-appletvos -I /Applications/Xcode-16.3.0.app/Contents/Developer/Platforms/AppleTVOS.platform/Developer/usr/lib -F /Users/admin/builder/spi-builder-workspace/.derivedData/Build/Products/Debug-appletvos -F /Applications/Xcode-16.3.0.app/Contents/Developer/Platforms/AppleTVOS.platform/Developer/Library/Frameworks -F /Applications/Xcode-16.3.0.app/Contents/Developer/Platforms/AppleTVOS.platform/Developer/SDKs/AppleTVOS18.4.sdk/Developer/Library/Frameworks -c -j10 -enable-batch-mode -incremental -Xcc -ivfsstatcache -Xcc /Users/admin/builder/spi-builder-workspace/.derivedData/SDKStatCaches.noindex/appletvos18.4-22L251-271d326055c85f9856fa135c41255102.sdkstatcache -output-file-map /Users/admin/builder/spi-builder-workspace/.derivedData/Build/Intermediates.noindex/ImageDataPicker.build/Debug-appletvos/ImageDataPicker.build/Objects-normal/arm64/ImageDataPicker-OutputFileMap.json -use-frontend-parseable-output -save-temps -no-color-diagnostics -serialize-diagnostics -emit-dependencies -emit-module -emit-module-path /Users/admin/builder/spi-builder-workspace/.derivedData/Build/Intermediates.noindex/ImageDataPicker.build/Debug-appletvos/ImageDataPicker.build/Objects-normal/arm64/ImageDataPicker.swiftmodule -validate-clang-modules-once -clang-build-session-file /Users/admin/builder/spi-builder-workspace/.derivedData/ModuleCache.noindex/Session.modulevalidation -package-name spi_builder_workspace -Xcc -I/Users/admin/builder/spi-builder-workspace/.derivedData/Build/Intermediates.noindex/ImageDataPicker.build/Debug-appletvos/ImageDataPicker.build/swift-overrides.hmap -emit-const-values -Xfrontend -const-gather-protocols-file -Xfrontend /Users/admin/builder/spi-builder-workspace/.derivedData/Build/Intermediates.noindex/ImageDataPicker.build/Debug-appletvos/ImageDataPicker.build/Objects-normal/arm64/ImageDataPicker_const_extract_protocols.json -Xcc -I/Users/admin/builder/spi-builder-workspace/.derivedData/Build/Products/Debug-appletvos/include -Xcc -I/Users/admin/builder/spi-builder-workspace/.derivedData/Build/Intermediates.noindex/ImageDataPicker.build/Debug-appletvos/ImageDataPicker.build/DerivedSources-normal/arm64 -Xcc -I/Users/admin/builder/spi-builder-workspace/.derivedData/Build/Intermediates.noindex/ImageDataPicker.build/Debug-appletvos/ImageDataPicker.build/DerivedSources/arm64 -Xcc -I/Users/admin/builder/spi-builder-workspace/.derivedData/Build/Intermediates.noindex/ImageDataPicker.build/Debug-appletvos/ImageDataPicker.build/DerivedSources -Xcc -DSWIFT_PACKAGE -Xcc -DDEBUG\=1 -emit-objc-header -emit-objc-header-path /Users/admin/builder/spi-builder-workspace/.derivedData/Build/Intermediates.noindex/ImageDataPicker.build/Debug-appletvos/ImageDataPicker.build/Objects-normal/arm64/ImageDataPicker-Swift.h -working-directory /Users/admin/builder/spi-builder-workspace/.swiftpm/xcode -experimental-emit-module-separately -disable-cmo
SwiftCompile normal arm64 Compiling\ Logger+Extension.swift,\ ImageDataModel.swift /Users/admin/builder/spi-builder-workspace/ImageDataPicker/ImageDataPicker/Logging/Logger+Extension.swift /Users/admin/builder/spi-builder-workspace/ImageDataPicker/ImageDataPicker/Models/ImageDataModel.swift (in target 'ImageDataPicker' from project 'ImageDataPicker')
SwiftCompile normal arm64 /Users/admin/builder/spi-builder-workspace/ImageDataPicker/ImageDataPicker/Logging/Logger+Extension.swift (in target 'ImageDataPicker' from project 'ImageDataPicker')
cd /Users/admin/builder/spi-builder-workspace/.swiftpm/xcode
SwiftCompile normal arm64 /Users/admin/builder/spi-builder-workspace/ImageDataPicker/ImageDataPicker/Models/ImageDataModel.swift (in target 'ImageDataPicker' from project 'ImageDataPicker')
cd /Users/admin/builder/spi-builder-workspace/.swiftpm/xcode
SwiftCompile normal arm64 Compiling\ Constants.swift /Users/admin/builder/spi-builder-workspace/ImageDataPicker/ImageDataPicker/Views/Constants.swift (in target 'ImageDataPicker' from project 'ImageDataPicker')
SwiftCompile normal arm64 /Users/admin/builder/spi-builder-workspace/ImageDataPicker/ImageDataPicker/Views/Constants.swift (in target 'ImageDataPicker' from project 'ImageDataPicker')
cd /Users/admin/builder/spi-builder-workspace/.swiftpm/xcode
SwiftCompile normal arm64 Compiling\ ImageState+Extension.swift /Users/admin/builder/spi-builder-workspace/ImageDataPicker/ImageDataPicker/Models/ImageState+Extension.swift (in target 'ImageDataPicker' from project 'ImageDataPicker')
SwiftCompile normal arm64 /Users/admin/builder/spi-builder-workspace/ImageDataPicker/ImageDataPicker/Models/ImageState+Extension.swift (in target 'ImageDataPicker' from project 'ImageDataPicker')
cd /Users/admin/builder/spi-builder-workspace/.swiftpm/xcode
SwiftCompile normal arm64 Compiling\ ImageDataView.swift /Users/admin/builder/spi-builder-workspace/ImageDataPicker/ImageDataPicker/Views/ImageDataView.swift (in target 'ImageDataPicker' from project 'ImageDataPicker')
SwiftCompile normal arm64 /Users/admin/builder/spi-builder-workspace/ImageDataPicker/ImageDataPicker/Views/ImageDataView.swift (in target 'ImageDataPicker' from project 'ImageDataPicker')
cd /Users/admin/builder/spi-builder-workspace/.swiftpm/xcode
SwiftCompile normal arm64 Compiling\ ImageDataPickerView.swift /Users/admin/builder/spi-builder-workspace/ImageDataPicker/ImageDataPicker/Views/ImageDataPickerView.swift (in target 'ImageDataPicker' from project 'ImageDataPicker')
SwiftCompile normal arm64 /Users/admin/builder/spi-builder-workspace/ImageDataPicker/ImageDataPicker/Views/ImageDataPickerView.swift (in target 'ImageDataPicker' from project 'ImageDataPicker')
cd /Users/admin/builder/spi-builder-workspace/.swiftpm/xcode
SwiftCompile normal arm64 Compiling\ View+Extension.swift /Users/admin/builder/spi-builder-workspace/ImageDataPicker/ImageDataPicker/Views/View+Extension.swift (in target 'ImageDataPicker' from project 'ImageDataPicker')
SwiftCompile normal arm64 /Users/admin/builder/spi-builder-workspace/ImageDataPicker/ImageDataPicker/Views/View+Extension.swift (in target 'ImageDataPicker' from project 'ImageDataPicker')
cd /Users/admin/builder/spi-builder-workspace/.swiftpm/xcode
SwiftEmitModule normal arm64 Emitting\ module\ for\ ImageDataPicker (in target 'ImageDataPicker' from project 'ImageDataPicker')
Failed frontend command:
/Applications/Xcode-16.3.0.app/Contents/Developer/Toolchains/XcodeDefault.xctoolchain/usr/bin/swift-frontend -frontend -emit-module -experimental-skip-non-inlinable-function-bodies-without-types /Users/admin/builder/spi-builder-workspace/ImageDataPicker/ImageDataPicker/Logging/Logger+Extension.swift /Users/admin/builder/spi-builder-workspace/ImageDataPicker/ImageDataPicker/Models/ImageDataModel.swift /Users/admin/builder/spi-builder-workspace/ImageDataPicker/ImageDataPicker/Models/ImageState+Extension.swift /Users/admin/builder/spi-builder-workspace/ImageDataPicker/ImageDataPicker/Views/Constants.swift /Users/admin/builder/spi-builder-workspace/ImageDataPicker/ImageDataPicker/Views/ImageDataPickerView.swift /Users/admin/builder/spi-builder-workspace/ImageDataPicker/ImageDataPicker/Views/ImageDataView.swift /Users/admin/builder/spi-builder-workspace/ImageDataPicker/ImageDataPicker/Views/ImagePickerButtons.swift /Users/admin/builder/spi-builder-workspace/ImageDataPicker/ImageDataPicker/Views/ImageStateView.swift /Users/admin/builder/spi-builder-workspace/ImageDataPicker/ImageDataPicker/Views/NSImage+Extension.swift /Users/admin/builder/spi-builder-workspace/ImageDataPicker/ImageDataPicker/Views/SquareImageViewModifier.swift /Users/admin/builder/spi-builder-workspace/ImageDataPicker/ImageDataPicker/Views/View+Extension.swift -target arm64-apple-tvos17.0 -Xllvm -aarch64-use-tbi -enable-objc-interop -stack-check -sdk /Applications/Xcode-16.3.0.app/Contents/Developer/Platforms/AppleTVOS.platform/Developer/SDKs/AppleTVOS18.4.sdk -I /Users/admin/builder/spi-builder-workspace/.derivedData/Build/Products/Debug-appletvos -I /Applications/Xcode-16.3.0.app/Contents/Developer/Platforms/AppleTVOS.platform/Developer/usr/lib -F /Users/admin/builder/spi-builder-workspace/.derivedData/Build/Products/Debug-appletvos -F /Applications/Xcode-16.3.0.app/Contents/Developer/Platforms/AppleTVOS.platform/Developer/Library/Frameworks -F /Applications/Xcode-16.3.0.app/Contents/Developer/Platforms/AppleTVOS.platform/Developer/SDKs/AppleTVOS18.4.sdk/Developer/Library/Frameworks -no-color-diagnostics -enable-testing -g -debug-info-format\=dwarf -dwarf-version\=4 -module-cache-path /Users/admin/builder/spi-builder-workspace/.derivedData/ModuleCache.noindex -profile-generate -profile-coverage-mapping -swift-version 6 -enforce-exclusivity\=checked -Onone -D SWIFT_PACKAGE -D DEBUG -D Xcode -serialize-debugging-options -const-gather-protocols-file /Users/admin/builder/spi-builder-workspace/.derivedData/Build/Intermediates.noindex/ImageDataPicker.build/Debug-appletvos/ImageDataPicker.build/Objects-normal/arm64/ImageDataPicker_const_extract_protocols.json -enable-experimental-feature DebugDescriptionMacro -empty-abi-descriptor -plugin-path /Applications/Xcode-16.3.0.app/Contents/Developer/Toolchains/XcodeDefault.xctoolchain/usr/lib/swift/host/plugins/testing -validate-clang-modules-once -clang-build-session-file /Users/admin/builder/spi-builder-workspace/.derivedData/ModuleCache.noindex/Session.modulevalidation -Xcc -working-directory -Xcc /Users/admin/builder/spi-builder-workspace/.swiftpm/xcode -resource-dir /Applications/Xcode-16.3.0.app/Contents/Developer/Toolchains/XcodeDefault.xctoolchain/usr/lib/swift -enable-anonymous-context-mangled-names -file-compilation-dir /Users/admin/builder/spi-builder-workspace/.swiftpm/xcode -Xcc -ivfsstatcache -Xcc /Users/admin/builder/spi-builder-workspace/.derivedData/SDKStatCaches.noindex/appletvos18.4-22L251-271d326055c85f9856fa135c41255102.sdkstatcache -Xcc -I/Users/admin/builder/spi-builder-workspace/.derivedData/Build/Intermediates.noindex/ImageDataPicker.build/Debug-appletvos/ImageDataPicker.build/swift-overrides.hmap -Xcc -I/Users/admin/builder/spi-builder-workspace/.derivedData/Build/Products/Debug-appletvos/include -Xcc -I/Users/admin/builder/spi-builder-workspace/.derivedData/Build/Intermediates.noindex/ImageDataPicker.build/Debug-appletvos/ImageDataPicker.build/DerivedSources-normal/arm64 -Xcc -I/Users/admin/builder/spi-builder-workspace/.derivedData/Build/Intermediates.noindex/ImageDataPicker.build/Debug-appletvos/ImageDataPicker.build/DerivedSources/arm64 -Xcc -I/Users/admin/builder/spi-builder-workspace/.derivedData/Build/Intermediates.noindex/ImageDataPicker.build/Debug-appletvos/ImageDataPicker.build/DerivedSources -Xcc -DSWIFT_PACKAGE -Xcc -DDEBUG\=1 -module-name ImageDataPicker -package-name spi_builder_workspace -frontend-parseable-output -disable-clang-spi -target-sdk-version 18.4 -target-sdk-name appletvos18.4 -external-plugin-path /Applications/Xcode-16.3.0.app/Contents/Developer/Platforms/AppleTVOS.platform/Developer/usr/lib/swift/host/plugins\#/Applications/Xcode-16.3.0.app/Contents/Developer/Platforms/AppleTVOS.platform/Developer/usr/bin/swift-plugin-server -external-plugin-path /Applications/Xcode-16.3.0.app/Contents/Developer/Platforms/AppleTVOS.platform/Developer/usr/local/lib/swift/host/plugins\#/Applications/Xcode-16.3.0.app/Contents/Developer/Platforms/AppleTVOS.platform/Developer/usr/bin/swift-plugin-server -in-process-plugin-server-path /Applications/Xcode-16.3.0.app/Contents/Developer/Toolchains/XcodeDefault.xctoolchain/usr/lib/swift/host/libSwiftInProcPluginServer.dylib -plugin-path /Applications/Xcode-16.3.0.app/Contents/Developer/Toolchains/XcodeDefault.xctoolchain/usr/lib/swift/host/plugins -plugin-path /Applications/Xcode-16.3.0.app/Contents/Developer/Toolchains/XcodeDefault.xctoolchain/usr/local/lib/swift/host/plugins -emit-module-doc-path /Users/admin/builder/spi-builder-workspace/.derivedData/Build/Intermediates.noindex/ImageDataPicker.build/Debug-appletvos/ImageDataPicker.build/Objects-normal/arm64/ImageDataPicker.swiftdoc -emit-module-source-info-path /Users/admin/builder/spi-builder-workspace/.derivedData/Build/Intermediates.noindex/ImageDataPicker.build/Debug-appletvos/ImageDataPicker.build/Objects-normal/arm64/ImageDataPicker.swiftsourceinfo -emit-objc-header-path /Users/admin/builder/spi-builder-workspace/.derivedData/Build/Intermediates.noindex/ImageDataPicker.build/Debug-appletvos/ImageDataPicker.build/Objects-normal/arm64/ImageDataPicker-Swift.h -serialize-diagnostics-path /Users/admin/builder/spi-builder-workspace/.derivedData/Build/Intermediates.noindex/ImageDataPicker.build/Debug-appletvos/ImageDataPicker.build/Objects-normal/arm64/ImageDataPicker-master-emit-module.dia -emit-dependencies-path /Users/admin/builder/spi-builder-workspace/.derivedData/Build/Intermediates.noindex/ImageDataPicker.build/Debug-appletvos/ImageDataPicker.build/Objects-normal/arm64/ImageDataPicker-master-emit-module.d -o /Users/admin/builder/spi-builder-workspace/.derivedData/Build/Intermediates.noindex/ImageDataPicker.build/Debug-appletvos/ImageDataPicker.build/Objects-normal/arm64/ImageDataPicker.swiftmodule -emit-abi-descriptor-path /Users/admin/builder/spi-builder-workspace/.derivedData/Build/Intermediates.noindex/ImageDataPicker.build/Debug-appletvos/ImageDataPicker.build/Objects-normal/arm64/ImageDataPicker.abi.json
EmitSwiftModule normal arm64 (in target 'ImageDataPicker' from project 'ImageDataPicker')
cd /Users/admin/builder/spi-builder-workspace/.swiftpm/xcode
/Users/admin/builder/spi-builder-workspace/ImageDataPicker/ImageDataPicker/Models/ImageDataModel.swift:89:57: error: cannot find type 'PhotosPickerItem' in scope
public init(imageState: ImageState, imageSelection: PhotosPickerItem? = nil)
^~~~~~~~~~~~~~~~
/Users/admin/builder/spi-builder-workspace/ImageDataPicker/ImageDataPicker/Models/ImageDataModel.swift:102:25: error: cannot find type 'PhotosPickerItem' in scope
imageSelection: PhotosPickerItem? = nil
^~~~~~~~~~~~~~~~
/Users/admin/builder/spi-builder-workspace/ImageDataPicker/ImageDataPicker/Models/ImageDataModel.swift:117:51: error: cannot find type 'PhotosPickerItem' in scope
public init(imageData: Data?, imageSelection: PhotosPickerItem? = nil) {
^~~~~~~~~~~~~~~~
/Users/admin/builder/spi-builder-workspace/ImageDataPicker/ImageDataPicker/Models/ImageDataModel.swift:173:32: error: cannot find type 'PhotosPickerItem' in scope
public var imageSelection: PhotosPickerItem? = nil {
^~~~~~~~~~~~~~~~
@__swiftmacro_15ImageDataPicker0aB5ModelC14imageSelection18ObservationTrackedfMp_.swift:4:60: error: cannot find type 'PhotosPickerItem' in scope
@ObservationIgnored private var _imageSelection: PhotosPickerItem? = nil {
^~~~~~~~~~~~~~~~
@__swiftmacro_15ImageDataPicker0aB5ModelC14imageSelection10ObservablefMr9_.swift:1:1: note: in expansion of macro 'ObservationTracked' on property 'imageSelection' here
@ObservationTracked
^
@__swiftmacro_15ImageDataPicker0aB5ModelC14imageSelection10ObservablefMr9_.swift:1:1: note: in expansion of macro 'ObservationTracked' on property 'imageSelection' here
@ObservationTracked
^
/Users/admin/builder/spi-builder-workspace/ImageDataPicker/ImageDataPicker/Models/ImageDataModel.swift:188:57: error: cannot find type 'PhotosPickerItem' in scope
private func beginLoadingImage(from imageSelection: PhotosPickerItem) {
^~~~~~~~~~~~~~~~
/Users/admin/builder/spi-builder-workspace/ImageDataPicker/ImageDataPicker/Models/ImageDataModel.swift:197:56: error: cannot find type 'PhotosPickerItem' in scope
private func loadTransferable(from imageSelection: PhotosPickerItem) async {
^~~~~~~~~~~~~~~~
/Users/admin/builder/spi-builder-workspace/ImageDataPicker/ImageDataPicker/Views/SquareImageViewModifier.swift:24:56: error: 'systemBackground' is unavailable in tvOS
var background: Color = Color(uiColor: UIColor.systemBackground)
^~~~~~~~~~~~~~~~
/Applications/Xcode-16.3.0.app/Contents/Developer/Platforms/AppleTVOS.platform/Developer/SDKs/AppleTVOS18.4.sdk/System/Library/Frameworks/UIKit.framework/Headers/UIInterface.h:199:49: note: 'systemBackground' has been explicitly marked unavailable here
@property (class, nonatomic, readonly) UIColor *systemBackgroundColor API_AVAILABLE(ios(13.0)) API_UNAVAILABLE(tvos, watchos);
^
/Users/admin/builder/spi-builder-workspace/ImageDataPicker/ImageDataPicker/Views/ImageDataPickerView.swift:52:72: error: cannot infer contextual base in reference to member 'empty'
@State var viewModel: ImageDataModel = ImageDataModel(imageState: .empty)
~^~~~~
/Users/admin/builder/spi-builder-workspace/ImageDataPicker/ImageDataPicker/Views/ImageDataPickerView.swift:48:62: error: 'systemBackground' is unavailable in tvOS
private var backgroundColor: Color = Color(uiColor: .systemBackground)
^~~~~~~~~~~~~~~~
/Applications/Xcode-16.3.0.app/Contents/Developer/Platforms/AppleTVOS.platform/Developer/SDKs/AppleTVOS18.4.sdk/System/Library/Frameworks/UIKit.framework/Headers/UIInterface.h:199:49: note: 'systemBackground' has been explicitly marked unavailable here
@property (class, nonatomic, readonly) UIColor *systemBackgroundColor API_AVAILABLE(ios(13.0)) API_UNAVAILABLE(tvos, watchos);
^
/Users/admin/builder/spi-builder-workspace/ImageDataPicker/ImageDataPicker/Views/ImageDataPickerView.swift:112:45: error: 'systemBackground' is unavailable in tvOS
backgroundColor: Color = Color(.systemBackground),
^~~~~~~~~~~~~~~~
/Applications/Xcode-16.3.0.app/Contents/Developer/Platforms/AppleTVOS.platform/Developer/SDKs/AppleTVOS18.4.sdk/System/Library/Frameworks/UIKit.framework/Headers/UIInterface.h:199:49: note: 'systemBackground' has been explicitly marked unavailable here
@property (class, nonatomic, readonly) UIColor *systemBackgroundColor API_AVAILABLE(ios(13.0)) API_UNAVAILABLE(tvos, watchos);
^
/Users/admin/builder/spi-builder-workspace/ImageDataPicker/ImageDataPicker/Views/ImageDataPickerView.swift:253:53: error: 'systemBackground' is unavailable in tvOS
private var backgroundColor: Color = Color(.systemBackground)
^~~~~~~~~~~~~~~~
/Applications/Xcode-16.3.0.app/Contents/Developer/Platforms/AppleTVOS.platform/Developer/SDKs/AppleTVOS18.4.sdk/System/Library/Frameworks/UIKit.framework/Headers/UIInterface.h:199:49: note: 'systemBackground' has been explicitly marked unavailable here
@property (class, nonatomic, readonly) UIColor *systemBackgroundColor API_AVAILABLE(ios(13.0)) API_UNAVAILABLE(tvos, watchos);
^
/Users/admin/builder/spi-builder-workspace/ImageDataPicker/ImageDataPicker/Views/ImageDataPickerView.swift:307:45: error: 'systemBackground' is unavailable in tvOS
backgroundColor: Color = Color(.systemBackground),
^~~~~~~~~~~~~~~~
/Applications/Xcode-16.3.0.app/Contents/Developer/Platforms/AppleTVOS.platform/Developer/SDKs/AppleTVOS18.4.sdk/System/Library/Frameworks/UIKit.framework/Headers/UIInterface.h:199:49: note: 'systemBackground' has been explicitly marked unavailable here
@property (class, nonatomic, readonly) UIColor *systemBackgroundColor API_AVAILABLE(ios(13.0)) API_UNAVAILABLE(tvos, watchos);
^
/Users/admin/builder/spi-builder-workspace/ImageDataPicker/ImageDataPicker/Views/SquareImageViewModifier.swift:155:56: error: 'systemBackground' is unavailable in tvOS
background: Color = Color(uiColor: UIColor.systemBackground)
^~~~~~~~~~~~~~~~
/Applications/Xcode-16.3.0.app/Contents/Developer/Platforms/AppleTVOS.platform/Developer/SDKs/AppleTVOS18.4.sdk/System/Library/Frameworks/UIKit.framework/Headers/UIInterface.h:199:49: note: 'systemBackground' has been explicitly marked unavailable here
@property (class, nonatomic, readonly) UIColor *systemBackgroundColor API_AVAILABLE(ios(13.0)) API_UNAVAILABLE(tvos, watchos);
^
SwiftCompile normal arm64 Compiling\ NSImage+Extension.swift /Users/admin/builder/spi-builder-workspace/ImageDataPicker/ImageDataPicker/Views/NSImage+Extension.swift (in target 'ImageDataPicker' from project 'ImageDataPicker')
SwiftCompile normal arm64 /Users/admin/builder/spi-builder-workspace/ImageDataPicker/ImageDataPicker/Views/NSImage+Extension.swift (in target 'ImageDataPicker' from project 'ImageDataPicker')
cd /Users/admin/builder/spi-builder-workspace/.swiftpm/xcode
SwiftCompile normal arm64 Compiling\ SquareImageViewModifier.swift /Users/admin/builder/spi-builder-workspace/ImageDataPicker/ImageDataPicker/Views/SquareImageViewModifier.swift (in target 'ImageDataPicker' from project 'ImageDataPicker')
SwiftCompile normal arm64 /Users/admin/builder/spi-builder-workspace/ImageDataPicker/ImageDataPicker/Views/SquareImageViewModifier.swift (in target 'ImageDataPicker' from project 'ImageDataPicker')
cd /Users/admin/builder/spi-builder-workspace/.swiftpm/xcode
SwiftCompile normal arm64 Compiling\ ImageStateView.swift /Users/admin/builder/spi-builder-workspace/ImageDataPicker/ImageDataPicker/Views/ImageStateView.swift (in target 'ImageDataPicker' from project 'ImageDataPicker')
SwiftCompile normal arm64 /Users/admin/builder/spi-builder-workspace/ImageDataPicker/ImageDataPicker/Views/ImageStateView.swift (in target 'ImageDataPicker' from project 'ImageDataPicker')
cd /Users/admin/builder/spi-builder-workspace/.swiftpm/xcode
SwiftCompile normal arm64 Compiling\ ImagePickerButtons.swift /Users/admin/builder/spi-builder-workspace/ImageDataPicker/ImageDataPicker/Views/ImagePickerButtons.swift (in target 'ImageDataPicker' from project 'ImageDataPicker')
Command SwiftCompile failed with a nonzero exit code
** BUILD FAILED **
The following build commands failed:
SwiftEmitModule normal arm64 Emitting\ module\ for\ ImageDataPicker (in target 'ImageDataPicker' from project 'ImageDataPicker')
EmitSwiftModule normal arm64 (in target 'ImageDataPicker' from project 'ImageDataPicker')
SwiftCompile normal arm64 Compiling\ ImagePickerButtons.swift /Users/admin/builder/spi-builder-workspace/ImageDataPicker/ImageDataPicker/Views/ImagePickerButtons.swift (in target 'ImageDataPicker' from project 'ImageDataPicker')
Building workspace spi-builder-workspace with scheme ImageDataPicker
(4 failures)
BUILD FAILURE 6.1 tvOS