The Swift Package Index logo.Swift Package Index

Build Information

Failed to build KMPObservableBridge, reference 1.1.0 (036dce), with Swift 6.2 for Wasm on 10 Aug 2026 20:10:56 UTC.

Build Command

bash -c docker run --pull=always --rm -v "checkouts-53886770-3":/host -w "$PWD" -e JAVA_HOME="/root/.sdkman/candidates/java/current" -e SPI_BUILD="1" -e SPI_PROCESSING="1" registry.gitlab.com/saguaro1/spi-images:wasm-6.2-latest swift build --swift-sdk swift-6.2-RELEASE_wasm 2>&1

Build Log

========================================
RunAll
========================================
Builder version: 729ceb5fcd9493dc13ee340bc4f0908bd201f85d
Interrupt handler set up.
========================================
Checkout
========================================
Clone URL: https://github.com/sonmbol/KMPObservableBridge.git
Reference: 1.1.0
Initialized empty Git repository in /host/spi-builder-workspace/.git/
hint: Using 'master' as the name for the initial branch. This default branch name
hint: is subject to change. To configure the initial branch name to use in all
hint: of your new repositories, which will suppress this warning, call:
hint:
hint: 	git config --global init.defaultBranch <name>
hint:
hint: Names commonly chosen instead of 'master' are 'main', 'trunk' and
hint: 'development'. The just-created branch can be renamed via this command:
hint:
hint: 	git branch -m <name>
From https://github.com/sonmbol/KMPObservableBridge
 * tag               1.1.0      -> FETCH_HEAD
HEAD is now at 036dce6 Harden observation architecture, examples, and documentation (#13)
Cloned https://github.com/sonmbol/KMPObservableBridge.git
Revision (git rev-parse @):
036dce68d7140b9d14df43c7ea2cb322a31c418f
SUCCESS checkout https://github.com/sonmbol/KMPObservableBridge.git at 1.1.0
========================================
Build
========================================
Selected platform:         wasm
Swift version:             6.2
Building package at path:  $PWD
https://github.com/sonmbol/KMPObservableBridge.git
Running build ...
bash -c docker run --pull=always --rm -v "checkouts-53886770-3":/host -w "$PWD" -e JAVA_HOME="/root/.sdkman/candidates/java/current" -e SPI_BUILD="1" -e SPI_PROCESSING="1" registry.gitlab.com/saguaro1/spi-images:wasm-6.2-latest swift build --swift-sdk swift-6.2-RELEASE_wasm 2>&1
wasm-6.2-latest: Pulling from saguaro1/spi-images
Digest: sha256:70428a4f4110aef5b17a27427e965f31cf3855e8cf1dfdc416ed61c780337965
Status: Image is up to date for registry.gitlab.com/saguaro1/spi-images:wasm-6.2-latest
Fetching https://github.com/swiftlang/swift-syntax.git
[1/76467] Fetching swift-syntax
Fetched https://github.com/swiftlang/swift-syntax.git from cache (3.28s)
Computing version for https://github.com/swiftlang/swift-syntax.git
Computed https://github.com/swiftlang/swift-syntax.git at 602.0.0 (4.28s)
Creating working copy for https://github.com/swiftlang/swift-syntax.git
Working copy of https://github.com/swiftlang/swift-syntax.git resolved at 602.0.0
Downloading package prebuilt https://download.swift.org/prebuilts/swift-syntax/602.0.0/swift-6.2-RELEASE-MacroSupport-ubuntu_jammy_x86_64.tar.gz
Downloaded https://download.swift.org/prebuilts/swift-syntax/602.0.0/swift-6.2-RELEASE-MacroSupport-ubuntu_jammy_x86_64.tar.gz (0.21s)
Building for debugging...
[0/11] Write sources
[7/11] Write swift-version-24593BA9C3E375BF.txt
[9/13] Emitting module KMPObservableBridgeMacros
[10/13] Compiling KMPObservableBridgeMacros KMPObservableMacro.swift
[11/14] Wrapping AST for KMPObservableBridgeMacros for debugging
[12/14] Write Objects.LinkFileList
[13/14] Linking KMPObservableBridgeMacros-tool
[15/66] Compiling KMPObservableBridge KMPAsyncSequenceState.swift
/host/spi-builder-workspace/Sources/KMPObservableBridge/Adapters/KMPPublisherState.swift:1:8: error: no such module 'Combine'
 1 | import Combine
   |        `- error: no such module 'Combine'
 2 |
 3 | public extension KMPState {
[16/66] Compiling KMPObservableBridge KMPCallbackState.swift
/host/spi-builder-workspace/Sources/KMPObservableBridge/Adapters/KMPPublisherState.swift:1:8: error: no such module 'Combine'
 1 | import Combine
   |        `- error: no such module 'Combine'
 2 |
 3 | public extension KMPState {
[17/66] Compiling KMPObservableBridge KMPPublisherState.swift
/host/spi-builder-workspace/Sources/KMPObservableBridge/Adapters/KMPPublisherState.swift:1:8: error: no such module 'Combine'
 1 | import Combine
   |        `- error: no such module 'Combine'
 2 |
 3 | public extension KMPState {
[18/66] Compiling KMPObservableBridge KMPNativeFlow.swift
/host/spi-builder-workspace/Sources/KMPObservableBridge/Adapters/KMPPublisherState.swift:1:8: error: no such module 'Combine'
 1 | import Combine
   |        `- error: no such module 'Combine'
 2 |
 3 | public extension KMPState {
[19/69] Compiling KMPObservableBridge KMPState.swift
/host/spi-builder-workspace/Sources/KMPObservableBridge/Adapters/KMPPublisherState.swift:1:8: error: no such module 'Combine'
 1 | import Combine
   |        `- error: no such module 'Combine'
 2 |
 3 | public extension KMPState {
[20/69] Compiling KMPObservableBridge KMPUpdatePolicy.swift
/host/spi-builder-workspace/Sources/KMPObservableBridge/Adapters/KMPPublisherState.swift:1:8: error: no such module 'Combine'
 1 | import Combine
   |        `- error: no such module 'Combine'
 2 |
 3 | public extension KMPState {
[21/69] Compiling KMPObservableBridge KMPValueProperty.swift
/host/spi-builder-workspace/Sources/KMPObservableBridge/Adapters/KMPPublisherState.swift:1:8: error: no such module 'Combine'
 1 | import Combine
   |        `- error: no such module 'Combine'
 2 |
 3 | public extension KMPState {
[22/69] Compiling KMPObservableBridge KMPMacros.swift
/host/spi-builder-workspace/Sources/KMPObservableBridge/Adapters/KMPPublisherState.swift:1:8: error: no such module 'Combine'
 1 | import Combine
   |        `- error: no such module 'Combine'
 2 |
 3 | public extension KMPState {
[23/69] Compiling KMPObservableBridge KMPOptionalChildStore.swift
/host/spi-builder-workspace/Sources/KMPObservableBridge/Adapters/KMPPublisherState.swift:1:8: error: no such module 'Combine'
 1 | import Combine
   |        `- error: no such module 'Combine'
 2 |
 3 | public extension KMPState {
error: emit-module command failed with exit code 1 (use -v to see invocation)
[24/69] Emitting module KMPObservableBridge
/host/spi-builder-workspace/Sources/KMPObservableBridge/Adapters/KMPPublisherState.swift:1:8: error: no such module 'Combine'
 1 | import Combine
   |        `- error: no such module 'Combine'
 2 |
 3 | public extension KMPState {
[25/69] Compiling KMPObservableBridge KMPViewModelStore.swift
/host/spi-builder-workspace/Sources/KMPObservableBridge/Adapters/KMPPublisherState.swift:1:8: error: no such module 'Combine'
 1 | import Combine
   |        `- error: no such module 'Combine'
 2 |
 3 | public extension KMPState {
[26/69] Compiling KMPObservableBridge View+KMPEnvironmentObject.swift
/host/spi-builder-workspace/Sources/KMPObservableBridge/Adapters/KMPPublisherState.swift:1:8: error: no such module 'Combine'
 1 | import Combine
   |        `- error: no such module 'Combine'
 2 |
 3 | public extension KMPState {
[27/72] Compiling KMPObservableBridge KMPObservationSource.swift
/host/spi-builder-workspace/Sources/KMPObservableBridge/Adapters/KMPPublisherState.swift:1:8: error: no such module 'Combine'
 1 | import Combine
   |        `- error: no such module 'Combine'
 2 |
 3 | public extension KMPState {
[28/72] Compiling KMPObservableBridge KMPNativeFlowState.swift
/host/spi-builder-workspace/Sources/KMPObservableBridge/Adapters/KMPPublisherState.swift:1:8: error: no such module 'Combine'
 1 | import Combine
   |        `- error: no such module 'Combine'
 2 |
 3 | public extension KMPState {
[29/72] Compiling KMPObservableBridge KMPNativeObservable.swift
/host/spi-builder-workspace/Sources/KMPObservableBridge/Adapters/KMPPublisherState.swift:1:8: error: no such module 'Combine'
 1 | import Combine
   |        `- error: no such module 'Combine'
 2 |
 3 | public extension KMPState {
[30/72] Compiling KMPObservableBridge KMPObservation.swift
/host/spi-builder-workspace/Sources/KMPObservableBridge/Adapters/KMPPublisherState.swift:1:8: error: no such module 'Combine'
 1 | import Combine
   |        `- error: no such module 'Combine'
 2 |
 3 | public extension KMPState {
[31/72] Compiling KMPObservableBridge KMPObservationDependency.swift
/host/spi-builder-workspace/Sources/KMPObservableBridge/Adapters/KMPPublisherState.swift:1:8: error: no such module 'Combine'
 1 | import Combine
   |        `- error: no such module 'Combine'
 2 |
 3 | public extension KMPState {
[32/72] Compiling KMPObservableBridge KMPObservationFailurePolicy.swift
/host/spi-builder-workspace/Sources/KMPObservableBridge/Adapters/KMPPublisherState.swift:1:8: error: no such module 'Combine'
 1 | import Combine
   |        `- error: no such module 'Combine'
 2 |
 3 | public extension KMPState {
error: emit-module command failed with exit code 1 (use -v to see invocation)
[33/72] Emitting module KMPObservableBridge
/host/spi-builder-workspace/Sources/KMPObservableBridge/Adapters/KMPPublisherState.swift:1:8: error: no such module 'Combine'
 1 | import Combine
   |        `- error: no such module 'Combine'
 2 |
 3 | public extension KMPState {
[34/72] Compiling KMPObservableBridge KMPChanges.swift
/host/spi-builder-workspace/Sources/KMPObservableBridge/Adapters/KMPPublisherState.swift:1:8: error: no such module 'Combine'
 1 | import Combine
   |        `- error: no such module 'Combine'
 2 |
 3 | public extension KMPState {
[35/72] Compiling KMPObservableBridge KMPDisposable.swift
/host/spi-builder-workspace/Sources/KMPObservableBridge/Adapters/KMPPublisherState.swift:1:8: error: no such module 'Combine'
 1 | import Combine
   |        `- error: no such module 'Combine'
 2 |
 3 | public extension KMPState {
[36/72] Compiling KMPObservableBridge KMPState.swift
/host/spi-builder-workspace/Sources/KMPObservableBridge/Adapters/KMPPublisherState.swift:1:8: error: no such module 'Combine'
 1 | import Combine
   |        `- error: no such module 'Combine'
 2 |
 3 | public extension KMPState {
[37/72] Compiling KMPObservableBridge KMPUpdatePolicy.swift
/host/spi-builder-workspace/Sources/KMPObservableBridge/Adapters/KMPPublisherState.swift:1:8: error: no such module 'Combine'
 1 | import Combine
   |        `- error: no such module 'Combine'
 2 |
 3 | public extension KMPState {
[38/72] Compiling KMPObservableBridge KMPAsyncSequenceState.swift
/host/spi-builder-workspace/Sources/KMPObservableBridge/Adapters/KMPPublisherState.swift:1:8: error: no such module 'Combine'
 1 | import Combine
   |        `- error: no such module 'Combine'
 2 |
 3 | public extension KMPState {
[39/72] Compiling KMPObservableBridge KMPCallbackState.swift
/host/spi-builder-workspace/Sources/KMPObservableBridge/Adapters/KMPPublisherState.swift:1:8: error: no such module 'Combine'
 1 | import Combine
   |        `- error: no such module 'Combine'
 2 |
 3 | public extension KMPState {
[40/72] Compiling KMPObservableBridge KMPPublisherState.swift
/host/spi-builder-workspace/Sources/KMPObservableBridge/Adapters/KMPPublisherState.swift:1:8: error: no such module 'Combine'
 1 | import Combine
   |        `- error: no such module 'Combine'
 2 |
 3 | public extension KMPState {
[41/72] Compiling KMPObservableBridge KMPNativeFlow.swift
/host/spi-builder-workspace/Sources/KMPObservableBridge/Adapters/KMPPublisherState.swift:1:8: error: no such module 'Combine'
 1 | import Combine
   |        `- error: no such module 'Combine'
 2 |
 3 | public extension KMPState {
[42/72] Compiling KMPObservableBridge KMPOptionalChildObject.swift
/host/spi-builder-workspace/Sources/KMPObservableBridge/Adapters/KMPPublisherState.swift:1:8: error: no such module 'Combine'
 1 | import Combine
   |        `- error: no such module 'Combine'
 2 |
 3 | public extension KMPState {
[43/72] Compiling KMPObservableBridge KMPStateObject.swift
/host/spi-builder-workspace/Sources/KMPObservableBridge/Adapters/KMPPublisherState.swift:1:8: error: no such module 'Combine'
 1 | import Combine
   |        `- error: no such module 'Combine'
 2 |
 3 | public extension KMPState {
[44/72] Compiling KMPObservableBridge KMPObservationRevision.swift
/host/spi-builder-workspace/Sources/KMPObservableBridge/Adapters/KMPPublisherState.swift:1:8: error: no such module 'Combine'
 1 | import Combine
   |        `- error: no such module 'Combine'
 2 |
 3 | public extension KMPState {
BUILD FAILURE 6.2 wasm