Build Information
Failed to build WWFloatingViewController, reference main (15e5ca), with Swift 6.4 for watchOS using Xcode 27.0 on 20 Sep 2026 10:37:34 UTC.
Build Command
env DEVELOPER_DIR=/Applications/Xcode-27.0.0-Release.Candidate.app xcrun xcodebuild -IDEClonedSourcePackagesDirPathOverride=$PWD/.dependencies -skipMacroValidation -skipPackagePluginValidation -derivedDataPath $PWD/.derivedData build -scheme WWFloatingViewController -destination generic/platform=watchOSBuild Log
========================================
RunAll
========================================
Builder version: 5.1.0
Interrupt handler set up.
========================================
Checkout
========================================
Clone URL: https://github.com/William-Weng/WWFloatingView.git
Reference: main
Initialized empty Git repository in /Users/admin/builder/spi-builder-workspace/.git/
From https://github.com/William-Weng/WWFloatingView
* branch main -> FETCH_HEAD
* [new branch] main -> origin/main
HEAD is now at 15e5cac Update README.md
Cloned https://github.com/William-Weng/WWFloatingView.git
Revision (git rev-parse @):
15e5cacd3c1486a26fc7f67e2f191d0d120d0c05
SUCCESS checkout https://github.com/William-Weng/WWFloatingView.git at main
========================================
Build
========================================
Selected platform: watchOS
Swift version: 6.4
Building package at path: $PWD
https://github.com/William-Weng/WWFloatingView.git
Command line invocation:
/Applications/Xcode-27.0.0-Release.Candidate.app/Contents/Developer/usr/bin/xcodebuild -IDEClonedSourcePackagesDirPathOverride=/Users/admin/builder/spi-builder-workspace/.dependencies -resolvePackageDependencies
Resolve Package Graph
Fetching from https://github.com/William-Weng/WWPrint.git
Creating working copy of package ‘WWPrint’
Checking out 1.3.2 of package ‘WWPrint’
Resolve Package Graph
Resolved source packages:
WWPrint: https://github.com/William-Weng/WWPrint.git @ 1.3.2
WWFloatingViewController: /Users/admin/builder/spi-builder-workspace
resolved source packages: WWPrint, WWFloatingViewController
2026-09-20 06:36:44.626 xcodebuild[524:2986] [MT] IDERunDestination: Supported platforms for the buildables in the current scheme is empty.
{
"dependencies" : [
{
"identity" : "wwprint",
"requirement" : {
"range" : [
{
"lower_bound" : "1.3.0",
"upper_bound" : "2.0.0"
}
]
},
"type" : "sourceControl",
"url" : "https://github.com/William-Weng/WWPrint.git"
}
],
"manifest_display_name" : "WWFloatingViewController",
"name" : "WWFloatingViewController",
"path" : "/Users/admin/builder/spi-builder-workspace",
"platforms" : [
{
"name" : "ios",
"version" : "14.0"
}
],
"products" : [
{
"name" : "WWFloatingViewController",
"targets" : [
"WWFloatingViewController"
],
"type" : {
"library" : [
"automatic"
]
}
}
],
"swift_languages_versions" : [
"5"
],
"targets" : [
{
"c99name" : "WWFloatingViewController",
"module_type" : "SwiftTarget",
"name" : "WWFloatingViewController",
"path" : "Sources/WWFloatingViewController",
"product_dependencies" : [
"WWPrint"
],
"product_memberships" : [
"WWFloatingViewController"
],
"resources" : [
{
"path" : "/Users/admin/builder/spi-builder-workspace/Sources/WWFloatingViewController/Privacy",
"rule" : {
"copy" : {
}
}
}
],
"sources" : [
"Extension+.swift",
"WWFloatingView.swift",
"WWFloatingViewController.swift",
"WWFloatingViewDelegate.swift"
],
"type" : "library"
}
],
"tools_version" : "5.6"
}
{
"workspace" : {
"name" : "WWFloatingViewController",
"schemes" : [
"WWFloatingViewController"
]
}
}
2026-09-20 06:37:26.008 xcodebuild[697:4317] [MT] IDERunDestination: Supported platforms for the buildables in the current scheme is empty.
Running build ...
env DEVELOPER_DIR=/Applications/Xcode-27.0.0-Release.Candidate.app xcrun xcodebuild -IDEClonedSourcePackagesDirPathOverride=$PWD/.dependencies -skipMacroValidation -skipPackagePluginValidation -derivedDataPath $PWD/.derivedData build -scheme WWFloatingViewController -destination generic/platform=watchOS
Command line invocation:
/Applications/Xcode-27.0.0-Release.Candidate.app/Contents/Developer/usr/bin/xcodebuild -IDEClonedSourcePackagesDirPathOverride=/Users/admin/builder/spi-builder-workspace/.dependencies -skipMacroValidation -skipPackagePluginValidation -derivedDataPath /Users/admin/builder/spi-builder-workspace/.derivedData build -scheme WWFloatingViewController -destination generic/platform=watchOS
Resolve Package Graph
Resolve Package Graph
Resolved source packages:
WWPrint: https://github.com/William-Weng/WWPrint.git @ 1.3.2
WWFloatingViewController: /Users/admin/builder/spi-builder-workspace
ComputePackagePrebuildTargetDependencyGraph
Prepare packages
CreateBuildRequest
SendProjectDescription
CreateBuildOperation
ComputeTargetDependencyGraph
note: Building targets in dependency order
note: Target dependency graph (6 targets)
Target 'WWFloatingViewController-product' in project 'WWFloatingViewController'
➜ Explicit dependency on target 'WWFloatingViewController' in project 'WWFloatingViewController'
➜ Explicit dependency on target 'WWFloatingViewController_WWFloatingViewController' in project 'WWFloatingViewController'
➜ Explicit dependency on target 'WWPrint-product' in project 'WWPrint'
Target 'WWFloatingViewController' in project 'WWFloatingViewController'
➜ Explicit dependency on target 'WWFloatingViewController_WWFloatingViewController' in project 'WWFloatingViewController'
➜ Explicit dependency on target 'WWPrint-product' in project 'WWPrint'
Target 'WWPrint-product' in project 'WWPrint'
➜ Explicit dependency on target 'WWPrint' in project 'WWPrint'
➜ Explicit dependency on target 'WWPrint_WWPrint' in project 'WWPrint'
Target 'WWPrint' in project 'WWPrint'
➜ Explicit dependency on target 'WWPrint_WWPrint' in project 'WWPrint'
Target 'WWPrint_WWPrint' in project 'WWPrint' (no dependencies)
Target 'WWFloatingViewController_WWFloatingViewController' in project 'WWFloatingViewController' (no dependencies)
GatherProvisioningInputs
CreateBuildDescription
ExecuteExternalTool /Applications/Xcode-27.0.0-Release.Candidate.app/Contents/Developer/Toolchains/XcodeDefault.xctoolchain/usr/bin/clang -v -E -dM -isysroot /Applications/Xcode-27.0.0-Release.Candidate.app/Contents/Developer/Platforms/WatchOS.platform/Developer/SDKs/WatchOS27.0.sdk -x c -c /dev/null
ExecuteExternalTool /Applications/Xcode-27.0.0-Release.Candidate.app/Contents/Developer/Toolchains/XcodeDefault.xctoolchain/usr/bin/swiftc --version
ExecuteExternalTool /Applications/Xcode-27.0.0-Release.Candidate.app/Contents/Developer/usr/bin/ibtool --version --output-format xml1
ExecuteExternalTool /Applications/Xcode-27.0.0-Release.Candidate.app/Contents/Developer/Toolchains/XcodeDefault.xctoolchain/usr/bin/ld -version_details
Build description signature: 8e7ef3530334c36f1ff6f4f58abbbcca
Build description path: /Users/admin/builder/spi-builder-workspace/.derivedData/Build/Intermediates.noindex/XCBuildData/8e7ef3530334c36f1ff6f4f58abbbcca.xcbuilddata
CreateBuildDirectory /Users/admin/builder/spi-builder-workspace/.derivedData/SDKExplicitPrecompiledModules
cd /Users/admin/builder/spi-builder-workspace/.swiftpm/xcode
builtin-create-build-directory /Users/admin/builder/spi-builder-workspace/.derivedData/SDKExplicitPrecompiledModules
CreateBuildDirectory /Users/admin/builder/spi-builder-workspace/.derivedData/CompilationCache.noindex
cd /Users/admin/builder/spi-builder-workspace/.swiftpm/xcode
builtin-create-build-directory /Users/admin/builder/spi-builder-workspace/.derivedData/CompilationCache.noindex
CreateBuildDirectory /Users/admin/builder/spi-builder-workspace/.derivedData/ModuleCache.noindex
cd /Users/admin/builder/spi-builder-workspace/.swiftpm/xcode
builtin-create-build-directory /Users/admin/builder/spi-builder-workspace/.derivedData/ModuleCache.noindex
CreateBuildDirectory /Users/admin/builder/spi-builder-workspace/.derivedData/Build/Products
cd /Users/admin/builder/spi-builder-workspace/.swiftpm/xcode
builtin-create-build-directory /Users/admin/builder/spi-builder-workspace/.derivedData/Build/Products
CreateBuildDirectory /Users/admin/builder/spi-builder-workspace/.derivedData/Build/Intermediates.noindex
cd /Users/admin/builder/spi-builder-workspace/.swiftpm/xcode
builtin-create-build-directory /Users/admin/builder/spi-builder-workspace/.derivedData/Build/Intermediates.noindex
ClangStatCache /Applications/Xcode-27.0.0-Release.Candidate.app/Contents/Developer/Toolchains/XcodeDefault.xctoolchain/usr/bin/clang-stat-cache /Applications/Xcode-27.0.0-Release.Candidate.app/Contents/Developer/Platforms/WatchOS.platform/Developer/SDKs/WatchOS27.0.sdk /Users/admin/builder/spi-builder-workspace/.derivedData/SDKStatCaches.noindex/watchos27.0-24R360-e829b21a6f8c9b70876ba0858053c04477534ef55a1706bf4c1112bbb242f0a2.sdkstatcache
cd /Users/admin/builder/spi-builder-workspace/.swiftpm/xcode
/Applications/Xcode-27.0.0-Release.Candidate.app/Contents/Developer/Toolchains/XcodeDefault.xctoolchain/usr/bin/clang-stat-cache /Applications/Xcode-27.0.0-Release.Candidate.app/Contents/Developer/Platforms/WatchOS.platform/Developer/SDKs/WatchOS27.0.sdk -o /Users/admin/builder/spi-builder-workspace/.derivedData/SDKStatCaches.noindex/watchos27.0-24R360-e829b21a6f8c9b70876ba0858053c04477534ef55a1706bf4c1112bbb242f0a2.sdkstatcache
CreateBuildDirectory /Users/admin/builder/spi-builder-workspace/.derivedData/Build/Intermediates.noindex/SwiftExplicitPrecompiledModules
cd /Users/admin/builder/spi-builder-workspace/.swiftpm/xcode
builtin-create-build-directory /Users/admin/builder/spi-builder-workspace/.derivedData/Build/Intermediates.noindex/SwiftExplicitPrecompiledModules
CreateBuildDirectory /Users/admin/builder/spi-builder-workspace/.derivedData/Build/Intermediates.noindex/ExplicitPrecompiledModules
cd /Users/admin/builder/spi-builder-workspace/.swiftpm/xcode
builtin-create-build-directory /Users/admin/builder/spi-builder-workspace/.derivedData/Build/Intermediates.noindex/ExplicitPrecompiledModules
CreateBuildDirectory /Users/admin/builder/spi-builder-workspace/.derivedData/Build/Intermediates.noindex/PrecompiledHeaders
cd /Users/admin/builder/spi-builder-workspace/.swiftpm/xcode
builtin-create-build-directory /Users/admin/builder/spi-builder-workspace/.derivedData/Build/Intermediates.noindex/PrecompiledHeaders
CreateBuildDirectory /Users/admin/builder/spi-builder-workspace/.derivedData/Build/Products/Debug-watchos
cd /Users/admin/builder/spi-builder-workspace/.swiftpm/xcode
builtin-create-build-directory /Users/admin/builder/spi-builder-workspace/.derivedData/Build/Products/Debug-watchos
CreateBuildDirectory /Users/admin/builder/spi-builder-workspace/.derivedData/Build/Intermediates.noindex/EagerLinkingTBDs/Debug-watchos
cd /Users/admin/builder/spi-builder-workspace/.swiftpm/xcode
builtin-create-build-directory /Users/admin/builder/spi-builder-workspace/.derivedData/Build/Intermediates.noindex/EagerLinkingTBDs/Debug-watchos
CreateBuildDirectory /Users/admin/builder/spi-builder-workspace/.derivedData/Build/Products/Debug-watchos/PackageFrameworks
cd /Users/admin/builder/spi-builder-workspace/.swiftpm/xcode
builtin-create-build-directory /Users/admin/builder/spi-builder-workspace/.derivedData/Build/Products/Debug-watchos/PackageFrameworks
MkDir /Users/admin/builder/spi-builder-workspace/.derivedData/Build/Products/Debug-watchos/WWPrint_WWPrint.bundle (in target 'WWPrint_WWPrint' from project 'WWPrint')
cd /Users/admin/builder/spi-builder-workspace/.dependencies/checkouts/WWPrint
/bin/mkdir -p /Users/admin/builder/spi-builder-workspace/.derivedData/Build/Products/Debug-watchos/WWPrint_WWPrint.bundle
WriteAuxiliaryFile /Users/admin/builder/spi-builder-workspace/.derivedData/Build/Intermediates.noindex/WWPrint.build/Debug-watchos/WWPrint_WWPrint-b.build/WWPrint_WWPrint.DependencyMetadataFileList (in target 'WWPrint_WWPrint' from project 'WWPrint')
cd /Users/admin/builder/spi-builder-workspace/.dependencies/checkouts/WWPrint
write-file /Users/admin/builder/spi-builder-workspace/.derivedData/Build/Intermediates.noindex/WWPrint.build/Debug-watchos/WWPrint_WWPrint-b.build/WWPrint_WWPrint.DependencyMetadataFileList
WriteAuxiliaryFile /Users/admin/builder/spi-builder-workspace/.derivedData/Build/Intermediates.noindex/WWPrint.build/Debug-watchos/WWPrint_WWPrint-b.build/empty-WWPrint_WWPrint.plist (in target 'WWPrint_WWPrint' from project 'WWPrint')
cd /Users/admin/builder/spi-builder-workspace/.dependencies/checkouts/WWPrint
write-file /Users/admin/builder/spi-builder-workspace/.derivedData/Build/Intermediates.noindex/WWPrint.build/Debug-watchos/WWPrint_WWPrint-b.build/empty-WWPrint_WWPrint.plist
WriteAuxiliaryFile /Users/admin/builder/spi-builder-workspace/.derivedData/Build/Intermediates.noindex/WWPrint.build/Debug-watchos/WWPrint_WWPrint-b.build/WWPrint_WWPrint.DependencyStaticMetadataFileList (in target 'WWPrint_WWPrint' from project 'WWPrint')
cd /Users/admin/builder/spi-builder-workspace/.dependencies/checkouts/WWPrint
write-file /Users/admin/builder/spi-builder-workspace/.derivedData/Build/Intermediates.noindex/WWPrint.build/Debug-watchos/WWPrint_WWPrint-b.build/WWPrint_WWPrint.DependencyStaticMetadataFileList
WriteAuxiliaryFile /Users/admin/builder/spi-builder-workspace/.derivedData/Build/Intermediates.noindex/WWPrint.build/Debug-watchos/WWPrint-t.build/WWPrint.modulemap (in target 'WWPrint' from project 'WWPrint')
cd /Users/admin/builder/spi-builder-workspace/.dependencies/checkouts/WWPrint
write-file /Users/admin/builder/spi-builder-workspace/.derivedData/Build/Intermediates.noindex/WWPrint.build/Debug-watchos/WWPrint-t.build/WWPrint.modulemap
WriteAuxiliaryFile /Users/admin/builder/spi-builder-workspace/.derivedData/Build/Intermediates.noindex/WWPrint.build/Debug-watchos/WWPrint-t.build/WWPrint.DependencyStaticMetadataFileList (in target 'WWPrint' from project 'WWPrint')
cd /Users/admin/builder/spi-builder-workspace/.dependencies/checkouts/WWPrint
write-file /Users/admin/builder/spi-builder-workspace/.derivedData/Build/Intermediates.noindex/WWPrint.build/Debug-watchos/WWPrint-t.build/WWPrint.DependencyStaticMetadataFileList
WriteAuxiliaryFile /Users/admin/builder/spi-builder-workspace/.derivedData/Build/Intermediates.noindex/WWPrint.build/Debug-watchos/WWPrint-t.build/Objects-normal/arm64_32/WWPrint_const_extract_protocols.json (in target 'WWPrint' from project 'WWPrint')
cd /Users/admin/builder/spi-builder-workspace/.dependencies/checkouts/WWPrint
write-file /Users/admin/builder/spi-builder-workspace/.derivedData/Build/Intermediates.noindex/WWPrint.build/Debug-watchos/WWPrint-t.build/Objects-normal/arm64_32/WWPrint_const_extract_protocols.json
WriteAuxiliaryFile /Users/admin/builder/spi-builder-workspace/.derivedData/Build/Intermediates.noindex/WWPrint.build/Debug-watchos/WWPrint-t.build/WWPrint.DependencyMetadataFileList (in target 'WWPrint' from project 'WWPrint')
cd /Users/admin/builder/spi-builder-workspace/.dependencies/checkouts/WWPrint
write-file /Users/admin/builder/spi-builder-workspace/.derivedData/Build/Intermediates.noindex/WWPrint.build/Debug-watchos/WWPrint-t.build/WWPrint.DependencyMetadataFileList
WriteAuxiliaryFile /Users/admin/builder/spi-builder-workspace/.derivedData/Build/Intermediates.noindex/WWPrint.build/Debug-watchos/WWPrint-t.build/Objects-normal/arm64_32/WWPrint.SwiftFileList (in target 'WWPrint' from project 'WWPrint')
cd /Users/admin/builder/spi-builder-workspace/.dependencies/checkouts/WWPrint
write-file /Users/admin/builder/spi-builder-workspace/.derivedData/Build/Intermediates.noindex/WWPrint.build/Debug-watchos/WWPrint-t.build/Objects-normal/arm64_32/WWPrint.SwiftFileList
WriteAuxiliaryFile /Users/admin/builder/spi-builder-workspace/.derivedData/Build/Intermediates.noindex/WWPrint.build/Debug-watchos/WWPrint-t.build/Objects-normal/arm64_32/WWPrint.SwiftConstValuesFileList (in target 'WWPrint' from project 'WWPrint')
cd /Users/admin/builder/spi-builder-workspace/.dependencies/checkouts/WWPrint
write-file /Users/admin/builder/spi-builder-workspace/.derivedData/Build/Intermediates.noindex/WWPrint.build/Debug-watchos/WWPrint-t.build/Objects-normal/arm64_32/WWPrint.SwiftConstValuesFileList
WriteAuxiliaryFile /Users/admin/builder/spi-builder-workspace/.derivedData/Build/Intermediates.noindex/WWPrint.build/Debug-watchos/WWPrint-t.build/Objects-normal/arm64_32/WWPrint.LinkFileList (in target 'WWPrint' from project 'WWPrint')
cd /Users/admin/builder/spi-builder-workspace/.dependencies/checkouts/WWPrint
write-file /Users/admin/builder/spi-builder-workspace/.derivedData/Build/Intermediates.noindex/WWPrint.build/Debug-watchos/WWPrint-t.build/Objects-normal/arm64_32/WWPrint.LinkFileList
WriteAuxiliaryFile /Users/admin/builder/spi-builder-workspace/.derivedData/Build/Intermediates.noindex/WWPrint.build/Debug-watchos/WWPrint-t.build/Objects-normal/arm64_32/WWPrint-OutputFileMap.json (in target 'WWPrint' from project 'WWPrint')
cd /Users/admin/builder/spi-builder-workspace/.dependencies/checkouts/WWPrint
write-file /Users/admin/builder/spi-builder-workspace/.derivedData/Build/Intermediates.noindex/WWPrint.build/Debug-watchos/WWPrint-t.build/Objects-normal/arm64_32/WWPrint-OutputFileMap.json
WriteAuxiliaryFile /Users/admin/builder/spi-builder-workspace/.derivedData/Build/Intermediates.noindex/WWPrint.build/Debug-watchos/WWPrint-t.build/Objects-normal/arm64/WWPrint.SwiftConstValuesFileList (in target 'WWPrint' from project 'WWPrint')
cd /Users/admin/builder/spi-builder-workspace/.dependencies/checkouts/WWPrint
write-file /Users/admin/builder/spi-builder-workspace/.derivedData/Build/Intermediates.noindex/WWPrint.build/Debug-watchos/WWPrint-t.build/Objects-normal/arm64/WWPrint.SwiftConstValuesFileList
WriteAuxiliaryFile /Users/admin/builder/spi-builder-workspace/.derivedData/Build/Intermediates.noindex/WWPrint.build/Debug-watchos/WWPrint-t.build/Objects-normal/arm64/WWPrint.SwiftFileList (in target 'WWPrint' from project 'WWPrint')
cd /Users/admin/builder/spi-builder-workspace/.dependencies/checkouts/WWPrint
write-file /Users/admin/builder/spi-builder-workspace/.derivedData/Build/Intermediates.noindex/WWPrint.build/Debug-watchos/WWPrint-t.build/Objects-normal/arm64/WWPrint.SwiftFileList
WriteAuxiliaryFile /Users/admin/builder/spi-builder-workspace/.derivedData/Build/Intermediates.noindex/WWPrint.build/Debug-watchos/WWPrint-t.build/Objects-normal/arm64/WWPrint_const_extract_protocols.json (in target 'WWPrint' from project 'WWPrint')
cd /Users/admin/builder/spi-builder-workspace/.dependencies/checkouts/WWPrint
write-file /Users/admin/builder/spi-builder-workspace/.derivedData/Build/Intermediates.noindex/WWPrint.build/Debug-watchos/WWPrint-t.build/Objects-normal/arm64/WWPrint_const_extract_protocols.json
WriteAuxiliaryFile /Users/admin/builder/spi-builder-workspace/.derivedData/Build/Intermediates.noindex/WWPrint.build/Debug-watchos/WWPrint-t.build/Objects-normal/arm64/WWPrint.LinkFileList (in target 'WWPrint' from project 'WWPrint')
cd /Users/admin/builder/spi-builder-workspace/.dependencies/checkouts/WWPrint
write-file /Users/admin/builder/spi-builder-workspace/.derivedData/Build/Intermediates.noindex/WWPrint.build/Debug-watchos/WWPrint-t.build/Objects-normal/arm64/WWPrint.LinkFileList
WriteAuxiliaryFile /Users/admin/builder/spi-builder-workspace/.derivedData/Build/Intermediates.noindex/WWPrint.build/Debug-watchos/WWPrint-t.build/Objects-normal/arm64/WWPrint-OutputFileMap.json (in target 'WWPrint' from project 'WWPrint')
cd /Users/admin/builder/spi-builder-workspace/.dependencies/checkouts/WWPrint
write-file /Users/admin/builder/spi-builder-workspace/.derivedData/Build/Intermediates.noindex/WWPrint.build/Debug-watchos/WWPrint-t.build/Objects-normal/arm64/WWPrint-OutputFileMap.json
WriteAuxiliaryFile /Users/admin/builder/spi-builder-workspace/.derivedData/Build/Intermediates.noindex/WWPrint.build/Debug-watchos/WWPrint-t.build/DerivedSources/resource_bundle_accessor.swift (in target 'WWPrint' from project 'WWPrint')
cd /Users/admin/builder/spi-builder-workspace/.dependencies/checkouts/WWPrint
write-file /Users/admin/builder/spi-builder-workspace/.derivedData/Build/Intermediates.noindex/WWPrint.build/Debug-watchos/WWPrint-t.build/DerivedSources/resource_bundle_accessor.swift
Copy /Users/admin/builder/spi-builder-workspace/.derivedData/Build/Intermediates.noindex/GeneratedModuleMaps-watchos/WWPrint.modulemap /Users/admin/builder/spi-builder-workspace/.derivedData/Build/Intermediates.noindex/WWPrint.build/Debug-watchos/WWPrint-t.build/WWPrint.modulemap (in target 'WWPrint' from project 'WWPrint')
cd /Users/admin/builder/spi-builder-workspace/.dependencies/checkouts/WWPrint
builtin-copy -exclude .DS_Store -exclude CVS -exclude .svn -exclude .git -exclude .hg -resolve-src-symlinks /Users/admin/builder/spi-builder-workspace/.derivedData/Build/Intermediates.noindex/WWPrint.build/Debug-watchos/WWPrint-t.build/WWPrint.modulemap /Users/admin/builder/spi-builder-workspace/.derivedData/Build/Intermediates.noindex/GeneratedModuleMaps-watchos
WriteAuxiliaryFile /Users/admin/builder/spi-builder-workspace/.derivedData/Build/Intermediates.noindex/WWFloatingViewController.build/Debug-watchos/WWFloatingViewController_WWFloatingViewController-b.build/empty-WWFloatingViewController_WWFloatingViewController.plist (in target 'WWFloatingViewController_WWFloatingViewController' from project 'WWFloatingViewController')
cd /Users/admin/builder/spi-builder-workspace
write-file /Users/admin/builder/spi-builder-workspace/.derivedData/Build/Intermediates.noindex/WWFloatingViewController.build/Debug-watchos/WWFloatingViewController_WWFloatingViewController-b.build/empty-WWFloatingViewController_WWFloatingViewController.plist
WriteAuxiliaryFile /Users/admin/builder/spi-builder-workspace/.derivedData/Build/Intermediates.noindex/WWFloatingViewController.build/Debug-watchos/WWFloatingViewController_WWFloatingViewController-b.build/WWFloatingViewController_WWFloatingViewController.DependencyStaticMetadataFileList (in target 'WWFloatingViewController_WWFloatingViewController' from project 'WWFloatingViewController')
cd /Users/admin/builder/spi-builder-workspace
write-file /Users/admin/builder/spi-builder-workspace/.derivedData/Build/Intermediates.noindex/WWFloatingViewController.build/Debug-watchos/WWFloatingViewController_WWFloatingViewController-b.build/WWFloatingViewController_WWFloatingViewController.DependencyStaticMetadataFileList
WriteAuxiliaryFile /Users/admin/builder/spi-builder-workspace/.derivedData/Build/Intermediates.noindex/WWFloatingViewController.build/Debug-watchos/WWFloatingViewController_WWFloatingViewController-b.build/WWFloatingViewController_WWFloatingViewController.DependencyMetadataFileList (in target 'WWFloatingViewController_WWFloatingViewController' from project 'WWFloatingViewController')
cd /Users/admin/builder/spi-builder-workspace
write-file /Users/admin/builder/spi-builder-workspace/.derivedData/Build/Intermediates.noindex/WWFloatingViewController.build/Debug-watchos/WWFloatingViewController_WWFloatingViewController-b.build/WWFloatingViewController_WWFloatingViewController.DependencyMetadataFileList
WriteAuxiliaryFile /Users/admin/builder/spi-builder-workspace/.derivedData/Build/Intermediates.noindex/WWFloatingViewController.build/Debug-watchos/WWFloatingViewController-t.build/WWFloatingViewController.modulemap (in target 'WWFloatingViewController' from project 'WWFloatingViewController')
cd /Users/admin/builder/spi-builder-workspace
write-file /Users/admin/builder/spi-builder-workspace/.derivedData/Build/Intermediates.noindex/WWFloatingViewController.build/Debug-watchos/WWFloatingViewController-t.build/WWFloatingViewController.modulemap
WriteAuxiliaryFile /Users/admin/builder/spi-builder-workspace/.derivedData/Build/Intermediates.noindex/WWFloatingViewController.build/Debug-watchos/WWFloatingViewController-t.build/WWFloatingViewController.DependencyMetadataFileList (in target 'WWFloatingViewController' from project 'WWFloatingViewController')
cd /Users/admin/builder/spi-builder-workspace
write-file /Users/admin/builder/spi-builder-workspace/.derivedData/Build/Intermediates.noindex/WWFloatingViewController.build/Debug-watchos/WWFloatingViewController-t.build/WWFloatingViewController.DependencyMetadataFileList
WriteAuxiliaryFile /Users/admin/builder/spi-builder-workspace/.derivedData/Build/Intermediates.noindex/WWFloatingViewController.build/Debug-watchos/WWFloatingViewController-t.build/WWFloatingViewController.DependencyStaticMetadataFileList (in target 'WWFloatingViewController' from project 'WWFloatingViewController')
cd /Users/admin/builder/spi-builder-workspace
write-file /Users/admin/builder/spi-builder-workspace/.derivedData/Build/Intermediates.noindex/WWFloatingViewController.build/Debug-watchos/WWFloatingViewController-t.build/WWFloatingViewController.DependencyStaticMetadataFileList
WriteAuxiliaryFile /Users/admin/builder/spi-builder-workspace/.derivedData/Build/Intermediates.noindex/WWFloatingViewController.build/Debug-watchos/WWFloatingViewController-t.build/Objects-normal/arm64_32/WWFloatingViewController_const_extract_protocols.json (in target 'WWFloatingViewController' from project 'WWFloatingViewController')
cd /Users/admin/builder/spi-builder-workspace
write-file /Users/admin/builder/spi-builder-workspace/.derivedData/Build/Intermediates.noindex/WWFloatingViewController.build/Debug-watchos/WWFloatingViewController-t.build/Objects-normal/arm64_32/WWFloatingViewController_const_extract_protocols.json
WriteAuxiliaryFile /Users/admin/builder/spi-builder-workspace/.derivedData/Build/Intermediates.noindex/WWFloatingViewController.build/Debug-watchos/WWFloatingViewController-t.build/Objects-normal/arm64_32/WWFloatingViewController.SwiftFileList (in target 'WWFloatingViewController' from project 'WWFloatingViewController')
cd /Users/admin/builder/spi-builder-workspace
write-file /Users/admin/builder/spi-builder-workspace/.derivedData/Build/Intermediates.noindex/WWFloatingViewController.build/Debug-watchos/WWFloatingViewController-t.build/Objects-normal/arm64_32/WWFloatingViewController.SwiftFileList
WriteAuxiliaryFile /Users/admin/builder/spi-builder-workspace/.derivedData/Build/Intermediates.noindex/WWFloatingViewController.build/Debug-watchos/WWFloatingViewController-t.build/Objects-normal/arm64_32/WWFloatingViewController.SwiftConstValuesFileList (in target 'WWFloatingViewController' from project 'WWFloatingViewController')
cd /Users/admin/builder/spi-builder-workspace
write-file /Users/admin/builder/spi-builder-workspace/.derivedData/Build/Intermediates.noindex/WWFloatingViewController.build/Debug-watchos/WWFloatingViewController-t.build/Objects-normal/arm64_32/WWFloatingViewController.SwiftConstValuesFileList
WriteAuxiliaryFile /Users/admin/builder/spi-builder-workspace/.derivedData/Build/Intermediates.noindex/WWFloatingViewController.build/Debug-watchos/WWFloatingViewController-t.build/Objects-normal/arm64_32/WWFloatingViewController.LinkFileList (in target 'WWFloatingViewController' from project 'WWFloatingViewController')
cd /Users/admin/builder/spi-builder-workspace
write-file /Users/admin/builder/spi-builder-workspace/.derivedData/Build/Intermediates.noindex/WWFloatingViewController.build/Debug-watchos/WWFloatingViewController-t.build/Objects-normal/arm64_32/WWFloatingViewController.LinkFileList
WriteAuxiliaryFile /Users/admin/builder/spi-builder-workspace/.derivedData/Build/Intermediates.noindex/WWFloatingViewController.build/Debug-watchos/WWFloatingViewController-t.build/Objects-normal/arm64_32/WWFloatingViewController-OutputFileMap.json (in target 'WWFloatingViewController' from project 'WWFloatingViewController')
cd /Users/admin/builder/spi-builder-workspace
write-file /Users/admin/builder/spi-builder-workspace/.derivedData/Build/Intermediates.noindex/WWFloatingViewController.build/Debug-watchos/WWFloatingViewController-t.build/Objects-normal/arm64_32/WWFloatingViewController-OutputFileMap.json
WriteAuxiliaryFile /Users/admin/builder/spi-builder-workspace/.derivedData/Build/Intermediates.noindex/WWFloatingViewController.build/Debug-watchos/WWFloatingViewController-t.build/Objects-normal/arm64/WWFloatingViewController_const_extract_protocols.json (in target 'WWFloatingViewController' from project 'WWFloatingViewController')
cd /Users/admin/builder/spi-builder-workspace
write-file /Users/admin/builder/spi-builder-workspace/.derivedData/Build/Intermediates.noindex/WWFloatingViewController.build/Debug-watchos/WWFloatingViewController-t.build/Objects-normal/arm64/WWFloatingViewController_const_extract_protocols.json
WriteAuxiliaryFile /Users/admin/builder/spi-builder-workspace/.derivedData/Build/Intermediates.noindex/WWFloatingViewController.build/Debug-watchos/WWFloatingViewController-t.build/Objects-normal/arm64/WWFloatingViewController.SwiftFileList (in target 'WWFloatingViewController' from project 'WWFloatingViewController')
cd /Users/admin/builder/spi-builder-workspace
write-file /Users/admin/builder/spi-builder-workspace/.derivedData/Build/Intermediates.noindex/WWFloatingViewController.build/Debug-watchos/WWFloatingViewController-t.build/Objects-normal/arm64/WWFloatingViewController.SwiftFileList
WriteAuxiliaryFile /Users/admin/builder/spi-builder-workspace/.derivedData/Build/Intermediates.noindex/WWFloatingViewController.build/Debug-watchos/WWFloatingViewController-t.build/Objects-normal/arm64/WWFloatingViewController.SwiftConstValuesFileList (in target 'WWFloatingViewController' from project 'WWFloatingViewController')
cd /Users/admin/builder/spi-builder-workspace
write-file /Users/admin/builder/spi-builder-workspace/.derivedData/Build/Intermediates.noindex/WWFloatingViewController.build/Debug-watchos/WWFloatingViewController-t.build/Objects-normal/arm64/WWFloatingViewController.SwiftConstValuesFileList
WriteAuxiliaryFile /Users/admin/builder/spi-builder-workspace/.derivedData/Build/Intermediates.noindex/WWFloatingViewController.build/Debug-watchos/WWFloatingViewController-t.build/Objects-normal/arm64/WWFloatingViewController.LinkFileList (in target 'WWFloatingViewController' from project 'WWFloatingViewController')
cd /Users/admin/builder/spi-builder-workspace
write-file /Users/admin/builder/spi-builder-workspace/.derivedData/Build/Intermediates.noindex/WWFloatingViewController.build/Debug-watchos/WWFloatingViewController-t.build/Objects-normal/arm64/WWFloatingViewController.LinkFileList
WriteAuxiliaryFile /Users/admin/builder/spi-builder-workspace/.derivedData/Build/Intermediates.noindex/WWFloatingViewController.build/Debug-watchos/WWFloatingViewController-t.build/Objects-normal/arm64/WWFloatingViewController-OutputFileMap.json (in target 'WWFloatingViewController' from project 'WWFloatingViewController')
cd /Users/admin/builder/spi-builder-workspace
write-file /Users/admin/builder/spi-builder-workspace/.derivedData/Build/Intermediates.noindex/WWFloatingViewController.build/Debug-watchos/WWFloatingViewController-t.build/Objects-normal/arm64/WWFloatingViewController-OutputFileMap.json
WriteAuxiliaryFile /Users/admin/builder/spi-builder-workspace/.derivedData/Build/Intermediates.noindex/WWFloatingViewController.build/Debug-watchos/WWFloatingViewController-t.build/DerivedSources/resource_bundle_accessor.swift (in target 'WWFloatingViewController' from project 'WWFloatingViewController')
cd /Users/admin/builder/spi-builder-workspace
write-file /Users/admin/builder/spi-builder-workspace/.derivedData/Build/Intermediates.noindex/WWFloatingViewController.build/Debug-watchos/WWFloatingViewController-t.build/DerivedSources/resource_bundle_accessor.swift
Copy /Users/admin/builder/spi-builder-workspace/.derivedData/Build/Intermediates.noindex/GeneratedModuleMaps-watchos/WWFloatingViewController.modulemap /Users/admin/builder/spi-builder-workspace/.derivedData/Build/Intermediates.noindex/WWFloatingViewController.build/Debug-watchos/WWFloatingViewController-t.build/WWFloatingViewController.modulemap (in target 'WWFloatingViewController' from project 'WWFloatingViewController')
cd /Users/admin/builder/spi-builder-workspace
builtin-copy -exclude .DS_Store -exclude CVS -exclude .svn -exclude .git -exclude .hg -resolve-src-symlinks /Users/admin/builder/spi-builder-workspace/.derivedData/Build/Intermediates.noindex/WWFloatingViewController.build/Debug-watchos/WWFloatingViewController-t.build/WWFloatingViewController.modulemap /Users/admin/builder/spi-builder-workspace/.derivedData/Build/Intermediates.noindex/GeneratedModuleMaps-watchos
MkDir /Users/admin/builder/spi-builder-workspace/.derivedData/Build/Products/Debug-watchos/WWFloatingViewController_WWFloatingViewController.bundle (in target 'WWFloatingViewController_WWFloatingViewController' from project 'WWFloatingViewController')
cd /Users/admin/builder/spi-builder-workspace
/bin/mkdir -p /Users/admin/builder/spi-builder-workspace/.derivedData/Build/Products/Debug-watchos/WWFloatingViewController_WWFloatingViewController.bundle
ProcessInfoPlistFile /Users/admin/builder/spi-builder-workspace/.derivedData/Build/Products/Debug-watchos/WWPrint_WWPrint.bundle/Info.plist /Users/admin/builder/spi-builder-workspace/.derivedData/Build/Intermediates.noindex/WWPrint.build/Debug-watchos/WWPrint_WWPrint-b.build/empty-WWPrint_WWPrint.plist (in target 'WWPrint_WWPrint' from project 'WWPrint')
cd /Users/admin/builder/spi-builder-workspace/.dependencies/checkouts/WWPrint
builtin-infoPlistUtility /Users/admin/builder/spi-builder-workspace/.derivedData/Build/Intermediates.noindex/WWPrint.build/Debug-watchos/WWPrint_WWPrint-b.build/empty-WWPrint_WWPrint.plist -producttype com.apple.product-type.bundle -expandbuildsettings -format binary -platform watchos -o /Users/admin/builder/spi-builder-workspace/.derivedData/Build/Products/Debug-watchos/WWPrint_WWPrint.bundle/Info.plist
CpResource /Users/admin/builder/spi-builder-workspace/.derivedData/Build/Products/Debug-watchos/WWPrint_WWPrint.bundle/Privacy /Users/admin/builder/spi-builder-workspace/.dependencies/checkouts/WWPrint/Sources/WWPrint/Privacy (in target 'WWPrint_WWPrint' from project 'WWPrint')
cd /Users/admin/builder/spi-builder-workspace/.dependencies/checkouts/WWPrint
builtin-copy -exclude .DS_Store -exclude CVS -exclude .svn -exclude .git -exclude .hg -resolve-src-symlinks /Users/admin/builder/spi-builder-workspace/.dependencies/checkouts/WWPrint/Sources/WWPrint/Privacy /Users/admin/builder/spi-builder-workspace/.derivedData/Build/Products/Debug-watchos/WWPrint_WWPrint.bundle
CpResource /Users/admin/builder/spi-builder-workspace/.derivedData/Build/Products/Debug-watchos/WWFloatingViewController_WWFloatingViewController.bundle/Privacy /Users/admin/builder/spi-builder-workspace/Sources/WWFloatingViewController/Privacy (in target 'WWFloatingViewController_WWFloatingViewController' from project 'WWFloatingViewController')
cd /Users/admin/builder/spi-builder-workspace
builtin-copy -exclude .DS_Store -exclude CVS -exclude .svn -exclude .git -exclude .hg -resolve-src-symlinks /Users/admin/builder/spi-builder-workspace/Sources/WWFloatingViewController/Privacy /Users/admin/builder/spi-builder-workspace/.derivedData/Build/Products/Debug-watchos/WWFloatingViewController_WWFloatingViewController.bundle
CompileXIB /Users/admin/builder/spi-builder-workspace/Sources/WWFloatingViewController/WWFloatingViewController.xib (in target 'WWFloatingViewController_WWFloatingViewController' from project 'WWFloatingViewController')
cd /Users/admin/builder/spi-builder-workspace
/Applications/Xcode-27.0.0-Release.Candidate.app/Contents/Developer/usr/bin/ibtool --errors --warnings --notices --module WWFloatingViewController_WWFloatingViewController --output-partial-info-plist /Users/admin/builder/spi-builder-workspace/.derivedData/Build/Intermediates.noindex/WWFloatingViewController.build/Debug-watchos/WWFloatingViewController_WWFloatingViewController-b.build/WWFloatingViewController-PartialInfo.plist --auto-activate-custom-fonts --target-device watch --minimum-deployment-target 9.0 --output-format human-readable-text --compile /Users/admin/builder/spi-builder-workspace/.derivedData/Build/Products/Debug-watchos/WWFloatingViewController_WWFloatingViewController.bundle/WWFloatingViewController.nib /Users/admin/builder/spi-builder-workspace/Sources/WWFloatingViewController/WWFloatingViewController.xib
/* com.apple.ibtool.errors */
/Users/admin/builder/spi-builder-workspace/Sources/WWFloatingViewController/WWFloatingViewController.xib: error: iOS xibs do not support target device type "watch".
RegisterExecutionPolicyException /Users/admin/builder/spi-builder-workspace/.derivedData/Build/Products/Debug-watchos/WWPrint_WWPrint.bundle (in target 'WWPrint_WWPrint' from project 'WWPrint')
cd /Users/admin/builder/spi-builder-workspace/.dependencies/checkouts/WWPrint
builtin-RegisterExecutionPolicyException /Users/admin/builder/spi-builder-workspace/.derivedData/Build/Products/Debug-watchos/WWPrint_WWPrint.bundle
Touch /Users/admin/builder/spi-builder-workspace/.derivedData/Build/Products/Debug-watchos/WWPrint_WWPrint.bundle (in target 'WWPrint_WWPrint' from project 'WWPrint')
cd /Users/admin/builder/spi-builder-workspace/.dependencies/checkouts/WWPrint
/usr/bin/touch -c /Users/admin/builder/spi-builder-workspace/.derivedData/Build/Products/Debug-watchos/WWPrint_WWPrint.bundle
PruneExplicitPrecompiledModules /Users/admin/builder/spi-builder-workspace/.derivedData/Build/Intermediates.noindex/SwiftExplicitPrecompiledModules
PruneExplicitPrecompiledModules /Users/admin/builder/spi-builder-workspace/.derivedData/SDKExplicitPrecompiledModules
PruneExplicitPrecompiledModules /Users/admin/builder/spi-builder-workspace/.derivedData/Build/Intermediates.noindex/ExplicitPrecompiledModules
2026-09-20 06:37:28.247 xcodebuild[698:4364] [MT] IDERunDestination: Supported platforms for the buildables in the current scheme is empty.
** BUILD FAILED **
The following build commands failed:
CompileXIB /Users/admin/builder/spi-builder-workspace/Sources/WWFloatingViewController/WWFloatingViewController.xib (in target 'WWFloatingViewController_WWFloatingViewController' from project 'WWFloatingViewController')
Building workspace WWFloatingViewController with scheme WWFloatingViewController
(2 failures)
Command line invocation:
/Applications/Xcode-27.0.0-Release.Candidate.app/Contents/Developer/usr/bin/xcodebuild -IDEClonedSourcePackagesDirPathOverride=/Users/admin/builder/spi-builder-workspace/.dependencies -resolvePackageDependencies
Resolve Package Graph
Resolved source packages:
WWFloatingViewController: /Users/admin/builder/spi-builder-workspace
WWPrint: https://github.com/William-Weng/WWPrint.git @ 1.3.2
resolved source packages: WWFloatingViewController, WWPrint
2026-09-20 06:37:31.960 xcodebuild[726:4548] [MT] IDERunDestination: Supported platforms for the buildables in the current scheme is empty.
{
"dependencies" : [
{
"identity" : "wwprint",
"requirement" : {
"range" : [
{
"lower_bound" : "1.3.0",
"upper_bound" : "2.0.0"
}
]
},
"type" : "sourceControl",
"url" : "https://github.com/William-Weng/WWPrint.git"
}
],
"manifest_display_name" : "WWFloatingViewController",
"name" : "WWFloatingViewController",
"path" : "/Users/admin/builder/spi-builder-workspace",
"platforms" : [
{
"name" : "ios",
"version" : "14.0"
}
],
"products" : [
{
"name" : "WWFloatingViewController",
"targets" : [
"WWFloatingViewController"
],
"type" : {
"library" : [
"automatic"
]
}
}
],
"swift_languages_versions" : [
"5"
],
"targets" : [
{
"c99name" : "WWFloatingViewController",
"module_type" : "SwiftTarget",
"name" : "WWFloatingViewController",
"path" : "Sources/WWFloatingViewController",
"product_dependencies" : [
"WWPrint"
],
"product_memberships" : [
"WWFloatingViewController"
],
"resources" : [
{
"path" : "/Users/admin/builder/spi-builder-workspace/Sources/WWFloatingViewController/Privacy",
"rule" : {
"copy" : {
}
}
}
],
"sources" : [
"Extension+.swift",
"WWFloatingView.swift",
"WWFloatingViewController.swift",
"WWFloatingViewDelegate.swift"
],
"type" : "library"
}
],
"tools_version" : "5.6"
}
{
"workspace" : {
"name" : "WWFloatingViewController",
"schemes" : [
"WWFloatingViewController"
]
}
}
2026-09-20 06:37:33.152 xcodebuild[734:4610] [MT] IDERunDestination: Supported platforms for the buildables in the current scheme is empty.
Running build ...
env DEVELOPER_DIR=/Applications/Xcode-27.0.0-Release.Candidate.app xcrun xcodebuild -IDEClonedSourcePackagesDirPathOverride=$PWD/.dependencies -skipMacroValidation -skipPackagePluginValidation -derivedDataPath $PWD/.derivedData build -scheme WWFloatingViewController -destination generic/platform=watchOS
Command line invocation:
/Applications/Xcode-27.0.0-Release.Candidate.app/Contents/Developer/usr/bin/xcodebuild -IDEClonedSourcePackagesDirPathOverride=/Users/admin/builder/spi-builder-workspace/.dependencies -skipMacroValidation -skipPackagePluginValidation -derivedDataPath /Users/admin/builder/spi-builder-workspace/.derivedData build -scheme WWFloatingViewController -destination generic/platform=watchOS
Resolve Package Graph
Resolved source packages:
WWPrint: https://github.com/William-Weng/WWPrint.git @ 1.3.2
WWFloatingViewController: /Users/admin/builder/spi-builder-workspace
ComputePackagePrebuildTargetDependencyGraph
Prepare packages
CreateBuildRequest
SendProjectDescription
CreateBuildOperation
ComputeTargetDependencyGraph
note: Building targets in dependency order
note: Target dependency graph (6 targets)
Target 'WWFloatingViewController-product' in project 'WWFloatingViewController'
➜ Explicit dependency on target 'WWFloatingViewController' in project 'WWFloatingViewController'
➜ Explicit dependency on target 'WWFloatingViewController_WWFloatingViewController' in project 'WWFloatingViewController'
➜ Explicit dependency on target 'WWPrint-product' in project 'WWPrint'
Target 'WWFloatingViewController' in project 'WWFloatingViewController'
➜ Explicit dependency on target 'WWFloatingViewController_WWFloatingViewController' in project 'WWFloatingViewController'
➜ Explicit dependency on target 'WWPrint-product' in project 'WWPrint'
Target 'WWPrint-product' in project 'WWPrint'
➜ Explicit dependency on target 'WWPrint' in project 'WWPrint'
➜ Explicit dependency on target 'WWPrint_WWPrint' in project 'WWPrint'
Target 'WWPrint' in project 'WWPrint'
➜ Explicit dependency on target 'WWPrint_WWPrint' in project 'WWPrint'
Target 'WWPrint_WWPrint' in project 'WWPrint' (no dependencies)
Target 'WWFloatingViewController_WWFloatingViewController' in project 'WWFloatingViewController' (no dependencies)
GatherProvisioningInputs
CreateBuildDescription
ClangStatCache /Applications/Xcode-27.0.0-Release.Candidate.app/Contents/Developer/Toolchains/XcodeDefault.xctoolchain/usr/bin/clang-stat-cache /Applications/Xcode-27.0.0-Release.Candidate.app/Contents/Developer/Platforms/WatchOS.platform/Developer/SDKs/WatchOS27.0.sdk /Users/admin/builder/spi-builder-workspace/.derivedData/SDKStatCaches.noindex/watchos27.0-24R360-e829b21a6f8c9b70876ba0858053c04477534ef55a1706bf4c1112bbb242f0a2.sdkstatcache
cd /Users/admin/builder/spi-builder-workspace/.swiftpm/xcode
/Applications/Xcode-27.0.0-Release.Candidate.app/Contents/Developer/Toolchains/XcodeDefault.xctoolchain/usr/bin/clang-stat-cache /Applications/Xcode-27.0.0-Release.Candidate.app/Contents/Developer/Platforms/WatchOS.platform/Developer/SDKs/WatchOS27.0.sdk -o /Users/admin/builder/spi-builder-workspace/.derivedData/SDKStatCaches.noindex/watchos27.0-24R360-e829b21a6f8c9b70876ba0858053c04477534ef55a1706bf4c1112bbb242f0a2.sdkstatcache
CompileXIB /Users/admin/builder/spi-builder-workspace/Sources/WWFloatingViewController/WWFloatingViewController.xib (in target 'WWFloatingViewController_WWFloatingViewController' from project 'WWFloatingViewController')
cd /Users/admin/builder/spi-builder-workspace
/Applications/Xcode-27.0.0-Release.Candidate.app/Contents/Developer/usr/bin/ibtool --errors --warnings --notices --module WWFloatingViewController_WWFloatingViewController --output-partial-info-plist /Users/admin/builder/spi-builder-workspace/.derivedData/Build/Intermediates.noindex/WWFloatingViewController.build/Debug-watchos/WWFloatingViewController_WWFloatingViewController-b.build/WWFloatingViewController-PartialInfo.plist --auto-activate-custom-fonts --target-device watch --minimum-deployment-target 9.0 --output-format human-readable-text --compile /Users/admin/builder/spi-builder-workspace/.derivedData/Build/Products/Debug-watchos/WWFloatingViewController_WWFloatingViewController.bundle/WWFloatingViewController.nib /Users/admin/builder/spi-builder-workspace/Sources/WWFloatingViewController/WWFloatingViewController.xib
/* com.apple.ibtool.errors */
/Users/admin/builder/spi-builder-workspace/Sources/WWFloatingViewController/WWFloatingViewController.xib: error: iOS xibs do not support target device type "watch".
PruneExplicitPrecompiledModules /Users/admin/builder/spi-builder-workspace/.derivedData/Build/Intermediates.noindex/ExplicitPrecompiledModules
PruneExplicitPrecompiledModules /Users/admin/builder/spi-builder-workspace/.derivedData/Build/Intermediates.noindex/SwiftExplicitPrecompiledModules
PruneExplicitPrecompiledModules /Users/admin/builder/spi-builder-workspace/.derivedData/SDKExplicitPrecompiledModules
2026-09-20 06:37:34.124 xcodebuild[735:4637] [MT] IDERunDestination: Supported platforms for the buildables in the current scheme is empty.
** BUILD FAILED **
The following build commands failed:
CompileXIB /Users/admin/builder/spi-builder-workspace/Sources/WWFloatingViewController/WWFloatingViewController.xib (in target 'WWFloatingViewController_WWFloatingViewController' from project 'WWFloatingViewController')
Building workspace WWFloatingViewController with scheme WWFloatingViewController
(2 failures)
BUILD FAILURE 6.4 watchOS