The Swift Package Index logo.Swift Package Index

Build Information

Failed to build Networking, reference master (56e63d), with Swift 6.4 for watchOS using Xcode 27.0 on 18 Sep 2026 02:48:15 UTC.

Build Command

env DEVELOPER_DIR=/Applications/Xcode-27.0.0-Release.Candidate.app xcrun xcodebuild -IDEClonedSourcePackagesDirPathOverride=$PWD/.dependencies -skipMacroValidation -skipPackagePluginValidation -derivedDataPath $PWD/.derivedData build -scheme Networking -destination generic/platform=watchOS

Build Log

    cd /Users/admin/builder/spi-builder-workspace/.dependencies/checkouts/Alamofire
    write-file /Users/admin/builder/spi-builder-workspace/.derivedData/Build/Intermediates.noindex/Alamofire.build/Debug-watchos/Alamofire-t.build/Objects-normal/arm64_32/Alamofire-OutputFileMap.json
WriteAuxiliaryFile /Users/admin/builder/spi-builder-workspace/.derivedData/Build/Intermediates.noindex/Alamofire.build/Debug-watchos/Alamofire-t.build/Objects-normal/arm64_32/Alamofire.SwiftFileList (in target 'Alamofire' from project 'Alamofire')
    cd /Users/admin/builder/spi-builder-workspace/.dependencies/checkouts/Alamofire
    write-file /Users/admin/builder/spi-builder-workspace/.derivedData/Build/Intermediates.noindex/Alamofire.build/Debug-watchos/Alamofire-t.build/Objects-normal/arm64_32/Alamofire.SwiftFileList
WriteAuxiliaryFile /Users/admin/builder/spi-builder-workspace/.derivedData/Build/Intermediates.noindex/Alamofire.build/Debug-watchos/Alamofire-t.build/Objects-normal/arm64_32/Alamofire_const_extract_protocols.json (in target 'Alamofire' from project 'Alamofire')
    cd /Users/admin/builder/spi-builder-workspace/.dependencies/checkouts/Alamofire
    write-file /Users/admin/builder/spi-builder-workspace/.derivedData/Build/Intermediates.noindex/Alamofire.build/Debug-watchos/Alamofire-t.build/Objects-normal/arm64_32/Alamofire_const_extract_protocols.json
WriteAuxiliaryFile /Users/admin/builder/spi-builder-workspace/.derivedData/Build/Intermediates.noindex/Networking.build/Debug-watchos/Networking-t.build/Objects-normal/arm64_32/Networking_const_extract_protocols.json (in target 'Networking' from project 'Networking')
    cd /Users/admin/builder/spi-builder-workspace
    write-file /Users/admin/builder/spi-builder-workspace/.derivedData/Build/Intermediates.noindex/Networking.build/Debug-watchos/Networking-t.build/Objects-normal/arm64_32/Networking_const_extract_protocols.json
WriteAuxiliaryFile /Users/admin/builder/spi-builder-workspace/.derivedData/Build/Intermediates.noindex/Networking.build/Debug-watchos/Networking-t.build/Objects-normal/arm64_32/Networking.LinkFileList (in target 'Networking' from project 'Networking')
    cd /Users/admin/builder/spi-builder-workspace
    write-file /Users/admin/builder/spi-builder-workspace/.derivedData/Build/Intermediates.noindex/Networking.build/Debug-watchos/Networking-t.build/Objects-normal/arm64_32/Networking.LinkFileList
WriteAuxiliaryFile /Users/admin/builder/spi-builder-workspace/.derivedData/Build/Intermediates.noindex/Networking.build/Debug-watchos/Networking-t.build/Objects-normal/arm64_32/Networking.SwiftConstValuesFileList (in target 'Networking' from project 'Networking')
    cd /Users/admin/builder/spi-builder-workspace
    write-file /Users/admin/builder/spi-builder-workspace/.derivedData/Build/Intermediates.noindex/Networking.build/Debug-watchos/Networking-t.build/Objects-normal/arm64_32/Networking.SwiftConstValuesFileList
WriteAuxiliaryFile /Users/admin/builder/spi-builder-workspace/.derivedData/Build/Intermediates.noindex/Networking.build/Debug-watchos/Networking-t.build/Objects-normal/arm64_32/Networking.SwiftFileList (in target 'Networking' from project 'Networking')
    cd /Users/admin/builder/spi-builder-workspace
    write-file /Users/admin/builder/spi-builder-workspace/.derivedData/Build/Intermediates.noindex/Networking.build/Debug-watchos/Networking-t.build/Objects-normal/arm64_32/Networking.SwiftFileList
WriteAuxiliaryFile /Users/admin/builder/spi-builder-workspace/.derivedData/Build/Intermediates.noindex/Networking.build/Debug-watchos/Networking-t.build/Objects-normal/arm64_32/Networking-OutputFileMap.json (in target 'Networking' from project 'Networking')
    cd /Users/admin/builder/spi-builder-workspace
    write-file /Users/admin/builder/spi-builder-workspace/.derivedData/Build/Intermediates.noindex/Networking.build/Debug-watchos/Networking-t.build/Objects-normal/arm64_32/Networking-OutputFileMap.json
WriteAuxiliaryFile /Users/admin/builder/spi-builder-workspace/.derivedData/Build/Intermediates.noindex/Networking.build/Debug-watchos/Networking-t.build/Objects-normal/arm64/Networking-OutputFileMap.json (in target 'Networking' from project 'Networking')
    cd /Users/admin/builder/spi-builder-workspace
    write-file /Users/admin/builder/spi-builder-workspace/.derivedData/Build/Intermediates.noindex/Networking.build/Debug-watchos/Networking-t.build/Objects-normal/arm64/Networking-OutputFileMap.json
WriteAuxiliaryFile /Users/admin/builder/spi-builder-workspace/.derivedData/Build/Intermediates.noindex/Networking.build/Debug-watchos/Networking-t.build/Objects-normal/arm64/Networking_const_extract_protocols.json (in target 'Networking' from project 'Networking')
    cd /Users/admin/builder/spi-builder-workspace
    write-file /Users/admin/builder/spi-builder-workspace/.derivedData/Build/Intermediates.noindex/Networking.build/Debug-watchos/Networking-t.build/Objects-normal/arm64/Networking_const_extract_protocols.json
WriteAuxiliaryFile /Users/admin/builder/spi-builder-workspace/.derivedData/Build/Intermediates.noindex/Networking.build/Debug-watchos/Networking-t.build/Objects-normal/arm64/Networking.SwiftFileList (in target 'Networking' from project 'Networking')
    cd /Users/admin/builder/spi-builder-workspace
    write-file /Users/admin/builder/spi-builder-workspace/.derivedData/Build/Intermediates.noindex/Networking.build/Debug-watchos/Networking-t.build/Objects-normal/arm64/Networking.SwiftFileList
WriteAuxiliaryFile /Users/admin/builder/spi-builder-workspace/.derivedData/Build/Intermediates.noindex/Networking.build/Debug-watchos/Networking-t.build/Objects-normal/arm64/Networking.LinkFileList (in target 'Networking' from project 'Networking')
    cd /Users/admin/builder/spi-builder-workspace
    write-file /Users/admin/builder/spi-builder-workspace/.derivedData/Build/Intermediates.noindex/Networking.build/Debug-watchos/Networking-t.build/Objects-normal/arm64/Networking.LinkFileList
WriteAuxiliaryFile /Users/admin/builder/spi-builder-workspace/.derivedData/Build/Intermediates.noindex/Networking.build/Debug-watchos/Networking-t.build/Objects-normal/arm64/Networking.SwiftConstValuesFileList (in target 'Networking' from project 'Networking')
    cd /Users/admin/builder/spi-builder-workspace
    write-file /Users/admin/builder/spi-builder-workspace/.derivedData/Build/Intermediates.noindex/Networking.build/Debug-watchos/Networking-t.build/Objects-normal/arm64/Networking.SwiftConstValuesFileList
WriteAuxiliaryFile /Users/admin/builder/spi-builder-workspace/.derivedData/Build/Intermediates.noindex/Networking.build/Debug-watchos/Networking-t.build/Networking.modulemap (in target 'Networking' from project 'Networking')
    cd /Users/admin/builder/spi-builder-workspace
    write-file /Users/admin/builder/spi-builder-workspace/.derivedData/Build/Intermediates.noindex/Networking.build/Debug-watchos/Networking-t.build/Networking.modulemap
WriteAuxiliaryFile /Users/admin/builder/spi-builder-workspace/.derivedData/Build/Intermediates.noindex/Networking.build/Debug-watchos/Networking-t.build/Networking.DependencyStaticMetadataFileList (in target 'Networking' from project 'Networking')
    cd /Users/admin/builder/spi-builder-workspace
    write-file /Users/admin/builder/spi-builder-workspace/.derivedData/Build/Intermediates.noindex/Networking.build/Debug-watchos/Networking-t.build/Networking.DependencyStaticMetadataFileList
WriteAuxiliaryFile /Users/admin/builder/spi-builder-workspace/.derivedData/Build/Intermediates.noindex/Networking.build/Debug-watchos/Networking-t.build/Networking.DependencyMetadataFileList (in target 'Networking' from project 'Networking')
    cd /Users/admin/builder/spi-builder-workspace
    write-file /Users/admin/builder/spi-builder-workspace/.derivedData/Build/Intermediates.noindex/Networking.build/Debug-watchos/Networking-t.build/Networking.DependencyMetadataFileList
WriteAuxiliaryFile /Users/admin/builder/spi-builder-workspace/.derivedData/Build/Intermediates.noindex/Alamofire.build/Debug-watchos/Alamofire-t.build/Objects-normal/arm64_32/Alamofire.SwiftConstValuesFileList (in target 'Alamofire' from project 'Alamofire')
    cd /Users/admin/builder/spi-builder-workspace/.dependencies/checkouts/Alamofire
    write-file /Users/admin/builder/spi-builder-workspace/.derivedData/Build/Intermediates.noindex/Alamofire.build/Debug-watchos/Alamofire-t.build/Objects-normal/arm64_32/Alamofire.SwiftConstValuesFileList
WriteAuxiliaryFile /Users/admin/builder/spi-builder-workspace/.derivedData/Build/Intermediates.noindex/Alamofire.build/Debug-watchos/Alamofire-t.build/Objects-normal/arm64_32/Alamofire.LinkFileList (in target 'Alamofire' from project 'Alamofire')
    cd /Users/admin/builder/spi-builder-workspace/.dependencies/checkouts/Alamofire
    write-file /Users/admin/builder/spi-builder-workspace/.derivedData/Build/Intermediates.noindex/Alamofire.build/Debug-watchos/Alamofire-t.build/Objects-normal/arm64_32/Alamofire.LinkFileList
WriteAuxiliaryFile /Users/admin/builder/spi-builder-workspace/.derivedData/Build/Intermediates.noindex/Alamofire.build/Debug-watchos/Alamofire-t.build/Objects-normal/arm64/Alamofire_const_extract_protocols.json (in target 'Alamofire' from project 'Alamofire')
    cd /Users/admin/builder/spi-builder-workspace/.dependencies/checkouts/Alamofire
    write-file /Users/admin/builder/spi-builder-workspace/.derivedData/Build/Intermediates.noindex/Alamofire.build/Debug-watchos/Alamofire-t.build/Objects-normal/arm64/Alamofire_const_extract_protocols.json
WriteAuxiliaryFile /Users/admin/builder/spi-builder-workspace/.derivedData/Build/Intermediates.noindex/Alamofire.build/Debug-watchos/Alamofire-t.build/Objects-normal/arm64/Alamofire.SwiftFileList (in target 'Alamofire' from project 'Alamofire')
    cd /Users/admin/builder/spi-builder-workspace/.dependencies/checkouts/Alamofire
    write-file /Users/admin/builder/spi-builder-workspace/.derivedData/Build/Intermediates.noindex/Alamofire.build/Debug-watchos/Alamofire-t.build/Objects-normal/arm64/Alamofire.SwiftFileList
WriteAuxiliaryFile /Users/admin/builder/spi-builder-workspace/.derivedData/Build/Intermediates.noindex/Alamofire.build/Debug-watchos/Alamofire-t.build/Objects-normal/arm64/Alamofire.SwiftConstValuesFileList (in target 'Alamofire' from project 'Alamofire')
    cd /Users/admin/builder/spi-builder-workspace/.dependencies/checkouts/Alamofire
    write-file /Users/admin/builder/spi-builder-workspace/.derivedData/Build/Intermediates.noindex/Alamofire.build/Debug-watchos/Alamofire-t.build/Objects-normal/arm64/Alamofire.SwiftConstValuesFileList
WriteAuxiliaryFile /Users/admin/builder/spi-builder-workspace/.derivedData/Build/Intermediates.noindex/Alamofire.build/Debug-watchos/Alamofire-t.build/Objects-normal/arm64/Alamofire.LinkFileList (in target 'Alamofire' from project 'Alamofire')
    cd /Users/admin/builder/spi-builder-workspace/.dependencies/checkouts/Alamofire
    write-file /Users/admin/builder/spi-builder-workspace/.derivedData/Build/Intermediates.noindex/Alamofire.build/Debug-watchos/Alamofire-t.build/Objects-normal/arm64/Alamofire.LinkFileList
WriteAuxiliaryFile /Users/admin/builder/spi-builder-workspace/.derivedData/Build/Intermediates.noindex/Alamofire.build/Debug-watchos/Alamofire-t.build/Objects-normal/arm64/Alamofire-OutputFileMap.json (in target 'Alamofire' from project 'Alamofire')
    cd /Users/admin/builder/spi-builder-workspace/.dependencies/checkouts/Alamofire
    write-file /Users/admin/builder/spi-builder-workspace/.derivedData/Build/Intermediates.noindex/Alamofire.build/Debug-watchos/Alamofire-t.build/Objects-normal/arm64/Alamofire-OutputFileMap.json
WriteAuxiliaryFile /Users/admin/builder/spi-builder-workspace/.derivedData/Build/Intermediates.noindex/Alamofire.build/Debug-watchos/Alamofire-t.build/Alamofire.DependencyStaticMetadataFileList (in target 'Alamofire' from project 'Alamofire')
    cd /Users/admin/builder/spi-builder-workspace/.dependencies/checkouts/Alamofire
    write-file /Users/admin/builder/spi-builder-workspace/.derivedData/Build/Intermediates.noindex/Alamofire.build/Debug-watchos/Alamofire-t.build/Alamofire.DependencyStaticMetadataFileList
WriteAuxiliaryFile /Users/admin/builder/spi-builder-workspace/.derivedData/Build/Intermediates.noindex/Alamofire.build/Debug-watchos/Alamofire-t.build/Alamofire.DependencyMetadataFileList (in target 'Alamofire' from project 'Alamofire')
    cd /Users/admin/builder/spi-builder-workspace/.dependencies/checkouts/Alamofire
    write-file /Users/admin/builder/spi-builder-workspace/.derivedData/Build/Intermediates.noindex/Alamofire.build/Debug-watchos/Alamofire-t.build/Alamofire.DependencyMetadataFileList
Copy /Users/admin/builder/spi-builder-workspace/.derivedData/Build/Intermediates.noindex/GeneratedModuleMaps-watchos/Alamofire.modulemap /Users/admin/builder/spi-builder-workspace/.derivedData/Build/Intermediates.noindex/Alamofire.build/Debug-watchos/Alamofire-t.build/Alamofire.modulemap (in target 'Alamofire' from project 'Alamofire')
    cd /Users/admin/builder/spi-builder-workspace/.dependencies/checkouts/Alamofire
    builtin-copy -exclude .DS_Store -exclude CVS -exclude .svn -exclude .git -exclude .hg -resolve-src-symlinks /Users/admin/builder/spi-builder-workspace/.derivedData/Build/Intermediates.noindex/Alamofire.build/Debug-watchos/Alamofire-t.build/Alamofire.modulemap /Users/admin/builder/spi-builder-workspace/.derivedData/Build/Intermediates.noindex/GeneratedModuleMaps-watchos
Copy /Users/admin/builder/spi-builder-workspace/.derivedData/Build/Intermediates.noindex/GeneratedModuleMaps-watchos/Networking.modulemap /Users/admin/builder/spi-builder-workspace/.derivedData/Build/Intermediates.noindex/Networking.build/Debug-watchos/Networking-t.build/Networking.modulemap (in target 'Networking' from project 'Networking')
    cd /Users/admin/builder/spi-builder-workspace
    builtin-copy -exclude .DS_Store -exclude CVS -exclude .svn -exclude .git -exclude .hg -resolve-src-symlinks /Users/admin/builder/spi-builder-workspace/.derivedData/Build/Intermediates.noindex/Networking.build/Debug-watchos/Networking-t.build/Networking.modulemap /Users/admin/builder/spi-builder-workspace/.derivedData/Build/Intermediates.noindex/GeneratedModuleMaps-watchos
SwiftDriver Alamofire normal arm64 com.apple.xcode.tools.swift.compiler (in target 'Alamofire' from project 'Alamofire')
    cd /Users/admin/builder/spi-builder-workspace/.swiftpm/xcode
    builtin-SwiftDriver -- /Applications/Xcode-27.0.0-Release.Candidate.app/Contents/Developer/Toolchains/XcodeDefault.xctoolchain/usr/bin/swiftc -parse-as-library -module-name Alamofire -Onone @/Users/admin/builder/spi-builder-workspace/.derivedData/Build/Intermediates.noindex/Alamofire.build/Debug-watchos/Alamofire-t.build/Objects-normal/arm64/Alamofire.SwiftFileList -DSWIFT_PACKAGE -DDEBUG -DSWIFT_MODULE_RESOURCE_BUNDLE_UNAVAILABLE -DXcode -plugin-path /Applications/Xcode-27.0.0-Release.Candidate.app/Contents/Developer/Toolchains/XcodeDefault.xctoolchain/usr/lib/swift/host/plugins/testing -enable-experimental-feature DebugDescriptionMacro -sdk /Applications/Xcode-27.0.0-Release.Candidate.app/Contents/Developer/Platforms/WatchOS.platform/Developer/SDKs/WatchOS27.0.sdk -target arm64-apple-watchos9.0 -g -module-cache-path /Users/admin/builder/spi-builder-workspace/.derivedData/ModuleCache.noindex -Xfrontend -serialize-debugging-options -enable-testing -suppress-warnings -index-store-path /Users/admin/builder/spi-builder-workspace/.derivedData/Index.noindex/DataStore -Xcc -D_LIBCPP_HARDENING_MODE\=_LIBCPP_HARDENING_MODE_DEBUG -swift-version 5 -I /Users/admin/builder/spi-builder-workspace/.derivedData/Build/Products/Debug-watchos -Isystem /Applications/Xcode-27.0.0-Release.Candidate.app/Contents/Developer/Platforms/WatchOS.platform/Developer/usr/lib -F /Users/admin/builder/spi-builder-workspace/.derivedData/Build/Products/Debug-watchos -F /Applications/Xcode-27.0.0-Release.Candidate.app/Contents/Developer/Platforms/WatchOS.platform/Developer/Library/Frameworks -F /Applications/Xcode-27.0.0-Release.Candidate.app/Contents/Developer/Platforms/WatchOS.platform/Developer/SDKs/WatchOS27.0.sdk/Developer/Library/Frameworks -c -j10 -enable-batch-mode -incremental -Xcc -ivfsstatcache -Xcc /Users/admin/builder/spi-builder-workspace/.derivedData/SDKStatCaches.noindex/watchos27.0-24R360-e829b21a6f8c9b70876ba0858053c04477534ef55a1706bf4c1112bbb242f0a2.sdkstatcache -output-file-map /Users/admin/builder/spi-builder-workspace/.derivedData/Build/Intermediates.noindex/Alamofire.build/Debug-watchos/Alamofire-t.build/Objects-normal/arm64/Alamofire-OutputFileMap.json -save-temps -no-color-diagnostics -explicit-module-build -module-cache-path /Users/admin/builder/spi-builder-workspace/.derivedData/Build/Intermediates.noindex/SwiftExplicitPrecompiledModules -clang-scanner-module-cache-path /Users/admin/builder/spi-builder-workspace/.derivedData/ModuleCache.noindex -sdk-module-cache-path /Users/admin/builder/spi-builder-workspace/.derivedData/SDKExplicitPrecompiledModules -emit-dependencies -emit-module -emit-module-path /Users/admin/builder/spi-builder-workspace/.derivedData/Build/Intermediates.noindex/Alamofire.build/Debug-watchos/Alamofire-t.build/Objects-normal/arm64/Alamofire.swiftmodule -serialize-diagnostics -dependency-scan-serialize-diagnostics-path /Users/admin/builder/spi-builder-workspace/.derivedData/Build/Intermediates.noindex/Alamofire.build/Debug-watchos/Alamofire-t.build/Objects-normal/arm64/Alamofire-dependency-scan.dia -validate-clang-modules-once -clang-build-session-file /Users/admin/builder/spi-builder-workspace/.derivedData/ModuleCache.noindex/Session.modulevalidation -Xcc -fmodules-prune-interval\=86400 -Xcc -fmodules-prune-after\=345600 -emit-const-values -const-gather-protocols-list /Users/admin/builder/spi-builder-workspace/.derivedData/Build/Intermediates.noindex/Alamofire.build/Debug-watchos/Alamofire-t.build/Objects-normal/arm64/Alamofire_const_extract_protocols.json -Xcc -I/Users/admin/builder/spi-builder-workspace/.derivedData/Build/Products/Debug-watchos/include -Xcc -I/Users/admin/builder/spi-builder-workspace/.derivedData/Build/Intermediates.noindex/Alamofire.build/Debug-watchos/Alamofire-t.build/DerivedSources-normal/arm64 -Xcc -I/Users/admin/builder/spi-builder-workspace/.derivedData/Build/Intermediates.noindex/Alamofire.build/Debug-watchos/Alamofire-t.build/DerivedSources/arm64 -Xcc -I/Users/admin/builder/spi-builder-workspace/.derivedData/Build/Intermediates.noindex/Alamofire.build/Debug-watchos/Alamofire-t.build/DerivedSources -Xcc -DSWIFT_PACKAGE -Xcc -DDEBUG\=1 -emit-objc-header -emit-objc-header-path /Users/admin/builder/spi-builder-workspace/.derivedData/Build/Intermediates.noindex/Alamofire.build/Debug-watchos/Alamofire-t.build/Objects-normal/arm64/Alamofire-Swift.h -working-directory /Users/admin/builder/spi-builder-workspace/.swiftpm/xcode -experimental-emit-module-separately -disable-cmo
SwiftDriver Alamofire normal arm64_32 com.apple.xcode.tools.swift.compiler (in target 'Alamofire' from project 'Alamofire')
    cd /Users/admin/builder/spi-builder-workspace/.swiftpm/xcode
    builtin-SwiftDriver -- /Applications/Xcode-27.0.0-Release.Candidate.app/Contents/Developer/Toolchains/XcodeDefault.xctoolchain/usr/bin/swiftc -parse-as-library -module-name Alamofire -Onone @/Users/admin/builder/spi-builder-workspace/.derivedData/Build/Intermediates.noindex/Alamofire.build/Debug-watchos/Alamofire-t.build/Objects-normal/arm64_32/Alamofire.SwiftFileList -DSWIFT_PACKAGE -DDEBUG -DSWIFT_MODULE_RESOURCE_BUNDLE_UNAVAILABLE -DXcode -plugin-path /Applications/Xcode-27.0.0-Release.Candidate.app/Contents/Developer/Toolchains/XcodeDefault.xctoolchain/usr/lib/swift/host/plugins/testing -enable-experimental-feature DebugDescriptionMacro -sdk /Applications/Xcode-27.0.0-Release.Candidate.app/Contents/Developer/Platforms/WatchOS.platform/Developer/SDKs/WatchOS27.0.sdk -target arm64_32-apple-watchos9.0 -g -module-cache-path /Users/admin/builder/spi-builder-workspace/.derivedData/ModuleCache.noindex -Xfrontend -serialize-debugging-options -enable-testing -suppress-warnings -index-store-path /Users/admin/builder/spi-builder-workspace/.derivedData/Index.noindex/DataStore -Xcc -D_LIBCPP_HARDENING_MODE\=_LIBCPP_HARDENING_MODE_DEBUG -swift-version 5 -I /Users/admin/builder/spi-builder-workspace/.derivedData/Build/Products/Debug-watchos -Isystem /Applications/Xcode-27.0.0-Release.Candidate.app/Contents/Developer/Platforms/WatchOS.platform/Developer/usr/lib -F /Users/admin/builder/spi-builder-workspace/.derivedData/Build/Products/Debug-watchos -F /Applications/Xcode-27.0.0-Release.Candidate.app/Contents/Developer/Platforms/WatchOS.platform/Developer/Library/Frameworks -F /Applications/Xcode-27.0.0-Release.Candidate.app/Contents/Developer/Platforms/WatchOS.platform/Developer/SDKs/WatchOS27.0.sdk/Developer/Library/Frameworks -c -j10 -enable-batch-mode -incremental -Xcc -ivfsstatcache -Xcc /Users/admin/builder/spi-builder-workspace/.derivedData/SDKStatCaches.noindex/watchos27.0-24R360-e829b21a6f8c9b70876ba0858053c04477534ef55a1706bf4c1112bbb242f0a2.sdkstatcache -output-file-map /Users/admin/builder/spi-builder-workspace/.derivedData/Build/Intermediates.noindex/Alamofire.build/Debug-watchos/Alamofire-t.build/Objects-normal/arm64_32/Alamofire-OutputFileMap.json -save-temps -no-color-diagnostics -explicit-module-build -module-cache-path /Users/admin/builder/spi-builder-workspace/.derivedData/Build/Intermediates.noindex/SwiftExplicitPrecompiledModules -clang-scanner-module-cache-path /Users/admin/builder/spi-builder-workspace/.derivedData/ModuleCache.noindex -sdk-module-cache-path /Users/admin/builder/spi-builder-workspace/.derivedData/SDKExplicitPrecompiledModules -emit-dependencies -emit-module -emit-module-path /Users/admin/builder/spi-builder-workspace/.derivedData/Build/Intermediates.noindex/Alamofire.build/Debug-watchos/Alamofire-t.build/Objects-normal/arm64_32/Alamofire.swiftmodule -serialize-diagnostics -dependency-scan-serialize-diagnostics-path /Users/admin/builder/spi-builder-workspace/.derivedData/Build/Intermediates.noindex/Alamofire.build/Debug-watchos/Alamofire-t.build/Objects-normal/arm64_32/Alamofire-dependency-scan.dia -validate-clang-modules-once -clang-build-session-file /Users/admin/builder/spi-builder-workspace/.derivedData/ModuleCache.noindex/Session.modulevalidation -Xcc -fmodules-prune-interval\=86400 -Xcc -fmodules-prune-after\=345600 -emit-const-values -const-gather-protocols-list /Users/admin/builder/spi-builder-workspace/.derivedData/Build/Intermediates.noindex/Alamofire.build/Debug-watchos/Alamofire-t.build/Objects-normal/arm64_32/Alamofire_const_extract_protocols.json -Xcc -I/Users/admin/builder/spi-builder-workspace/.derivedData/Build/Products/Debug-watchos/include -Xcc -I/Users/admin/builder/spi-builder-workspace/.derivedData/Build/Intermediates.noindex/Alamofire.build/Debug-watchos/Alamofire-t.build/DerivedSources-normal/arm64_32 -Xcc -I/Users/admin/builder/spi-builder-workspace/.derivedData/Build/Intermediates.noindex/Alamofire.build/Debug-watchos/Alamofire-t.build/DerivedSources/arm64_32 -Xcc -I/Users/admin/builder/spi-builder-workspace/.derivedData/Build/Intermediates.noindex/Alamofire.build/Debug-watchos/Alamofire-t.build/DerivedSources -Xcc -DSWIFT_PACKAGE -Xcc -DDEBUG\=1 -emit-objc-header -emit-objc-header-path /Users/admin/builder/spi-builder-workspace/.derivedData/Build/Intermediates.noindex/Alamofire.build/Debug-watchos/Alamofire-t.build/Objects-normal/arm64_32/Alamofire-Swift.h -working-directory /Users/admin/builder/spi-builder-workspace/.swiftpm/xcode -experimental-emit-module-separately -disable-cmo
SwiftExplicitDependencyGeneratePcm arm64_32 /Users/admin/builder/spi-builder-workspace/.derivedData/SDKExplicitPrecompiledModules/SwiftShims-9CQQGWTSNTN9EB5NSHDWUJICH.pcm
SwiftExplicitDependencyGeneratePcm arm64 /Users/admin/builder/spi-builder-workspace/.derivedData/SDKExplicitPrecompiledModules/_SwiftConcurrencyShims-659N52XSKR5F0QSB880BH2FJR.pcm
SwiftExplicitDependencyGeneratePcm arm64 /Users/admin/builder/spi-builder-workspace/.derivedData/SDKExplicitPrecompiledModules/SwiftShims-4MXFZPV6FEB0XBYXCGPWAMQGL.pcm
SwiftExplicitDependencyGeneratePcm arm64_32 /Users/admin/builder/spi-builder-workspace/.derivedData/SDKExplicitPrecompiledModules/_Builtin_stdbool-A967K8W8YUYEC9SN52KJ7OO88.pcm
SwiftExplicitDependencyGeneratePcm arm64_32 /Users/admin/builder/spi-builder-workspace/.derivedData/SDKExplicitPrecompiledModules/_Builtin_float-6KO8O3PEWRCA4WC6PPLOYO6WJ.pcm
SwiftExplicitDependencyGeneratePcm arm64_32 /Users/admin/builder/spi-builder-workspace/.derivedData/SDKExplicitPrecompiledModules/_Builtin_stdarg-D305JG44A2WPI6CJY37X3QJE8.pcm
SwiftExplicitDependencyGeneratePcm arm64 /Users/admin/builder/spi-builder-workspace/.derivedData/SDKExplicitPrecompiledModules/_Builtin_float-C0CW5Q4HGBQYKE77TC42IAFB5.pcm
SwiftExplicitDependencyGeneratePcm arm64_32 /Users/admin/builder/spi-builder-workspace/.derivedData/SDKExplicitPrecompiledModules/_Builtin_stddef-H44EFHQX6XSS5MZ7QP6YJZ76.pcm
SwiftExplicitDependencyGeneratePcm arm64 /Users/admin/builder/spi-builder-workspace/.derivedData/SDKExplicitPrecompiledModules/ptrcheck-AIF0NDOYZ8ORBNHQAQR5NNB8M.pcm
SwiftExplicitDependencyGeneratePcm arm64 /Users/admin/builder/spi-builder-workspace/.derivedData/SDKExplicitPrecompiledModules/_Builtin_stdbool-83J96QSOFE9VX04AAS6310UAE.pcm
SwiftExplicitDependencyGeneratePcm arm64_32 /Users/admin/builder/spi-builder-workspace/.derivedData/SDKExplicitPrecompiledModules/ptrcheck-7ELIH9BTIGVKX3UBITM9N72WD.pcm
SwiftExplicitDependencyGeneratePcm arm64_32 /Users/admin/builder/spi-builder-workspace/.derivedData/SDKExplicitPrecompiledModules/_SwiftConcurrencyShims-6RTBPQ03V7BM9SPRK8SUE055H.pcm
SwiftExplicitDependencyGeneratePcm arm64_32 /Users/admin/builder/spi-builder-workspace/.derivedData/SDKExplicitPrecompiledModules/_AvailabilityInternal-244WAN3Z1QBT7PIA64EZEFY1R.pcm
SwiftExplicitDependencyGeneratePcm arm64 /Users/admin/builder/spi-builder-workspace/.derivedData/SDKExplicitPrecompiledModules/ptrauth-3TZ9WJCGLYD25HQPWH4968ONX.pcm
SwiftExplicitDependencyGeneratePcm arm64 /Users/admin/builder/spi-builder-workspace/.derivedData/SDKExplicitPrecompiledModules/_AvailabilityInternal-BUNV3UXM65NT37THI4W1AM0SF.pcm
SwiftExplicitDependencyGeneratePcm arm64 /Users/admin/builder/spi-builder-workspace/.derivedData/SDKExplicitPrecompiledModules/_Builtin_stdarg-A7UU8LE6MP85SM26YO7PBZNUQ.pcm
SwiftExplicitDependencyGeneratePcm arm64 /Users/admin/builder/spi-builder-workspace/.derivedData/SDKExplicitPrecompiledModules/_Builtin_stddef-1FU30Y8SWFB7OUUHMJQH5J6FM.pcm
SwiftExplicitDependencyGeneratePcm arm64_32 /Users/admin/builder/spi-builder-workspace/.derivedData/SDKExplicitPrecompiledModules/ptrauth-BFXF358ME5AK535N5A9Z766WU.pcm
SwiftExplicitDependencyGeneratePcm arm64_32 /Users/admin/builder/spi-builder-workspace/.derivedData/SDKExplicitPrecompiledModules/_DarwinFoundation1-2GWF9RFMPLQW4PDHS3NARVI3G.pcm
SwiftExplicitDependencyGeneratePcm arm64 /Users/admin/builder/spi-builder-workspace/.derivedData/SDKExplicitPrecompiledModules/_DarwinFoundation1-7SPX3MD0HMP55E4OLNCPNDQ53.pcm
SwiftExplicitDependencyGeneratePcm arm64_32 /Users/admin/builder/spi-builder-workspace/.derivedData/SDKExplicitPrecompiledModules/_DarwinFoundation2-9MY8GOSYRO0M9MKNXF6D3MBNK.pcm
SwiftExplicitDependencyGeneratePcm arm64_32 /Users/admin/builder/spi-builder-workspace/.derivedData/SDKExplicitPrecompiledModules/_Builtin_limits-3VKBU2AFTD65PAJZ5CJ3LHFM2.pcm
SwiftExplicitDependencyGeneratePcm arm64 /Users/admin/builder/spi-builder-workspace/.derivedData/SDKExplicitPrecompiledModules/_Builtin_limits-9GWPA2B0H20DYUNYHYCWKABJG.pcm
SwiftExplicitDependencyGeneratePcm arm64 /Users/admin/builder/spi-builder-workspace/.derivedData/SDKExplicitPrecompiledModules/_DarwinFoundation2-D0XAPJU49S5E9XMKYOFGSTB1Q.pcm
SwiftExplicitDependencyGeneratePcm arm64_32 /Users/admin/builder/spi-builder-workspace/.derivedData/SDKExplicitPrecompiledModules/string_h-BFVLUQUSBZWYMLCU9QI7VZALW.pcm
SwiftExplicitDependencyGeneratePcm arm64 /Users/admin/builder/spi-builder-workspace/.derivedData/SDKExplicitPrecompiledModules/sys_types-2KXQLI78OUCDP779AE68GZJ2.pcm
SwiftExplicitDependencyGeneratePcm arm64 /Users/admin/builder/spi-builder-workspace/.derivedData/SDKExplicitPrecompiledModules/_Builtin_stdint-8XMILLJZEGRN2XG7XZUXZ5RLX.pcm
SwiftExplicitDependencyGeneratePcm arm64 /Users/admin/builder/spi-builder-workspace/.derivedData/SDKExplicitPrecompiledModules/string_h-E6PRXK75PHIPCZFWOFCQ3QBMK.pcm
SwiftExplicitDependencyGeneratePcm arm64_32 /Users/admin/builder/spi-builder-workspace/.derivedData/SDKExplicitPrecompiledModules/_Builtin_stdint-1HMXWI3V0V4TXHRWZOMZGZ80Y.pcm
SwiftExplicitDependencyGeneratePcm arm64_32 /Users/admin/builder/spi-builder-workspace/.derivedData/SDKExplicitPrecompiledModules/sys_types-8TLLMW08ZJWDGIIPKOYFGHHZW.pcm
SwiftExplicitDependencyGeneratePcm arm64 /Users/admin/builder/spi-builder-workspace/.derivedData/SDKExplicitPrecompiledModules/_DarwinFoundation3-B97LRG0E9GON2NUE65TVG81HU.pcm
SwiftExplicitDependencyGeneratePcm arm64_32 /Users/admin/builder/spi-builder-workspace/.derivedData/SDKExplicitPrecompiledModules/_DarwinFoundation3-3DUTYQDQSD9HUAAVY947NMWOI.pcm
SwiftExplicitDependencyGeneratePcm arm64 /Users/admin/builder/spi-builder-workspace/.derivedData/SDKExplicitPrecompiledModules/_Builtin_inttypes-3UQSCM7WNM9EK4HZML8TY5J3D.pcm
SwiftExplicitDependencyGeneratePcm arm64_32 /Users/admin/builder/spi-builder-workspace/.derivedData/SDKExplicitPrecompiledModules/_Builtin_inttypes-D2KPCR4PEX9AQA33NGLUT5SBR.pcm
SwiftExplicitDependencyGeneratePcm arm64_32 /Users/admin/builder/spi-builder-workspace/.derivedData/SDKExplicitPrecompiledModules/Darwin-3FVT1SKLN2ZQ5RVOABMTQBB34.pcm
SwiftExplicitDependencyGeneratePcm arm64 /Users/admin/builder/spi-builder-workspace/.derivedData/SDKExplicitPrecompiledModules/Darwin-3984OXKFNSPE77NT743WK8SEX.pcm
SwiftExplicitDependencyGeneratePcm arm64_32 /Users/admin/builder/spi-builder-workspace/.derivedData/SDKExplicitPrecompiledModules/ObjectiveC-6IJNELR2E80E7LUKESVCP2KET.pcm
SwiftExplicitDependencyGeneratePcm arm64 /Users/admin/builder/spi-builder-workspace/.derivedData/SDKExplicitPrecompiledModules/ObjectiveC-72IVD3VS2RS8Q28D9PIMY0KQP.pcm
SwiftExplicitDependencyGeneratePcm arm64_32 /Users/admin/builder/spi-builder-workspace/.derivedData/SDKExplicitPrecompiledModules/os_object-5YWTC6L4756IWSTPGXS5NM0D0.pcm
SwiftExplicitDependencyGeneratePcm arm64 /Users/admin/builder/spi-builder-workspace/.derivedData/SDKExplicitPrecompiledModules/os_object-3SDKD7F87FTZ26OON37DRYT6O.pcm
SwiftExplicitDependencyGeneratePcm arm64 /Users/admin/builder/spi-builder-workspace/.derivedData/SDKExplicitPrecompiledModules/os_workgroup-89GG5G7YC2D0ZTK6AZXXQ20DH.pcm
SwiftExplicitDependencyGeneratePcm arm64_32 /Users/admin/builder/spi-builder-workspace/.derivedData/SDKExplicitPrecompiledModules/os_workgroup-5JHTPDMNBUNHLJI8LPHKQK1JK.pcm
SwiftExplicitDependencyGeneratePcm arm64_32 /Users/admin/builder/spi-builder-workspace/.derivedData/SDKExplicitPrecompiledModules/Dispatch-2P62F1T4XV63S4P99TUDTOK2Q.pcm
SwiftExplicitDependencyGeneratePcm arm64 /Users/admin/builder/spi-builder-workspace/.derivedData/SDKExplicitPrecompiledModules/Dispatch-1NLJOVAK60XP0DUB05XA59EIM.pcm
SwiftExplicitDependencyGeneratePcm arm64_32 /Users/admin/builder/spi-builder-workspace/.derivedData/SDKExplicitPrecompiledModules/CoreFoundation-8E6Y4BA3EXYKUGJ24GT9LGV3N.pcm
SwiftExplicitDependencyGeneratePcm arm64_32 /Users/admin/builder/spi-builder-workspace/.derivedData/SDKExplicitPrecompiledModules/XPC-81Y45QFY96XYYFCW2GT6FY8S4.pcm
SwiftExplicitDependencyGeneratePcm arm64 /Users/admin/builder/spi-builder-workspace/.derivedData/SDKExplicitPrecompiledModules/CoreFoundation-8T2L24YC5NU7WO6WQJWRY7W08.pcm
SwiftExplicitDependencyGeneratePcm arm64 /Users/admin/builder/spi-builder-workspace/.derivedData/SDKExplicitPrecompiledModules/XPC-40DR0X1DHKGCV4J1IOLFS8MOU.pcm
SwiftExplicitDependencyGeneratePcm arm64 /Users/admin/builder/spi-builder-workspace/.derivedData/SDKExplicitPrecompiledModules/CoreServices-AL8T5Q4K0CTGO6W37FTF22ZVF.pcm
SwiftExplicitDependencyGeneratePcm arm64 /Users/admin/builder/spi-builder-workspace/.derivedData/SDKExplicitPrecompiledModules/Security-6RZ6YBRU8WCUHRFFRVUK5WKMM.pcm
SwiftExplicitDependencyGeneratePcm arm64_32 /Users/admin/builder/spi-builder-workspace/.derivedData/SDKExplicitPrecompiledModules/Security-D7TOWF88VWF67TB9HAFP5UWB1.pcm
SwiftExplicitDependencyGeneratePcm arm64_32 /Users/admin/builder/spi-builder-workspace/.derivedData/SDKExplicitPrecompiledModules/CoreServices-BX02FA9J39YHWG3BINPX1CDFH.pcm
SwiftExplicitDependencyGeneratePcm arm64_32 /Users/admin/builder/spi-builder-workspace/.derivedData/SDKExplicitPrecompiledModules/MobileCoreServices-AA102QU5G3UZ49N4XCUICHT7C.pcm
SwiftExplicitDependencyGeneratePcm arm64 /Users/admin/builder/spi-builder-workspace/.derivedData/SDKExplicitPrecompiledModules/MobileCoreServices-8OGEFHT0LYKC75KTDNDUG5BAI.pcm
SwiftExplicitDependencyGeneratePcm arm64 /Users/admin/builder/spi-builder-workspace/.derivedData/SDKExplicitPrecompiledModules/Foundation-DLBKUSGXN8QHAT8W0OARR9S8A.pcm
SwiftExplicitDependencyGeneratePcm arm64_32 /Users/admin/builder/spi-builder-workspace/.derivedData/SDKExplicitPrecompiledModules/Foundation-BJ2VQGI3OGR34500MEQ1VKHPH.pcm
SwiftCompile normal arm64_32 Compiling\ StringEncoding+Alamofire.swift,\ URLConvertible+URLRequestConvertible.swift,\ URLEncodedFormEncoder.swift /Users/admin/builder/spi-builder-workspace/.dependencies/checkouts/Alamofire/Source/StringEncoding+Alamofire.swift /Users/admin/builder/spi-builder-workspace/.dependencies/checkouts/Alamofire/Source/URLConvertible+URLRequestConvertible.swift /Users/admin/builder/spi-builder-workspace/.dependencies/checkouts/Alamofire/Source/URLEncodedFormEncoder.swift (in target 'Alamofire' from project 'Alamofire')
SwiftCompile normal arm64_32 /Users/admin/builder/spi-builder-workspace/.dependencies/checkouts/Alamofire/Source/StringEncoding+Alamofire.swift (in target 'Alamofire' from project 'Alamofire')
    cd /Users/admin/builder/spi-builder-workspace/.swiftpm/xcode
    builtin-SwiftPerFileCompile StringEncoding+Alamofire.swift
SwiftCompile normal arm64_32 /Users/admin/builder/spi-builder-workspace/.dependencies/checkouts/Alamofire/Source/URLConvertible+URLRequestConvertible.swift (in target 'Alamofire' from project 'Alamofire')
    cd /Users/admin/builder/spi-builder-workspace/.swiftpm/xcode
    builtin-SwiftPerFileCompile URLConvertible+URLRequestConvertible.swift
SwiftCompile normal arm64_32 /Users/admin/builder/spi-builder-workspace/.dependencies/checkouts/Alamofire/Source/URLEncodedFormEncoder.swift (in target 'Alamofire' from project 'Alamofire')
    cd /Users/admin/builder/spi-builder-workspace/.swiftpm/xcode
    builtin-SwiftPerFileCompile URLEncodedFormEncoder.swift
SwiftCompile normal arm64_32 Compiling\ URLRequest+Alamofire.swift,\ URLSessionConfiguration+Alamofire.swift,\ Validation.swift /Users/admin/builder/spi-builder-workspace/.dependencies/checkouts/Alamofire/Source/URLRequest+Alamofire.swift /Users/admin/builder/spi-builder-workspace/.dependencies/checkouts/Alamofire/Source/URLSessionConfiguration+Alamofire.swift /Users/admin/builder/spi-builder-workspace/.dependencies/checkouts/Alamofire/Source/Validation.swift (in target 'Alamofire' from project 'Alamofire')
SwiftCompile normal arm64_32 /Users/admin/builder/spi-builder-workspace/.dependencies/checkouts/Alamofire/Source/URLRequest+Alamofire.swift (in target 'Alamofire' from project 'Alamofire')
    cd /Users/admin/builder/spi-builder-workspace/.swiftpm/xcode
    builtin-SwiftPerFileCompile URLRequest+Alamofire.swift
SwiftCompile normal arm64_32 /Users/admin/builder/spi-builder-workspace/.dependencies/checkouts/Alamofire/Source/URLSessionConfiguration+Alamofire.swift (in target 'Alamofire' from project 'Alamofire')
    cd /Users/admin/builder/spi-builder-workspace/.swiftpm/xcode
    builtin-SwiftPerFileCompile URLSessionConfiguration+Alamofire.swift
SwiftCompile normal arm64_32 /Users/admin/builder/spi-builder-workspace/.dependencies/checkouts/Alamofire/Source/Validation.swift (in target 'Alamofire' from project 'Alamofire')
    cd /Users/admin/builder/spi-builder-workspace/.swiftpm/xcode
    builtin-SwiftPerFileCompile Validation.swift
SwiftCompile normal arm64_32 Compiling\ ParameterEncoding.swift,\ Protected.swift,\ RedirectHandler.swift,\ Request.swift /Users/admin/builder/spi-builder-workspace/.dependencies/checkouts/Alamofire/Source/ParameterEncoding.swift /Users/admin/builder/spi-builder-workspace/.dependencies/checkouts/Alamofire/Source/Protected.swift /Users/admin/builder/spi-builder-workspace/.dependencies/checkouts/Alamofire/Source/RedirectHandler.swift /Users/admin/builder/spi-builder-workspace/.dependencies/checkouts/Alamofire/Source/Request.swift (in target 'Alamofire' from project 'Alamofire')
SwiftCompile normal arm64_32 /Users/admin/builder/spi-builder-workspace/.dependencies/checkouts/Alamofire/Source/ParameterEncoding.swift (in target 'Alamofire' from project 'Alamofire')
    cd /Users/admin/builder/spi-builder-workspace/.swiftpm/xcode
    builtin-SwiftPerFileCompile ParameterEncoding.swift
SwiftCompile normal arm64_32 /Users/admin/builder/spi-builder-workspace/.dependencies/checkouts/Alamofire/Source/Protected.swift (in target 'Alamofire' from project 'Alamofire')
    cd /Users/admin/builder/spi-builder-workspace/.swiftpm/xcode
    builtin-SwiftPerFileCompile Protected.swift
SwiftCompile normal arm64_32 /Users/admin/builder/spi-builder-workspace/.dependencies/checkouts/Alamofire/Source/RedirectHandler.swift (in target 'Alamofire' from project 'Alamofire')
    cd /Users/admin/builder/spi-builder-workspace/.swiftpm/xcode
    builtin-SwiftPerFileCompile RedirectHandler.swift
SwiftCompile normal arm64_32 /Users/admin/builder/spi-builder-workspace/.dependencies/checkouts/Alamofire/Source/Request.swift (in target 'Alamofire' from project 'Alamofire')
    cd /Users/admin/builder/spi-builder-workspace/.swiftpm/xcode
    builtin-SwiftPerFileCompile Request.swift
SwiftCompile normal arm64_32 Compiling\ ServerTrustEvaluation.swift,\ Session.swift,\ SessionDelegate.swift /Users/admin/builder/spi-builder-workspace/.dependencies/checkouts/Alamofire/Source/ServerTrustEvaluation.swift /Users/admin/builder/spi-builder-workspace/.dependencies/checkouts/Alamofire/Source/Session.swift /Users/admin/builder/spi-builder-workspace/.dependencies/checkouts/Alamofire/Source/SessionDelegate.swift (in target 'Alamofire' from project 'Alamofire')
SwiftCompile normal arm64_32 /Users/admin/builder/spi-builder-workspace/.dependencies/checkouts/Alamofire/Source/ServerTrustEvaluation.swift (in target 'Alamofire' from project 'Alamofire')
    cd /Users/admin/builder/spi-builder-workspace/.swiftpm/xcode
    builtin-SwiftPerFileCompile ServerTrustEvaluation.swift
SwiftCompile normal arm64_32 /Users/admin/builder/spi-builder-workspace/.dependencies/checkouts/Alamofire/Source/Session.swift (in target 'Alamofire' from project 'Alamofire')
    cd /Users/admin/builder/spi-builder-workspace/.swiftpm/xcode
    builtin-SwiftPerFileCompile Session.swift
SwiftCompile normal arm64_32 /Users/admin/builder/spi-builder-workspace/.dependencies/checkouts/Alamofire/Source/SessionDelegate.swift (in target 'Alamofire' from project 'Alamofire')
    cd /Users/admin/builder/spi-builder-workspace/.swiftpm/xcode
    builtin-SwiftPerFileCompile SessionDelegate.swift
SwiftCompile normal arm64_32 Compiling\ HTTPHeaders.swift,\ HTTPMethod.swift,\ MultipartFormData.swift,\ MultipartUpload.swift /Users/admin/builder/spi-builder-workspace/.dependencies/checkouts/Alamofire/Source/HTTPHeaders.swift /Users/admin/builder/spi-builder-workspace/.dependencies/checkouts/Alamofire/Source/HTTPMethod.swift /Users/admin/builder/spi-builder-workspace/.dependencies/checkouts/Alamofire/Source/MultipartFormData.swift /Users/admin/builder/spi-builder-workspace/.dependencies/checkouts/Alamofire/Source/MultipartUpload.swift (in target 'Alamofire' from project 'Alamofire')
SwiftCompile normal arm64_32 /Users/admin/builder/spi-builder-workspace/.dependencies/checkouts/Alamofire/Source/HTTPHeaders.swift (in target 'Alamofire' from project 'Alamofire')
    cd /Users/admin/builder/spi-builder-workspace/.swiftpm/xcode
    builtin-SwiftPerFileCompile HTTPHeaders.swift
SwiftCompile normal arm64_32 /Users/admin/builder/spi-builder-workspace/.dependencies/checkouts/Alamofire/Source/HTTPMethod.swift (in target 'Alamofire' from project 'Alamofire')
    cd /Users/admin/builder/spi-builder-workspace/.swiftpm/xcode
    builtin-SwiftPerFileCompile HTTPMethod.swift
SwiftCompile normal arm64_32 /Users/admin/builder/spi-builder-workspace/.dependencies/checkouts/Alamofire/Source/MultipartFormData.swift (in target 'Alamofire' from project 'Alamofire')
    cd /Users/admin/builder/spi-builder-workspace/.swiftpm/xcode
    builtin-SwiftPerFileCompile MultipartFormData.swift
SwiftCompile normal arm64_32 /Users/admin/builder/spi-builder-workspace/.dependencies/checkouts/Alamofire/Source/MultipartUpload.swift (in target 'Alamofire' from project 'Alamofire')
    cd /Users/admin/builder/spi-builder-workspace/.swiftpm/xcode
    builtin-SwiftPerFileCompile MultipartUpload.swift
SwiftCompile normal arm64_32 Compiling\ CachedResponseHandler.swift,\ Combine.swift,\ DispatchQueue+Alamofire.swift,\ EventMonitor.swift /Users/admin/builder/spi-builder-workspace/.dependencies/checkouts/Alamofire/Source/CachedResponseHandler.swift /Users/admin/builder/spi-builder-workspace/.dependencies/checkouts/Alamofire/Source/Combine.swift /Users/admin/builder/spi-builder-workspace/.dependencies/checkouts/Alamofire/Source/DispatchQueue+Alamofire.swift /Users/admin/builder/spi-builder-workspace/.dependencies/checkouts/Alamofire/Source/EventMonitor.swift (in target 'Alamofire' from project 'Alamofire')
SwiftCompile normal arm64_32 /Users/admin/builder/spi-builder-workspace/.dependencies/checkouts/Alamofire/Source/CachedResponseHandler.swift (in target 'Alamofire' from project 'Alamofire')
    cd /Users/admin/builder/spi-builder-workspace/.swiftpm/xcode
    builtin-SwiftPerFileCompile CachedResponseHandler.swift
SwiftCompile normal arm64_32 /Users/admin/builder/spi-builder-workspace/.dependencies/checkouts/Alamofire/Source/Combine.swift (in target 'Alamofire' from project 'Alamofire')
    cd /Users/admin/builder/spi-builder-workspace/.swiftpm/xcode
    builtin-SwiftPerFileCompile Combine.swift
SwiftCompile normal arm64_32 /Users/admin/builder/spi-builder-workspace/.dependencies/checkouts/Alamofire/Source/DispatchQueue+Alamofire.swift (in target 'Alamofire' from project 'Alamofire')
    cd /Users/admin/builder/spi-builder-workspace/.swiftpm/xcode
    builtin-SwiftPerFileCompile DispatchQueue+Alamofire.swift
SwiftCompile normal arm64_32 /Users/admin/builder/spi-builder-workspace/.dependencies/checkouts/Alamofire/Source/EventMonitor.swift (in target 'Alamofire' from project 'Alamofire')
    cd /Users/admin/builder/spi-builder-workspace/.swiftpm/xcode
    builtin-SwiftPerFileCompile EventMonitor.swift
SwiftCompile normal arm64_32 Compiling\ NetworkReachabilityManager.swift,\ Notifications.swift,\ OperationQueue+Alamofire.swift,\ ParameterEncoder.swift /Users/admin/builder/spi-builder-workspace/.dependencies/checkouts/Alamofire/Source/NetworkReachabilityManager.swift /Users/admin/builder/spi-builder-workspace/.dependencies/checkouts/Alamofire/Source/Notifications.swift /Users/admin/builder/spi-builder-workspace/.dependencies/checkouts/Alamofire/Source/OperationQueue+Alamofire.swift /Users/admin/builder/spi-builder-workspace/.dependencies/checkouts/Alamofire/Source/ParameterEncoder.swift (in target 'Alamofire' from project 'Alamofire')
SwiftCompile normal arm64_32 /Users/admin/builder/spi-builder-workspace/.dependencies/checkouts/Alamofire/Source/NetworkReachabilityManager.swift (in target 'Alamofire' from project 'Alamofire')
    cd /Users/admin/builder/spi-builder-workspace/.swiftpm/xcode
    builtin-SwiftPerFileCompile NetworkReachabilityManager.swift
SwiftCompile normal arm64_32 /Users/admin/builder/spi-builder-workspace/.dependencies/checkouts/Alamofire/Source/Notifications.swift (in target 'Alamofire' from project 'Alamofire')
    cd /Users/admin/builder/spi-builder-workspace/.swiftpm/xcode
    builtin-SwiftPerFileCompile Notifications.swift
SwiftCompile normal arm64_32 /Users/admin/builder/spi-builder-workspace/.dependencies/checkouts/Alamofire/Source/OperationQueue+Alamofire.swift (in target 'Alamofire' from project 'Alamofire')
    cd /Users/admin/builder/spi-builder-workspace/.swiftpm/xcode
    builtin-SwiftPerFileCompile OperationQueue+Alamofire.swift
SwiftCompile normal arm64_32 /Users/admin/builder/spi-builder-workspace/.dependencies/checkouts/Alamofire/Source/ParameterEncoder.swift (in target 'Alamofire' from project 'Alamofire')
    cd /Users/admin/builder/spi-builder-workspace/.swiftpm/xcode
    builtin-SwiftPerFileCompile ParameterEncoder.swift
SwiftEmitModule normal arm64_32 Emitting\ module\ for\ Alamofire (in target 'Alamofire' from project 'Alamofire')
SwiftCompile normal arm64_32 (in target 'Alamofire' from project 'Alamofire')
    cd /Users/admin/builder/spi-builder-workspace/.swiftpm/xcode

SwiftCompile normal arm64_32 Compiling\ AFError.swift,\ Alamofire.swift,\ AlamofireExtended.swift,\ AuthenticationInterceptor.swift /Users/admin/builder/spi-builder-workspace/.dependencies/checkouts/Alamofire/Source/AFError.swift /Users/admin/builder/spi-builder-workspace/.dependencies/checkouts/Alamofire/Source/Alamofire.swift /Users/admin/builder/spi-builder-workspace/.dependencies/checkouts/Alamofire/Source/AlamofireExtended.swift /Users/admin/builder/spi-builder-workspace/.dependencies/checkouts/Alamofire/Source/AuthenticationInterceptor.swift (in target 'Alamofire' from project 'Alamofire')
SwiftCompile normal arm64_32 /Users/admin/builder/spi-builder-workspace/.dependencies/checkouts/Alamofire/Source/AFError.swift (in target 'Alamofire' from project 'Alamofire')
    cd /Users/admin/builder/spi-builder-workspace/.swiftpm/xcode
    builtin-SwiftPerFileCompile AFError.swift
SwiftCompile normal arm64_32 /Users/admin/builder/spi-builder-workspace/.dependencies/checkouts/Alamofire/Source/Alamofire.swift (in target 'Alamofire' from project 'Alamofire')
    cd /Users/admin/builder/spi-builder-workspace/.swiftpm/xcode
    builtin-SwiftPerFileCompile Alamofire.swift
SwiftCompile normal arm64_32 /Users/admin/builder/spi-builder-workspace/.dependencies/checkouts/Alamofire/Source/AlamofireExtended.swift (in target 'Alamofire' from project 'Alamofire')
    cd /Users/admin/builder/spi-builder-workspace/.swiftpm/xcode
    builtin-SwiftPerFileCompile AlamofireExtended.swift
SwiftCompile normal arm64_32 /Users/admin/builder/spi-builder-workspace/.dependencies/checkouts/Alamofire/Source/AuthenticationInterceptor.swift (in target 'Alamofire' from project 'Alamofire')
    cd /Users/admin/builder/spi-builder-workspace/.swiftpm/xcode
    builtin-SwiftPerFileCompile AuthenticationInterceptor.swift
SwiftCompile normal arm64_32 Compiling\ ResponseSerialization.swift,\ Result+Alamofire.swift,\ RetryPolicy.swift /Users/admin/builder/spi-builder-workspace/.dependencies/checkouts/Alamofire/Source/ResponseSerialization.swift /Users/admin/builder/spi-builder-workspace/.dependencies/checkouts/Alamofire/Source/Result+Alamofire.swift /Users/admin/builder/spi-builder-workspace/.dependencies/checkouts/Alamofire/Source/RetryPolicy.swift (in target 'Alamofire' from project 'Alamofire')
SwiftCompile normal arm64_32 /Users/admin/builder/spi-builder-workspace/.dependencies/checkouts/Alamofire/Source/ResponseSerialization.swift (in target 'Alamofire' from project 'Alamofire')
    cd /Users/admin/builder/spi-builder-workspace/.swiftpm/xcode
    builtin-SwiftPerFileCompile ResponseSerialization.swift
SwiftCompile normal arm64_32 /Users/admin/builder/spi-builder-workspace/.dependencies/checkouts/Alamofire/Source/Result+Alamofire.swift (in target 'Alamofire' from project 'Alamofire')
    cd /Users/admin/builder/spi-builder-workspace/.swiftpm/xcode
    builtin-SwiftPerFileCompile Result+Alamofire.swift
SwiftCompile normal arm64_32 /Users/admin/builder/spi-builder-workspace/.dependencies/checkouts/Alamofire/Source/RetryPolicy.swift (in target 'Alamofire' from project 'Alamofire')
    cd /Users/admin/builder/spi-builder-workspace/.swiftpm/xcode
    builtin-SwiftPerFileCompile RetryPolicy.swift
SwiftEmitModule normal arm64 Emitting\ module\ for\ Alamofire (in target 'Alamofire' from project 'Alamofire')
SwiftCompile normal arm64 (in target 'Alamofire' from project 'Alamofire')
    cd /Users/admin/builder/spi-builder-workspace/.swiftpm/xcode

SwiftDriverJobDiscovery normal arm64_32 Emitting module for Alamofire (in target 'Alamofire' from project 'Alamofire')
SwiftDriver\ Compilation\ Requirements Alamofire normal arm64_32 com.apple.xcode.tools.swift.compiler (in target 'Alamofire' from project 'Alamofire')
    cd /Users/admin/builder/spi-builder-workspace/.swiftpm/xcode
    builtin-Swift-Compilation-Requirements -- /Applications/Xcode-27.0.0-Release.Candidate.app/Contents/Developer/Toolchains/XcodeDefault.xctoolchain/usr/bin/swiftc -parse-as-library -module-name Alamofire -Onone @/Users/admin/builder/spi-builder-workspace/.derivedData/Build/Intermediates.noindex/Alamofire.build/Debug-watchos/Alamofire-t.build/Objects-normal/arm64_32/Alamofire.SwiftFileList -DSWIFT_PACKAGE -DDEBUG -DSWIFT_MODULE_RESOURCE_BUNDLE_UNAVAILABLE -DXcode -plugin-path /Applications/Xcode-27.0.0-Release.Candidate.app/Contents/Developer/Toolchains/XcodeDefault.xctoolchain/usr/lib/swift/host/plugins/testing -enable-experimental-feature DebugDescriptionMacro -sdk /Applications/Xcode-27.0.0-Release.Candidate.app/Contents/Developer/Platforms/WatchOS.platform/Developer/SDKs/WatchOS27.0.sdk -target arm64_32-apple-watchos9.0 -g -module-cache-path /Users/admin/builder/spi-builder-workspace/.derivedData/ModuleCache.noindex -Xfrontend -serialize-debugging-options -enable-testing -suppress-warnings -index-store-path /Users/admin/builder/spi-builder-workspace/.derivedData/Index.noindex/DataStore -Xcc -D_LIBCPP_HARDENING_MODE\=_LIBCPP_HARDENING_MODE_DEBUG -swift-version 5 -I /Users/admin/builder/spi-builder-workspace/.derivedData/Build/Products/Debug-watchos -Isystem /Applications/Xcode-27.0.0-Release.Candidate.app/Contents/Developer/Platforms/WatchOS.platform/Developer/usr/lib -F /Users/admin/builder/spi-builder-workspace/.derivedData/Build/Products/Debug-watchos -F /Applications/Xcode-27.0.0-Release.Candidate.app/Contents/Developer/Platforms/WatchOS.platform/Developer/Library/Frameworks -F /Applications/Xcode-27.0.0-Release.Candidate.app/Contents/Developer/Platforms/WatchOS.platform/Developer/SDKs/WatchOS27.0.sdk/Developer/Library/Frameworks -c -j10 -enable-batch-mode -incremental -Xcc -ivfsstatcache -Xcc /Users/admin/builder/spi-builder-workspace/.derivedData/SDKStatCaches.noindex/watchos27.0-24R360-e829b21a6f8c9b70876ba0858053c04477534ef55a1706bf4c1112bbb242f0a2.sdkstatcache -output-file-map /Users/admin/builder/spi-builder-workspace/.derivedData/Build/Intermediates.noindex/Alamofire.build/Debug-watchos/Alamofire-t.build/Objects-normal/arm64_32/Alamofire-OutputFileMap.json -save-temps -no-color-diagnostics -explicit-module-build -module-cache-path /Users/admin/builder/spi-builder-workspace/.derivedData/Build/Intermediates.noindex/SwiftExplicitPrecompiledModules -clang-scanner-module-cache-path /Users/admin/builder/spi-builder-workspace/.derivedData/ModuleCache.noindex -sdk-module-cache-path /Users/admin/builder/spi-builder-workspace/.derivedData/SDKExplicitPrecompiledModules -emit-dependencies -emit-module -emit-module-path /Users/admin/builder/spi-builder-workspace/.derivedData/Build/Intermediates.noindex/Alamofire.build/Debug-watchos/Alamofire-t.build/Objects-normal/arm64_32/Alamofire.swiftmodule -serialize-diagnostics -dependency-scan-serialize-diagnostics-path /Users/admin/builder/spi-builder-workspace/.derivedData/Build/Intermediates.noindex/Alamofire.build/Debug-watchos/Alamofire-t.build/Objects-normal/arm64_32/Alamofire-dependency-scan.dia -validate-clang-modules-once -clang-build-session-file /Users/admin/builder/spi-builder-workspace/.derivedData/ModuleCache.noindex/Session.modulevalidation -Xcc -fmodules-prune-interval\=86400 -Xcc -fmodules-prune-after\=345600 -emit-const-values -const-gather-protocols-list /Users/admin/builder/spi-builder-workspace/.derivedData/Build/Intermediates.noindex/Alamofire.build/Debug-watchos/Alamofire-t.build/Objects-normal/arm64_32/Alamofire_const_extract_protocols.json -Xcc -I/Users/admin/builder/spi-builder-workspace/.derivedData/Build/Products/Debug-watchos/include -Xcc -I/Users/admin/builder/spi-builder-workspace/.derivedData/Build/Intermediates.noindex/Alamofire.build/Debug-watchos/Alamofire-t.build/DerivedSources-normal/arm64_32 -Xcc -I/Users/admin/builder/spi-builder-workspace/.derivedData/Build/Intermediates.noindex/Alamofire.build/Debug-watchos/Alamofire-t.build/DerivedSources/arm64_32 -Xcc -I/Users/admin/builder/spi-builder-workspace/.derivedData/Build/Intermediates.noindex/Alamofire.build/Debug-watchos/Alamofire-t.build/DerivedSources -Xcc -DSWIFT_PACKAGE -Xcc -DDEBUG\=1 -emit-objc-header -emit-objc-header-path /Users/admin/builder/spi-builder-workspace/.derivedData/Build/Intermediates.noindex/Alamofire.build/Debug-watchos/Alamofire-t.build/Objects-normal/arm64_32/Alamofire-Swift.h -working-directory /Users/admin/builder/spi-builder-workspace/.swiftpm/xcode -experimental-emit-module-separately -disable-cmo
SwiftDriverJobDiscovery normal arm64 Emitting module for Alamofire (in target 'Alamofire' from project 'Alamofire')
SwiftDriver\ Compilation\ Requirements Alamofire normal arm64 com.apple.xcode.tools.swift.compiler (in target 'Alamofire' from project 'Alamofire')
    cd /Users/admin/builder/spi-builder-workspace/.swiftpm/xcode
    builtin-Swift-Compilation-Requirements -- /Applications/Xcode-27.0.0-Release.Candidate.app/Contents/Developer/Toolchains/XcodeDefault.xctoolchain/usr/bin/swiftc -parse-as-library -module-name Alamofire -Onone @/Users/admin/builder/spi-builder-workspace/.derivedData/Build/Intermediates.noindex/Alamofire.build/Debug-watchos/Alamofire-t.build/Objects-normal/arm64/Alamofire.SwiftFileList -DSWIFT_PACKAGE -DDEBUG -DSWIFT_MODULE_RESOURCE_BUNDLE_UNAVAILABLE -DXcode -plugin-path /Applications/Xcode-27.0.0-Release.Candidate.app/Contents/Developer/Toolchains/XcodeDefault.xctoolchain/usr/lib/swift/host/plugins/testing -enable-experimental-feature DebugDescriptionMacro -sdk /Applications/Xcode-27.0.0-Release.Candidate.app/Contents/Developer/Platforms/WatchOS.platform/Developer/SDKs/WatchOS27.0.sdk -target arm64-apple-watchos9.0 -g -module-cache-path /Users/admin/builder/spi-builder-workspace/.derivedData/ModuleCache.noindex -Xfrontend -serialize-debugging-options -enable-testing -suppress-warnings -index-store-path /Users/admin/builder/spi-builder-workspace/.derivedData/Index.noindex/DataStore -Xcc -D_LIBCPP_HARDENING_MODE\=_LIBCPP_HARDENING_MODE_DEBUG -swift-version 5 -I /Users/admin/builder/spi-builder-workspace/.derivedData/Build/Products/Debug-watchos -Isystem /Applications/Xcode-27.0.0-Release.Candidate.app/Contents/Developer/Platforms/WatchOS.platform/Developer/usr/lib -F /Users/admin/builder/spi-builder-workspace/.derivedData/Build/Products/Debug-watchos -F /Applications/Xcode-27.0.0-Release.Candidate.app/Contents/Developer/Platforms/WatchOS.platform/Developer/Library/Frameworks -F /Applications/Xcode-27.0.0-Release.Candidate.app/Contents/Developer/Platforms/WatchOS.platform/Developer/SDKs/WatchOS27.0.sdk/Developer/Library/Frameworks -c -j10 -enable-batch-mode -incremental -Xcc -ivfsstatcache -Xcc /Users/admin/builder/spi-builder-workspace/.derivedData/SDKStatCaches.noindex/watchos27.0-24R360-e829b21a6f8c9b70876ba0858053c04477534ef55a1706bf4c1112bbb242f0a2.sdkstatcache -output-file-map /Users/admin/builder/spi-builder-workspace/.derivedData/Build/Intermediates.noindex/Alamofire.build/Debug-watchos/Alamofire-t.build/Objects-normal/arm64/Alamofire-OutputFileMap.json -save-temps -no-color-diagnostics -explicit-module-build -module-cache-path /Users/admin/builder/spi-builder-workspace/.derivedData/Build/Intermediates.noindex/SwiftExplicitPrecompiledModules -clang-scanner-module-cache-path /Users/admin/builder/spi-builder-workspace/.derivedData/ModuleCache.noindex -sdk-module-cache-path /Users/admin/builder/spi-builder-workspace/.derivedData/SDKExplicitPrecompiledModules -emit-dependencies -emit-module -emit-module-path /Users/admin/builder/spi-builder-workspace/.derivedData/Build/Intermediates.noindex/Alamofire.build/Debug-watchos/Alamofire-t.build/Objects-normal/arm64/Alamofire.swiftmodule -serialize-diagnostics -dependency-scan-serialize-diagnostics-path /Users/admin/builder/spi-builder-workspace/.derivedData/Build/Intermediates.noindex/Alamofire.build/Debug-watchos/Alamofire-t.build/Objects-normal/arm64/Alamofire-dependency-scan.dia -validate-clang-modules-once -clang-build-session-file /Users/admin/builder/spi-builder-workspace/.derivedData/ModuleCache.noindex/Session.modulevalidation -Xcc -fmodules-prune-interval\=86400 -Xcc -fmodules-prune-after\=345600 -emit-const-values -const-gather-protocols-list /Users/admin/builder/spi-builder-workspace/.derivedData/Build/Intermediates.noindex/Alamofire.build/Debug-watchos/Alamofire-t.build/Objects-normal/arm64/Alamofire_const_extract_protocols.json -Xcc -I/Users/admin/builder/spi-builder-workspace/.derivedData/Build/Products/Debug-watchos/include -Xcc -I/Users/admin/builder/spi-builder-workspace/.derivedData/Build/Intermediates.noindex/Alamofire.build/Debug-watchos/Alamofire-t.build/DerivedSources-normal/arm64 -Xcc -I/Users/admin/builder/spi-builder-workspace/.derivedData/Build/Intermediates.noindex/Alamofire.build/Debug-watchos/Alamofire-t.build/DerivedSources/arm64 -Xcc -I/Users/admin/builder/spi-builder-workspace/.derivedData/Build/Intermediates.noindex/Alamofire.build/Debug-watchos/Alamofire-t.build/DerivedSources -Xcc -DSWIFT_PACKAGE -Xcc -DDEBUG\=1 -emit-objc-header -emit-objc-header-path /Users/admin/builder/spi-builder-workspace/.derivedData/Build/Intermediates.noindex/Alamofire.build/Debug-watchos/Alamofire-t.build/Objects-normal/arm64/Alamofire-Swift.h -working-directory /Users/admin/builder/spi-builder-workspace/.swiftpm/xcode -experimental-emit-module-separately -disable-cmo
SwiftCompile normal arm64 Compiling\ StringEncoding+Alamofire.swift,\ URLConvertible+URLRequestConvertible.swift,\ URLEncodedFormEncoder.swift /Users/admin/builder/spi-builder-workspace/.dependencies/checkouts/Alamofire/Source/StringEncoding+Alamofire.swift /Users/admin/builder/spi-builder-workspace/.dependencies/checkouts/Alamofire/Source/URLConvertible+URLRequestConvertible.swift /Users/admin/builder/spi-builder-workspace/.dependencies/checkouts/Alamofire/Source/URLEncodedFormEncoder.swift (in target 'Alamofire' from project 'Alamofire')
SwiftCompile normal arm64 /Users/admin/builder/spi-builder-workspace/.dependencies/checkouts/Alamofire/Source/StringEncoding+Alamofire.swift (in target 'Alamofire' from project 'Alamofire')
    cd /Users/admin/builder/spi-builder-workspace/.swiftpm/xcode
    builtin-SwiftPerFileCompile StringEncoding+Alamofire.swift
SwiftCompile normal arm64 /Users/admin/builder/spi-builder-workspace/.dependencies/checkouts/Alamofire/Source/URLConvertible+URLRequestConvertible.swift (in target 'Alamofire' from project 'Alamofire')
    cd /Users/admin/builder/spi-builder-workspace/.swiftpm/xcode
    builtin-SwiftPerFileCompile URLConvertible+URLRequestConvertible.swift
SwiftCompile normal arm64 /Users/admin/builder/spi-builder-workspace/.dependencies/checkouts/Alamofire/Source/URLEncodedFormEncoder.swift (in target 'Alamofire' from project 'Alamofire')
    cd /Users/admin/builder/spi-builder-workspace/.swiftpm/xcode
    builtin-SwiftPerFileCompile URLEncodedFormEncoder.swift
SwiftMergeGeneratedHeaders /Users/admin/builder/spi-builder-workspace/.derivedData/Build/Intermediates.noindex/GeneratedModuleMaps-watchos/Alamofire-Swift.h /Users/admin/builder/spi-builder-workspace/.derivedData/Build/Intermediates.noindex/Alamofire.build/Debug-watchos/Alamofire-t.build/Objects-normal/arm64/Alamofire-Swift.h /Users/admin/builder/spi-builder-workspace/.derivedData/Build/Intermediates.noindex/Alamofire.build/Debug-watchos/Alamofire-t.build/Objects-normal/arm64_32/Alamofire-Swift.h (in target 'Alamofire' from project 'Alamofire')
    cd /Users/admin/builder/spi-builder-workspace/.dependencies/checkouts/Alamofire
    builtin-swiftHeaderTool -arch arm64 /Users/admin/builder/spi-builder-workspace/.derivedData/Build/Intermediates.noindex/Alamofire.build/Debug-watchos/Alamofire-t.build/Objects-normal/arm64/Alamofire-Swift.h -arch arm64_32 /Users/admin/builder/spi-builder-workspace/.derivedData/Build/Intermediates.noindex/Alamofire.build/Debug-watchos/Alamofire-t.build/Objects-normal/arm64_32/Alamofire-Swift.h -o /Users/admin/builder/spi-builder-workspace/.derivedData/Build/Intermediates.noindex/GeneratedModuleMaps-watchos/Alamofire-Swift.h
SwiftDriverJobDiscovery normal arm64_32 Compiling URLRequest+Alamofire.swift, URLSessionConfiguration+Alamofire.swift, Validation.swift (in target 'Alamofire' from project 'Alamofire')
Copy /Users/admin/builder/spi-builder-workspace/.derivedData/Build/Products/Debug-watchos/Alamofire.swiftmodule/arm64_32-apple-watchos.swiftmodule /Users/admin/builder/spi-builder-workspace/.derivedData/Build/Intermediates.noindex/Alamofire.build/Debug-watchos/Alamofire-t.build/Objects-normal/arm64_32/Alamofire.swiftmodule (in target 'Alamofire' from project 'Alamofire')
    cd /Users/admin/builder/spi-builder-workspace/.dependencies/checkouts/Alamofire
    builtin-copy -exclude .DS_Store -exclude CVS -exclude .svn -exclude .git -exclude .hg -resolve-src-symlinks -rename /Users/admin/builder/spi-builder-workspace/.derivedData/Build/Intermediates.noindex/Alamofire.build/Debug-watchos/Alamofire-t.build/Objects-normal/arm64_32/Alamofire.swiftmodule /Users/admin/builder/spi-builder-workspace/.derivedData/Build/Products/Debug-watchos/Alamofire.swiftmodule/arm64_32-apple-watchos.swiftmodule
Copy /Users/admin/builder/spi-builder-workspace/.derivedData/Build/Products/Debug-watchos/Alamofire.swiftmodule/arm64_32-apple-watchos.swiftdoc /Users/admin/builder/spi-builder-workspace/.derivedData/Build/Intermediates.noindex/Alamofire.build/Debug-watchos/Alamofire-t.build/Objects-normal/arm64_32/Alamofire.swiftdoc (in target 'Alamofire' from project 'Alamofire')
    cd /Users/admin/builder/spi-builder-workspace/.dependencies/checkouts/Alamofire
    builtin-copy -exclude .DS_Store -exclude CVS -exclude .svn -exclude .git -exclude .hg -resolve-src-symlinks -rename /Users/admin/builder/spi-builder-workspace/.derivedData/Build/Intermediates.noindex/Alamofire.build/Debug-watchos/Alamofire-t.build/Objects-normal/arm64_32/Alamofire.swiftdoc /Users/admin/builder/spi-builder-workspace/.derivedData/Build/Products/Debug-watchos/Alamofire.swiftmodule/arm64_32-apple-watchos.swiftdoc
Copy /Users/admin/builder/spi-builder-workspace/.derivedData/Build/Products/Debug-watchos/Alamofire.swiftmodule/arm64_32-apple-watchos.abi.json /Users/admin/builder/spi-builder-workspace/.derivedData/Build/Intermediates.noindex/Alamofire.build/Debug-watchos/Alamofire-t.build/Objects-normal/arm64_32/Alamofire.abi.json (in target 'Alamofire' from project 'Alamofire')
    cd /Users/admin/builder/spi-builder-workspace/.dependencies/checkouts/Alamofire
    builtin-copy -exclude .DS_Store -exclude CVS -exclude .svn -exclude .git -exclude .hg -resolve-src-symlinks -rename /Users/admin/builder/spi-builder-workspace/.derivedData/Build/Intermediates.noindex/Alamofire.build/Debug-watchos/Alamofire-t.build/Objects-normal/arm64_32/Alamofire.abi.json /Users/admin/builder/spi-builder-workspace/.derivedData/Build/Products/Debug-watchos/Alamofire.swiftmodule/arm64_32-apple-watchos.abi.json
Copy /Users/admin/builder/spi-builder-workspace/.derivedData/Build/Products/Debug-watchos/Alamofire.swiftmodule/arm64-apple-watchos.swiftmodule /Users/admin/builder/spi-builder-workspace/.derivedData/Build/Intermediates.noindex/Alamofire.build/Debug-watchos/Alamofire-t.build/Objects-normal/arm64/Alamofire.swiftmodule (in target 'Alamofire' from project 'Alamofire')
    cd /Users/admin/builder/spi-builder-workspace/.dependencies/checkouts/Alamofire
    builtin-copy -exclude .DS_Store -exclude CVS -exclude .svn -exclude .git -exclude .hg -resolve-src-symlinks -rename /Users/admin/builder/spi-builder-workspace/.derivedData/Build/Intermediates.noindex/Alamofire.build/Debug-watchos/Alamofire-t.build/Objects-normal/arm64/Alamofire.swiftmodule /Users/admin/builder/spi-builder-workspace/.derivedData/Build/Products/Debug-watchos/Alamofire.swiftmodule/arm64-apple-watchos.swiftmodule
SwiftDriverJobDiscovery normal arm64_32 Compiling AFError.swift, Alamofire.swift, AlamofireExtended.swift, AuthenticationInterceptor.swift (in target 'Alamofire' from project 'Alamofire')
Copy /Users/admin/builder/spi-builder-workspace/.derivedData/Build/Products/Debug-watchos/Alamofire.swiftmodule/arm64-apple-watchos.swiftdoc /Users/admin/builder/spi-builder-workspace/.derivedData/Build/Intermediates.noindex/Alamofire.build/Debug-watchos/Alamofire-t.build/Objects-normal/arm64/Alamofire.swiftdoc (in target 'Alamofire' from project 'Alamofire')
    cd /Users/admin/builder/spi-builder-workspace/.dependencies/checkouts/Alamofire
    builtin-copy -exclude .DS_Store -exclude CVS -exclude .svn -exclude .git -exclude .hg -resolve-src-symlinks -rename /Users/admin/builder/spi-builder-workspace/.derivedData/Build/Intermediates.noindex/Alamofire.build/Debug-watchos/Alamofire-t.build/Objects-normal/arm64/Alamofire.swiftdoc /Users/admin/builder/spi-builder-workspace/.derivedData/Build/Products/Debug-watchos/Alamofire.swiftmodule/arm64-apple-watchos.swiftdoc
Copy /Users/admin/builder/spi-builder-workspace/.derivedData/Build/Products/Debug-watchos/Alamofire.swiftmodule/arm64-apple-watchos.abi.json /Users/admin/builder/spi-builder-workspace/.derivedData/Build/Intermediates.noindex/Alamofire.build/Debug-watchos/Alamofire-t.build/Objects-normal/arm64/Alamofire.abi.json (in target 'Alamofire' from project 'Alamofire')
    cd /Users/admin/builder/spi-builder-workspace/.dependencies/checkouts/Alamofire
    builtin-copy -exclude .DS_Store -exclude CVS -exclude .svn -exclude .git -exclude .hg -resolve-src-symlinks -rename /Users/admin/builder/spi-builder-workspace/.derivedData/Build/Intermediates.noindex/Alamofire.build/Debug-watchos/Alamofire-t.build/Objects-normal/arm64/Alamofire.abi.json /Users/admin/builder/spi-builder-workspace/.derivedData/Build/Products/Debug-watchos/Alamofire.swiftmodule/arm64-apple-watchos.abi.json
Copy /Users/admin/builder/spi-builder-workspace/.derivedData/Build/Products/Debug-watchos/Alamofire.swiftmodule/Project/arm64_32-apple-watchos.swiftsourceinfo /Users/admin/builder/spi-builder-workspace/.derivedData/Build/Intermediates.noindex/Alamofire.build/Debug-watchos/Alamofire-t.build/Objects-normal/arm64_32/Alamofire.swiftsourceinfo (in target 'Alamofire' from project 'Alamofire')
    cd /Users/admin/builder/spi-builder-workspace/.dependencies/checkouts/Alamofire
    builtin-copy -exclude .DS_Store -exclude CVS -exclude .svn -exclude .git -exclude .hg -resolve-src-symlinks -rename /Users/admin/builder/spi-builder-workspace/.derivedData/Build/Intermediates.noindex/Alamofire.build/Debug-watchos/Alamofire-t.build/Objects-normal/arm64_32/Alamofire.swiftsourceinfo /Users/admin/builder/spi-builder-workspace/.derivedData/Build/Products/Debug-watchos/Alamofire.swiftmodule/Project/arm64_32-apple-watchos.swiftsourceinfo
Copy /Users/admin/builder/spi-builder-workspace/.derivedData/Build/Products/Debug-watchos/Alamofire.swiftmodule/Project/arm64-apple-watchos.swiftsourceinfo /Users/admin/builder/spi-builder-workspace/.derivedData/Build/Intermediates.noindex/Alamofire.build/Debug-watchos/Alamofire-t.build/Objects-normal/arm64/Alamofire.swiftsourceinfo (in target 'Alamofire' from project 'Alamofire')
    cd /Users/admin/builder/spi-builder-workspace/.dependencies/checkouts/Alamofire
    builtin-copy -exclude .DS_Store -exclude CVS -exclude .svn -exclude .git -exclude .hg -resolve-src-symlinks -rename /Users/admin/builder/spi-builder-workspace/.derivedData/Build/Intermediates.noindex/Alamofire.build/Debug-watchos/Alamofire-t.build/Objects-normal/arm64/Alamofire.swiftsourceinfo /Users/admin/builder/spi-builder-workspace/.derivedData/Build/Products/Debug-watchos/Alamofire.swiftmodule/Project/arm64-apple-watchos.swiftsourceinfo
SwiftCompile normal arm64 Compiling\ AFError.swift,\ Alamofire.swift,\ AlamofireExtended.swift,\ AuthenticationInterceptor.swift /Users/admin/builder/spi-builder-workspace/.dependencies/checkouts/Alamofire/Source/AFError.swift /Users/admin/builder/spi-builder-workspace/.dependencies/checkouts/Alamofire/Source/Alamofire.swift /Users/admin/builder/spi-builder-workspace/.dependencies/checkouts/Alamofire/Source/AlamofireExtended.swift /Users/admin/builder/spi-builder-workspace/.dependencies/checkouts/Alamofire/Source/AuthenticationInterceptor.swift (in target 'Alamofire' from project 'Alamofire')
SwiftCompile normal arm64 /Users/admin/builder/spi-builder-workspace/.dependencies/checkouts/Alamofire/Source/AFError.swift (in target 'Alamofire' from project 'Alamofire')
    cd /Users/admin/builder/spi-builder-workspace/.swiftpm/xcode
    builtin-SwiftPerFileCompile AFError.swift
SwiftCompile normal arm64 /Users/admin/builder/spi-builder-workspace/.dependencies/checkouts/Alamofire/Source/Alamofire.swift (in target 'Alamofire' from project 'Alamofire')
    cd /Users/admin/builder/spi-builder-workspace/.swiftpm/xcode
    builtin-SwiftPerFileCompile Alamofire.swift
SwiftCompile normal arm64 /Users/admin/builder/spi-builder-workspace/.dependencies/checkouts/Alamofire/Source/AlamofireExtended.swift (in target 'Alamofire' from project 'Alamofire')
    cd /Users/admin/builder/spi-builder-workspace/.swiftpm/xcode
    builtin-SwiftPerFileCompile AlamofireExtended.swift
SwiftCompile normal arm64 /Users/admin/builder/spi-builder-workspace/.dependencies/checkouts/Alamofire/Source/AuthenticationInterceptor.swift (in target 'Alamofire' from project 'Alamofire')
    cd /Users/admin/builder/spi-builder-workspace/.swiftpm/xcode
    builtin-SwiftPerFileCompile AuthenticationInterceptor.swift
SwiftCompile normal arm64 Compiling\ URLRequest+Alamofire.swift,\ URLSessionConfiguration+Alamofire.swift,\ Validation.swift /Users/admin/builder/spi-builder-workspace/.dependencies/checkouts/Alamofire/Source/URLRequest+Alamofire.swift /Users/admin/builder/spi-builder-workspace/.dependencies/checkouts/Alamofire/Source/URLSessionConfiguration+Alamofire.swift /Users/admin/builder/spi-builder-workspace/.dependencies/checkouts/Alamofire/Source/Validation.swift (in target 'Alamofire' from project 'Alamofire')
SwiftCompile normal arm64 /Users/admin/builder/spi-builder-workspace/.dependencies/checkouts/Alamofire/Source/URLRequest+Alamofire.swift (in target 'Alamofire' from project 'Alamofire')
    cd /Users/admin/builder/spi-builder-workspace/.swiftpm/xcode
    builtin-SwiftPerFileCompile URLRequest+Alamofire.swift
SwiftCompile normal arm64 /Users/admin/builder/spi-builder-workspace/.dependencies/checkouts/Alamofire/Source/URLSessionConfiguration+Alamofire.swift (in target 'Alamofire' from project 'Alamofire')
    cd /Users/admin/builder/spi-builder-workspace/.swiftpm/xcode
    builtin-SwiftPerFileCompile URLSessionConfiguration+Alamofire.swift
SwiftCompile normal arm64 /Users/admin/builder/spi-builder-workspace/.dependencies/checkouts/Alamofire/Source/Validation.swift (in target 'Alamofire' from project 'Alamofire')
    cd /Users/admin/builder/spi-builder-workspace/.swiftpm/xcode
    builtin-SwiftPerFileCompile Validation.swift
SwiftCompile normal arm64 Compiling\ CachedResponseHandler.swift,\ Combine.swift,\ DispatchQueue+Alamofire.swift,\ EventMonitor.swift /Users/admin/builder/spi-builder-workspace/.dependencies/checkouts/Alamofire/Source/CachedResponseHandler.swift /Users/admin/builder/spi-builder-workspace/.dependencies/checkouts/Alamofire/Source/Combine.swift /Users/admin/builder/spi-builder-workspace/.dependencies/checkouts/Alamofire/Source/DispatchQueue+Alamofire.swift /Users/admin/builder/spi-builder-workspace/.dependencies/checkouts/Alamofire/Source/EventMonitor.swift (in target 'Alamofire' from project 'Alamofire')
SwiftCompile normal arm64 /Users/admin/builder/spi-builder-workspace/.dependencies/checkouts/Alamofire/Source/CachedResponseHandler.swift (in target 'Alamofire' from project 'Alamofire')
    cd /Users/admin/builder/spi-builder-workspace/.swiftpm/xcode
    builtin-SwiftPerFileCompile CachedResponseHandler.swift
SwiftCompile normal arm64 /Users/admin/builder/spi-builder-workspace/.dependencies/checkouts/Alamofire/Source/Combine.swift (in target 'Alamofire' from project 'Alamofire')
    cd /Users/admin/builder/spi-builder-workspace/.swiftpm/xcode
    builtin-SwiftPerFileCompile Combine.swift
SwiftCompile normal arm64 /Users/admin/builder/spi-builder-workspace/.dependencies/checkouts/Alamofire/Source/DispatchQueue+Alamofire.swift (in target 'Alamofire' from project 'Alamofire')
    cd /Users/admin/builder/spi-builder-workspace/.swiftpm/xcode
    builtin-SwiftPerFileCompile DispatchQueue+Alamofire.swift
SwiftCompile normal arm64 /Users/admin/builder/spi-builder-workspace/.dependencies/checkouts/Alamofire/Source/EventMonitor.swift (in target 'Alamofire' from project 'Alamofire')
    cd /Users/admin/builder/spi-builder-workspace/.swiftpm/xcode
    builtin-SwiftPerFileCompile EventMonitor.swift
SwiftDriverJobDiscovery normal arm64_32 Compiling StringEncoding+Alamofire.swift, URLConvertible+URLRequestConvertible.swift, URLEncodedFormEncoder.swift (in target 'Alamofire' from project 'Alamofire')
SwiftCompile normal arm64 Compiling\ ParameterEncoding.swift,\ Protected.swift,\ RedirectHandler.swift,\ Request.swift /Users/admin/builder/spi-builder-workspace/.dependencies/checkouts/Alamofire/Source/ParameterEncoding.swift /Users/admin/builder/spi-builder-workspace/.dependencies/checkouts/Alamofire/Source/Protected.swift /Users/admin/builder/spi-builder-workspace/.dependencies/checkouts/Alamofire/Source/RedirectHandler.swift /Users/admin/builder/spi-builder-workspace/.dependencies/checkouts/Alamofire/Source/Request.swift (in target 'Alamofire' from project 'Alamofire')
SwiftCompile normal arm64 /Users/admin/builder/spi-builder-workspace/.dependencies/checkouts/Alamofire/Source/ParameterEncoding.swift (in target 'Alamofire' from project 'Alamofire')
    cd /Users/admin/builder/spi-builder-workspace/.swiftpm/xcode
    builtin-SwiftPerFileCompile ParameterEncoding.swift
SwiftCompile normal arm64 /Users/admin/builder/spi-builder-workspace/.dependencies/checkouts/Alamofire/Source/Protected.swift (in target 'Alamofire' from project 'Alamofire')
    cd /Users/admin/builder/spi-builder-workspace/.swiftpm/xcode
    builtin-SwiftPerFileCompile Protected.swift
SwiftCompile normal arm64 /Users/admin/builder/spi-builder-workspace/.dependencies/checkouts/Alamofire/Source/RedirectHandler.swift (in target 'Alamofire' from project 'Alamofire')
    cd /Users/admin/builder/spi-builder-workspace/.swiftpm/xcode
    builtin-SwiftPerFileCompile RedirectHandler.swift
SwiftCompile normal arm64 /Users/admin/builder/spi-builder-workspace/.dependencies/checkouts/Alamofire/Source/Request.swift (in target 'Alamofire' from project 'Alamofire')
    cd /Users/admin/builder/spi-builder-workspace/.swiftpm/xcode
    builtin-SwiftPerFileCompile Request.swift
SwiftCompile normal arm64 Compiling\ ResponseSerialization.swift,\ Result+Alamofire.swift,\ RetryPolicy.swift /Users/admin/builder/spi-builder-workspace/.dependencies/checkouts/Alamofire/Source/ResponseSerialization.swift /Users/admin/builder/spi-builder-workspace/.dependencies/checkouts/Alamofire/Source/Result+Alamofire.swift /Users/admin/builder/spi-builder-workspace/.dependencies/checkouts/Alamofire/Source/RetryPolicy.swift (in target 'Alamofire' from project 'Alamofire')
SwiftCompile normal arm64 /Users/admin/builder/spi-builder-workspace/.dependencies/checkouts/Alamofire/Source/ResponseSerialization.swift (in target 'Alamofire' from project 'Alamofire')
    cd /Users/admin/builder/spi-builder-workspace/.swiftpm/xcode
    builtin-SwiftPerFileCompile ResponseSerialization.swift
SwiftCompile normal arm64 /Users/admin/builder/spi-builder-workspace/.dependencies/checkouts/Alamofire/Source/Result+Alamofire.swift (in target 'Alamofire' from project 'Alamofire')
    cd /Users/admin/builder/spi-builder-workspace/.swiftpm/xcode
    builtin-SwiftPerFileCompile Result+Alamofire.swift
SwiftCompile normal arm64 /Users/admin/builder/spi-builder-workspace/.dependencies/checkouts/Alamofire/Source/RetryPolicy.swift (in target 'Alamofire' from project 'Alamofire')
    cd /Users/admin/builder/spi-builder-workspace/.swiftpm/xcode
    builtin-SwiftPerFileCompile RetryPolicy.swift
SwiftCompile normal arm64 Compiling\ ServerTrustEvaluation.swift,\ Session.swift,\ SessionDelegate.swift /Users/admin/builder/spi-builder-workspace/.dependencies/checkouts/Alamofire/Source/ServerTrustEvaluation.swift /Users/admin/builder/spi-builder-workspace/.dependencies/checkouts/Alamofire/Source/Session.swift /Users/admin/builder/spi-builder-workspace/.dependencies/checkouts/Alamofire/Source/SessionDelegate.swift (in target 'Alamofire' from project 'Alamofire')
SwiftCompile normal arm64 /Users/admin/builder/spi-builder-workspace/.dependencies/checkouts/Alamofire/Source/ServerTrustEvaluation.swift (in target 'Alamofire' from project 'Alamofire')
    cd /Users/admin/builder/spi-builder-workspace/.swiftpm/xcode
    builtin-SwiftPerFileCompile ServerTrustEvaluation.swift
SwiftCompile normal arm64 /Users/admin/builder/spi-builder-workspace/.dependencies/checkouts/Alamofire/Source/Session.swift (in target 'Alamofire' from project 'Alamofire')
    cd /Users/admin/builder/spi-builder-workspace/.swiftpm/xcode
    builtin-SwiftPerFileCompile Session.swift
SwiftCompile normal arm64 /Users/admin/builder/spi-builder-workspace/.dependencies/checkouts/Alamofire/Source/SessionDelegate.swift (in target 'Alamofire' from project 'Alamofire')
    cd /Users/admin/builder/spi-builder-workspace/.swiftpm/xcode
    builtin-SwiftPerFileCompile SessionDelegate.swift
SwiftCompile normal arm64 Compiling\ RequestInterceptor.swift,\ RequestTaskMap.swift,\ Response.swift /Users/admin/builder/spi-builder-workspace/.dependencies/checkouts/Alamofire/Source/RequestInterceptor.swift /Users/admin/builder/spi-builder-workspace/.dependencies/checkouts/Alamofire/Source/RequestTaskMap.swift /Users/admin/builder/spi-builder-workspace/.dependencies/checkouts/Alamofire/Source/Response.swift (in target 'Alamofire' from project 'Alamofire')
SwiftCompile normal arm64 /Users/admin/builder/spi-builder-workspace/.dependencies/checkouts/Alamofire/Source/RequestInterceptor.swift (in target 'Alamofire' from project 'Alamofire')
    cd /Users/admin/builder/spi-builder-workspace/.swiftpm/xcode
    builtin-SwiftPerFileCompile RequestInterceptor.swift
SwiftCompile normal arm64 /Users/admin/builder/spi-builder-workspace/.dependencies/checkouts/Alamofire/Source/RequestTaskMap.swift (in target 'Alamofire' from project 'Alamofire')
    cd /Users/admin/builder/spi-builder-workspace/.swiftpm/xcode
    builtin-SwiftPerFileCompile RequestTaskMap.swift
SwiftCompile normal arm64 /Users/admin/builder/spi-builder-workspace/.dependencies/checkouts/Alamofire/Source/Response.swift (in target 'Alamofire' from project 'Alamofire')
    cd /Users/admin/builder/spi-builder-workspace/.swiftpm/xcode
    builtin-SwiftPerFileCompile Response.swift
SwiftCompile normal arm64 Compiling\ HTTPHeaders.swift,\ HTTPMethod.swift,\ MultipartFormData.swift,\ MultipartUpload.swift /Users/admin/builder/spi-builder-workspace/.dependencies/checkouts/Alamofire/Source/HTTPHeaders.swift /Users/admin/builder/spi-builder-workspace/.dependencies/checkouts/Alamofire/Source/HTTPMethod.swift /Users/admin/builder/spi-builder-workspace/.dependencies/checkouts/Alamofire/Source/MultipartFormData.swift /Users/admin/builder/spi-builder-workspace/.dependencies/checkouts/Alamofire/Source/MultipartUpload.swift (in target 'Alamofire' from project 'Alamofire')
SwiftCompile normal arm64 /Users/admin/builder/spi-builder-workspace/.dependencies/checkouts/Alamofire/Source/HTTPHeaders.swift (in target 'Alamofire' from project 'Alamofire')
    cd /Users/admin/builder/spi-builder-workspace/.swiftpm/xcode
    builtin-SwiftPerFileCompile HTTPHeaders.swift
SwiftCompile normal arm64 /Users/admin/builder/spi-builder-workspace/.dependencies/checkouts/Alamofire/Source/HTTPMethod.swift (in target 'Alamofire' from project 'Alamofire')
    cd /Users/admin/builder/spi-builder-workspace/.swiftpm/xcode
    builtin-SwiftPerFileCompile HTTPMethod.swift
SwiftCompile normal arm64 /Users/admin/builder/spi-builder-workspace/.dependencies/checkouts/Alamofire/Source/MultipartFormData.swift (in target 'Alamofire' from project 'Alamofire')
    cd /Users/admin/builder/spi-builder-workspace/.swiftpm/xcode
    builtin-SwiftPerFileCompile MultipartFormData.swift
SwiftCompile normal arm64 /Users/admin/builder/spi-builder-workspace/.dependencies/checkouts/Alamofire/Source/MultipartUpload.swift (in target 'Alamofire' from project 'Alamofire')
    cd /Users/admin/builder/spi-builder-workspace/.swiftpm/xcode
    builtin-SwiftPerFileCompile MultipartUpload.swift
SwiftDriverJobDiscovery normal arm64_32 Compiling ResponseSerialization.swift, Result+Alamofire.swift, RetryPolicy.swift (in target 'Alamofire' from project 'Alamofire')
SwiftCompile normal arm64 Compiling\ NetworkReachabilityManager.swift,\ Notifications.swift,\ OperationQueue+Alamofire.swift,\ ParameterEncoder.swift /Users/admin/builder/spi-builder-workspace/.dependencies/checkouts/Alamofire/Source/NetworkReachabilityManager.swift /Users/admin/builder/spi-builder-workspace/.dependencies/checkouts/Alamofire/Source/Notifications.swift /Users/admin/builder/spi-builder-workspace/.dependencies/checkouts/Alamofire/Source/OperationQueue+Alamofire.swift /Users/admin/builder/spi-builder-workspace/.dependencies/checkouts/Alamofire/Source/ParameterEncoder.swift (in target 'Alamofire' from project 'Alamofire')
SwiftCompile normal arm64 /Users/admin/builder/spi-builder-workspace/.dependencies/checkouts/Alamofire/Source/NetworkReachabilityManager.swift (in target 'Alamofire' from project 'Alamofire')
    cd /Users/admin/builder/spi-builder-workspace/.swiftpm/xcode
    builtin-SwiftPerFileCompile NetworkReachabilityManager.swift
SwiftCompile normal arm64 /Users/admin/builder/spi-builder-workspace/.dependencies/checkouts/Alamofire/Source/Notifications.swift (in target 'Alamofire' from project 'Alamofire')
    cd /Users/admin/builder/spi-builder-workspace/.swiftpm/xcode
    builtin-SwiftPerFileCompile Notifications.swift
SwiftCompile normal arm64 /Users/admin/builder/spi-builder-workspace/.dependencies/checkouts/Alamofire/Source/OperationQueue+Alamofire.swift (in target 'Alamofire' from project 'Alamofire')
    cd /Users/admin/builder/spi-builder-workspace/.swiftpm/xcode
    builtin-SwiftPerFileCompile OperationQueue+Alamofire.swift
SwiftCompile normal arm64 /Users/admin/builder/spi-builder-workspace/.dependencies/checkouts/Alamofire/Source/ParameterEncoder.swift (in target 'Alamofire' from project 'Alamofire')
    cd /Users/admin/builder/spi-builder-workspace/.swiftpm/xcode
    builtin-SwiftPerFileCompile ParameterEncoder.swift
SwiftDriverJobDiscovery normal arm64_32 Compiling NetworkReachabilityManager.swift, Notifications.swift, OperationQueue+Alamofire.swift, ParameterEncoder.swift (in target 'Alamofire' from project 'Alamofire')
SwiftDriverJobDiscovery normal arm64_32 Compiling HTTPHeaders.swift, HTTPMethod.swift, MultipartFormData.swift, MultipartUpload.swift (in target 'Alamofire' from project 'Alamofire')
SwiftDriverJobDiscovery normal arm64_32 Compiling CachedResponseHandler.swift, Combine.swift, DispatchQueue+Alamofire.swift, EventMonitor.swift (in target 'Alamofire' from project 'Alamofire')
SwiftDriverJobDiscovery normal arm64_32 Compiling ServerTrustEvaluation.swift, Session.swift, SessionDelegate.swift (in target 'Alamofire' from project 'Alamofire')
SwiftDriverJobDiscovery normal arm64_32 Compiling ParameterEncoding.swift, Protected.swift, RedirectHandler.swift, Request.swift (in target 'Alamofire' from project 'Alamofire')
SwiftDriverJobDiscovery normal arm64 Compiling URLRequest+Alamofire.swift, URLSessionConfiguration+Alamofire.swift, Validation.swift (in target 'Alamofire' from project 'Alamofire')
SwiftCompile normal arm64_32 Compiling\ RequestInterceptor.swift,\ RequestTaskMap.swift,\ Response.swift /Users/admin/builder/spi-builder-workspace/.dependencies/checkouts/Alamofire/Source/RequestInterceptor.swift /Users/admin/builder/spi-builder-workspace/.dependencies/checkouts/Alamofire/Source/RequestTaskMap.swift /Users/admin/builder/spi-builder-workspace/.dependencies/checkouts/Alamofire/Source/Response.swift (in target 'Alamofire' from project 'Alamofire')
SwiftCompile normal arm64_32 /Users/admin/builder/spi-builder-workspace/.dependencies/checkouts/Alamofire/Source/RequestInterceptor.swift (in target 'Alamofire' from project 'Alamofire')
    cd /Users/admin/builder/spi-builder-workspace/.swiftpm/xcode
    builtin-SwiftPerFileCompile RequestInterceptor.swift
SwiftCompile normal arm64_32 /Users/admin/builder/spi-builder-workspace/.dependencies/checkouts/Alamofire/Source/RequestTaskMap.swift (in target 'Alamofire' from project 'Alamofire')
    cd /Users/admin/builder/spi-builder-workspace/.swiftpm/xcode
    builtin-SwiftPerFileCompile RequestTaskMap.swift
SwiftCompile normal arm64_32 /Users/admin/builder/spi-builder-workspace/.dependencies/checkouts/Alamofire/Source/Response.swift (in target 'Alamofire' from project 'Alamofire')
    cd /Users/admin/builder/spi-builder-workspace/.swiftpm/xcode
    builtin-SwiftPerFileCompile Response.swift
SwiftDriverJobDiscovery normal arm64 Compiling RequestInterceptor.swift, RequestTaskMap.swift, Response.swift (in target 'Alamofire' from project 'Alamofire')
SwiftDriverJobDiscovery normal arm64 Compiling AFError.swift, Alamofire.swift, AlamofireExtended.swift, AuthenticationInterceptor.swift (in target 'Alamofire' from project 'Alamofire')
SwiftDriverJobDiscovery normal arm64 Compiling NetworkReachabilityManager.swift, Notifications.swift, OperationQueue+Alamofire.swift, ParameterEncoder.swift (in target 'Alamofire' from project 'Alamofire')
SwiftDriverJobDiscovery normal arm64 Compiling StringEncoding+Alamofire.swift, URLConvertible+URLRequestConvertible.swift, URLEncodedFormEncoder.swift (in target 'Alamofire' from project 'Alamofire')
SwiftDriver Networking normal arm64_32 com.apple.xcode.tools.swift.compiler (in target 'Networking' from project 'Networking')
    cd /Users/admin/builder/spi-builder-workspace/.swiftpm/xcode
    builtin-SwiftDriver -- /Applications/Xcode-27.0.0-Release.Candidate.app/Contents/Developer/Toolchains/XcodeDefault.xctoolchain/usr/bin/swiftc -parse-as-library -module-name Networking -Onone @/Users/admin/builder/spi-builder-workspace/.derivedData/Build/Intermediates.noindex/Networking.build/Debug-watchos/Networking-t.build/Objects-normal/arm64_32/Networking.SwiftFileList -DSWIFT_PACKAGE -DDEBUG -DSWIFT_MODULE_RESOURCE_BUNDLE_UNAVAILABLE -DXcode -plugin-path /Applications/Xcode-27.0.0-Release.Candidate.app/Contents/Developer/Toolchains/XcodeDefault.xctoolchain/usr/lib/swift/host/plugins/testing -enable-experimental-feature DebugDescriptionMacro -sdk /Applications/Xcode-27.0.0-Release.Candidate.app/Contents/Developer/Platforms/WatchOS.platform/Developer/SDKs/WatchOS27.0.sdk -target arm64_32-apple-watchos9.0 -g -module-cache-path /Users/admin/builder/spi-builder-workspace/.derivedData/ModuleCache.noindex -Xfrontend -serialize-debugging-options -enable-testing -index-store-path /Users/admin/builder/spi-builder-workspace/.derivedData/Index.noindex/DataStore -Xcc -D_LIBCPP_HARDENING_MODE\=_LIBCPP_HARDENING_MODE_DEBUG -swift-version 5 -I /Users/admin/builder/spi-builder-workspace/.derivedData/Build/Products/Debug-watchos -Isystem /Applications/Xcode-27.0.0-Release.Candidate.app/Contents/Developer/Platforms/WatchOS.platform/Developer/usr/lib -F /Users/admin/builder/spi-builder-workspace/.derivedData/Build/Products/Debug-watchos/PackageFrameworks -F /Users/admin/builder/spi-builder-workspace/.derivedData/Build/Products/Debug-watchos -F /Applications/Xcode-27.0.0-Release.Candidate.app/Contents/Developer/Platforms/WatchOS.platform/Developer/Library/Frameworks -F /Applications/Xcode-27.0.0-Release.Candidate.app/Contents/Developer/Platforms/WatchOS.platform/Developer/SDKs/WatchOS27.0.sdk/Developer/Library/Frameworks -c -j10 -enable-batch-mode -incremental -Xcc -ivfsstatcache -Xcc /Users/admin/builder/spi-builder-workspace/.derivedData/SDKStatCaches.noindex/watchos27.0-24R360-e829b21a6f8c9b70876ba0858053c04477534ef55a1706bf4c1112bbb242f0a2.sdkstatcache -output-file-map /Users/admin/builder/spi-builder-workspace/.derivedData/Build/Intermediates.noindex/Networking.build/Debug-watchos/Networking-t.build/Objects-normal/arm64_32/Networking-OutputFileMap.json -save-temps -no-color-diagnostics -explicit-module-build -module-cache-path /Users/admin/builder/spi-builder-workspace/.derivedData/Build/Intermediates.noindex/SwiftExplicitPrecompiledModules -clang-scanner-module-cache-path /Users/admin/builder/spi-builder-workspace/.derivedData/ModuleCache.noindex -sdk-module-cache-path /Users/admin/builder/spi-builder-workspace/.derivedData/SDKExplicitPrecompiledModules -emit-dependencies -emit-module -emit-module-path /Users/admin/builder/spi-builder-workspace/.derivedData/Build/Intermediates.noindex/Networking.build/Debug-watchos/Networking-t.build/Objects-normal/arm64_32/Networking.swiftmodule -serialize-diagnostics -dependency-scan-serialize-diagnostics-path /Users/admin/builder/spi-builder-workspace/.derivedData/Build/Intermediates.noindex/Networking.build/Debug-watchos/Networking-t.build/Objects-normal/arm64_32/Networking-dependency-scan.dia -validate-clang-modules-once -clang-build-session-file /Users/admin/builder/spi-builder-workspace/.derivedData/ModuleCache.noindex/Session.modulevalidation -Xcc -fmodules-prune-interval\=86400 -Xcc -fmodules-prune-after\=345600 -emit-const-values -const-gather-protocols-list /Users/admin/builder/spi-builder-workspace/.derivedData/Build/Intermediates.noindex/Networking.build/Debug-watchos/Networking-t.build/Objects-normal/arm64_32/Networking_const_extract_protocols.json -Xcc -I/Users/admin/builder/spi-builder-workspace/.derivedData/Build/Products/Debug-watchos/include -Xcc -I/Users/admin/builder/spi-builder-workspace/.derivedData/Build/Intermediates.noindex/Networking.build/Debug-watchos/Networking-t.build/DerivedSources-normal/arm64_32 -Xcc -I/Users/admin/builder/spi-builder-workspace/.derivedData/Build/Intermediates.noindex/Networking.build/Debug-watchos/Networking-t.build/DerivedSources/arm64_32 -Xcc -I/Users/admin/builder/spi-builder-workspace/.derivedData/Build/Intermediates.noindex/Networking.build/Debug-watchos/Networking-t.build/DerivedSources -Xcc -DSWIFT_PACKAGE -Xcc -DDEBUG\=1 -emit-objc-header -emit-objc-header-path /Users/admin/builder/spi-builder-workspace/.derivedData/Build/Intermediates.noindex/Networking.build/Debug-watchos/Networking-t.build/Objects-normal/arm64_32/Networking-Swift.h -working-directory /Users/admin/builder/spi-builder-workspace/.swiftpm/xcode -experimental-emit-module-separately -disable-cmo
SwiftDriver Networking normal arm64 com.apple.xcode.tools.swift.compiler (in target 'Networking' from project 'Networking')
    cd /Users/admin/builder/spi-builder-workspace/.swiftpm/xcode
    builtin-SwiftDriver -- /Applications/Xcode-27.0.0-Release.Candidate.app/Contents/Developer/Toolchains/XcodeDefault.xctoolchain/usr/bin/swiftc -parse-as-library -module-name Networking -Onone @/Users/admin/builder/spi-builder-workspace/.derivedData/Build/Intermediates.noindex/Networking.build/Debug-watchos/Networking-t.build/Objects-normal/arm64/Networking.SwiftFileList -DSWIFT_PACKAGE -DDEBUG -DSWIFT_MODULE_RESOURCE_BUNDLE_UNAVAILABLE -DXcode -plugin-path /Applications/Xcode-27.0.0-Release.Candidate.app/Contents/Developer/Toolchains/XcodeDefault.xctoolchain/usr/lib/swift/host/plugins/testing -enable-experimental-feature DebugDescriptionMacro -sdk /Applications/Xcode-27.0.0-Release.Candidate.app/Contents/Developer/Platforms/WatchOS.platform/Developer/SDKs/WatchOS27.0.sdk -target arm64-apple-watchos9.0 -g -module-cache-path /Users/admin/builder/spi-builder-workspace/.derivedData/ModuleCache.noindex -Xfrontend -serialize-debugging-options -enable-testing -index-store-path /Users/admin/builder/spi-builder-workspace/.derivedData/Index.noindex/DataStore -Xcc -D_LIBCPP_HARDENING_MODE\=_LIBCPP_HARDENING_MODE_DEBUG -swift-version 5 -I /Users/admin/builder/spi-builder-workspace/.derivedData/Build/Products/Debug-watchos -Isystem /Applications/Xcode-27.0.0-Release.Candidate.app/Contents/Developer/Platforms/WatchOS.platform/Developer/usr/lib -F /Users/admin/builder/spi-builder-workspace/.derivedData/Build/Products/Debug-watchos/PackageFrameworks -F /Users/admin/builder/spi-builder-workspace/.derivedData/Build/Products/Debug-watchos -F /Applications/Xcode-27.0.0-Release.Candidate.app/Contents/Developer/Platforms/WatchOS.platform/Developer/Library/Frameworks -F /Applications/Xcode-27.0.0-Release.Candidate.app/Contents/Developer/Platforms/WatchOS.platform/Developer/SDKs/WatchOS27.0.sdk/Developer/Library/Frameworks -c -j10 -enable-batch-mode -incremental -Xcc -ivfsstatcache -Xcc /Users/admin/builder/spi-builder-workspace/.derivedData/SDKStatCaches.noindex/watchos27.0-24R360-e829b21a6f8c9b70876ba0858053c04477534ef55a1706bf4c1112bbb242f0a2.sdkstatcache -output-file-map /Users/admin/builder/spi-builder-workspace/.derivedData/Build/Intermediates.noindex/Networking.build/Debug-watchos/Networking-t.build/Objects-normal/arm64/Networking-OutputFileMap.json -save-temps -no-color-diagnostics -explicit-module-build -module-cache-path /Users/admin/builder/spi-builder-workspace/.derivedData/Build/Intermediates.noindex/SwiftExplicitPrecompiledModules -clang-scanner-module-cache-path /Users/admin/builder/spi-builder-workspace/.derivedData/ModuleCache.noindex -sdk-module-cache-path /Users/admin/builder/spi-builder-workspace/.derivedData/SDKExplicitPrecompiledModules -emit-dependencies -emit-module -emit-module-path /Users/admin/builder/spi-builder-workspace/.derivedData/Build/Intermediates.noindex/Networking.build/Debug-watchos/Networking-t.build/Objects-normal/arm64/Networking.swiftmodule -serialize-diagnostics -dependency-scan-serialize-diagnostics-path /Users/admin/builder/spi-builder-workspace/.derivedData/Build/Intermediates.noindex/Networking.build/Debug-watchos/Networking-t.build/Objects-normal/arm64/Networking-dependency-scan.dia -validate-clang-modules-once -clang-build-session-file /Users/admin/builder/spi-builder-workspace/.derivedData/ModuleCache.noindex/Session.modulevalidation -Xcc -fmodules-prune-interval\=86400 -Xcc -fmodules-prune-after\=345600 -emit-const-values -const-gather-protocols-list /Users/admin/builder/spi-builder-workspace/.derivedData/Build/Intermediates.noindex/Networking.build/Debug-watchos/Networking-t.build/Objects-normal/arm64/Networking_const_extract_protocols.json -Xcc -I/Users/admin/builder/spi-builder-workspace/.derivedData/Build/Products/Debug-watchos/include -Xcc -I/Users/admin/builder/spi-builder-workspace/.derivedData/Build/Intermediates.noindex/Networking.build/Debug-watchos/Networking-t.build/DerivedSources-normal/arm64 -Xcc -I/Users/admin/builder/spi-builder-workspace/.derivedData/Build/Intermediates.noindex/Networking.build/Debug-watchos/Networking-t.build/DerivedSources/arm64 -Xcc -I/Users/admin/builder/spi-builder-workspace/.derivedData/Build/Intermediates.noindex/Networking.build/Debug-watchos/Networking-t.build/DerivedSources -Xcc -DSWIFT_PACKAGE -Xcc -DDEBUG\=1 -emit-objc-header -emit-objc-header-path /Users/admin/builder/spi-builder-workspace/.derivedData/Build/Intermediates.noindex/Networking.build/Debug-watchos/Networking-t.build/Objects-normal/arm64/Networking-Swift.h -working-directory /Users/admin/builder/spi-builder-workspace/.swiftpm/xcode -experimental-emit-module-separately -disable-cmo
SwiftDriverJobDiscovery normal arm64 Compiling HTTPHeaders.swift, HTTPMethod.swift, MultipartFormData.swift, MultipartUpload.swift (in target 'Alamofire' from project 'Alamofire')
SwiftDriverJobDiscovery normal arm64 Compiling CachedResponseHandler.swift, Combine.swift, DispatchQueue+Alamofire.swift, EventMonitor.swift (in target 'Alamofire' from project 'Alamofire')
SwiftDriverJobDiscovery normal arm64 Compiling ResponseSerialization.swift, Result+Alamofire.swift, RetryPolicy.swift (in target 'Alamofire' from project 'Alamofire')
SwiftDriverJobDiscovery normal arm64 Compiling ServerTrustEvaluation.swift, Session.swift, SessionDelegate.swift (in target 'Alamofire' from project 'Alamofire')
SwiftDriverJobDiscovery normal arm64 Compiling ParameterEncoding.swift, Protected.swift, RedirectHandler.swift, Request.swift (in target 'Alamofire' from project 'Alamofire')
SwiftDriver\ Compilation Alamofire normal arm64 com.apple.xcode.tools.swift.compiler (in target 'Alamofire' from project 'Alamofire')
    cd /Users/admin/builder/spi-builder-workspace/.swiftpm/xcode
    builtin-Swift-Compilation -- /Applications/Xcode-27.0.0-Release.Candidate.app/Contents/Developer/Toolchains/XcodeDefault.xctoolchain/usr/bin/swiftc -parse-as-library -module-name Alamofire -Onone @/Users/admin/builder/spi-builder-workspace/.derivedData/Build/Intermediates.noindex/Alamofire.build/Debug-watchos/Alamofire-t.build/Objects-normal/arm64/Alamofire.SwiftFileList -DSWIFT_PACKAGE -DDEBUG -DSWIFT_MODULE_RESOURCE_BUNDLE_UNAVAILABLE -DXcode -plugin-path /Applications/Xcode-27.0.0-Release.Candidate.app/Contents/Developer/Toolchains/XcodeDefault.xctoolchain/usr/lib/swift/host/plugins/testing -enable-experimental-feature DebugDescriptionMacro -sdk /Applications/Xcode-27.0.0-Release.Candidate.app/Contents/Developer/Platforms/WatchOS.platform/Developer/SDKs/WatchOS27.0.sdk -target arm64-apple-watchos9.0 -g -module-cache-path /Users/admin/builder/spi-builder-workspace/.derivedData/ModuleCache.noindex -Xfrontend -serialize-debugging-options -enable-testing -suppress-warnings -index-store-path /Users/admin/builder/spi-builder-workspace/.derivedData/Index.noindex/DataStore -Xcc -D_LIBCPP_HARDENING_MODE\=_LIBCPP_HARDENING_MODE_DEBUG -swift-version 5 -I /Users/admin/builder/spi-builder-workspace/.derivedData/Build/Products/Debug-watchos -Isystem /Applications/Xcode-27.0.0-Release.Candidate.app/Contents/Developer/Platforms/WatchOS.platform/Developer/usr/lib -F /Users/admin/builder/spi-builder-workspace/.derivedData/Build/Products/Debug-watchos -F /Applications/Xcode-27.0.0-Release.Candidate.app/Contents/Developer/Platforms/WatchOS.platform/Developer/Library/Frameworks -F /Applications/Xcode-27.0.0-Release.Candidate.app/Contents/Developer/Platforms/WatchOS.platform/Developer/SDKs/WatchOS27.0.sdk/Developer/Library/Frameworks -c -j10 -enable-batch-mode -incremental -Xcc -ivfsstatcache -Xcc /Users/admin/builder/spi-builder-workspace/.derivedData/SDKStatCaches.noindex/watchos27.0-24R360-e829b21a6f8c9b70876ba0858053c04477534ef55a1706bf4c1112bbb242f0a2.sdkstatcache -output-file-map /Users/admin/builder/spi-builder-workspace/.derivedData/Build/Intermediates.noindex/Alamofire.build/Debug-watchos/Alamofire-t.build/Objects-normal/arm64/Alamofire-OutputFileMap.json -save-temps -no-color-diagnostics -explicit-module-build -module-cache-path /Users/admin/builder/spi-builder-workspace/.derivedData/Build/Intermediates.noindex/SwiftExplicitPrecompiledModules -clang-scanner-module-cache-path /Users/admin/builder/spi-builder-workspace/.derivedData/ModuleCache.noindex -sdk-module-cache-path /Users/admin/builder/spi-builder-workspace/.derivedData/SDKExplicitPrecompiledModules -emit-dependencies -emit-module -emit-module-path /Users/admin/builder/spi-builder-workspace/.derivedData/Build/Intermediates.noindex/Alamofire.build/Debug-watchos/Alamofire-t.build/Objects-normal/arm64/Alamofire.swiftmodule -serialize-diagnostics -dependency-scan-serialize-diagnostics-path /Users/admin/builder/spi-builder-workspace/.derivedData/Build/Intermediates.noindex/Alamofire.build/Debug-watchos/Alamofire-t.build/Objects-normal/arm64/Alamofire-dependency-scan.dia -validate-clang-modules-once -clang-build-session-file /Users/admin/builder/spi-builder-workspace/.derivedData/ModuleCache.noindex/Session.modulevalidation -Xcc -fmodules-prune-interval\=86400 -Xcc -fmodules-prune-after\=345600 -emit-const-values -const-gather-protocols-list /Users/admin/builder/spi-builder-workspace/.derivedData/Build/Intermediates.noindex/Alamofire.build/Debug-watchos/Alamofire-t.build/Objects-normal/arm64/Alamofire_const_extract_protocols.json -Xcc -I/Users/admin/builder/spi-builder-workspace/.derivedData/Build/Products/Debug-watchos/include -Xcc -I/Users/admin/builder/spi-builder-workspace/.derivedData/Build/Intermediates.noindex/Alamofire.build/Debug-watchos/Alamofire-t.build/DerivedSources-normal/arm64 -Xcc -I/Users/admin/builder/spi-builder-workspace/.derivedData/Build/Intermediates.noindex/Alamofire.build/Debug-watchos/Alamofire-t.build/DerivedSources/arm64 -Xcc -I/Users/admin/builder/spi-builder-workspace/.derivedData/Build/Intermediates.noindex/Alamofire.build/Debug-watchos/Alamofire-t.build/DerivedSources -Xcc -DSWIFT_PACKAGE -Xcc -DDEBUG\=1 -emit-objc-header -emit-objc-header-path /Users/admin/builder/spi-builder-workspace/.derivedData/Build/Intermediates.noindex/Alamofire.build/Debug-watchos/Alamofire-t.build/Objects-normal/arm64/Alamofire-Swift.h -working-directory /Users/admin/builder/spi-builder-workspace/.swiftpm/xcode -experimental-emit-module-separately -disable-cmo
Ld /Users/admin/builder/spi-builder-workspace/.derivedData/Build/Intermediates.noindex/Alamofire.build/Debug-watchos/Alamofire-t.build/Objects-normal/arm64/Binary/Alamofire.o normal arm64 (in target 'Alamofire' from project 'Alamofire')
    cd /Users/admin/builder/spi-builder-workspace/.dependencies/checkouts/Alamofire
    /Applications/Xcode-27.0.0-Release.Candidate.app/Contents/Developer/Toolchains/XcodeDefault.xctoolchain/usr/bin/clang -Xlinker -reproducible -target arm64-apple-watchos9.0 -r -isysroot /Applications/Xcode-27.0.0-Release.Candidate.app/Contents/Developer/Platforms/WatchOS.platform/Developer/SDKs/WatchOS27.0.sdk -O0 -w -Xlinker -no_warn_duplicate_libraries -F/Users/admin/builder/spi-builder-workspace/.derivedData/Build/Intermediates.noindex/EagerLinkingTBDs/Debug-watchos -F/Users/admin/builder/spi-builder-workspace/.derivedData/Build/Products/Debug-watchos -iframework /Applications/Xcode-27.0.0-Release.Candidate.app/Contents/Developer/Platforms/WatchOS.platform/Developer/Library/Frameworks -iframework /Applications/Xcode-27.0.0-Release.Candidate.app/Contents/Developer/Platforms/WatchOS.platform/Developer/SDKs/WatchOS27.0.sdk/Developer/Library/Frameworks -filelist /Users/admin/builder/spi-builder-workspace/.derivedData/Build/Intermediates.noindex/Alamofire.build/Debug-watchos/Alamofire-t.build/Objects-normal/arm64/Alamofire.LinkFileList -nostdlib -Xlinker -object_path_lto -Xlinker /Users/admin/builder/spi-builder-workspace/.derivedData/Build/Intermediates.noindex/Alamofire.build/Debug-watchos/Alamofire-t.build/Objects-normal/arm64/Alamofire_lto.o -Xlinker -no_deduplicate -Xlinker -dependency_info -Xlinker /Users/admin/builder/spi-builder-workspace/.derivedData/Build/Intermediates.noindex/Alamofire.build/Debug-watchos/Alamofire-t.build/Objects-normal/arm64/Alamofire_dependency_info.dat -fobjc-link-runtime -L/Applications/Xcode-27.0.0-Release.Candidate.app/Contents/Developer/Toolchains/XcodeDefault.xctoolchain/usr/lib/swift/watchos -L/usr/lib/swift -Xlinker -add_ast_path -Xlinker /Users/admin/builder/spi-builder-workspace/.derivedData/Build/Intermediates.noindex/Alamofire.build/Debug-watchos/Alamofire-t.build/Objects-normal/arm64/Alamofire.swiftmodule -o /Users/admin/builder/spi-builder-workspace/.derivedData/Build/Intermediates.noindex/Alamofire.build/Debug-watchos/Alamofire-t.build/Objects-normal/arm64/Binary/Alamofire.o
SwiftCompile normal arm64 Compiling\ ImageBodyPart.swift,\ UploadEndpoint.swift,\ ErrorHandler.swift,\ ErrorHandlingResult.swift /Users/admin/builder/spi-builder-workspace/Sources/Endpoints/ImageBodyPart.swift /Users/admin/builder/spi-builder-workspace/Sources/Endpoints/UploadEndpoint.swift /Users/admin/builder/spi-builder-workspace/Sources/ErrorHandlers/ErrorHandler.swift /Users/admin/builder/spi-builder-workspace/Sources/ErrorHandlers/ErrorHandlingResult.swift (in target 'Networking' from project 'Networking')
SwiftCompile normal arm64 /Users/admin/builder/spi-builder-workspace/Sources/Endpoints/ImageBodyPart.swift (in target 'Networking' from project 'Networking')
    cd /Users/admin/builder/spi-builder-workspace/.swiftpm/xcode
    builtin-SwiftPerFileCompile ImageBodyPart.swift
SwiftCompile normal arm64 /Users/admin/builder/spi-builder-workspace/Sources/Endpoints/UploadEndpoint.swift (in target 'Networking' from project 'Networking')
    cd /Users/admin/builder/spi-builder-workspace/.swiftpm/xcode
    builtin-SwiftPerFileCompile UploadEndpoint.swift
SwiftCompile normal arm64 /Users/admin/builder/spi-builder-workspace/Sources/ErrorHandlers/ErrorHandler.swift (in target 'Networking' from project 'Networking')
    cd /Users/admin/builder/spi-builder-workspace/.swiftpm/xcode
    builtin-SwiftPerFileCompile ErrorHandler.swift
SwiftCompile normal arm64 /Users/admin/builder/spi-builder-workspace/Sources/ErrorHandlers/ErrorHandlingResult.swift (in target 'Networking' from project 'Networking')
    cd /Users/admin/builder/spi-builder-workspace/.swiftpm/xcode
    builtin-SwiftPerFileCompile ErrorHandlingResult.swift
SwiftCompile normal arm64 Compiling\ GeneralRequestError.swift,\ DecodingError+Description.swift,\ HTTPHeaders+Equatable.swift,\ JSONDecoder+Decode.swift /Users/admin/builder/spi-builder-workspace/Sources/Errors/GeneralRequestError.swift /Users/admin/builder/spi-builder-workspace/Sources/Extensions/DecodingError+Description.swift /Users/admin/builder/spi-builder-workspace/Sources/Extensions/HTTPHeaders+Equatable.swift /Users/admin/builder/spi-builder-workspace/Sources/Extensions/JSONDecoder+Decode.swift (in target 'Networking' from project 'Networking')
SwiftCompile normal arm64 /Users/admin/builder/spi-builder-workspace/Sources/Errors/GeneralRequestError.swift (in target 'Networking' from project 'Networking')
    cd /Users/admin/builder/spi-builder-workspace/.swiftpm/xcode
    builtin-SwiftPerFileCompile GeneralRequestError.swift
SwiftCompile normal arm64 /Users/admin/builder/spi-builder-workspace/Sources/Extensions/DecodingError+Description.swift (in target 'Networking' from project 'Networking')
    cd /Users/admin/builder/spi-builder-workspace/.swiftpm/xcode
    builtin-SwiftPerFileCompile DecodingError+Description.swift
SwiftCompile normal arm64 /Users/admin/builder/spi-builder-workspace/Sources/Extensions/HTTPHeaders+Equatable.swift (in target 'Networking' from project 'Networking')
    cd /Users/admin/builder/spi-builder-workspace/.swiftpm/xcode
    builtin-SwiftPerFileCompile HTTPHeaders+Equatable.swift
SwiftCompile normal arm64 /Users/admin/builder/spi-builder-workspace/Sources/Extensions/JSONDecoder+Decode.swift (in target 'Networking' from project 'Networking')
    cd /Users/admin/builder/spi-builder-workspace/.swiftpm/xcode
    builtin-SwiftPerFileCompile JSONDecoder+Decode.swift
/Users/admin/builder/spi-builder-workspace/Sources/Extensions/DecodingError+Description.swift:8:1: warning: extension declares a conformance of imported type 'DecodingError' to imported protocol 'CustomStringConvertible'; this will not behave correctly if the owners of 'Swift' introduce this conformance in the future
 6 | import Foundation
 7 |
 8 | extension DecodingError: CustomStringConvertible {
   | |- warning: extension declares a conformance of imported type 'DecodingError' to imported protocol 'CustomStringConvertible'; this will not behave correctly if the owners of 'Swift' introduce this conformance in the future
   | `- note: add '@retroactive' to silence this warning
 9 |
10 |     public var errorDescription: String? {
SwiftCompile normal arm64 Compiling\ AuthorizationType.swift,\ StatusCode.swift,\ Endpoint.swift,\ FailableEndpoint.swift /Users/admin/builder/spi-builder-workspace/Sources/Common/AuthorizationType.swift /Users/admin/builder/spi-builder-workspace/Sources/Common/StatusCode.swift /Users/admin/builder/spi-builder-workspace/Sources/Endpoints/Endpoint.swift /Users/admin/builder/spi-builder-workspace/Sources/Endpoints/FailableEndpoint.swift (in target 'Networking' from project 'Networking')
SwiftCompile normal arm64 /Users/admin/builder/spi-builder-workspace/Sources/Common/AuthorizationType.swift (in target 'Networking' from project 'Networking')
    cd /Users/admin/builder/spi-builder-workspace/.swiftpm/xcode
    builtin-SwiftPerFileCompile AuthorizationType.swift
SwiftCompile normal arm64 /Users/admin/builder/spi-builder-workspace/Sources/Common/StatusCode.swift (in target 'Networking' from project 'Networking')
    cd /Users/admin/builder/spi-builder-workspace/.swiftpm/xcode
    builtin-SwiftPerFileCompile StatusCode.swift
SwiftCompile normal arm64 /Users/admin/builder/spi-builder-workspace/Sources/Endpoints/Endpoint.swift (in target 'Networking' from project 'Networking')
    cd /Users/admin/builder/spi-builder-workspace/.swiftpm/xcode
    builtin-SwiftPerFileCompile Endpoint.swift
SwiftCompile normal arm64 /Users/admin/builder/spi-builder-workspace/Sources/Endpoints/FailableEndpoint.swift (in target 'Networking' from project 'Networking')
    cd /Users/admin/builder/spi-builder-workspace/.swiftpm/xcode
    builtin-SwiftPerFileCompile FailableEndpoint.swift
SwiftCompile normal arm64 Compiling\ UploadRequest.swift,\ Response.swift,\ ResponseType.swift,\ AnyResponseSerializer.swift /Users/admin/builder/spi-builder-workspace/Sources/Requests/UploadRequest.swift /Users/admin/builder/spi-builder-workspace/Sources/Responses/Response.swift /Users/admin/builder/spi-builder-workspace/Sources/Responses/ResponseType.swift /Users/admin/builder/spi-builder-workspace/Sources/Serializers/AnyResponseSerializer.swift (in target 'Networking' from project 'Networking')
SwiftCompile normal arm64 /Users/admin/builder/spi-builder-workspace/Sources/Requests/UploadRequest.swift (in target 'Networking' from project 'Networking')
    cd /Users/admin/builder/spi-builder-workspace/.swiftpm/xcode
    builtin-SwiftPerFileCompile UploadRequest.swift
SwiftCompile normal arm64 /Users/admin/builder/spi-builder-workspace/Sources/Responses/Response.swift (in target 'Networking' from project 'Networking')
    cd /Users/admin/builder/spi-builder-workspace/.swiftpm/xcode
    builtin-SwiftPerFileCompile Response.swift
SwiftCompile normal arm64 /Users/admin/builder/spi-builder-workspace/Sources/Responses/ResponseType.swift (in target 'Networking' from project 'Networking')
    cd /Users/admin/builder/spi-builder-workspace/.swiftpm/xcode
    builtin-SwiftPerFileCompile ResponseType.swift
SwiftCompile normal arm64 /Users/admin/builder/spi-builder-workspace/Sources/Serializers/AnyResponseSerializer.swift (in target 'Networking' from project 'Networking')
    cd /Users/admin/builder/spi-builder-workspace/.swiftpm/xcode
    builtin-SwiftPerFileCompile AnyResponseSerializer.swift
SwiftEmitModule normal arm64 Emitting\ module\ for\ Networking (in target 'Networking' from project 'Networking')
/Users/admin/builder/spi-builder-workspace/Sources/Extensions/DecodingError+Description.swift:8:1: warning: extension declares a conformance of imported type 'DecodingError' to imported protocol 'CustomStringConvertible'; this will not behave correctly if the owners of 'Swift' introduce this conformance in the future
 6 | import Foundation
 7 |
 8 | extension DecodingError: CustomStringConvertible {
   | |- warning: extension declares a conformance of imported type 'DecodingError' to imported protocol 'CustomStringConvertible'; this will not behave correctly if the owners of 'Swift' introduce this conformance in the future
   | `- note: add '@retroactive' to silence this warning
 9 |
10 |     public var errorDescription: String? {
/Users/admin/builder/spi-builder-workspace/Sources/Extensions/HTTPHeaders+Equatable.swift:8:1: warning: extension declares a conformance of imported type 'HTTPHeaders' to imported protocol 'Equatable'; this will not behave correctly if the owners of 'Alamofire' introduce this conformance in the future
 6 | import Alamofire
 7 |
 8 | extension HTTPHeaders: Equatable {
   | |- warning: extension declares a conformance of imported type 'HTTPHeaders' to imported protocol 'Equatable'; this will not behave correctly if the owners of 'Alamofire' introduce this conformance in the future
   | `- note: add '@retroactive' to silence this warning
 9 |
10 |     public static func == (lhs: HTTPHeaders, rhs: HTTPHeaders) -> Bool {
/Users/admin/builder/spi-builder-workspace/Sources/Reachability/ReachabilityService.swift:11:26: error: cannot find type 'NetworkReachabilityManager' in scope
 9 |
10 | protocol NetworkListener: AnyObject {
11 |     typealias Listener = NetworkReachabilityManager.Listener
   |                          `- error: cannot find type 'NetworkReachabilityManager' in scope
12 |
13 |     var isReachable: Bool { get }
/Users/admin/builder/spi-builder-workspace/Sources/Reachability/ReachabilityService.swift:17:54: error: '@escaping' only applies to function types
15 |     @discardableResult
16 |     func startListening(onQueue queue: DispatchQueue,
17 |                         onUpdatePerforming listener: @escaping Listener) -> Bool
   |                                                      `- error: '@escaping' only applies to function types
18 |     func stopListening()
19 | }
/Users/admin/builder/spi-builder-workspace/Sources/Reachability/ReachabilityService.swift:21:46: error: cannot find type 'NetworkReachabilityManager' in scope
19 | }
20 |
21 | public typealias NetworkReachabilityStatus = NetworkReachabilityManager.NetworkReachabilityStatus
   |                                              `- error: cannot find type 'NetworkReachabilityManager' in scope
22 |
23 | public final class ReachabilityService: ReachabilityServiceProtocol {
/Users/admin/builder/spi-builder-workspace/Sources/Reachability/ReachabilityService.swift:60:11: error: cannot find type 'NetworkReachabilityManager' in scope
58 | }
59 |
60 | extension NetworkReachabilityManager: NetworkListener {}
   |           `- error: cannot find type 'NetworkReachabilityManager' in scope
61 |
62 | public extension NetworkReachabilityStatus {
Failed frontend command:
/Applications/Xcode-27.0.0-Release.Candidate.app/Contents/Developer/Toolchains/XcodeDefault.xctoolchain/usr/bin/swift-frontend -frontend -emit-module -experimental-skip-non-inlinable-function-bodies-without-types /Users/admin/builder/spi-builder-workspace/Sources/Common/AuthorizationType.swift /Users/admin/builder/spi-builder-workspace/Sources/Common/StatusCode.swift /Users/admin/builder/spi-builder-workspace/Sources/Endpoints/Endpoint.swift /Users/admin/builder/spi-builder-workspace/Sources/Endpoints/FailableEndpoint.swift /Users/admin/builder/spi-builder-workspace/Sources/Endpoints/ImageBodyPart.swift /Users/admin/builder/spi-builder-workspace/Sources/Endpoints/UploadEndpoint.swift /Users/admin/builder/spi-builder-workspace/Sources/ErrorHandlers/ErrorHandler.swift /Users/admin/builder/spi-builder-workspace/Sources/ErrorHandlers/ErrorHandlingResult.swift /Users/admin/builder/spi-builder-workspace/Sources/ErrorHandlers/GeneralErrorHandler.swift /Users/admin/builder/spi-builder-workspace/Sources/ErrorHandlers/UnauthorizedErrorHandler.swift /Users/admin/builder/spi-builder-workspace/Sources/Errors/AnyError.swift /Users/admin/builder/spi-builder-workspace/Sources/Errors/ErrorPayload.swift /Users/admin/builder/spi-builder-workspace/Sources/Errors/GeneralRequestError.swift /Users/admin/builder/spi-builder-workspace/Sources/Extensions/DecodingError+Description.swift /Users/admin/builder/spi-builder-workspace/Sources/Extensions/HTTPHeaders+Equatable.swift /Users/admin/builder/spi-builder-workspace/Sources/Extensions/JSONDecoder+Decode.swift /Users/admin/builder/spi-builder-workspace/Sources/Extensions/MultipartFormData+Append.swift /Users/admin/builder/spi-builder-workspace/Sources/Extensions/Response+Empty.swift /Users/admin/builder/spi-builder-workspace/Sources/Extensions/ResponseSerializer+TypeErasing.swift /Users/admin/builder/spi-builder-workspace/Sources/Extensions/URL+Math.swift /Users/admin/builder/spi-builder-workspace/Sources/Extensions/URLResponse+TextEncoding.swift /Users/admin/builder/spi-builder-workspace/Sources/Headers/RequestHeaders.swift /Users/admin/builder/spi-builder-workspace/Sources/Reachability/ReachabilityService.swift /Users/admin/builder/spi-builder-workspace/Sources/Reachability/ReachabilityServiceProtocol.swift /Users/admin/builder/spi-builder-workspace/Sources/RequestAdapters/RequestAdapter.swift /Users/admin/builder/spi-builder-workspace/Sources/RequestAdapters/TokenRequestAdapter.swift /Users/admin/builder/spi-builder-workspace/Sources/Requests/Request.swift /Users/admin/builder/spi-builder-workspace/Sources/Requests/RequestProtocols.swift /Users/admin/builder/spi-builder-workspace/Sources/Requests/UploadRequest.swift /Users/admin/builder/spi-builder-workspace/Sources/Responses/Response.swift /Users/admin/builder/spi-builder-workspace/Sources/Responses/ResponseType.swift /Users/admin/builder/spi-builder-workspace/Sources/Serializers/AnyResponseSerializer.swift /Users/admin/builder/spi-builder-workspace/Sources/Serializers/DecodableResponseSerializer.swift /Users/admin/builder/spi-builder-workspace/Sources/Serializers/JSONResponseSerializer.swift /Users/admin/builder/spi-builder-workspace/Sources/Serializers/ResponseSerializer.swift /Users/admin/builder/spi-builder-workspace/Sources/Serializers/StringResponseSerializer.swift /Users/admin/builder/spi-builder-workspace/Sources/Services/AccessTokenSupervisor.swift /Users/admin/builder/spi-builder-workspace/Sources/Services/ErrorHandlingService.swift /Users/admin/builder/spi-builder-workspace/Sources/Services/NetworkService.swift /Users/admin/builder/spi-builder-workspace/Sources/Services/RequestAdaptingService.swift -target arm64-apple-watchos9.0 -disable-cross-import-overlay-search -load-resolved-plugin /Applications/Xcode-27.0.0-Release.Candidate.app/Contents/Developer/Platforms/WatchOS.platform/Developer/usr/lib/swift/host/plugins/libFoundationMacros.dylib\#/Applications/Xcode-27.0.0-Release.Candidate.app/Contents/Developer/Platforms/WatchOS.platform/Developer/usr/bin/swift-plugin-server\#FoundationMacros -load-resolved-plugin /Applications/Xcode-27.0.0-Release.Candidate.app/Contents/Developer/Platforms/WatchOS.platform/Developer/usr/lib/swift/host/plugins/libObservationMacros.dylib\#/Applications/Xcode-27.0.0-Release.Candidate.app/Contents/Developer/Platforms/WatchOS.platform/Developer/usr/bin/swift-plugin-server\#ObservationMacros -load-resolved-plugin /Applications/Xcode-27.0.0-Release.Candidate.app/Contents/Developer/Platforms/WatchOS.platform/Developer/usr/lib/swift/host/plugins/libSwiftMacros.dylib\#/Applications/Xcode-27.0.0-Release.Candidate.app/Contents/Developer/Platforms/WatchOS.platform/Developer/usr/bin/swift-plugin-server\#SwiftMacros -disable-implicit-swift-modules -Xcc -fno-implicit-modules -Xcc -fno-implicit-module-maps -explicit-swift-module-map-file /Users/admin/builder/spi-builder-workspace/.derivedData/Build/Intermediates.noindex/Networking.build/Debug-watchos/Networking-t.build/Objects-normal/arm64/Networking-dependencies-1.json -Xllvm -aarch64-use-tbi -enable-objc-interop -stack-check -sdk /Applications/Xcode-27.0.0-Release.Candidate.app/Contents/Developer/Platforms/WatchOS.platform/Developer/SDKs/WatchOS27.0.sdk -I /Users/admin/builder/spi-builder-workspace/.derivedData/Build/Products/Debug-watchos -Isystem /Applications/Xcode-27.0.0-Release.Candidate.app/Contents/Developer/Platforms/WatchOS.platform/Developer/usr/lib -F /Users/admin/builder/spi-builder-workspace/.derivedData/Build/Products/Debug-watchos/PackageFrameworks -F /Users/admin/builder/spi-builder-workspace/.derivedData/Build/Products/Debug-watchos -F /Applications/Xcode-27.0.0-Release.Candidate.app/Contents/Developer/Platforms/WatchOS.platform/Developer/Library/Frameworks -F /Applications/Xcode-27.0.0-Release.Candidate.app/Contents/Developer/Platforms/WatchOS.platform/Developer/SDKs/WatchOS27.0.sdk/Developer/Library/Frameworks -module-cache-path /Users/admin/builder/spi-builder-workspace/.derivedData/Build/Intermediates.noindex/SwiftExplicitPrecompiledModules -no-color-diagnostics -Xcc -fno-color-diagnostics -enable-testing -g -debug-info-format\=dwarf -dwarf-version\=4 -swift-version 5 -Onone -D SWIFT_PACKAGE -D DEBUG -D SWIFT_MODULE_RESOURCE_BUNDLE_UNAVAILABLE -D Xcode -serialize-debugging-options -enable-experimental-feature DebugDescriptionMacro -empty-abi-descriptor -validate-clang-modules-once -clang-build-session-file /Users/admin/builder/spi-builder-workspace/.derivedData/ModuleCache.noindex/Session.modulevalidation -Xcc -working-directory -Xcc /Users/admin/builder/spi-builder-workspace/.swiftpm/xcode -enable-anonymous-context-mangled-names -file-compilation-dir /Users/admin/builder/spi-builder-workspace/.swiftpm/xcode -Xcc -D_LIBCPP_HARDENING_MODE\=_LIBCPP_HARDENING_MODE_DEBUG -Xcc -ivfsstatcache -Xcc /Users/admin/builder/spi-builder-workspace/.derivedData/SDKStatCaches.noindex/watchos27.0-24R360-e829b21a6f8c9b70876ba0858053c04477534ef55a1706bf4c1112bbb242f0a2.sdkstatcache -Xcc -fmodules-prune-interval\=86400 -Xcc -fmodules-prune-after\=345600 -Xcc -I/Users/admin/builder/spi-builder-workspace/.derivedData/Build/Products/Debug-watchos/include -Xcc -I/Users/admin/builder/spi-builder-workspace/.derivedData/Build/Intermediates.noindex/Networking.build/Debug-watchos/Networking-t.build/DerivedSources-normal/arm64 -Xcc -I/Users/admin/builder/spi-builder-workspace/.derivedData/Build/Intermediates.noindex/Networking.build/Debug-watchos/Networking-t.build/DerivedSources/arm64 -Xcc -I/Users/admin/builder/spi-builder-workspace/.derivedData/Build/Intermediates.noindex/Networking.build/Debug-watchos/Networking-t.build/DerivedSources -Xcc -DSWIFT_PACKAGE -Xcc -DDEBUG\=1 -no-auto-bridging-header-chaining -module-name Networking -const-gather-protocols-file /Users/admin/builder/spi-builder-workspace/.derivedData/Build/Intermediates.noindex/Networking.build/Debug-watchos/Networking-t.build/Objects-normal/arm64/Networking_const_extract_protocols.json -disable-clang-spi -clang-target arm64-apple-watchos27.0 -target-sdk-version 27.0 -target-sdk-name watchos27.0 -in-process-plugin-server-path /Applications/Xcode-27.0.0-Release.Candidate.app/Contents/Developer/Toolchains/XcodeDefault.xctoolchain/usr/lib/swift/host/libSwiftInProcPluginServer.dylib -emit-module-doc-path /Users/admin/builder/spi-builder-workspace/.derivedData/Build/Intermediates.noindex/Networking.build/Debug-watchos/Networking-t.build/Objects-normal/arm64/Networking.swiftdoc -emit-module-source-info-path /Users/admin/builder/spi-builder-workspace/.derivedData/Build/Intermediates.noindex/Networking.build/Debug-watchos/Networking-t.build/Objects-normal/arm64/Networking.swiftsourceinfo -emit-objc-header-path /Users/admin/builder/spi-builder-workspace/.derivedData/Build/Intermediates.noindex/Networking.build/Debug-watchos/Networking-t.build/Objects-normal/arm64/Networking-Swift.h -serialize-diagnostics-path /Users/admin/builder/spi-builder-workspace/.derivedData/Build/Intermediates.noindex/Networking.build/Debug-watchos/Networking-t.build/Objects-normal/arm64/Networking-primary-emit-module.dia -emit-dependencies-path /Users/admin/builder/spi-builder-workspace/.derivedData/Build/Intermediates.noindex/Networking.build/Debug-watchos/Networking-t.build/Objects-normal/arm64/Networking-primary-emit-module.d -parse-as-library -o /Users/admin/builder/spi-builder-workspace/.derivedData/Build/Intermediates.noindex/Networking.build/Debug-watchos/Networking-t.build/Objects-normal/arm64/Networking.swiftmodule -emit-abi-descriptor-path /Users/admin/builder/spi-builder-workspace/.derivedData/Build/Intermediates.noindex/Networking.build/Debug-watchos/Networking-t.build/Objects-normal/arm64/Networking.abi.json
SwiftCompile normal arm64 (in target 'Networking' from project 'Networking')
    cd /Users/admin/builder/spi-builder-workspace/.swiftpm/xcode

SwiftCompile normal arm64_32 Compiling\ ImageBodyPart.swift,\ UploadEndpoint.swift,\ ErrorHandler.swift,\ ErrorHandlingResult.swift /Users/admin/builder/spi-builder-workspace/Sources/Endpoints/ImageBodyPart.swift /Users/admin/builder/spi-builder-workspace/Sources/Endpoints/UploadEndpoint.swift /Users/admin/builder/spi-builder-workspace/Sources/ErrorHandlers/ErrorHandler.swift /Users/admin/builder/spi-builder-workspace/Sources/ErrorHandlers/ErrorHandlingResult.swift (in target 'Networking' from project 'Networking')
SwiftCompile normal arm64_32 /Users/admin/builder/spi-builder-workspace/Sources/Endpoints/ImageBodyPart.swift (in target 'Networking' from project 'Networking')
    cd /Users/admin/builder/spi-builder-workspace/.swiftpm/xcode
    builtin-SwiftPerFileCompile ImageBodyPart.swift
SwiftCompile normal arm64_32 /Users/admin/builder/spi-builder-workspace/Sources/Endpoints/UploadEndpoint.swift (in target 'Networking' from project 'Networking')
    cd /Users/admin/builder/spi-builder-workspace/.swiftpm/xcode
    builtin-SwiftPerFileCompile UploadEndpoint.swift
SwiftCompile normal arm64_32 /Users/admin/builder/spi-builder-workspace/Sources/ErrorHandlers/ErrorHandler.swift (in target 'Networking' from project 'Networking')
    cd /Users/admin/builder/spi-builder-workspace/.swiftpm/xcode
    builtin-SwiftPerFileCompile ErrorHandler.swift
SwiftCompile normal arm64_32 /Users/admin/builder/spi-builder-workspace/Sources/ErrorHandlers/ErrorHandlingResult.swift (in target 'Networking' from project 'Networking')
    cd /Users/admin/builder/spi-builder-workspace/.swiftpm/xcode
    builtin-SwiftPerFileCompile ErrorHandlingResult.swift
SwiftCompile normal arm64 Compiling\ DecodableResponseSerializer.swift,\ JSONResponseSerializer.swift,\ ResponseSerializer.swift,\ StringResponseSerializer.swift /Users/admin/builder/spi-builder-workspace/Sources/Serializers/DecodableResponseSerializer.swift /Users/admin/builder/spi-builder-workspace/Sources/Serializers/JSONResponseSerializer.swift /Users/admin/builder/spi-builder-workspace/Sources/Serializers/ResponseSerializer.swift /Users/admin/builder/spi-builder-workspace/Sources/Serializers/StringResponseSerializer.swift (in target 'Networking' from project 'Networking')
SwiftCompile normal arm64 /Users/admin/builder/spi-builder-workspace/Sources/Serializers/DecodableResponseSerializer.swift (in target 'Networking' from project 'Networking')
    cd /Users/admin/builder/spi-builder-workspace/.swiftpm/xcode
    builtin-SwiftPerFileCompile DecodableResponseSerializer.swift
SwiftCompile normal arm64 /Users/admin/builder/spi-builder-workspace/Sources/Serializers/JSONResponseSerializer.swift (in target 'Networking' from project 'Networking')
    cd /Users/admin/builder/spi-builder-workspace/.swiftpm/xcode
    builtin-SwiftPerFileCompile JSONResponseSerializer.swift
SwiftCompile normal arm64 /Users/admin/builder/spi-builder-workspace/Sources/Serializers/ResponseSerializer.swift (in target 'Networking' from project 'Networking')
    cd /Users/admin/builder/spi-builder-workspace/.swiftpm/xcode
    builtin-SwiftPerFileCompile ResponseSerializer.swift
SwiftCompile normal arm64 /Users/admin/builder/spi-builder-workspace/Sources/Serializers/StringResponseSerializer.swift (in target 'Networking' from project 'Networking')
    cd /Users/admin/builder/spi-builder-workspace/.swiftpm/xcode
    builtin-SwiftPerFileCompile StringResponseSerializer.swift
SwiftEmitModule normal arm64_32 Emitting\ module\ for\ Networking (in target 'Networking' from project 'Networking')
/Users/admin/builder/spi-builder-workspace/Sources/Extensions/DecodingError+Description.swift:8:1: warning: extension declares a conformance of imported type 'DecodingError' to imported protocol 'CustomStringConvertible'; this will not behave correctly if the owners of 'Swift' introduce this conformance in the future
 6 | import Foundation
 7 |
 8 | extension DecodingError: CustomStringConvertible {
   | |- warning: extension declares a conformance of imported type 'DecodingError' to imported protocol 'CustomStringConvertible'; this will not behave correctly if the owners of 'Swift' introduce this conformance in the future
   | `- note: add '@retroactive' to silence this warning
 9 |
10 |     public var errorDescription: String? {
/Users/admin/builder/spi-builder-workspace/Sources/Extensions/HTTPHeaders+Equatable.swift:8:1: warning: extension declares a conformance of imported type 'HTTPHeaders' to imported protocol 'Equatable'; this will not behave correctly if the owners of 'Alamofire' introduce this conformance in the future
 6 | import Alamofire
 7 |
 8 | extension HTTPHeaders: Equatable {
   | |- warning: extension declares a conformance of imported type 'HTTPHeaders' to imported protocol 'Equatable'; this will not behave correctly if the owners of 'Alamofire' introduce this conformance in the future
   | `- note: add '@retroactive' to silence this warning
 9 |
10 |     public static func == (lhs: HTTPHeaders, rhs: HTTPHeaders) -> Bool {
/Users/admin/builder/spi-builder-workspace/Sources/Reachability/ReachabilityService.swift:11:26: error: cannot find type 'NetworkReachabilityManager' in scope
 9 |
10 | protocol NetworkListener: AnyObject {
11 |     typealias Listener = NetworkReachabilityManager.Listener
   |                          `- error: cannot find type 'NetworkReachabilityManager' in scope
12 |
13 |     var isReachable: Bool { get }
/Users/admin/builder/spi-builder-workspace/Sources/Reachability/ReachabilityService.swift:17:54: error: '@escaping' only applies to function types
15 |     @discardableResult
16 |     func startListening(onQueue queue: DispatchQueue,
17 |                         onUpdatePerforming listener: @escaping Listener) -> Bool
   |                                                      `- error: '@escaping' only applies to function types
18 |     func stopListening()
19 | }
/Users/admin/builder/spi-builder-workspace/Sources/Reachability/ReachabilityService.swift:21:46: error: cannot find type 'NetworkReachabilityManager' in scope
19 | }
20 |
21 | public typealias NetworkReachabilityStatus = NetworkReachabilityManager.NetworkReachabilityStatus
   |                                              `- error: cannot find type 'NetworkReachabilityManager' in scope
22 |
23 | public final class ReachabilityService: ReachabilityServiceProtocol {
/Users/admin/builder/spi-builder-workspace/Sources/Reachability/ReachabilityService.swift:60:11: error: cannot find type 'NetworkReachabilityManager' in scope
58 | }
59 |
60 | extension NetworkReachabilityManager: NetworkListener {}
   |           `- error: cannot find type 'NetworkReachabilityManager' in scope
61 |
62 | public extension NetworkReachabilityStatus {
SwiftCompile normal arm64_32 (in target 'Networking' from project 'Networking')
    cd /Users/admin/builder/spi-builder-workspace/.swiftpm/xcode

SwiftCompile normal arm64_32 Compiling\ DecodableResponseSerializer.swift,\ JSONResponseSerializer.swift,\ ResponseSerializer.swift,\ StringResponseSerializer.swift /Users/admin/builder/spi-builder-workspace/Sources/Serializers/DecodableResponseSerializer.swift /Users/admin/builder/spi-builder-workspace/Sources/Serializers/JSONResponseSerializer.swift /Users/admin/builder/spi-builder-workspace/Sources/Serializers/ResponseSerializer.swift /Users/admin/builder/spi-builder-workspace/Sources/Serializers/StringResponseSerializer.swift (in target 'Networking' from project 'Networking')
SwiftCompile normal arm64_32 /Users/admin/builder/spi-builder-workspace/Sources/Serializers/DecodableResponseSerializer.swift (in target 'Networking' from project 'Networking')
    cd /Users/admin/builder/spi-builder-workspace/.swiftpm/xcode
    builtin-SwiftPerFileCompile DecodableResponseSerializer.swift
SwiftCompile normal arm64_32 /Users/admin/builder/spi-builder-workspace/Sources/Serializers/JSONResponseSerializer.swift (in target 'Networking' from project 'Networking')
    cd /Users/admin/builder/spi-builder-workspace/.swiftpm/xcode
    builtin-SwiftPerFileCompile JSONResponseSerializer.swift
SwiftCompile normal arm64_32 /Users/admin/builder/spi-builder-workspace/Sources/Serializers/ResponseSerializer.swift (in target 'Networking' from project 'Networking')
    cd /Users/admin/builder/spi-builder-workspace/.swiftpm/xcode
    builtin-SwiftPerFileCompile ResponseSerializer.swift
SwiftCompile normal arm64_32 /Users/admin/builder/spi-builder-workspace/Sources/Serializers/StringResponseSerializer.swift (in target 'Networking' from project 'Networking')
    cd /Users/admin/builder/spi-builder-workspace/.swiftpm/xcode
    builtin-SwiftPerFileCompile StringResponseSerializer.swift
SwiftCompile normal arm64_32 Compiling\ AccessTokenSupervisor.swift,\ ErrorHandlingService.swift,\ NetworkService.swift,\ RequestAdaptingService.swift /Users/admin/builder/spi-builder-workspace/Sources/Services/AccessTokenSupervisor.swift /Users/admin/builder/spi-builder-workspace/Sources/Services/ErrorHandlingService.swift /Users/admin/builder/spi-builder-workspace/Sources/Services/NetworkService.swift /Users/admin/builder/spi-builder-workspace/Sources/Services/RequestAdaptingService.swift (in target 'Networking' from project 'Networking')
SwiftCompile normal arm64_32 /Users/admin/builder/spi-builder-workspace/Sources/Services/AccessTokenSupervisor.swift (in target 'Networking' from project 'Networking')
    cd /Users/admin/builder/spi-builder-workspace/.swiftpm/xcode
    builtin-SwiftPerFileCompile AccessTokenSupervisor.swift
SwiftCompile normal arm64_32 /Users/admin/builder/spi-builder-workspace/Sources/Services/ErrorHandlingService.swift (in target 'Networking' from project 'Networking')
    cd /Users/admin/builder/spi-builder-workspace/.swiftpm/xcode
    builtin-SwiftPerFileCompile ErrorHandlingService.swift
SwiftCompile normal arm64_32 /Users/admin/builder/spi-builder-workspace/Sources/Services/NetworkService.swift (in target 'Networking' from project 'Networking')
    cd /Users/admin/builder/spi-builder-workspace/.swiftpm/xcode
    builtin-SwiftPerFileCompile NetworkService.swift
SwiftCompile normal arm64_32 /Users/admin/builder/spi-builder-workspace/Sources/Services/RequestAdaptingService.swift (in target 'Networking' from project 'Networking')
    cd /Users/admin/builder/spi-builder-workspace/.swiftpm/xcode
    builtin-SwiftPerFileCompile RequestAdaptingService.swift
SwiftDriverJobDiscovery normal arm64_32 Compiling RequestInterceptor.swift, RequestTaskMap.swift, Response.swift (in target 'Alamofire' from project 'Alamofire')
SwiftCompile normal arm64_32 Compiling\ RequestAdapter.swift,\ TokenRequestAdapter.swift,\ Request.swift,\ RequestProtocols.swift /Users/admin/builder/spi-builder-workspace/Sources/RequestAdapters/RequestAdapter.swift /Users/admin/builder/spi-builder-workspace/Sources/RequestAdapters/TokenRequestAdapter.swift /Users/admin/builder/spi-builder-workspace/Sources/Requests/Request.swift /Users/admin/builder/spi-builder-workspace/Sources/Requests/RequestProtocols.swift (in target 'Networking' from project 'Networking')
SwiftCompile normal arm64_32 /Users/admin/builder/spi-builder-workspace/Sources/RequestAdapters/RequestAdapter.swift (in target 'Networking' from project 'Networking')
    cd /Users/admin/builder/spi-builder-workspace/.swiftpm/xcode
    builtin-SwiftPerFileCompile RequestAdapter.swift
SwiftCompile normal arm64_32 /Users/admin/builder/spi-builder-workspace/Sources/RequestAdapters/TokenRequestAdapter.swift (in target 'Networking' from project 'Networking')
    cd /Users/admin/builder/spi-builder-workspace/.swiftpm/xcode
    builtin-SwiftPerFileCompile TokenRequestAdapter.swift
SwiftCompile normal arm64_32 /Users/admin/builder/spi-builder-workspace/Sources/Requests/Request.swift (in target 'Networking' from project 'Networking')
    cd /Users/admin/builder/spi-builder-workspace/.swiftpm/xcode
    builtin-SwiftPerFileCompile Request.swift
SwiftCompile normal arm64_32 /Users/admin/builder/spi-builder-workspace/Sources/Requests/RequestProtocols.swift (in target 'Networking' from project 'Networking')
    cd /Users/admin/builder/spi-builder-workspace/.swiftpm/xcode
    builtin-SwiftPerFileCompile RequestProtocols.swift
SwiftDriverJobDiscovery normal arm64 Compiling ImageBodyPart.swift, UploadEndpoint.swift, ErrorHandler.swift, ErrorHandlingResult.swift (in target 'Networking' from project 'Networking')
SwiftCompile normal arm64_32 Compiling\ AuthorizationType.swift,\ StatusCode.swift,\ Endpoint.swift,\ FailableEndpoint.swift /Users/admin/builder/spi-builder-workspace/Sources/Common/AuthorizationType.swift /Users/admin/builder/spi-builder-workspace/Sources/Common/StatusCode.swift /Users/admin/builder/spi-builder-workspace/Sources/Endpoints/Endpoint.swift /Users/admin/builder/spi-builder-workspace/Sources/Endpoints/FailableEndpoint.swift (in target 'Networking' from project 'Networking')
SwiftCompile normal arm64_32 /Users/admin/builder/spi-builder-workspace/Sources/Common/AuthorizationType.swift (in target 'Networking' from project 'Networking')
    cd /Users/admin/builder/spi-builder-workspace/.swiftpm/xcode
    builtin-SwiftPerFileCompile AuthorizationType.swift
SwiftCompile normal arm64_32 /Users/admin/builder/spi-builder-workspace/Sources/Common/StatusCode.swift (in target 'Networking' from project 'Networking')
    cd /Users/admin/builder/spi-builder-workspace/.swiftpm/xcode
    builtin-SwiftPerFileCompile StatusCode.swift
SwiftCompile normal arm64_32 /Users/admin/builder/spi-builder-workspace/Sources/Endpoints/Endpoint.swift (in target 'Networking' from project 'Networking')
    cd /Users/admin/builder/spi-builder-workspace/.swiftpm/xcode
    builtin-SwiftPerFileCompile Endpoint.swift
SwiftCompile normal arm64_32 /Users/admin/builder/spi-builder-workspace/Sources/Endpoints/FailableEndpoint.swift (in target 'Networking' from project 'Networking')
    cd /Users/admin/builder/spi-builder-workspace/.swiftpm/xcode
    builtin-SwiftPerFileCompile FailableEndpoint.swift
SwiftDriverJobDiscovery normal arm64_32 Compiling ImageBodyPart.swift, UploadEndpoint.swift, ErrorHandler.swift, ErrorHandlingResult.swift (in target 'Networking' from project 'Networking')
SwiftCompile normal arm64_32 Compiling\ UploadRequest.swift,\ Response.swift,\ ResponseType.swift,\ AnyResponseSerializer.swift /Users/admin/builder/spi-builder-workspace/Sources/Requests/UploadRequest.swift /Users/admin/builder/spi-builder-workspace/Sources/Responses/Response.swift /Users/admin/builder/spi-builder-workspace/Sources/Responses/ResponseType.swift /Users/admin/builder/spi-builder-workspace/Sources/Serializers/AnyResponseSerializer.swift (in target 'Networking' from project 'Networking')
SwiftCompile normal arm64_32 /Users/admin/builder/spi-builder-workspace/Sources/Requests/UploadRequest.swift (in target 'Networking' from project 'Networking')
    cd /Users/admin/builder/spi-builder-workspace/.swiftpm/xcode
    builtin-SwiftPerFileCompile UploadRequest.swift
SwiftCompile normal arm64_32 /Users/admin/builder/spi-builder-workspace/Sources/Responses/Response.swift (in target 'Networking' from project 'Networking')
    cd /Users/admin/builder/spi-builder-workspace/.swiftpm/xcode
    builtin-SwiftPerFileCompile Response.swift
SwiftCompile normal arm64_32 /Users/admin/builder/spi-builder-workspace/Sources/Responses/ResponseType.swift (in target 'Networking' from project 'Networking')
    cd /Users/admin/builder/spi-builder-workspace/.swiftpm/xcode
    builtin-SwiftPerFileCompile ResponseType.swift
SwiftCompile normal arm64_32 /Users/admin/builder/spi-builder-workspace/Sources/Serializers/AnyResponseSerializer.swift (in target 'Networking' from project 'Networking')
    cd /Users/admin/builder/spi-builder-workspace/.swiftpm/xcode
    builtin-SwiftPerFileCompile AnyResponseSerializer.swift
PruneExplicitPrecompiledModules /Users/admin/builder/spi-builder-workspace/.derivedData/Build/Intermediates.noindex/ExplicitPrecompiledModules
PruneExplicitPrecompiledModules /Users/admin/builder/spi-builder-workspace/.derivedData/Build/Intermediates.noindex/SwiftExplicitPrecompiledModules
PruneExplicitPrecompiledModules /Users/admin/builder/spi-builder-workspace/.derivedData/SDKExplicitPrecompiledModules
2026-09-17 22:48:03.516 xcodebuild[691:4445] [MT] IDERunDestination: Supported platforms for the buildables in the current scheme is empty.
** BUILD FAILED **
The following build commands failed:
	SwiftEmitModule normal arm64 Emitting\ module\ for\ Networking (in target 'Networking' from project 'Networking')
	SwiftCompile normal arm64 (in target 'Networking' from project 'Networking')
	Building workspace Networking with scheme Networking
(3 failures)
Command line invocation:
    /Applications/Xcode-27.0.0-Release.Candidate.app/Contents/Developer/usr/bin/xcodebuild -IDEClonedSourcePackagesDirPathOverride=/Users/admin/builder/spi-builder-workspace/.dependencies -resolvePackageDependencies
Resolve Package Graph
Resolved source packages:
  Networking: /Users/admin/builder/spi-builder-workspace
  Alamofire: https://github.com/Alamofire/Alamofire @ 5.2.2
resolved source packages: Networking, Alamofire
2026-09-17 22:48:11.713 xcodebuild[806:5066] [MT] IDERunDestination: Supported platforms for the buildables in the current scheme is empty.
{
  "dependencies" : [
    {
      "identity" : "alamofire",
      "requirement" : {
        "range" : [
          {
            "lower_bound" : "5.0.0",
            "upper_bound" : "6.0.0"
          }
        ]
      },
      "type" : "sourceControl",
      "url" : "https://github.com/Alamofire/Alamofire"
    }
  ],
  "manifest_display_name" : "Networking",
  "name" : "Networking",
  "path" : "/Users/admin/builder/spi-builder-workspace",
  "platforms" : [
    {
      "name" : "macos",
      "version" : "10.15"
    },
    {
      "name" : "ios",
      "version" : "13.0"
    },
    {
      "name" : "tvos",
      "version" : "11.0"
    },
    {
      "name" : "watchos",
      "version" : "4.0"
    }
  ],
  "products" : [
    {
      "name" : "Networking",
      "targets" : [
        "Networking"
      ],
      "type" : {
        "library" : [
          "automatic"
        ]
      }
    }
  ],
  "targets" : [
    {
      "c99name" : "Networking",
      "module_type" : "SwiftTarget",
      "name" : "Networking",
      "path" : "Sources",
      "product_dependencies" : [
        "Alamofire"
      ],
      "product_memberships" : [
        "Networking"
      ],
      "sources" : [
        "Common/AuthorizationType.swift",
        "Common/StatusCode.swift",
        "Endpoints/Endpoint.swift",
        "Endpoints/FailableEndpoint.swift",
        "Endpoints/ImageBodyPart.swift",
        "Endpoints/UploadEndpoint.swift",
        "ErrorHandlers/ErrorHandler.swift",
        "ErrorHandlers/ErrorHandlingResult.swift",
        "ErrorHandlers/GeneralErrorHandler.swift",
        "ErrorHandlers/UnauthorizedErrorHandler.swift",
        "Errors/AnyError.swift",
        "Errors/ErrorPayload.swift",
        "Errors/GeneralRequestError.swift",
        "Extensions/DecodingError+Description.swift",
        "Extensions/HTTPHeaders+Equatable.swift",
        "Extensions/JSONDecoder+Decode.swift",
        "Extensions/MultipartFormData+Append.swift",
        "Extensions/Response+Empty.swift",
        "Extensions/ResponseSerializer+TypeErasing.swift",
        "Extensions/URL+Math.swift",
        "Extensions/URLResponse+TextEncoding.swift",
        "Headers/RequestHeaders.swift",
        "Reachability/ReachabilityService.swift",
        "Reachability/ReachabilityServiceProtocol.swift",
        "RequestAdapters/RequestAdapter.swift",
        "RequestAdapters/TokenRequestAdapter.swift",
        "Requests/Request.swift",
        "Requests/RequestProtocols.swift",
        "Requests/UploadRequest.swift",
        "Responses/Response.swift",
        "Responses/ResponseType.swift",
        "Serializers/AnyResponseSerializer.swift",
        "Serializers/DecodableResponseSerializer.swift",
        "Serializers/JSONResponseSerializer.swift",
        "Serializers/ResponseSerializer.swift",
        "Serializers/StringResponseSerializer.swift",
        "Services/AccessTokenSupervisor.swift",
        "Services/ErrorHandlingService.swift",
        "Services/NetworkService.swift",
        "Services/RequestAdaptingService.swift"
      ],
      "type" : "library"
    }
  ],
  "tools_version" : "5.1"
}
{
  "workspace" : {
    "name" : "Networking",
    "schemes" : [
      "Networking"
    ]
  }
}
2026-09-17 22:48:13.037 xcodebuild[814:5132] [MT] IDERunDestination: Supported platforms for the buildables in the current scheme is empty.
Running build ...
env DEVELOPER_DIR=/Applications/Xcode-27.0.0-Release.Candidate.app xcrun xcodebuild -IDEClonedSourcePackagesDirPathOverride=$PWD/.dependencies -skipMacroValidation -skipPackagePluginValidation -derivedDataPath $PWD/.derivedData build -scheme Networking -destination generic/platform=watchOS
Command line invocation:
    /Applications/Xcode-27.0.0-Release.Candidate.app/Contents/Developer/usr/bin/xcodebuild -IDEClonedSourcePackagesDirPathOverride=/Users/admin/builder/spi-builder-workspace/.dependencies -skipMacroValidation -skipPackagePluginValidation -derivedDataPath /Users/admin/builder/spi-builder-workspace/.derivedData build -scheme Networking -destination generic/platform=watchOS
Resolve Package Graph
Resolved source packages:
  Networking: /Users/admin/builder/spi-builder-workspace
  Alamofire: https://github.com/Alamofire/Alamofire @ 5.2.2
ComputePackagePrebuildTargetDependencyGraph
Prepare packages
CreateBuildRequest
SendProjectDescription
CreateBuildOperation
ComputeTargetDependencyGraph
note: Building targets in dependency order
note: Target dependency graph (4 targets)
    Target 'Networking-product' in project 'Networking'
        ➜ Explicit dependency on target 'Networking' in project 'Networking'
        ➜ Explicit dependency on target 'Alamofire-product' in project 'Alamofire'
    Target 'Networking' in project 'Networking'
        ➜ Explicit dependency on target 'Alamofire-product' in project 'Alamofire'
    Target 'Alamofire-product' in project 'Alamofire'
        ➜ Explicit dependency on target 'Alamofire' in project 'Alamofire'
    Target 'Alamofire' in project 'Alamofire' (no dependencies)
GatherProvisioningInputs
CreateBuildDescription
ClangStatCache /Applications/Xcode-27.0.0-Release.Candidate.app/Contents/Developer/Toolchains/XcodeDefault.xctoolchain/usr/bin/clang-stat-cache /Applications/Xcode-27.0.0-Release.Candidate.app/Contents/Developer/Platforms/WatchOS.platform/Developer/SDKs/WatchOS27.0.sdk /Users/admin/builder/spi-builder-workspace/.derivedData/SDKStatCaches.noindex/watchos27.0-24R360-e829b21a6f8c9b70876ba0858053c04477534ef55a1706bf4c1112bbb242f0a2.sdkstatcache
    cd /Users/admin/builder/spi-builder-workspace/.swiftpm/xcode
    /Applications/Xcode-27.0.0-Release.Candidate.app/Contents/Developer/Toolchains/XcodeDefault.xctoolchain/usr/bin/clang-stat-cache /Applications/Xcode-27.0.0-Release.Candidate.app/Contents/Developer/Platforms/WatchOS.platform/Developer/SDKs/WatchOS27.0.sdk -o /Users/admin/builder/spi-builder-workspace/.derivedData/SDKStatCaches.noindex/watchos27.0-24R360-e829b21a6f8c9b70876ba0858053c04477534ef55a1706bf4c1112bbb242f0a2.sdkstatcache
SwiftDriver Networking normal arm64 com.apple.xcode.tools.swift.compiler (in target 'Networking' from project 'Networking')
    cd /Users/admin/builder/spi-builder-workspace/.swiftpm/xcode
    builtin-SwiftDriver -- /Applications/Xcode-27.0.0-Release.Candidate.app/Contents/Developer/Toolchains/XcodeDefault.xctoolchain/usr/bin/swiftc -parse-as-library -module-name Networking -Onone @/Users/admin/builder/spi-builder-workspace/.derivedData/Build/Intermediates.noindex/Networking.build/Debug-watchos/Networking-t.build/Objects-normal/arm64/Networking.SwiftFileList -DSWIFT_PACKAGE -DDEBUG -DSWIFT_MODULE_RESOURCE_BUNDLE_UNAVAILABLE -DXcode -plugin-path /Applications/Xcode-27.0.0-Release.Candidate.app/Contents/Developer/Toolchains/XcodeDefault.xctoolchain/usr/lib/swift/host/plugins/testing -enable-experimental-feature DebugDescriptionMacro -sdk /Applications/Xcode-27.0.0-Release.Candidate.app/Contents/Developer/Platforms/WatchOS.platform/Developer/SDKs/WatchOS27.0.sdk -target arm64-apple-watchos9.0 -g -module-cache-path /Users/admin/builder/spi-builder-workspace/.derivedData/ModuleCache.noindex -Xfrontend -serialize-debugging-options -enable-testing -index-store-path /Users/admin/builder/spi-builder-workspace/.derivedData/Index.noindex/DataStore -Xcc -D_LIBCPP_HARDENING_MODE\=_LIBCPP_HARDENING_MODE_DEBUG -swift-version 5 -I /Users/admin/builder/spi-builder-workspace/.derivedData/Build/Products/Debug-watchos -Isystem /Applications/Xcode-27.0.0-Release.Candidate.app/Contents/Developer/Platforms/WatchOS.platform/Developer/usr/lib -F /Users/admin/builder/spi-builder-workspace/.derivedData/Build/Products/Debug-watchos/PackageFrameworks -F /Users/admin/builder/spi-builder-workspace/.derivedData/Build/Products/Debug-watchos -F /Applications/Xcode-27.0.0-Release.Candidate.app/Contents/Developer/Platforms/WatchOS.platform/Developer/Library/Frameworks -F /Applications/Xcode-27.0.0-Release.Candidate.app/Contents/Developer/Platforms/WatchOS.platform/Developer/SDKs/WatchOS27.0.sdk/Developer/Library/Frameworks -c -j10 -enable-batch-mode -incremental -Xcc -ivfsstatcache -Xcc /Users/admin/builder/spi-builder-workspace/.derivedData/SDKStatCaches.noindex/watchos27.0-24R360-e829b21a6f8c9b70876ba0858053c04477534ef55a1706bf4c1112bbb242f0a2.sdkstatcache -output-file-map /Users/admin/builder/spi-builder-workspace/.derivedData/Build/Intermediates.noindex/Networking.build/Debug-watchos/Networking-t.build/Objects-normal/arm64/Networking-OutputFileMap.json -save-temps -no-color-diagnostics -explicit-module-build -module-cache-path /Users/admin/builder/spi-builder-workspace/.derivedData/Build/Intermediates.noindex/SwiftExplicitPrecompiledModules -clang-scanner-module-cache-path /Users/admin/builder/spi-builder-workspace/.derivedData/ModuleCache.noindex -sdk-module-cache-path /Users/admin/builder/spi-builder-workspace/.derivedData/SDKExplicitPrecompiledModules -emit-dependencies -emit-module -emit-module-path /Users/admin/builder/spi-builder-workspace/.derivedData/Build/Intermediates.noindex/Networking.build/Debug-watchos/Networking-t.build/Objects-normal/arm64/Networking.swiftmodule -serialize-diagnostics -dependency-scan-serialize-diagnostics-path /Users/admin/builder/spi-builder-workspace/.derivedData/Build/Intermediates.noindex/Networking.build/Debug-watchos/Networking-t.build/Objects-normal/arm64/Networking-dependency-scan.dia -validate-clang-modules-once -clang-build-session-file /Users/admin/builder/spi-builder-workspace/.derivedData/ModuleCache.noindex/Session.modulevalidation -Xcc -fmodules-prune-interval\=86400 -Xcc -fmodules-prune-after\=345600 -emit-const-values -const-gather-protocols-list /Users/admin/builder/spi-builder-workspace/.derivedData/Build/Intermediates.noindex/Networking.build/Debug-watchos/Networking-t.build/Objects-normal/arm64/Networking_const_extract_protocols.json -Xcc -I/Users/admin/builder/spi-builder-workspace/.derivedData/Build/Products/Debug-watchos/include -Xcc -I/Users/admin/builder/spi-builder-workspace/.derivedData/Build/Intermediates.noindex/Networking.build/Debug-watchos/Networking-t.build/DerivedSources-normal/arm64 -Xcc -I/Users/admin/builder/spi-builder-workspace/.derivedData/Build/Intermediates.noindex/Networking.build/Debug-watchos/Networking-t.build/DerivedSources/arm64 -Xcc -I/Users/admin/builder/spi-builder-workspace/.derivedData/Build/Intermediates.noindex/Networking.build/Debug-watchos/Networking-t.build/DerivedSources -Xcc -DSWIFT_PACKAGE -Xcc -DDEBUG\=1 -emit-objc-header -emit-objc-header-path /Users/admin/builder/spi-builder-workspace/.derivedData/Build/Intermediates.noindex/Networking.build/Debug-watchos/Networking-t.build/Objects-normal/arm64/Networking-Swift.h -working-directory /Users/admin/builder/spi-builder-workspace/.swiftpm/xcode -experimental-emit-module-separately -disable-cmo
SwiftDriver Alamofire normal arm64_32 com.apple.xcode.tools.swift.compiler (in target 'Alamofire' from project 'Alamofire')
    cd /Users/admin/builder/spi-builder-workspace/.swiftpm/xcode
    builtin-SwiftDriver -- /Applications/Xcode-27.0.0-Release.Candidate.app/Contents/Developer/Toolchains/XcodeDefault.xctoolchain/usr/bin/swiftc -parse-as-library -module-name Alamofire -Onone @/Users/admin/builder/spi-builder-workspace/.derivedData/Build/Intermediates.noindex/Alamofire.build/Debug-watchos/Alamofire-t.build/Objects-normal/arm64_32/Alamofire.SwiftFileList -DSWIFT_PACKAGE -DDEBUG -DSWIFT_MODULE_RESOURCE_BUNDLE_UNAVAILABLE -DXcode -plugin-path /Applications/Xcode-27.0.0-Release.Candidate.app/Contents/Developer/Toolchains/XcodeDefault.xctoolchain/usr/lib/swift/host/plugins/testing -enable-experimental-feature DebugDescriptionMacro -sdk /Applications/Xcode-27.0.0-Release.Candidate.app/Contents/Developer/Platforms/WatchOS.platform/Developer/SDKs/WatchOS27.0.sdk -target arm64_32-apple-watchos9.0 -g -module-cache-path /Users/admin/builder/spi-builder-workspace/.derivedData/ModuleCache.noindex -Xfrontend -serialize-debugging-options -enable-testing -suppress-warnings -index-store-path /Users/admin/builder/spi-builder-workspace/.derivedData/Index.noindex/DataStore -Xcc -D_LIBCPP_HARDENING_MODE\=_LIBCPP_HARDENING_MODE_DEBUG -swift-version 5 -I /Users/admin/builder/spi-builder-workspace/.derivedData/Build/Products/Debug-watchos -Isystem /Applications/Xcode-27.0.0-Release.Candidate.app/Contents/Developer/Platforms/WatchOS.platform/Developer/usr/lib -F /Users/admin/builder/spi-builder-workspace/.derivedData/Build/Products/Debug-watchos -F /Applications/Xcode-27.0.0-Release.Candidate.app/Contents/Developer/Platforms/WatchOS.platform/Developer/Library/Frameworks -F /Applications/Xcode-27.0.0-Release.Candidate.app/Contents/Developer/Platforms/WatchOS.platform/Developer/SDKs/WatchOS27.0.sdk/Developer/Library/Frameworks -c -j10 -enable-batch-mode -incremental -Xcc -ivfsstatcache -Xcc /Users/admin/builder/spi-builder-workspace/.derivedData/SDKStatCaches.noindex/watchos27.0-24R360-e829b21a6f8c9b70876ba0858053c04477534ef55a1706bf4c1112bbb242f0a2.sdkstatcache -output-file-map /Users/admin/builder/spi-builder-workspace/.derivedData/Build/Intermediates.noindex/Alamofire.build/Debug-watchos/Alamofire-t.build/Objects-normal/arm64_32/Alamofire-OutputFileMap.json -save-temps -no-color-diagnostics -explicit-module-build -module-cache-path /Users/admin/builder/spi-builder-workspace/.derivedData/Build/Intermediates.noindex/SwiftExplicitPrecompiledModules -clang-scanner-module-cache-path /Users/admin/builder/spi-builder-workspace/.derivedData/ModuleCache.noindex -sdk-module-cache-path /Users/admin/builder/spi-builder-workspace/.derivedData/SDKExplicitPrecompiledModules -emit-dependencies -emit-module -emit-module-path /Users/admin/builder/spi-builder-workspace/.derivedData/Build/Intermediates.noindex/Alamofire.build/Debug-watchos/Alamofire-t.build/Objects-normal/arm64_32/Alamofire.swiftmodule -serialize-diagnostics -dependency-scan-serialize-diagnostics-path /Users/admin/builder/spi-builder-workspace/.derivedData/Build/Intermediates.noindex/Alamofire.build/Debug-watchos/Alamofire-t.build/Objects-normal/arm64_32/Alamofire-dependency-scan.dia -validate-clang-modules-once -clang-build-session-file /Users/admin/builder/spi-builder-workspace/.derivedData/ModuleCache.noindex/Session.modulevalidation -Xcc -fmodules-prune-interval\=86400 -Xcc -fmodules-prune-after\=345600 -emit-const-values -const-gather-protocols-list /Users/admin/builder/spi-builder-workspace/.derivedData/Build/Intermediates.noindex/Alamofire.build/Debug-watchos/Alamofire-t.build/Objects-normal/arm64_32/Alamofire_const_extract_protocols.json -Xcc -I/Users/admin/builder/spi-builder-workspace/.derivedData/Build/Products/Debug-watchos/include -Xcc -I/Users/admin/builder/spi-builder-workspace/.derivedData/Build/Intermediates.noindex/Alamofire.build/Debug-watchos/Alamofire-t.build/DerivedSources-normal/arm64_32 -Xcc -I/Users/admin/builder/spi-builder-workspace/.derivedData/Build/Intermediates.noindex/Alamofire.build/Debug-watchos/Alamofire-t.build/DerivedSources/arm64_32 -Xcc -I/Users/admin/builder/spi-builder-workspace/.derivedData/Build/Intermediates.noindex/Alamofire.build/Debug-watchos/Alamofire-t.build/DerivedSources -Xcc -DSWIFT_PACKAGE -Xcc -DDEBUG\=1 -emit-objc-header -emit-objc-header-path /Users/admin/builder/spi-builder-workspace/.derivedData/Build/Intermediates.noindex/Alamofire.build/Debug-watchos/Alamofire-t.build/Objects-normal/arm64_32/Alamofire-Swift.h -working-directory /Users/admin/builder/spi-builder-workspace/.swiftpm/xcode -experimental-emit-module-separately -disable-cmo
SwiftDriver Networking normal arm64_32 com.apple.xcode.tools.swift.compiler (in target 'Networking' from project 'Networking')
    cd /Users/admin/builder/spi-builder-workspace/.swiftpm/xcode
    builtin-SwiftDriver -- /Applications/Xcode-27.0.0-Release.Candidate.app/Contents/Developer/Toolchains/XcodeDefault.xctoolchain/usr/bin/swiftc -parse-as-library -module-name Networking -Onone @/Users/admin/builder/spi-builder-workspace/.derivedData/Build/Intermediates.noindex/Networking.build/Debug-watchos/Networking-t.build/Objects-normal/arm64_32/Networking.SwiftFileList -DSWIFT_PACKAGE -DDEBUG -DSWIFT_MODULE_RESOURCE_BUNDLE_UNAVAILABLE -DXcode -plugin-path /Applications/Xcode-27.0.0-Release.Candidate.app/Contents/Developer/Toolchains/XcodeDefault.xctoolchain/usr/lib/swift/host/plugins/testing -enable-experimental-feature DebugDescriptionMacro -sdk /Applications/Xcode-27.0.0-Release.Candidate.app/Contents/Developer/Platforms/WatchOS.platform/Developer/SDKs/WatchOS27.0.sdk -target arm64_32-apple-watchos9.0 -g -module-cache-path /Users/admin/builder/spi-builder-workspace/.derivedData/ModuleCache.noindex -Xfrontend -serialize-debugging-options -enable-testing -index-store-path /Users/admin/builder/spi-builder-workspace/.derivedData/Index.noindex/DataStore -Xcc -D_LIBCPP_HARDENING_MODE\=_LIBCPP_HARDENING_MODE_DEBUG -swift-version 5 -I /Users/admin/builder/spi-builder-workspace/.derivedData/Build/Products/Debug-watchos -Isystem /Applications/Xcode-27.0.0-Release.Candidate.app/Contents/Developer/Platforms/WatchOS.platform/Developer/usr/lib -F /Users/admin/builder/spi-builder-workspace/.derivedData/Build/Products/Debug-watchos/PackageFrameworks -F /Users/admin/builder/spi-builder-workspace/.derivedData/Build/Products/Debug-watchos -F /Applications/Xcode-27.0.0-Release.Candidate.app/Contents/Developer/Platforms/WatchOS.platform/Developer/Library/Frameworks -F /Applications/Xcode-27.0.0-Release.Candidate.app/Contents/Developer/Platforms/WatchOS.platform/Developer/SDKs/WatchOS27.0.sdk/Developer/Library/Frameworks -c -j10 -enable-batch-mode -incremental -Xcc -ivfsstatcache -Xcc /Users/admin/builder/spi-builder-workspace/.derivedData/SDKStatCaches.noindex/watchos27.0-24R360-e829b21a6f8c9b70876ba0858053c04477534ef55a1706bf4c1112bbb242f0a2.sdkstatcache -output-file-map /Users/admin/builder/spi-builder-workspace/.derivedData/Build/Intermediates.noindex/Networking.build/Debug-watchos/Networking-t.build/Objects-normal/arm64_32/Networking-OutputFileMap.json -save-temps -no-color-diagnostics -explicit-module-build -module-cache-path /Users/admin/builder/spi-builder-workspace/.derivedData/Build/Intermediates.noindex/SwiftExplicitPrecompiledModules -clang-scanner-module-cache-path /Users/admin/builder/spi-builder-workspace/.derivedData/ModuleCache.noindex -sdk-module-cache-path /Users/admin/builder/spi-builder-workspace/.derivedData/SDKExplicitPrecompiledModules -emit-dependencies -emit-module -emit-module-path /Users/admin/builder/spi-builder-workspace/.derivedData/Build/Intermediates.noindex/Networking.build/Debug-watchos/Networking-t.build/Objects-normal/arm64_32/Networking.swiftmodule -serialize-diagnostics -dependency-scan-serialize-diagnostics-path /Users/admin/builder/spi-builder-workspace/.derivedData/Build/Intermediates.noindex/Networking.build/Debug-watchos/Networking-t.build/Objects-normal/arm64_32/Networking-dependency-scan.dia -validate-clang-modules-once -clang-build-session-file /Users/admin/builder/spi-builder-workspace/.derivedData/ModuleCache.noindex/Session.modulevalidation -Xcc -fmodules-prune-interval\=86400 -Xcc -fmodules-prune-after\=345600 -emit-const-values -const-gather-protocols-list /Users/admin/builder/spi-builder-workspace/.derivedData/Build/Intermediates.noindex/Networking.build/Debug-watchos/Networking-t.build/Objects-normal/arm64_32/Networking_const_extract_protocols.json -Xcc -I/Users/admin/builder/spi-builder-workspace/.derivedData/Build/Products/Debug-watchos/include -Xcc -I/Users/admin/builder/spi-builder-workspace/.derivedData/Build/Intermediates.noindex/Networking.build/Debug-watchos/Networking-t.build/DerivedSources-normal/arm64_32 -Xcc -I/Users/admin/builder/spi-builder-workspace/.derivedData/Build/Intermediates.noindex/Networking.build/Debug-watchos/Networking-t.build/DerivedSources/arm64_32 -Xcc -I/Users/admin/builder/spi-builder-workspace/.derivedData/Build/Intermediates.noindex/Networking.build/Debug-watchos/Networking-t.build/DerivedSources -Xcc -DSWIFT_PACKAGE -Xcc -DDEBUG\=1 -emit-objc-header -emit-objc-header-path /Users/admin/builder/spi-builder-workspace/.derivedData/Build/Intermediates.noindex/Networking.build/Debug-watchos/Networking-t.build/Objects-normal/arm64_32/Networking-Swift.h -working-directory /Users/admin/builder/spi-builder-workspace/.swiftpm/xcode -experimental-emit-module-separately -disable-cmo
SwiftDriver\ Compilation Alamofire normal arm64_32 com.apple.xcode.tools.swift.compiler (in target 'Alamofire' from project 'Alamofire')
    cd /Users/admin/builder/spi-builder-workspace/.swiftpm/xcode
    builtin-Swift-Compilation -- /Applications/Xcode-27.0.0-Release.Candidate.app/Contents/Developer/Toolchains/XcodeDefault.xctoolchain/usr/bin/swiftc -parse-as-library -module-name Alamofire -Onone @/Users/admin/builder/spi-builder-workspace/.derivedData/Build/Intermediates.noindex/Alamofire.build/Debug-watchos/Alamofire-t.build/Objects-normal/arm64_32/Alamofire.SwiftFileList -DSWIFT_PACKAGE -DDEBUG -DSWIFT_MODULE_RESOURCE_BUNDLE_UNAVAILABLE -DXcode -plugin-path /Applications/Xcode-27.0.0-Release.Candidate.app/Contents/Developer/Toolchains/XcodeDefault.xctoolchain/usr/lib/swift/host/plugins/testing -enable-experimental-feature DebugDescriptionMacro -sdk /Applications/Xcode-27.0.0-Release.Candidate.app/Contents/Developer/Platforms/WatchOS.platform/Developer/SDKs/WatchOS27.0.sdk -target arm64_32-apple-watchos9.0 -g -module-cache-path /Users/admin/builder/spi-builder-workspace/.derivedData/ModuleCache.noindex -Xfrontend -serialize-debugging-options -enable-testing -suppress-warnings -index-store-path /Users/admin/builder/spi-builder-workspace/.derivedData/Index.noindex/DataStore -Xcc -D_LIBCPP_HARDENING_MODE\=_LIBCPP_HARDENING_MODE_DEBUG -swift-version 5 -I /Users/admin/builder/spi-builder-workspace/.derivedData/Build/Products/Debug-watchos -Isystem /Applications/Xcode-27.0.0-Release.Candidate.app/Contents/Developer/Platforms/WatchOS.platform/Developer/usr/lib -F /Users/admin/builder/spi-builder-workspace/.derivedData/Build/Products/Debug-watchos -F /Applications/Xcode-27.0.0-Release.Candidate.app/Contents/Developer/Platforms/WatchOS.platform/Developer/Library/Frameworks -F /Applications/Xcode-27.0.0-Release.Candidate.app/Contents/Developer/Platforms/WatchOS.platform/Developer/SDKs/WatchOS27.0.sdk/Developer/Library/Frameworks -c -j10 -enable-batch-mode -incremental -Xcc -ivfsstatcache -Xcc /Users/admin/builder/spi-builder-workspace/.derivedData/SDKStatCaches.noindex/watchos27.0-24R360-e829b21a6f8c9b70876ba0858053c04477534ef55a1706bf4c1112bbb242f0a2.sdkstatcache -output-file-map /Users/admin/builder/spi-builder-workspace/.derivedData/Build/Intermediates.noindex/Alamofire.build/Debug-watchos/Alamofire-t.build/Objects-normal/arm64_32/Alamofire-OutputFileMap.json -save-temps -no-color-diagnostics -explicit-module-build -module-cache-path /Users/admin/builder/spi-builder-workspace/.derivedData/Build/Intermediates.noindex/SwiftExplicitPrecompiledModules -clang-scanner-module-cache-path /Users/admin/builder/spi-builder-workspace/.derivedData/ModuleCache.noindex -sdk-module-cache-path /Users/admin/builder/spi-builder-workspace/.derivedData/SDKExplicitPrecompiledModules -emit-dependencies -emit-module -emit-module-path /Users/admin/builder/spi-builder-workspace/.derivedData/Build/Intermediates.noindex/Alamofire.build/Debug-watchos/Alamofire-t.build/Objects-normal/arm64_32/Alamofire.swiftmodule -serialize-diagnostics -dependency-scan-serialize-diagnostics-path /Users/admin/builder/spi-builder-workspace/.derivedData/Build/Intermediates.noindex/Alamofire.build/Debug-watchos/Alamofire-t.build/Objects-normal/arm64_32/Alamofire-dependency-scan.dia -validate-clang-modules-once -clang-build-session-file /Users/admin/builder/spi-builder-workspace/.derivedData/ModuleCache.noindex/Session.modulevalidation -Xcc -fmodules-prune-interval\=86400 -Xcc -fmodules-prune-after\=345600 -emit-const-values -const-gather-protocols-list /Users/admin/builder/spi-builder-workspace/.derivedData/Build/Intermediates.noindex/Alamofire.build/Debug-watchos/Alamofire-t.build/Objects-normal/arm64_32/Alamofire_const_extract_protocols.json -Xcc -I/Users/admin/builder/spi-builder-workspace/.derivedData/Build/Products/Debug-watchos/include -Xcc -I/Users/admin/builder/spi-builder-workspace/.derivedData/Build/Intermediates.noindex/Alamofire.build/Debug-watchos/Alamofire-t.build/DerivedSources-normal/arm64_32 -Xcc -I/Users/admin/builder/spi-builder-workspace/.derivedData/Build/Intermediates.noindex/Alamofire.build/Debug-watchos/Alamofire-t.build/DerivedSources/arm64_32 -Xcc -I/Users/admin/builder/spi-builder-workspace/.derivedData/Build/Intermediates.noindex/Alamofire.build/Debug-watchos/Alamofire-t.build/DerivedSources -Xcc -DSWIFT_PACKAGE -Xcc -DDEBUG\=1 -emit-objc-header -emit-objc-header-path /Users/admin/builder/spi-builder-workspace/.derivedData/Build/Intermediates.noindex/Alamofire.build/Debug-watchos/Alamofire-t.build/Objects-normal/arm64_32/Alamofire-Swift.h -working-directory /Users/admin/builder/spi-builder-workspace/.swiftpm/xcode -experimental-emit-module-separately -disable-cmo
SwiftEmitModule normal arm64_32 Emitting\ module\ for\ Networking (in target 'Networking' from project 'Networking')
/Users/admin/builder/spi-builder-workspace/Sources/Extensions/DecodingError+Description.swift:8:1: warning: extension declares a conformance of imported type 'DecodingError' to imported protocol 'CustomStringConvertible'; this will not behave correctly if the owners of 'Swift' introduce this conformance in the future
 6 | import Foundation
 7 |
 8 | extension DecodingError: CustomStringConvertible {
   | |- warning: extension declares a conformance of imported type 'DecodingError' to imported protocol 'CustomStringConvertible'; this will not behave correctly if the owners of 'Swift' introduce this conformance in the future
   | `- note: add '@retroactive' to silence this warning
 9 |
10 |     public var errorDescription: String? {
/Users/admin/builder/spi-builder-workspace/Sources/Extensions/HTTPHeaders+Equatable.swift:8:1: warning: extension declares a conformance of imported type 'HTTPHeaders' to imported protocol 'Equatable'; this will not behave correctly if the owners of 'Alamofire' introduce this conformance in the future
 6 | import Alamofire
 7 |
 8 | extension HTTPHeaders: Equatable {
   | |- warning: extension declares a conformance of imported type 'HTTPHeaders' to imported protocol 'Equatable'; this will not behave correctly if the owners of 'Alamofire' introduce this conformance in the future
   | `- note: add '@retroactive' to silence this warning
 9 |
10 |     public static func == (lhs: HTTPHeaders, rhs: HTTPHeaders) -> Bool {
/Users/admin/builder/spi-builder-workspace/Sources/Reachability/ReachabilityService.swift:11:26: error: cannot find type 'NetworkReachabilityManager' in scope
 9 |
10 | protocol NetworkListener: AnyObject {
11 |     typealias Listener = NetworkReachabilityManager.Listener
   |                          `- error: cannot find type 'NetworkReachabilityManager' in scope
12 |
13 |     var isReachable: Bool { get }
/Users/admin/builder/spi-builder-workspace/Sources/Reachability/ReachabilityService.swift:17:54: error: '@escaping' only applies to function types
15 |     @discardableResult
16 |     func startListening(onQueue queue: DispatchQueue,
17 |                         onUpdatePerforming listener: @escaping Listener) -> Bool
   |                                                      `- error: '@escaping' only applies to function types
18 |     func stopListening()
19 | }
/Users/admin/builder/spi-builder-workspace/Sources/Reachability/ReachabilityService.swift:21:46: error: cannot find type 'NetworkReachabilityManager' in scope
19 | }
20 |
21 | public typealias NetworkReachabilityStatus = NetworkReachabilityManager.NetworkReachabilityStatus
   |                                              `- error: cannot find type 'NetworkReachabilityManager' in scope
22 |
23 | public final class ReachabilityService: ReachabilityServiceProtocol {
/Users/admin/builder/spi-builder-workspace/Sources/Reachability/ReachabilityService.swift:60:11: error: cannot find type 'NetworkReachabilityManager' in scope
58 | }
59 |
60 | extension NetworkReachabilityManager: NetworkListener {}
   |           `- error: cannot find type 'NetworkReachabilityManager' in scope
61 |
62 | public extension NetworkReachabilityStatus {
Failed frontend command:
SwiftCompile normal arm64_32 (in target 'Networking' from project 'Networking')
    cd /Users/admin/builder/spi-builder-workspace/.swiftpm/xcode

/Applications/Xcode-27.0.0-Release.Candidate.app/Contents/Developer/Toolchains/XcodeDefault.xctoolchain/usr/bin/swift-frontend -frontend -emit-module -experimental-skip-non-inlinable-function-bodies-without-types /Users/admin/builder/spi-builder-workspace/Sources/Common/AuthorizationType.swift /Users/admin/builder/spi-builder-workspace/Sources/Common/StatusCode.swift /Users/admin/builder/spi-builder-workspace/Sources/Endpoints/Endpoint.swift /Users/admin/builder/spi-builder-workspace/Sources/Endpoints/FailableEndpoint.swift /Users/admin/builder/spi-builder-workspace/Sources/Endpoints/ImageBodyPart.swift /Users/admin/builder/spi-builder-workspace/Sources/Endpoints/UploadEndpoint.swift /Users/admin/builder/spi-builder-workspace/Sources/ErrorHandlers/ErrorHandler.swift /Users/admin/builder/spi-builder-workspace/Sources/ErrorHandlers/ErrorHandlingResult.swift /Users/admin/builder/spi-builder-workspace/Sources/ErrorHandlers/GeneralErrorHandler.swift /Users/admin/builder/spi-builder-workspace/Sources/ErrorHandlers/UnauthorizedErrorHandler.swift /Users/admin/builder/spi-builder-workspace/Sources/Errors/AnyError.swift /Users/admin/builder/spi-builder-workspace/Sources/Errors/ErrorPayload.swift /Users/admin/builder/spi-builder-workspace/Sources/Errors/GeneralRequestError.swift /Users/admin/builder/spi-builder-workspace/Sources/Extensions/DecodingError+Description.swift /Users/admin/builder/spi-builder-workspace/Sources/Extensions/HTTPHeaders+Equatable.swift /Users/admin/builder/spi-builder-workspace/Sources/Extensions/JSONDecoder+Decode.swift /Users/admin/builder/spi-builder-workspace/Sources/Extensions/MultipartFormData+Append.swift /Users/admin/builder/spi-builder-workspace/Sources/Extensions/Response+Empty.swift /Users/admin/builder/spi-builder-workspace/Sources/Extensions/ResponseSerializer+TypeErasing.swift /Users/admin/builder/spi-builder-workspace/Sources/Extensions/URL+Math.swift /Users/admin/builder/spi-builder-workspace/Sources/Extensions/URLResponse+TextEncoding.swift /Users/admin/builder/spi-builder-workspace/Sources/Headers/RequestHeaders.swift /Users/admin/builder/spi-builder-workspace/Sources/Reachability/ReachabilityService.swift /Users/admin/builder/spi-builder-workspace/Sources/Reachability/ReachabilityServiceProtocol.swift /Users/admin/builder/spi-builder-workspace/Sources/RequestAdapters/RequestAdapter.swift /Users/admin/builder/spi-builder-workspace/Sources/RequestAdapters/TokenRequestAdapter.swift /Users/admin/builder/spi-builder-workspace/Sources/Requests/Request.swift /Users/admin/builder/spi-builder-workspace/Sources/Requests/RequestProtocols.swift /Users/admin/builder/spi-builder-workspace/Sources/Requests/UploadRequest.swift /Users/admin/builder/spi-builder-workspace/Sources/Responses/Response.swift /Users/admin/builder/spi-builder-workspace/Sources/Responses/ResponseType.swift /Users/admin/builder/spi-builder-workspace/Sources/Serializers/AnyResponseSerializer.swift /Users/admin/builder/spi-builder-workspace/Sources/Serializers/DecodableResponseSerializer.swift /Users/admin/builder/spi-builder-workspace/Sources/Serializers/JSONResponseSerializer.swift /Users/admin/builder/spi-builder-workspace/Sources/Serializers/ResponseSerializer.swift /Users/admin/builder/spi-builder-workspace/Sources/Serializers/StringResponseSerializer.swift /Users/admin/builder/spi-builder-workspace/Sources/Services/AccessTokenSupervisor.swift /Users/admin/builder/spi-builder-workspace/Sources/Services/ErrorHandlingService.swift /Users/admin/builder/spi-builder-workspace/Sources/Services/NetworkService.swift /Users/admin/builder/spi-builder-workspace/Sources/Services/RequestAdaptingService.swift -target arm64_32-apple-watchos9.0 -disable-cross-import-overlay-search -load-resolved-plugin /Applications/Xcode-27.0.0-Release.Candidate.app/Contents/Developer/Platforms/WatchOS.platform/Developer/usr/lib/swift/host/plugins/libFoundationMacros.dylib\#/Applications/Xcode-27.0.0-Release.Candidate.app/Contents/Developer/Platforms/WatchOS.platform/Developer/usr/bin/swift-plugin-server\#FoundationMacros -load-resolved-plugin /Applications/Xcode-27.0.0-Release.Candidate.app/Contents/Developer/Platforms/WatchOS.platform/Developer/usr/lib/swift/host/plugins/libObservationMacros.dylib\#/Applications/Xcode-27.0.0-Release.Candidate.app/Contents/Developer/Platforms/WatchOS.platform/Developer/usr/bin/swift-plugin-server\#ObservationMacros -load-resolved-plugin /Applications/Xcode-27.0.0-Release.Candidate.app/Contents/Developer/Platforms/WatchOS.platform/Developer/usr/lib/swift/host/plugins/libSwiftMacros.dylib\#/Applications/Xcode-27.0.0-Release.Candidate.app/Contents/Developer/Platforms/WatchOS.platform/Developer/usr/bin/swift-plugin-server\#SwiftMacros -disable-implicit-swift-modules -Xcc -fno-implicit-modules -Xcc -fno-implicit-module-maps -explicit-swift-module-map-file /Users/admin/builder/spi-builder-workspace/.derivedData/Build/Intermediates.noindex/Networking.build/Debug-watchos/Networking-t.build/Objects-normal/arm64_32/Networking-dependencies-1.json -enable-objc-interop -sdk /Applications/Xcode-27.0.0-Release.Candidate.app/Contents/Developer/Platforms/WatchOS.platform/Developer/SDKs/WatchOS27.0.sdk -I /Users/admin/builder/spi-builder-workspace/.derivedData/Build/Products/Debug-watchos -Isystem /Applications/Xcode-27.0.0-Release.Candidate.app/Contents/Developer/Platforms/WatchOS.platform/Developer/usr/lib -F /Users/admin/builder/spi-builder-workspace/.derivedData/Build/Products/Debug-watchos/PackageFrameworks -F /Users/admin/builder/spi-builder-workspace/.derivedData/Build/Products/Debug-watchos -F /Applications/Xcode-27.0.0-Release.Candidate.app/Contents/Developer/Platforms/WatchOS.platform/Developer/Library/Frameworks -F /Applications/Xcode-27.0.0-Release.Candidate.app/Contents/Developer/Platforms/WatchOS.platform/Developer/SDKs/WatchOS27.0.sdk/Developer/Library/Frameworks -module-cache-path /Users/admin/builder/spi-builder-workspace/.derivedData/Build/Intermediates.noindex/SwiftExplicitPrecompiledModules -no-color-diagnostics -Xcc -fno-color-diagnostics -enable-testing -g -debug-info-format\=dwarf -dwarf-version\=4 -swift-version 5 -Onone -D SWIFT_PACKAGE -D DEBUG -D SWIFT_MODULE_RESOURCE_BUNDLE_UNAVAILABLE -D Xcode -serialize-debugging-options -enable-experimental-feature DebugDescriptionMacro -empty-abi-descriptor -validate-clang-modules-once -clang-build-session-file /Users/admin/builder/spi-builder-workspace/.derivedData/ModuleCache.noindex/Session.modulevalidation -Xcc -working-directory -Xcc /Users/admin/builder/spi-builder-workspace/.swiftpm/xcode -enable-anonymous-context-mangled-names -file-compilation-dir /Users/admin/builder/spi-builder-workspace/.swiftpm/xcode -Xcc -D_LIBCPP_HARDENING_MODE\=_LIBCPP_HARDENING_MODE_DEBUG -Xcc -ivfsstatcache -Xcc /Users/admin/builder/spi-builder-workspace/.derivedData/SDKStatCaches.noindex/watchos27.0-24R360-e829b21a6f8c9b70876ba0858053c04477534ef55a1706bf4c1112bbb242f0a2.sdkstatcache -Xcc -fmodules-prune-interval\=86400 -Xcc -fmodules-prune-after\=345600 -Xcc -I/Users/admin/builder/spi-builder-workspace/.derivedData/Build/Products/Debug-watchos/include -Xcc -I/Users/admin/builder/spi-builder-workspace/.derivedData/Build/Intermediates.noindex/Networking.build/Debug-watchos/Networking-t.build/DerivedSources-normal/arm64_32 -Xcc -I/Users/admin/builder/spi-builder-workspace/.derivedData/Build/Intermediates.noindex/Networking.build/Debug-watchos/Networking-t.build/DerivedSources/arm64_32 -Xcc -I/Users/admin/builder/spi-builder-workspace/.derivedData/Build/Intermediates.noindex/Networking.build/Debug-watchos/Networking-t.build/DerivedSources -Xcc -DSWIFT_PACKAGE -Xcc -DDEBUG\=1 -no-auto-bridging-header-chaining -module-name Networking -const-gather-protocols-file /Users/admin/builder/spi-builder-workspace/.derivedData/Build/Intermediates.noindex/Networking.build/Debug-watchos/Networking-t.build/Objects-normal/arm64_32/Networking_const_extract_protocols.json -disable-clang-spi -clang-target arm64_32-apple-watchos27.0 -target-sdk-version 27.0 -target-sdk-name watchos27.0 -in-process-plugin-server-path /Applications/Xcode-27.0.0-Release.Candidate.app/Contents/Developer/Toolchains/XcodeDefault.xctoolchain/usr/lib/swift/host/libSwiftInProcPluginServer.dylib -emit-module-doc-path /Users/admin/builder/spi-builder-workspace/.derivedData/Build/Intermediates.noindex/Networking.build/Debug-watchos/Networking-t.build/Objects-normal/arm64_32/Networking.swiftdoc -emit-module-source-info-path /Users/admin/builder/spi-builder-workspace/.derivedData/Build/Intermediates.noindex/Networking.build/Debug-watchos/Networking-t.build/Objects-normal/arm64_32/Networking.swiftsourceinfo -emit-objc-header-path /Users/admin/builder/spi-builder-workspace/.derivedData/Build/Intermediates.noindex/Networking.build/Debug-watchos/Networking-t.build/Objects-normal/arm64_32/Networking-Swift.h -serialize-diagnostics-path /Users/admin/builder/spi-builder-workspace/.derivedData/Build/Intermediates.noindex/Networking.build/Debug-watchos/Networking-t.build/Objects-normal/arm64_32/Networking-primary-emit-module.dia -emit-dependencies-path /Users/admin/builder/spi-builder-workspace/.derivedData/Build/Intermediates.noindex/Networking.build/Debug-watchos/Networking-t.build/Objects-normal/arm64_32/Networking-primary-emit-module.d -parse-as-library -o /Users/admin/builder/spi-builder-workspace/.derivedData/Build/Intermediates.noindex/Networking.build/Debug-watchos/Networking-t.build/Objects-normal/arm64_32/Networking.swiftmodule -emit-abi-descriptor-path /Users/admin/builder/spi-builder-workspace/.derivedData/Build/Intermediates.noindex/Networking.build/Debug-watchos/Networking-t.build/Objects-normal/arm64_32/Networking.abi.json
SwiftCompile normal arm64_32 Compiling\ GeneralErrorHandler.swift,\ UnauthorizedErrorHandler.swift,\ AnyError.swift,\ ErrorPayload.swift /Users/admin/builder/spi-builder-workspace/Sources/ErrorHandlers/GeneralErrorHandler.swift /Users/admin/builder/spi-builder-workspace/Sources/ErrorHandlers/UnauthorizedErrorHandler.swift /Users/admin/builder/spi-builder-workspace/Sources/Errors/AnyError.swift /Users/admin/builder/spi-builder-workspace/Sources/Errors/ErrorPayload.swift (in target 'Networking' from project 'Networking')
SwiftCompile normal arm64_32 /Users/admin/builder/spi-builder-workspace/Sources/ErrorHandlers/GeneralErrorHandler.swift (in target 'Networking' from project 'Networking')
    cd /Users/admin/builder/spi-builder-workspace/.swiftpm/xcode
    builtin-SwiftPerFileCompile GeneralErrorHandler.swift
SwiftCompile normal arm64_32 /Users/admin/builder/spi-builder-workspace/Sources/ErrorHandlers/UnauthorizedErrorHandler.swift (in target 'Networking' from project 'Networking')
    cd /Users/admin/builder/spi-builder-workspace/.swiftpm/xcode
    builtin-SwiftPerFileCompile UnauthorizedErrorHandler.swift
SwiftCompile normal arm64_32 /Users/admin/builder/spi-builder-workspace/Sources/Errors/AnyError.swift (in target 'Networking' from project 'Networking')
    cd /Users/admin/builder/spi-builder-workspace/.swiftpm/xcode
    builtin-SwiftPerFileCompile AnyError.swift
SwiftCompile normal arm64_32 /Users/admin/builder/spi-builder-workspace/Sources/Errors/ErrorPayload.swift (in target 'Networking' from project 'Networking')
    cd /Users/admin/builder/spi-builder-workspace/.swiftpm/xcode
    builtin-SwiftPerFileCompile ErrorPayload.swift
SwiftCompile normal arm64_32 Compiling\ AuthorizationType.swift,\ StatusCode.swift,\ Endpoint.swift,\ FailableEndpoint.swift /Users/admin/builder/spi-builder-workspace/Sources/Common/AuthorizationType.swift /Users/admin/builder/spi-builder-workspace/Sources/Common/StatusCode.swift /Users/admin/builder/spi-builder-workspace/Sources/Endpoints/Endpoint.swift /Users/admin/builder/spi-builder-workspace/Sources/Endpoints/FailableEndpoint.swift (in target 'Networking' from project 'Networking')
SwiftCompile normal arm64_32 /Users/admin/builder/spi-builder-workspace/Sources/Common/AuthorizationType.swift (in target 'Networking' from project 'Networking')
    cd /Users/admin/builder/spi-builder-workspace/.swiftpm/xcode
    builtin-SwiftPerFileCompile AuthorizationType.swift
SwiftCompile normal arm64_32 /Users/admin/builder/spi-builder-workspace/Sources/Common/StatusCode.swift (in target 'Networking' from project 'Networking')
    cd /Users/admin/builder/spi-builder-workspace/.swiftpm/xcode
    builtin-SwiftPerFileCompile StatusCode.swift
SwiftCompile normal arm64_32 /Users/admin/builder/spi-builder-workspace/Sources/Endpoints/Endpoint.swift (in target 'Networking' from project 'Networking')
    cd /Users/admin/builder/spi-builder-workspace/.swiftpm/xcode
    builtin-SwiftPerFileCompile Endpoint.swift
SwiftCompile normal arm64_32 /Users/admin/builder/spi-builder-workspace/Sources/Endpoints/FailableEndpoint.swift (in target 'Networking' from project 'Networking')
    cd /Users/admin/builder/spi-builder-workspace/.swiftpm/xcode
    builtin-SwiftPerFileCompile FailableEndpoint.swift
SwiftCompile normal arm64_32 Compiling\ MultipartFormData+Append.swift,\ Response+Empty.swift,\ ResponseSerializer+TypeErasing.swift,\ URL+Math.swift /Users/admin/builder/spi-builder-workspace/Sources/Extensions/MultipartFormData+Append.swift /Users/admin/builder/spi-builder-workspace/Sources/Extensions/Response+Empty.swift /Users/admin/builder/spi-builder-workspace/Sources/Extensions/ResponseSerializer+TypeErasing.swift /Users/admin/builder/spi-builder-workspace/Sources/Extensions/URL+Math.swift (in target 'Networking' from project 'Networking')
SwiftCompile normal arm64_32 /Users/admin/builder/spi-builder-workspace/Sources/Extensions/MultipartFormData+Append.swift (in target 'Networking' from project 'Networking')
    cd /Users/admin/builder/spi-builder-workspace/.swiftpm/xcode
    builtin-SwiftPerFileCompile MultipartFormData+Append.swift
SwiftCompile normal arm64_32 /Users/admin/builder/spi-builder-workspace/Sources/Extensions/Response+Empty.swift (in target 'Networking' from project 'Networking')
    cd /Users/admin/builder/spi-builder-workspace/.swiftpm/xcode
    builtin-SwiftPerFileCompile Response+Empty.swift
SwiftCompile normal arm64_32 /Users/admin/builder/spi-builder-workspace/Sources/Extensions/ResponseSerializer+TypeErasing.swift (in target 'Networking' from project 'Networking')
    cd /Users/admin/builder/spi-builder-workspace/.swiftpm/xcode
    builtin-SwiftPerFileCompile ResponseSerializer+TypeErasing.swift
SwiftCompile normal arm64_32 /Users/admin/builder/spi-builder-workspace/Sources/Extensions/URL+Math.swift (in target 'Networking' from project 'Networking')
    cd /Users/admin/builder/spi-builder-workspace/.swiftpm/xcode
    builtin-SwiftPerFileCompile URL+Math.swift
SwiftEmitModule normal arm64 Emitting\ module\ for\ Networking (in target 'Networking' from project 'Networking')
/Users/admin/builder/spi-builder-workspace/Sources/Extensions/DecodingError+Description.swift:8:1: warning: extension declares a conformance of imported type 'DecodingError' to imported protocol 'CustomStringConvertible'; this will not behave correctly if the owners of 'Swift' introduce this conformance in the future
 6 | import Foundation
 7 |
 8 | extension DecodingError: CustomStringConvertible {
   | |- warning: extension declares a conformance of imported type 'DecodingError' to imported protocol 'CustomStringConvertible'; this will not behave correctly if the owners of 'Swift' introduce this conformance in the future
   | `- note: add '@retroactive' to silence this warning
 9 |
10 |     public var errorDescription: String? {
/Users/admin/builder/spi-builder-workspace/Sources/Extensions/HTTPHeaders+Equatable.swift:8:1: warning: extension declares a conformance of imported type 'HTTPHeaders' to imported protocol 'Equatable'; this will not behave correctly if the owners of 'Alamofire' introduce this conformance in the future
 6 | import Alamofire
 7 |
 8 | extension HTTPHeaders: Equatable {
   | |- warning: extension declares a conformance of imported type 'HTTPHeaders' to imported protocol 'Equatable'; this will not behave correctly if the owners of 'Alamofire' introduce this conformance in the future
   | `- note: add '@retroactive' to silence this warning
 9 |
10 |     public static func == (lhs: HTTPHeaders, rhs: HTTPHeaders) -> Bool {
/Users/admin/builder/spi-builder-workspace/Sources/Reachability/ReachabilityService.swift:11:26: error: cannot find type 'NetworkReachabilityManager' in scope
 9 |
10 | protocol NetworkListener: AnyObject {
11 |     typealias Listener = NetworkReachabilityManager.Listener
   |                          `- error: cannot find type 'NetworkReachabilityManager' in scope
12 |
13 |     var isReachable: Bool { get }
/Users/admin/builder/spi-builder-workspace/Sources/Reachability/ReachabilityService.swift:17:54: error: '@escaping' only applies to function types
15 |     @discardableResult
16 |     func startListening(onQueue queue: DispatchQueue,
17 |                         onUpdatePerforming listener: @escaping Listener) -> Bool
   |                                                      `- error: '@escaping' only applies to function types
18 |     func stopListening()
19 | }
/Users/admin/builder/spi-builder-workspace/Sources/Reachability/ReachabilityService.swift:21:46: error: cannot find type 'NetworkReachabilityManager' in scope
19 | }
20 |
21 | public typealias NetworkReachabilityStatus = NetworkReachabilityManager.NetworkReachabilityStatus
   |                                              `- error: cannot find type 'NetworkReachabilityManager' in scope
22 |
23 | public final class ReachabilityService: ReachabilityServiceProtocol {
SwiftCompile normal arm64 (in target 'Networking' from project 'Networking')
    cd /Users/admin/builder/spi-builder-workspace/.swiftpm/xcode

SwiftCompile normal arm64 Compiling\ GeneralErrorHandler.swift,\ UnauthorizedErrorHandler.swift,\ AnyError.swift,\ ErrorPayload.swift /Users/admin/builder/spi-builder-workspace/Sources/ErrorHandlers/GeneralErrorHandler.swift /Users/admin/builder/spi-builder-workspace/Sources/ErrorHandlers/UnauthorizedErrorHandler.swift /Users/admin/builder/spi-builder-workspace/Sources/Errors/AnyError.swift /Users/admin/builder/spi-builder-workspace/Sources/Errors/ErrorPayload.swift (in target 'Networking' from project 'Networking')
SwiftCompile normal arm64 /Users/admin/builder/spi-builder-workspace/Sources/ErrorHandlers/GeneralErrorHandler.swift (in target 'Networking' from project 'Networking')
    cd /Users/admin/builder/spi-builder-workspace/.swiftpm/xcode
    builtin-SwiftPerFileCompile GeneralErrorHandler.swift
SwiftCompile normal arm64 /Users/admin/builder/spi-builder-workspace/Sources/ErrorHandlers/UnauthorizedErrorHandler.swift (in target 'Networking' from project 'Networking')
    cd /Users/admin/builder/spi-builder-workspace/.swiftpm/xcode
    builtin-SwiftPerFileCompile UnauthorizedErrorHandler.swift
SwiftCompile normal arm64 /Users/admin/builder/spi-builder-workspace/Sources/Errors/AnyError.swift (in target 'Networking' from project 'Networking')
    cd /Users/admin/builder/spi-builder-workspace/.swiftpm/xcode
    builtin-SwiftPerFileCompile AnyError.swift
SwiftCompile normal arm64 /Users/admin/builder/spi-builder-workspace/Sources/Errors/ErrorPayload.swift (in target 'Networking' from project 'Networking')
    cd /Users/admin/builder/spi-builder-workspace/.swiftpm/xcode
    builtin-SwiftPerFileCompile ErrorPayload.swift
SwiftCompile normal arm64_32 Compiling\ AnyResponseSerializer.swift,\ DecodableResponseSerializer.swift,\ JSONResponseSerializer.swift /Users/admin/builder/spi-builder-workspace/Sources/Serializers/AnyResponseSerializer.swift /Users/admin/builder/spi-builder-workspace/Sources/Serializers/DecodableResponseSerializer.swift /Users/admin/builder/spi-builder-workspace/Sources/Serializers/JSONResponseSerializer.swift (in target 'Networking' from project 'Networking')
SwiftCompile normal arm64_32 /Users/admin/builder/spi-builder-workspace/Sources/Serializers/AnyResponseSerializer.swift (in target 'Networking' from project 'Networking')
    cd /Users/admin/builder/spi-builder-workspace/.swiftpm/xcode
    builtin-SwiftPerFileCompile AnyResponseSerializer.swift
SwiftCompile normal arm64_32 /Users/admin/builder/spi-builder-workspace/Sources/Serializers/DecodableResponseSerializer.swift (in target 'Networking' from project 'Networking')
    cd /Users/admin/builder/spi-builder-workspace/.swiftpm/xcode
    builtin-SwiftPerFileCompile DecodableResponseSerializer.swift
SwiftCompile normal arm64_32 /Users/admin/builder/spi-builder-workspace/Sources/Serializers/JSONResponseSerializer.swift (in target 'Networking' from project 'Networking')
    cd /Users/admin/builder/spi-builder-workspace/.swiftpm/xcode
    builtin-SwiftPerFileCompile JSONResponseSerializer.swift
SwiftCompile normal arm64 Compiling\ ResponseSerializer.swift,\ StringResponseSerializer.swift,\ AccessTokenSupervisor.swift /Users/admin/builder/spi-builder-workspace/Sources/Serializers/ResponseSerializer.swift /Users/admin/builder/spi-builder-workspace/Sources/Serializers/StringResponseSerializer.swift /Users/admin/builder/spi-builder-workspace/Sources/Services/AccessTokenSupervisor.swift (in target 'Networking' from project 'Networking')
SwiftCompile normal arm64 /Users/admin/builder/spi-builder-workspace/Sources/Serializers/ResponseSerializer.swift (in target 'Networking' from project 'Networking')
    cd /Users/admin/builder/spi-builder-workspace/.swiftpm/xcode
    builtin-SwiftPerFileCompile ResponseSerializer.swift
SwiftCompile normal arm64 /Users/admin/builder/spi-builder-workspace/Sources/Serializers/StringResponseSerializer.swift (in target 'Networking' from project 'Networking')
    cd /Users/admin/builder/spi-builder-workspace/.swiftpm/xcode
    builtin-SwiftPerFileCompile StringResponseSerializer.swift
SwiftCompile normal arm64 /Users/admin/builder/spi-builder-workspace/Sources/Services/AccessTokenSupervisor.swift (in target 'Networking' from project 'Networking')
    cd /Users/admin/builder/spi-builder-workspace/.swiftpm/xcode
    builtin-SwiftPerFileCompile AccessTokenSupervisor.swift
SwiftCompile normal arm64_32 Compiling\ GeneralRequestError.swift,\ DecodingError+Description.swift,\ HTTPHeaders+Equatable.swift,\ JSONDecoder+Decode.swift /Users/admin/builder/spi-builder-workspace/Sources/Errors/GeneralRequestError.swift /Users/admin/builder/spi-builder-workspace/Sources/Extensions/DecodingError+Description.swift /Users/admin/builder/spi-builder-workspace/Sources/Extensions/HTTPHeaders+Equatable.swift /Users/admin/builder/spi-builder-workspace/Sources/Extensions/JSONDecoder+Decode.swift (in target 'Networking' from project 'Networking')
/Users/admin/builder/spi-builder-workspace/Sources/Extensions/DecodingError+Description.swift:8:1: warning: extension declares a conformance of imported type 'DecodingError' to imported protocol 'CustomStringConvertible'; this will not behave correctly if the owners of 'Swift' introduce this conformance in the future
 6 | import Foundation
 7 |
 8 | extension DecodingError: CustomStringConvertible {
   | |- warning: extension declares a conformance of imported type 'DecodingError' to imported protocol 'CustomStringConvertible'; this will not behave correctly if the owners of 'Swift' introduce this conformance in the future
   | `- note: add '@retroactive' to silence this warning
 9 |
10 |     public var errorDescription: String? {
SwiftCompile normal arm64_32 /Users/admin/builder/spi-builder-workspace/Sources/Errors/GeneralRequestError.swift (in target 'Networking' from project 'Networking')
    cd /Users/admin/builder/spi-builder-workspace/.swiftpm/xcode
    builtin-SwiftPerFileCompile GeneralRequestError.swift
SwiftCompile normal arm64_32 /Users/admin/builder/spi-builder-workspace/Sources/Extensions/DecodingError+Description.swift (in target 'Networking' from project 'Networking')
    cd /Users/admin/builder/spi-builder-workspace/.swiftpm/xcode
    builtin-SwiftPerFileCompile DecodingError+Description.swift
SwiftCompile normal arm64_32 /Users/admin/builder/spi-builder-workspace/Sources/Extensions/HTTPHeaders+Equatable.swift (in target 'Networking' from project 'Networking')
    cd /Users/admin/builder/spi-builder-workspace/.swiftpm/xcode
    builtin-SwiftPerFileCompile HTTPHeaders+Equatable.swift
SwiftCompile normal arm64_32 /Users/admin/builder/spi-builder-workspace/Sources/Extensions/JSONDecoder+Decode.swift (in target 'Networking' from project 'Networking')
    cd /Users/admin/builder/spi-builder-workspace/.swiftpm/xcode
    builtin-SwiftPerFileCompile JSONDecoder+Decode.swift
SwiftCompile normal arm64_32 Compiling\ ErrorHandlingService.swift,\ NetworkService.swift,\ RequestAdaptingService.swift /Users/admin/builder/spi-builder-workspace/Sources/Services/ErrorHandlingService.swift /Users/admin/builder/spi-builder-workspace/Sources/Services/NetworkService.swift /Users/admin/builder/spi-builder-workspace/Sources/Services/RequestAdaptingService.swift (in target 'Networking' from project 'Networking')
SwiftCompile normal arm64_32 /Users/admin/builder/spi-builder-workspace/Sources/Services/ErrorHandlingService.swift (in target 'Networking' from project 'Networking')
    cd /Users/admin/builder/spi-builder-workspace/.swiftpm/xcode
    builtin-SwiftPerFileCompile ErrorHandlingService.swift
SwiftCompile normal arm64_32 /Users/admin/builder/spi-builder-workspace/Sources/Services/NetworkService.swift (in target 'Networking' from project 'Networking')
    cd /Users/admin/builder/spi-builder-workspace/.swiftpm/xcode
    builtin-SwiftPerFileCompile NetworkService.swift
SwiftCompile normal arm64_32 /Users/admin/builder/spi-builder-workspace/Sources/Services/RequestAdaptingService.swift (in target 'Networking' from project 'Networking')
    cd /Users/admin/builder/spi-builder-workspace/.swiftpm/xcode
    builtin-SwiftPerFileCompile RequestAdaptingService.swift
Ld /Users/admin/builder/spi-builder-workspace/.derivedData/Build/Intermediates.noindex/Alamofire.build/Debug-watchos/Alamofire-t.build/Objects-normal/arm64_32/Binary/Alamofire.o normal arm64_32 (in target 'Alamofire' from project 'Alamofire')
    cd /Users/admin/builder/spi-builder-workspace/.dependencies/checkouts/Alamofire
    /Applications/Xcode-27.0.0-Release.Candidate.app/Contents/Developer/Toolchains/XcodeDefault.xctoolchain/usr/bin/clang -Xlinker -reproducible -target arm64_32-apple-watchos9.0 -r -isysroot /Applications/Xcode-27.0.0-Release.Candidate.app/Contents/Developer/Platforms/WatchOS.platform/Developer/SDKs/WatchOS27.0.sdk -O0 -w -Xlinker -no_warn_duplicate_libraries -F/Users/admin/builder/spi-builder-workspace/.derivedData/Build/Intermediates.noindex/EagerLinkingTBDs/Debug-watchos -F/Users/admin/builder/spi-builder-workspace/.derivedData/Build/Products/Debug-watchos -iframework /Applications/Xcode-27.0.0-Release.Candidate.app/Contents/Developer/Platforms/WatchOS.platform/Developer/Library/Frameworks -iframework /Applications/Xcode-27.0.0-Release.Candidate.app/Contents/Developer/Platforms/WatchOS.platform/Developer/SDKs/WatchOS27.0.sdk/Developer/Library/Frameworks -filelist /Users/admin/builder/spi-builder-workspace/.derivedData/Build/Intermediates.noindex/Alamofire.build/Debug-watchos/Alamofire-t.build/Objects-normal/arm64_32/Alamofire.LinkFileList -nostdlib -Xlinker -object_path_lto -Xlinker /Users/admin/builder/spi-builder-workspace/.derivedData/Build/Intermediates.noindex/Alamofire.build/Debug-watchos/Alamofire-t.build/Objects-normal/arm64_32/Alamofire_lto.o -Xlinker -no_deduplicate -Xlinker -dependency_info -Xlinker /Users/admin/builder/spi-builder-workspace/.derivedData/Build/Intermediates.noindex/Alamofire.build/Debug-watchos/Alamofire-t.build/Objects-normal/arm64_32/Alamofire_dependency_info.dat -fobjc-link-runtime -L/Applications/Xcode-27.0.0-Release.Candidate.app/Contents/Developer/Toolchains/XcodeDefault.xctoolchain/usr/lib/swift/watchos -L/usr/lib/swift -Xlinker -add_ast_path -Xlinker /Users/admin/builder/spi-builder-workspace/.derivedData/Build/Intermediates.noindex/Alamofire.build/Debug-watchos/Alamofire-t.build/Objects-normal/arm64_32/Alamofire.swiftmodule -o /Users/admin/builder/spi-builder-workspace/.derivedData/Build/Intermediates.noindex/Alamofire.build/Debug-watchos/Alamofire-t.build/Objects-normal/arm64_32/Binary/Alamofire.o
SwiftDriverJobDiscovery normal arm64 Compiling ResponseSerializer.swift, StringResponseSerializer.swift, AccessTokenSupervisor.swift (in target 'Networking' from project 'Networking')
PruneExplicitPrecompiledModules /Users/admin/builder/spi-builder-workspace/.derivedData/Build/Intermediates.noindex/ExplicitPrecompiledModules
PruneExplicitPrecompiledModules /Users/admin/builder/spi-builder-workspace/.derivedData/Build/Intermediates.noindex/SwiftExplicitPrecompiledModules
PruneExplicitPrecompiledModules /Users/admin/builder/spi-builder-workspace/.derivedData/SDKExplicitPrecompiledModules
2026-09-17 22:48:14.080 xcodebuild[815:5157] [MT] IDERunDestination: Supported platforms for the buildables in the current scheme is empty.
** BUILD FAILED **
The following build commands failed:
	SwiftCompile normal arm64_32 (in target 'Networking' from project 'Networking')
	SwiftEmitModule normal arm64_32 Emitting\ module\ for\ Networking (in target 'Networking' from project 'Networking')
	Building workspace Networking with scheme Networking
(3 failures)
BUILD FAILURE 6.4 watchOS