Build Information
Failed to build LayoutAid, reference master (c02a9b), with Swift 6.4 for watchOS using Xcode 27.0 on 17 Sep 2026 11:31:29 UTC.
Build Command
env DEVELOPER_DIR=/Applications/Xcode-27.0.0-Release.Candidate.app xcrun xcodebuild -IDEClonedSourcePackagesDirPathOverride=$PWD/.dependencies -skipMacroValidation -skipPackagePluginValidation -derivedDataPath $PWD/.derivedData build -scheme LayoutAid-Package -destination generic/platform=watchOSBuild Log
========================================
RunAll
========================================
Builder version: 5.1.0
Interrupt handler set up.
========================================
Checkout
========================================
Clone URL: https://github.com/davidask/LayoutAid.git
Reference: master
Initialized empty Git repository in /Users/admin/builder/spi-builder-workspace/.git/
From https://github.com/davidask/LayoutAid
* branch master -> FETCH_HEAD
* [new branch] master -> origin/master
HEAD is now at c02a9bd Fix ACL issues for Keyboard type
Cloned https://github.com/davidask/LayoutAid.git
Revision (git rev-parse @):
c02a9bd444d64970fcce0ddbc7d9770f11f44f59
SUCCESS checkout https://github.com/davidask/LayoutAid.git at master
========================================
Build
========================================
Selected platform: watchOS
Swift version: 6.4
Building package at path: $PWD
https://github.com/davidask/LayoutAid.git
Command line invocation:
/Applications/Xcode-27.0.0-Release.Candidate.app/Contents/Developer/usr/bin/xcodebuild -IDEClonedSourcePackagesDirPathOverride=/Users/admin/builder/spi-builder-workspace/.dependencies -resolvePackageDependencies
resolved source packages:
{
"dependencies" : [
],
"manifest_display_name" : "LayoutAid",
"name" : "LayoutAid",
"path" : "/Users/admin/builder/spi-builder-workspace",
"platforms" : [
{
"name" : "macos",
"version" : "10.11"
},
{
"name" : "ios",
"version" : "11.0"
},
{
"name" : "tvos",
"version" : "11.0"
}
],
"products" : [
{
"name" : "LayoutAid",
"targets" : [
"LayoutAid"
],
"type" : {
"library" : [
"automatic"
]
}
}
],
"targets" : [
{
"c99name" : "LayoutAidTests",
"module_type" : "SwiftTarget",
"name" : "LayoutAidTests",
"path" : "Tests/LayoutAidTests",
"sources" : [
"ConstraintsBuilderTests.swift",
"XCTestManifests.swift"
],
"target_dependencies" : [
"LayoutAid"
],
"type" : "test"
},
{
"c99name" : "LayoutAid",
"module_type" : "SwiftTarget",
"name" : "LayoutAid",
"path" : "Sources/LayoutAid",
"product_memberships" : [
"LayoutAid"
],
"sources" : [
"AspectRatio.swift",
"AxisConstraintsGenerator.swift",
"Bottom.swift",
"Center.swift",
"CenterX.swift",
"CenterY.swift",
"DimensionConstraintsGenerator.swift",
"DirectionalEdges.swift",
"Edges.swift",
"Height.swift",
"Keyboard.swift",
"KeyboardLayoutGuide.swift",
"LayoutConstraintsGenerator.swift",
"LayoutGuide.swift",
"LayoutItem.swift",
"Leading.swift",
"Left.swift",
"NSLayoutConstraint+Extensions.swift",
"Right.swift",
"Size.swift",
"StatedConstraints.swift",
"Top.swift",
"Trailing.swift",
"UIScrollView+Extensions.swift",
"View.swift",
"Width.swift",
"XAxisConstraintsGenerator.swift",
"YAxisConstraintsGenerator.swift"
],
"type" : "library"
}
],
"tools_version" : "5.2"
}
{
"project" : {
"configurations" : [
"Debug",
"Release"
],
"name" : "LayoutAid",
"schemes" : [
"LayoutAid-Package"
],
"targets" : [
"LayoutAid",
"LayoutAidPackageDescription",
"LayoutAidPackageTests",
"LayoutAidTests"
]
}
}
Running build ...
env DEVELOPER_DIR=/Applications/Xcode-27.0.0-Release.Candidate.app xcrun xcodebuild -IDEClonedSourcePackagesDirPathOverride=$PWD/.dependencies -skipMacroValidation -skipPackagePluginValidation -derivedDataPath $PWD/.derivedData build -scheme LayoutAid-Package -destination generic/platform=watchOS
Command line invocation:
/Applications/Xcode-27.0.0-Release.Candidate.app/Contents/Developer/usr/bin/xcodebuild -IDEClonedSourcePackagesDirPathOverride=/Users/admin/builder/spi-builder-workspace/.dependencies -skipMacroValidation -skipPackagePluginValidation -derivedDataPath /Users/admin/builder/spi-builder-workspace/.derivedData build -scheme LayoutAid-Package -destination generic/platform=watchOS
ComputePackagePrebuildTargetDependencyGraph
Prepare packages
CreateBuildRequest
SendProjectDescription
CreateBuildOperation
ComputeTargetDependencyGraph
note: Building targets in dependency order
note: Target dependency graph (1 target)
Target 'LayoutAid' in project 'LayoutAid' (no dependencies)
GatherProvisioningInputs
CreateBuildDescription
ExecuteExternalTool /Applications/Xcode-27.0.0-Release.Candidate.app/Contents/Developer/Toolchains/XcodeDefault.xctoolchain/usr/bin/clang -v -E -dM -isysroot /Applications/Xcode-27.0.0-Release.Candidate.app/Contents/Developer/Platforms/WatchOS.platform/Developer/SDKs/WatchOS27.0.sdk -x c -c /dev/null
ExecuteExternalTool /Applications/Xcode-27.0.0-Release.Candidate.app/Contents/Developer/Toolchains/XcodeDefault.xctoolchain/usr/bin/swiftc --version
ExecuteExternalTool /Applications/Xcode-27.0.0-Release.Candidate.app/Contents/Developer/Toolchains/XcodeDefault.xctoolchain/usr/bin/ld -version_details
Build description signature: ff7b242a424a43972386d2ccd0535aa9
Build description path: /Users/admin/builder/spi-builder-workspace/.derivedData/Build/Intermediates.noindex/XCBuildData/ff7b242a424a43972386d2ccd0535aa9.xcbuilddata
/Users/admin/builder/spi-builder-workspace/LayoutAid.xcodeproj: error: The watchOS deployment target 'WATCHOS_DEPLOYMENT_TARGET' is set to 2.0, but the range of supported deployment target versions is 9.0 to 27.0.x. (in target 'LayoutAid' from project 'LayoutAid')
error: The armv7k architecture is deprecated. You should update your ARCHS build setting to remove the armv7k architecture. (in target 'LayoutAid' from project 'LayoutAid')
warning: Run script build phase 'SwiftLint' will be run during every build because it does not specify any outputs. To address this issue, either add output dependencies to the script phase, or configure it to run in every build by unchecking "Based on dependency analysis" in the script phase. (in target 'LayoutAid' from project 'LayoutAid')
** BUILD FAILED **
The following build commands failed:
Building project LayoutAid with scheme LayoutAid-Package
(1 failure)
Command line invocation:
/Applications/Xcode-27.0.0-Release.Candidate.app/Contents/Developer/usr/bin/xcodebuild -IDEClonedSourcePackagesDirPathOverride=/Users/admin/builder/spi-builder-workspace/.dependencies -resolvePackageDependencies
resolved source packages:
{
"dependencies" : [
],
"manifest_display_name" : "LayoutAid",
"name" : "LayoutAid",
"path" : "/Users/admin/builder/spi-builder-workspace",
"platforms" : [
{
"name" : "macos",
"version" : "10.11"
},
{
"name" : "ios",
"version" : "11.0"
},
{
"name" : "tvos",
"version" : "11.0"
}
],
"products" : [
{
"name" : "LayoutAid",
"targets" : [
"LayoutAid"
],
"type" : {
"library" : [
"automatic"
]
}
}
],
"targets" : [
{
"c99name" : "LayoutAidTests",
"module_type" : "SwiftTarget",
"name" : "LayoutAidTests",
"path" : "Tests/LayoutAidTests",
"sources" : [
"ConstraintsBuilderTests.swift",
"XCTestManifests.swift"
],
"target_dependencies" : [
"LayoutAid"
],
"type" : "test"
},
{
"c99name" : "LayoutAid",
"module_type" : "SwiftTarget",
"name" : "LayoutAid",
"path" : "Sources/LayoutAid",
"product_memberships" : [
"LayoutAid"
],
"sources" : [
"AspectRatio.swift",
"AxisConstraintsGenerator.swift",
"Bottom.swift",
"Center.swift",
"CenterX.swift",
"CenterY.swift",
"DimensionConstraintsGenerator.swift",
"DirectionalEdges.swift",
"Edges.swift",
"Height.swift",
"Keyboard.swift",
"KeyboardLayoutGuide.swift",
"LayoutConstraintsGenerator.swift",
"LayoutGuide.swift",
"LayoutItem.swift",
"Leading.swift",
"Left.swift",
"NSLayoutConstraint+Extensions.swift",
"Right.swift",
"Size.swift",
"StatedConstraints.swift",
"Top.swift",
"Trailing.swift",
"UIScrollView+Extensions.swift",
"View.swift",
"Width.swift",
"XAxisConstraintsGenerator.swift",
"YAxisConstraintsGenerator.swift"
],
"type" : "library"
}
],
"tools_version" : "5.2"
}
{
"project" : {
"configurations" : [
"Debug",
"Release"
],
"name" : "LayoutAid",
"schemes" : [
"LayoutAid-Package"
],
"targets" : [
"LayoutAid",
"LayoutAidPackageDescription",
"LayoutAidPackageTests",
"LayoutAidTests"
]
}
}
Running build ...
env DEVELOPER_DIR=/Applications/Xcode-27.0.0-Release.Candidate.app xcrun xcodebuild -IDEClonedSourcePackagesDirPathOverride=$PWD/.dependencies -skipMacroValidation -skipPackagePluginValidation -derivedDataPath $PWD/.derivedData build -scheme LayoutAid-Package -destination generic/platform=watchOS
Command line invocation:
/Applications/Xcode-27.0.0-Release.Candidate.app/Contents/Developer/usr/bin/xcodebuild -IDEClonedSourcePackagesDirPathOverride=/Users/admin/builder/spi-builder-workspace/.dependencies -skipMacroValidation -skipPackagePluginValidation -derivedDataPath /Users/admin/builder/spi-builder-workspace/.derivedData build -scheme LayoutAid-Package -destination generic/platform=watchOS
ComputePackagePrebuildTargetDependencyGraph
Prepare packages
CreateBuildRequest
SendProjectDescription
CreateBuildOperation
ComputeTargetDependencyGraph
note: Building targets in dependency order
note: Target dependency graph (1 target)
Target 'LayoutAid' in project 'LayoutAid' (no dependencies)
GatherProvisioningInputs
CreateBuildDescription
error: The armv7k architecture is deprecated. You should update your ARCHS build setting to remove the armv7k architecture. (in target 'LayoutAid' from project 'LayoutAid')
/Users/admin/builder/spi-builder-workspace/LayoutAid.xcodeproj: error: The watchOS deployment target 'WATCHOS_DEPLOYMENT_TARGET' is set to 2.0, but the range of supported deployment target versions is 9.0 to 27.0.x. (in target 'LayoutAid' from project 'LayoutAid')
warning: Run script build phase 'SwiftLint' will be run during every build because it does not specify any outputs. To address this issue, either add output dependencies to the script phase, or configure it to run in every build by unchecking "Based on dependency analysis" in the script phase. (in target 'LayoutAid' from project 'LayoutAid')
** BUILD FAILED **
The following build commands failed:
Building project LayoutAid with scheme LayoutAid-Package
(1 failure)
BUILD FAILURE 6.4 watchOS