Build Information
Failed to build swift-storekit, reference v0.3.0 (d4c40b), with Swift 6.2 for watchOS using Xcode 26.3 on 8 Oct 2026 22:46:20 UTC.
Build Command
env DEVELOPER_DIR=/Applications/Xcode-26.3.0.app xcrun xcodebuild -IDEClonedSourcePackagesDirPathOverride=$PWD/.dependencies -skipMacroValidation -skipPackagePluginValidation -derivedDataPath $PWD/.derivedData build -scheme swift-storekit-Package -destination generic/platform=watchOSBuild Log
SwiftCompile normal arm64_32 Compiling\ ScenarioError.swift /Users/admin/builder/spi-builder-workspace/Sources/PurchaseSimulator/ScenarioError.swift (in target 'PurchaseSimulator' from project 'swift-storekit')
SwiftCompile normal arm64_32 /Users/admin/builder/spi-builder-workspace/Sources/PurchaseSimulator/ScenarioError.swift (in target 'PurchaseSimulator' from project 'swift-storekit')
cd /Users/admin/builder/spi-builder-workspace/.swiftpm/xcode
SwiftCompile normal arm64 Compiling\ Scenario+Parsing.swift /Users/admin/builder/spi-builder-workspace/Sources/PurchaseSimulator/Scenario+Parsing.swift (in target 'PurchaseSimulator' from project 'swift-storekit')
SwiftCompile normal arm64 /Users/admin/builder/spi-builder-workspace/Sources/PurchaseSimulator/Scenario+Parsing.swift (in target 'PurchaseSimulator' from project 'swift-storekit')
cd /Users/admin/builder/spi-builder-workspace/.swiftpm/xcode
SwiftDriverJobDiscovery normal arm64_32 Compiling SimulatedStoreFront+Behaviour.swift (in target 'PurchaseSimulator' from project 'swift-storekit')
SwiftCompile normal arm64 Compiling\ SimulatedStoreFront+Behaviour.swift /Users/admin/builder/spi-builder-workspace/Sources/PurchaseSimulator/SimulatedStoreFront+Behaviour.swift (in target 'PurchaseSimulator' from project 'swift-storekit')
SwiftCompile normal arm64 /Users/admin/builder/spi-builder-workspace/Sources/PurchaseSimulator/SimulatedStoreFront+Behaviour.swift (in target 'PurchaseSimulator' from project 'swift-storekit')
cd /Users/admin/builder/spi-builder-workspace/.swiftpm/xcode
SwiftCompile normal arm64_32 Compiling\ SimulatedStoreFront.swift /Users/admin/builder/spi-builder-workspace/Sources/PurchaseSimulator/SimulatedStoreFront.swift (in target 'PurchaseSimulator' from project 'swift-storekit')
SwiftCompile normal arm64_32 /Users/admin/builder/spi-builder-workspace/Sources/PurchaseSimulator/SimulatedStoreFront.swift (in target 'PurchaseSimulator' from project 'swift-storekit')
cd /Users/admin/builder/spi-builder-workspace/.swiftpm/xcode
SwiftDriverJobDiscovery normal arm64_32 Compiling ScenarioError.swift (in target 'PurchaseSimulator' from project 'swift-storekit')
SwiftCompile normal arm64_32 Compiling\ Scenario.swift /Users/admin/builder/spi-builder-workspace/Sources/PurchaseSimulator/Scenario.swift (in target 'PurchaseSimulator' from project 'swift-storekit')
SwiftCompile normal arm64_32 /Users/admin/builder/spi-builder-workspace/Sources/PurchaseSimulator/Scenario.swift (in target 'PurchaseSimulator' from project 'swift-storekit')
cd /Users/admin/builder/spi-builder-workspace/.swiftpm/xcode
SwiftCompile normal arm64 Compiling\ AnswerGate.swift /Users/admin/builder/spi-builder-workspace/Sources/PurchaseSimulator/AnswerGate.swift (in target 'PurchaseSimulator' from project 'swift-storekit')
SwiftCompile normal arm64 /Users/admin/builder/spi-builder-workspace/Sources/PurchaseSimulator/AnswerGate.swift (in target 'PurchaseSimulator' from project 'swift-storekit')
cd /Users/admin/builder/spi-builder-workspace/.swiftpm/xcode
SwiftDriverJobDiscovery normal arm64 Compiling Scenario.swift (in target 'PurchaseSimulator' from project 'swift-storekit')
SwiftDriverJobDiscovery normal arm64 Compiling SimulatedStoreFront+Scenario.swift (in target 'PurchaseSimulator' from project 'swift-storekit')
SwiftCompile normal arm64_32 Compiling\ SimulatedStoreFront+Scenario.swift /Users/admin/builder/spi-builder-workspace/Sources/PurchaseSimulator/SimulatedStoreFront+Scenario.swift (in target 'PurchaseSimulator' from project 'swift-storekit')
SwiftCompile normal arm64_32 /Users/admin/builder/spi-builder-workspace/Sources/PurchaseSimulator/SimulatedStoreFront+Scenario.swift (in target 'PurchaseSimulator' from project 'swift-storekit')
cd /Users/admin/builder/spi-builder-workspace/.swiftpm/xcode
SwiftDriverJobDiscovery normal arm64 Compiling AnswerGate.swift (in target 'PurchaseSimulator' from project 'swift-storekit')
SwiftCompile normal arm64 Compiling\ ScenarioError.swift /Users/admin/builder/spi-builder-workspace/Sources/PurchaseSimulator/ScenarioError.swift (in target 'PurchaseSimulator' from project 'swift-storekit')
SwiftCompile normal arm64 /Users/admin/builder/spi-builder-workspace/Sources/PurchaseSimulator/ScenarioError.swift (in target 'PurchaseSimulator' from project 'swift-storekit')
cd /Users/admin/builder/spi-builder-workspace/.swiftpm/xcode
SwiftDriverJobDiscovery normal arm64 Compiling SimulatedStoreFront+Behaviour.swift (in target 'PurchaseSimulator' from project 'swift-storekit')
SwiftCompile normal arm64_32 Compiling\ Scenario+Parsing.swift /Users/admin/builder/spi-builder-workspace/Sources/PurchaseSimulator/Scenario+Parsing.swift (in target 'PurchaseSimulator' from project 'swift-storekit')
SwiftCompile normal arm64_32 /Users/admin/builder/spi-builder-workspace/Sources/PurchaseSimulator/Scenario+Parsing.swift (in target 'PurchaseSimulator' from project 'swift-storekit')
cd /Users/admin/builder/spi-builder-workspace/.swiftpm/xcode
SwiftDriver\ Compilation PurchaseDirectDistribution normal arm64 com.apple.xcode.tools.swift.compiler (in target 'PurchaseDirectDistribution' from project 'swift-storekit')
cd /Users/admin/builder/spi-builder-workspace/.swiftpm/xcode
builtin-Swift-Compilation -- /Applications/Xcode-26.3.0.app/Contents/Developer/Toolchains/XcodeDefault.xctoolchain/usr/bin/swiftc -module-name PurchaseDirectDistribution -Onone -enforce-exclusivity\=checked @/Users/admin/builder/spi-builder-workspace/.derivedData/Build/Intermediates.noindex/swift-storekit.build/Debug-watchos/PurchaseDirectDistribution.build/Objects-normal/arm64/PurchaseDirectDistribution.SwiftFileList -DSWIFT_PACKAGE -DDEBUG -DSWIFT_MODULE_RESOURCE_BUNDLE_UNAVAILABLE -DXcode -enable-upcoming-feature ExistentialAny -enable-upcoming-feature ImmutableWeakCaptures -enable-upcoming-feature MemberImportVisibility -enable-upcoming-feature InferIsolatedConformances -enable-upcoming-feature InternalImportsByDefault -enable-upcoming-feature NonisolatedNonsendingByDefault -plugin-path /Applications/Xcode-26.3.0.app/Contents/Developer/Toolchains/XcodeDefault.xctoolchain/usr/lib/swift/host/plugins/testing -enable-experimental-feature DebugDescriptionMacro -sdk /Applications/Xcode-26.3.0.app/Contents/Developer/Platforms/WatchOS.platform/Developer/SDKs/WatchOS26.2.sdk -target arm64-apple-watchos26.0 -g -module-cache-path /Users/admin/builder/spi-builder-workspace/.derivedData/ModuleCache.noindex -Xfrontend -serialize-debugging-options -profile-coverage-mapping -profile-generate -enable-testing -index-store-path /Users/admin/builder/spi-builder-workspace/.derivedData/Index.noindex/DataStore -Xcc -D_LIBCPP_HARDENING_MODE\=_LIBCPP_HARDENING_MODE_DEBUG -swift-version 6 -I /Users/admin/builder/spi-builder-workspace/.derivedData/Build/Products/Debug-watchos -Isystem /Applications/Xcode-26.3.0.app/Contents/Developer/Platforms/WatchOS.platform/Developer/usr/lib -F /Users/admin/builder/spi-builder-workspace/.derivedData/Build/Products/Debug-watchos/PackageFrameworks -F /Users/admin/builder/spi-builder-workspace/.derivedData/Build/Products/Debug-watchos -F /Applications/Xcode-26.3.0.app/Contents/Developer/Platforms/WatchOS.platform/Developer/Library/Frameworks -F /Applications/Xcode-26.3.0.app/Contents/Developer/Platforms/WatchOS.platform/Developer/SDKs/WatchOS26.2.sdk/Developer/Library/Frameworks -parse-as-library -c -j10 -enable-batch-mode -incremental -Xcc -ivfsstatcache -Xcc /Users/admin/builder/spi-builder-workspace/.derivedData/SDKStatCaches.noindex/watchos26.2-23S303-dc75598d0054f22ec865fa860f139d721753b489057de6bda919edfa1c59a62b.sdkstatcache -output-file-map /Users/admin/builder/spi-builder-workspace/.derivedData/Build/Intermediates.noindex/swift-storekit.build/Debug-watchos/PurchaseDirectDistribution.build/Objects-normal/arm64/PurchaseDirectDistribution-OutputFileMap.json -use-frontend-parseable-output -save-temps -no-color-diagnostics -explicit-module-build -module-cache-path /Users/admin/builder/spi-builder-workspace/.derivedData/Build/Intermediates.noindex/SwiftExplicitPrecompiledModules -clang-scanner-module-cache-path /Users/admin/builder/spi-builder-workspace/.derivedData/ModuleCache.noindex -sdk-module-cache-path /Users/admin/builder/spi-builder-workspace/.derivedData/ModuleCache.noindex -serialize-diagnostics -emit-dependencies -emit-module -emit-module-path /Users/admin/builder/spi-builder-workspace/.derivedData/Build/Intermediates.noindex/swift-storekit.build/Debug-watchos/PurchaseDirectDistribution.build/Objects-normal/arm64/PurchaseDirectDistribution.swiftmodule -validate-clang-modules-once -clang-build-session-file /Users/admin/builder/spi-builder-workspace/.derivedData/ModuleCache.noindex/Session.modulevalidation -package-name spi_builder_workspace -Xcc -I/Users/admin/builder/spi-builder-workspace/.derivedData/Build/Intermediates.noindex/swift-storekit.build/Debug-watchos/PurchaseDirectDistribution.build/swift-overrides.hmap -emit-const-values -Xfrontend -const-gather-protocols-file -Xfrontend /Users/admin/builder/spi-builder-workspace/.derivedData/Build/Intermediates.noindex/swift-storekit.build/Debug-watchos/PurchaseDirectDistribution.build/Objects-normal/arm64/PurchaseDirectDistribution_const_extract_protocols.json -Xcc -I/Users/admin/builder/spi-builder-workspace/.derivedData/Build/Products/Debug-watchos/include -Xcc -I/Users/admin/builder/spi-builder-workspace/.derivedData/Build/Intermediates.noindex/swift-storekit.build/Debug-watchos/PurchaseDirectDistribution.build/DerivedSources-normal/arm64 -Xcc -I/Users/admin/builder/spi-builder-workspace/.derivedData/Build/Intermediates.noindex/swift-storekit.build/Debug-watchos/PurchaseDirectDistribution.build/DerivedSources/arm64 -Xcc -I/Users/admin/builder/spi-builder-workspace/.derivedData/Build/Intermediates.noindex/swift-storekit.build/Debug-watchos/PurchaseDirectDistribution.build/DerivedSources -Xcc -DSWIFT_PACKAGE -Xcc -DDEBUG\=1 -emit-objc-header -emit-objc-header-path /Users/admin/builder/spi-builder-workspace/.derivedData/Build/Intermediates.noindex/swift-storekit.build/Debug-watchos/PurchaseDirectDistribution.build/Objects-normal/arm64/PurchaseDirectDistribution-Swift.h -working-directory /Users/admin/builder/spi-builder-workspace/.swiftpm/xcode -experimental-emit-module-separately -disable-cmo
SwiftCompile normal arm64_32 Compiling\ EverythingOwnedStoreFront.swift /Users/admin/builder/spi-builder-workspace/Sources/PurchaseDirectDistribution/EverythingOwnedStoreFront.swift (in target 'PurchaseDirectDistribution' from project 'swift-storekit')
SwiftCompile normal arm64_32 /Users/admin/builder/spi-builder-workspace/Sources/PurchaseDirectDistribution/EverythingOwnedStoreFront.swift (in target 'PurchaseDirectDistribution' from project 'swift-storekit')
cd /Users/admin/builder/spi-builder-workspace/.swiftpm/xcode
ExtractAppIntentsMetadata (in target 'PurchaseCore' from project 'swift-storekit')
cd /Users/admin/builder/spi-builder-workspace
/Applications/Xcode-26.3.0.app/Contents/Developer/Toolchains/XcodeDefault.xctoolchain/usr/bin/appintentsmetadataprocessor --toolchain-dir /var/run/com.apple.security.cryptexd/mnt/com.apple.MobileAsset.MetalToolchain-v17.3.7003.10.uFUzs0/Metal.xctoolchain --module-name PurchaseCore --sdk-root /Applications/Xcode-26.3.0.app/Contents/Developer/Platforms/WatchOS.platform/Developer/SDKs/WatchOS26.2.sdk --xcode-version 17C529 --platform-family watchOS --deployment-target 26.0 --bundle-identifier spi-builder-workspace.PurchaseCore --output /Users/admin/builder/spi-builder-workspace/.derivedData/Build/Products/Debug-watchos/PurchaseCore.appintents --target-triple arm64-apple-watchos26.0 --target-triple arm64_32-apple-watchos26.0 --binary-file /Users/admin/builder/spi-builder-workspace/.derivedData/Build/Products/Debug-watchos/PurchaseCore.o --dependency-file /Users/admin/builder/spi-builder-workspace/.derivedData/Build/Intermediates.noindex/swift-storekit.build/Debug-watchos/PurchaseCore.build/Objects-normal/arm64/PurchaseCore_dependency_info.dat --dependency-file /Users/admin/builder/spi-builder-workspace/.derivedData/Build/Intermediates.noindex/swift-storekit.build/Debug-watchos/PurchaseCore.build/Objects-normal/arm64_32/PurchaseCore_dependency_info.dat --stringsdata-file /Users/admin/builder/spi-builder-workspace/.derivedData/Build/Intermediates.noindex/swift-storekit.build/Debug-watchos/PurchaseCore.build/Objects-normal/arm64/ExtractedAppShortcutsMetadata.stringsdata --stringsdata-file /Users/admin/builder/spi-builder-workspace/.derivedData/Build/Intermediates.noindex/swift-storekit.build/Debug-watchos/PurchaseCore.build/Objects-normal/arm64_32/ExtractedAppShortcutsMetadata.stringsdata --source-file-list /Users/admin/builder/spi-builder-workspace/.derivedData/Build/Intermediates.noindex/swift-storekit.build/Debug-watchos/PurchaseCore.build/Objects-normal/arm64/PurchaseCore.SwiftFileList --source-file-list /Users/admin/builder/spi-builder-workspace/.derivedData/Build/Intermediates.noindex/swift-storekit.build/Debug-watchos/PurchaseCore.build/Objects-normal/arm64_32/PurchaseCore.SwiftFileList --metadata-file-list /Users/admin/builder/spi-builder-workspace/.derivedData/Build/Intermediates.noindex/swift-storekit.build/Debug-watchos/PurchaseCore.build/PurchaseCore.DependencyMetadataFileList --static-metadata-file-list /Users/admin/builder/spi-builder-workspace/.derivedData/Build/Intermediates.noindex/swift-storekit.build/Debug-watchos/PurchaseCore.build/PurchaseCore.DependencyStaticMetadataFileList --swift-const-vals-list /Users/admin/builder/spi-builder-workspace/.derivedData/Build/Intermediates.noindex/swift-storekit.build/Debug-watchos/PurchaseCore.build/Objects-normal/arm64/PurchaseCore.SwiftConstValuesFileList --swift-const-vals-list /Users/admin/builder/spi-builder-workspace/.derivedData/Build/Intermediates.noindex/swift-storekit.build/Debug-watchos/PurchaseCore.build/Objects-normal/arm64_32/PurchaseCore.SwiftConstValuesFileList --force --compile-time-extraction --deployment-aware-processing --validate-assistant-intents --no-app-shortcuts-localization
2026-10-08 18:46:13.219 appintentsmetadataprocessor[800:5272] Starting appintentsmetadataprocessor export
2026-10-08 18:46:13.454 appintentsmetadataprocessor[800:5272] Extracted no relevant App Intents symbols, skipping writing output
SwiftExplicitDependencyGeneratePcm arm64 /Users/admin/builder/spi-builder-workspace/.derivedData/ModuleCache.noindex/_Builtin_stdatomic-54VXVKINWJDUKUF1QQV7ZSY2R.pcm
SwiftExplicitDependencyGeneratePcm arm64_32 /Users/admin/builder/spi-builder-workspace/.derivedData/ModuleCache.noindex/_Builtin_intrinsics-8BDARAQ01UZD6W014LHVKHINQ.pcm
SwiftExplicitDependencyGeneratePcm arm64_32 /Users/admin/builder/spi-builder-workspace/.derivedData/ModuleCache.noindex/_Builtin_tgmath-9MAKYXN5PH90P2SVS3Q0JFOEL.pcm
SwiftDriverJobDiscovery normal arm64_32 Compiling Scenario.swift (in target 'PurchaseSimulator' from project 'swift-storekit')
SwiftExplicitDependencyGeneratePcm arm64 /Users/admin/builder/spi-builder-workspace/.derivedData/ModuleCache.noindex/_LocationEssentials-89SR6PJ8VGRNDNOJCJUJKQDF.pcm
SwiftExplicitDependencyGeneratePcm arm64_32 /Users/admin/builder/spi-builder-workspace/.derivedData/ModuleCache.noindex/StoreKit-9EFKGHUCMKF2USZRFBX4HPTO2.pcm
SwiftDriverJobDiscovery normal arm64_32 Compiling EverythingOwnedStoreFront.swift (in target 'PurchaseDirectDistribution' from project 'swift-storekit')
SwiftExplicitDependencyGeneratePcm arm64 /Users/admin/builder/spi-builder-workspace/.derivedData/ModuleCache.noindex/StoreKit-ADVMQQB02NJ1YYNY8SNYA4XQV.pcm
SwiftDriverJobDiscovery normal arm64 Compiling ScenarioError.swift (in target 'PurchaseSimulator' from project 'swift-storekit')
SwiftExplicitDependencyGeneratePcm arm64 /Users/admin/builder/spi-builder-workspace/.derivedData/ModuleCache.noindex/DataDetection-DGEIPFEY2NNDNAFGCE7B6ZZG5.pcm
SwiftDriverJobDiscovery normal arm64 Compiling Scenario+Parsing.swift (in target 'PurchaseSimulator' from project 'swift-storekit')
SwiftExplicitDependencyGeneratePcm arm64 /Users/admin/builder/spi-builder-workspace/.derivedData/ModuleCache.noindex/_StoreKit_SwiftUI-E9BJFF5YCBFAHNRW7CU2GCGK0.pcm
SwiftExplicitDependencyGeneratePcm arm64 /Users/admin/builder/spi-builder-workspace/.derivedData/ModuleCache.noindex/Symbols-2U9Y3ZW48EA4WDS5V00VYWP77.pcm
SwiftExplicitDependencyGeneratePcm arm64_32 /Users/admin/builder/spi-builder-workspace/.derivedData/ModuleCache.noindex/LocalAuthentication-9P8F1TFD6RXHBK7I22BCFNNGO.pcm
SwiftExplicitDependencyGeneratePcm arm64_32 /Users/admin/builder/spi-builder-workspace/.derivedData/ModuleCache.noindex/CoreTransferable-2CVORFL3L1ZOPK3KZBFUQTSQZ.pcm
SwiftDriverJobDiscovery normal arm64_32 Compiling SimulatedStoreFront+Scenario.swift (in target 'PurchaseSimulator' from project 'swift-storekit')
SwiftExplicitDependencyGeneratePcm arm64 /Users/admin/builder/spi-builder-workspace/.derivedData/ModuleCache.noindex/DeveloperToolsSupport-4T92GXF0UX8LAOR19MDAZQ5FJ.pcm
SwiftExplicitDependencyGeneratePcm arm64 /Users/admin/builder/spi-builder-workspace/.derivedData/ModuleCache.noindex/CoreLocation-BOG5PV0G1GSHHPJXU4ZBJCZRH.pcm
SwiftExplicitDependencyGeneratePcm arm64_32 /Users/admin/builder/spi-builder-workspace/.derivedData/ModuleCache.noindex/_Builtin_stdatomic-PGCTE6MX7UMTDPK5E7L1WO9G.pcm
SwiftExplicitDependencyGeneratePcm arm64_32 /Users/admin/builder/spi-builder-workspace/.derivedData/ModuleCache.noindex/DeveloperToolsSupport-5Q1NLQJRRPLABYGN6NVKFXWY0.pcm
SwiftExplicitDependencyGeneratePcm arm64_32 /Users/admin/builder/spi-builder-workspace/.derivedData/ModuleCache.noindex/DataDetection-9RZALVH3Q8QWPGVOXLJMRIMNJ.pcm
SwiftExplicitDependencyGeneratePcm arm64_32 /Users/admin/builder/spi-builder-workspace/.derivedData/ModuleCache.noindex/Symbols-A1BAQZRA0IPQ1BAQPBXB0XLK.pcm
SwiftExplicitDependencyGeneratePcm arm64_32 /Users/admin/builder/spi-builder-workspace/.derivedData/ModuleCache.noindex/_StoreKit_SwiftUI-AW4ZGZUANCS7NMOAEUAFRUQKY.pcm
SwiftExplicitDependencyGeneratePcm arm64_32 /Users/admin/builder/spi-builder-workspace/.derivedData/ModuleCache.noindex/UIUtilities-CPB7RV7T2CQM4IT41KNK8WEPF.pcm
SwiftExplicitDependencyGeneratePcm arm64 /Users/admin/builder/spi-builder-workspace/.derivedData/ModuleCache.noindex/UniformTypeIdentifiers-458KAXK374TXBBN52PBPJYRSJ.pcm
SwiftExplicitDependencyGeneratePcm arm64_32 /Users/admin/builder/spi-builder-workspace/.derivedData/ModuleCache.noindex/CoreData-F2DL2NECK2F0P1OBHCU46MF3Q.pcm
SwiftExplicitDependencyGeneratePcm arm64_32 /Users/admin/builder/spi-builder-workspace/.derivedData/ModuleCache.noindex/UserNotifications-CY8CZNOA4HZ4NXF0NT757OY1I.pcm
SwiftExplicitDependencyGeneratePcm arm64 /Users/admin/builder/spi-builder-workspace/.derivedData/ModuleCache.noindex/MachO-CBB7CDJCGLJ1KAOBMESQJ6HN0.pcm
SwiftExplicitDependencyGeneratePcm arm64 /Users/admin/builder/spi-builder-workspace/.derivedData/ModuleCache.noindex/_Builtin_intrinsics-58ND084GSLXVJ19XXOLY3EGKI.pcm
SwiftExplicitDependencyGeneratePcm arm64 /Users/admin/builder/spi-builder-workspace/.derivedData/ModuleCache.noindex/UIUtilities-2AT70EV9YA6Z5O1GGD8GO52CG.pcm
SwiftExplicitDependencyGeneratePcm arm64 /Users/admin/builder/spi-builder-workspace/.derivedData/ModuleCache.noindex/LocalAuthentication-7OW89PR7M4C0NR91LQUNC1EB5.pcm
SwiftExplicitDependencyGeneratePcm arm64_32 /Users/admin/builder/spi-builder-workspace/.derivedData/ModuleCache.noindex/_LocationEssentials-4AVGDYZWJ1Z1EFYUB10MHWTSY.pcm
SwiftExplicitDependencyGeneratePcm arm64 /Users/admin/builder/spi-builder-workspace/.derivedData/ModuleCache.noindex/_Builtin_tgmath-DI47CTKNA1DVO6XMQAP3NHIQ0.pcm
SwiftExplicitDependencyGeneratePcm arm64 /Users/admin/builder/spi-builder-workspace/.derivedData/ModuleCache.noindex/CoreTransferable-8REPBA8E7O6DTYSXERNLF5EVF.pcm
SwiftExplicitDependencyGeneratePcm arm64 /Users/admin/builder/spi-builder-workspace/.derivedData/ModuleCache.noindex/os-AOK4LQ23MW2NBBUH2N8QOP52R.pcm
SwiftExplicitDependencyGeneratePcm arm64_32 /Users/admin/builder/spi-builder-workspace/.derivedData/ModuleCache.noindex/MachO-7QHSINQMXX9UYJSOISDF3NS24.pcm
SwiftExplicitDependencyGeneratePcm arm64_32 /Users/admin/builder/spi-builder-workspace/.derivedData/ModuleCache.noindex/CoreGraphics-54WAF0IQ8H82D87XJZCFRIVTY.pcm
SwiftExplicitDependencyGeneratePcm arm64 /Users/admin/builder/spi-builder-workspace/.derivedData/ModuleCache.noindex/UserNotifications-57VYXICVMN3EV36XAB1WHJZ2C.pcm
SwiftExplicitDependencyGeneratePcm arm64_32 /Users/admin/builder/spi-builder-workspace/.derivedData/ModuleCache.noindex/CoreLocation-9RQ68E4O3PRRR7M1U83RT5KKA.pcm
SwiftExplicitDependencyGeneratePcm arm64 /Users/admin/builder/spi-builder-workspace/.derivedData/ModuleCache.noindex/CoreGraphics-2FMIK8L6NJMCE0PUQH3KNMGI3.pcm
SwiftExplicitDependencyGeneratePcm arm64 /Users/admin/builder/spi-builder-workspace/.derivedData/ModuleCache.noindex/OSLog-15I59UMBV6CMH7II4GT8R5JED.pcm
SwiftExplicitDependencyGeneratePcm arm64_32 /Users/admin/builder/spi-builder-workspace/.derivedData/ModuleCache.noindex/os-1GWCV6O27DHF8WQFPLJNCFKK4.pcm
SwiftExplicitDependencyGeneratePcm arm64 /Users/admin/builder/spi-builder-workspace/.derivedData/ModuleCache.noindex/CoreData-2R09KN2ITB4YCFZYE0RKJ42SX.pcm
SwiftExplicitDependencyGeneratePcm arm64 /Users/admin/builder/spi-builder-workspace/.derivedData/ModuleCache.noindex/simd-6UCUA2BKEI2K1ED9QH6DE7VZF.pcm
SwiftExplicitDependencyGeneratePcm arm64_32 /Users/admin/builder/spi-builder-workspace/.derivedData/ModuleCache.noindex/UniformTypeIdentifiers-6VZH7JUQRBGXCIXRY267O4LKC.pcm
SwiftDriverJobDiscovery normal arm64_32 Compiling Scenario+Parsing.swift (in target 'PurchaseSimulator' from project 'swift-storekit')
SwiftExplicitDependencyGeneratePcm arm64_32 /Users/admin/builder/spi-builder-workspace/.derivedData/ModuleCache.noindex/simd-9BYVQEJ0MLQ40IRA0VT385G31.pcm
SwiftExplicitDependencyGeneratePcm arm64_32 /Users/admin/builder/spi-builder-workspace/.derivedData/ModuleCache.noindex/CoreVideo-DAFM97GFIP18A85P7GYKWGVKF.pcm
SwiftExplicitDependencyGeneratePcm arm64_32 /Users/admin/builder/spi-builder-workspace/.derivedData/ModuleCache.noindex/CoreText-69WFEC62YDTCXQEGLBFA7KKF1.pcm
SwiftExplicitDependencyGeneratePcm arm64 /Users/admin/builder/spi-builder-workspace/.derivedData/ModuleCache.noindex/CoreVideo-15AO69LNM8QYOGDN9W7HMBMTS.pcm
SwiftExplicitDependencyGeneratePcm arm64_32 /Users/admin/builder/spi-builder-workspace/.derivedData/ModuleCache.noindex/OSLog-BBMJB65CZBEAD54GKEVKN32T5.pcm
SwiftExplicitDependencyGeneratePcm arm64 /Users/admin/builder/spi-builder-workspace/.derivedData/ModuleCache.noindex/CoreText-2GN9EZ4ZQV3RJTZAUM2RAP0C5.pcm
SwiftExplicitDependencyGeneratePcm arm64_32 /Users/admin/builder/spi-builder-workspace/.derivedData/ModuleCache.noindex/Accessibility-869BJBZ6Y0GHCSU4LZ2MMOG62.pcm
SwiftExplicitDependencyGeneratePcm arm64_32 /Users/admin/builder/spi-builder-workspace/.derivedData/ModuleCache.noindex/QuartzCore-5EU9GG539SM7NV65MHB043EPG.pcm
SwiftExplicitDependencyGeneratePcm arm64 /Users/admin/builder/spi-builder-workspace/.derivedData/ModuleCache.noindex/QuartzCore-4KHS4Y6YPAFSDDCY9RNZPJHA3.pcm
SwiftExplicitDependencyGeneratePcm arm64 /Users/admin/builder/spi-builder-workspace/.derivedData/ModuleCache.noindex/Accessibility-4HTSNVYGF3VC9YDCPC2MNOPN4.pcm
SwiftDriver\ Compilation PurchaseDirectDistribution normal arm64_32 com.apple.xcode.tools.swift.compiler (in target 'PurchaseDirectDistribution' from project 'swift-storekit')
cd /Users/admin/builder/spi-builder-workspace/.swiftpm/xcode
builtin-Swift-Compilation -- /Applications/Xcode-26.3.0.app/Contents/Developer/Toolchains/XcodeDefault.xctoolchain/usr/bin/swiftc -module-name PurchaseDirectDistribution -Onone -enforce-exclusivity\=checked @/Users/admin/builder/spi-builder-workspace/.derivedData/Build/Intermediates.noindex/swift-storekit.build/Debug-watchos/PurchaseDirectDistribution.build/Objects-normal/arm64_32/PurchaseDirectDistribution.SwiftFileList -DSWIFT_PACKAGE -DDEBUG -DSWIFT_MODULE_RESOURCE_BUNDLE_UNAVAILABLE -DXcode -enable-upcoming-feature ExistentialAny -enable-upcoming-feature ImmutableWeakCaptures -enable-upcoming-feature MemberImportVisibility -enable-upcoming-feature InferIsolatedConformances -enable-upcoming-feature InternalImportsByDefault -enable-upcoming-feature NonisolatedNonsendingByDefault -plugin-path /Applications/Xcode-26.3.0.app/Contents/Developer/Toolchains/XcodeDefault.xctoolchain/usr/lib/swift/host/plugins/testing -enable-experimental-feature DebugDescriptionMacro -sdk /Applications/Xcode-26.3.0.app/Contents/Developer/Platforms/WatchOS.platform/Developer/SDKs/WatchOS26.2.sdk -target arm64_32-apple-watchos26.0 -g -module-cache-path /Users/admin/builder/spi-builder-workspace/.derivedData/ModuleCache.noindex -Xfrontend -serialize-debugging-options -profile-coverage-mapping -profile-generate -enable-testing -index-store-path /Users/admin/builder/spi-builder-workspace/.derivedData/Index.noindex/DataStore -Xcc -D_LIBCPP_HARDENING_MODE\=_LIBCPP_HARDENING_MODE_DEBUG -swift-version 6 -I /Users/admin/builder/spi-builder-workspace/.derivedData/Build/Products/Debug-watchos -Isystem /Applications/Xcode-26.3.0.app/Contents/Developer/Platforms/WatchOS.platform/Developer/usr/lib -F /Users/admin/builder/spi-builder-workspace/.derivedData/Build/Products/Debug-watchos/PackageFrameworks -F /Users/admin/builder/spi-builder-workspace/.derivedData/Build/Products/Debug-watchos -F /Applications/Xcode-26.3.0.app/Contents/Developer/Platforms/WatchOS.platform/Developer/Library/Frameworks -F /Applications/Xcode-26.3.0.app/Contents/Developer/Platforms/WatchOS.platform/Developer/SDKs/WatchOS26.2.sdk/Developer/Library/Frameworks -parse-as-library -c -j10 -enable-batch-mode -incremental -Xcc -ivfsstatcache -Xcc /Users/admin/builder/spi-builder-workspace/.derivedData/SDKStatCaches.noindex/watchos26.2-23S303-dc75598d0054f22ec865fa860f139d721753b489057de6bda919edfa1c59a62b.sdkstatcache -output-file-map /Users/admin/builder/spi-builder-workspace/.derivedData/Build/Intermediates.noindex/swift-storekit.build/Debug-watchos/PurchaseDirectDistribution.build/Objects-normal/arm64_32/PurchaseDirectDistribution-OutputFileMap.json -use-frontend-parseable-output -save-temps -no-color-diagnostics -explicit-module-build -module-cache-path /Users/admin/builder/spi-builder-workspace/.derivedData/Build/Intermediates.noindex/SwiftExplicitPrecompiledModules -clang-scanner-module-cache-path /Users/admin/builder/spi-builder-workspace/.derivedData/ModuleCache.noindex -sdk-module-cache-path /Users/admin/builder/spi-builder-workspace/.derivedData/ModuleCache.noindex -serialize-diagnostics -emit-dependencies -emit-module -emit-module-path /Users/admin/builder/spi-builder-workspace/.derivedData/Build/Intermediates.noindex/swift-storekit.build/Debug-watchos/PurchaseDirectDistribution.build/Objects-normal/arm64_32/PurchaseDirectDistribution.swiftmodule -validate-clang-modules-once -clang-build-session-file /Users/admin/builder/spi-builder-workspace/.derivedData/ModuleCache.noindex/Session.modulevalidation -package-name spi_builder_workspace -Xcc -I/Users/admin/builder/spi-builder-workspace/.derivedData/Build/Intermediates.noindex/swift-storekit.build/Debug-watchos/PurchaseDirectDistribution.build/swift-overrides.hmap -emit-const-values -Xfrontend -const-gather-protocols-file -Xfrontend /Users/admin/builder/spi-builder-workspace/.derivedData/Build/Intermediates.noindex/swift-storekit.build/Debug-watchos/PurchaseDirectDistribution.build/Objects-normal/arm64_32/PurchaseDirectDistribution_const_extract_protocols.json -Xcc -I/Users/admin/builder/spi-builder-workspace/.derivedData/Build/Products/Debug-watchos/include -Xcc -I/Users/admin/builder/spi-builder-workspace/.derivedData/Build/Intermediates.noindex/swift-storekit.build/Debug-watchos/PurchaseDirectDistribution.build/DerivedSources-normal/arm64_32 -Xcc -I/Users/admin/builder/spi-builder-workspace/.derivedData/Build/Intermediates.noindex/swift-storekit.build/Debug-watchos/PurchaseDirectDistribution.build/DerivedSources/arm64_32 -Xcc -I/Users/admin/builder/spi-builder-workspace/.derivedData/Build/Intermediates.noindex/swift-storekit.build/Debug-watchos/PurchaseDirectDistribution.build/DerivedSources -Xcc -DSWIFT_PACKAGE -Xcc -DDEBUG\=1 -emit-objc-header -emit-objc-header-path /Users/admin/builder/spi-builder-workspace/.derivedData/Build/Intermediates.noindex/swift-storekit.build/Debug-watchos/PurchaseDirectDistribution.build/Objects-normal/arm64_32/PurchaseDirectDistribution-Swift.h -working-directory /Users/admin/builder/spi-builder-workspace/.swiftpm/xcode -experimental-emit-module-separately -disable-cmo
SwiftDriver PurchaseTestKit normal arm64 com.apple.xcode.tools.swift.compiler (in target 'PurchaseTestKit' from project 'swift-storekit')
cd /Users/admin/builder/spi-builder-workspace/.swiftpm/xcode
builtin-SwiftDriver -- /Applications/Xcode-26.3.0.app/Contents/Developer/Toolchains/XcodeDefault.xctoolchain/usr/bin/swiftc -module-name PurchaseTestKit -Onone -enforce-exclusivity\=checked @/Users/admin/builder/spi-builder-workspace/.derivedData/Build/Intermediates.noindex/swift-storekit.build/Debug-watchos/PurchaseTestKit.build/Objects-normal/arm64/PurchaseTestKit.SwiftFileList -DSWIFT_PACKAGE -DDEBUG -DSWIFT_MODULE_RESOURCE_BUNDLE_UNAVAILABLE -DXcode -enable-upcoming-feature ExistentialAny -enable-upcoming-feature ImmutableWeakCaptures -enable-upcoming-feature MemberImportVisibility -enable-upcoming-feature InferIsolatedConformances -enable-upcoming-feature InternalImportsByDefault -enable-upcoming-feature NonisolatedNonsendingByDefault -plugin-path /Applications/Xcode-26.3.0.app/Contents/Developer/Toolchains/XcodeDefault.xctoolchain/usr/lib/swift/host/plugins/testing -enable-experimental-feature DebugDescriptionMacro -sdk /Applications/Xcode-26.3.0.app/Contents/Developer/Platforms/WatchOS.platform/Developer/SDKs/WatchOS26.2.sdk -target arm64-apple-watchos26.0 -g -module-cache-path /Users/admin/builder/spi-builder-workspace/.derivedData/ModuleCache.noindex -Xfrontend -serialize-debugging-options -profile-coverage-mapping -profile-generate -enable-testing -index-store-path /Users/admin/builder/spi-builder-workspace/.derivedData/Index.noindex/DataStore -Xcc -D_LIBCPP_HARDENING_MODE\=_LIBCPP_HARDENING_MODE_DEBUG -swift-version 6 -I /Users/admin/builder/spi-builder-workspace/.derivedData/Build/Products/Debug-watchos -Isystem /Applications/Xcode-26.3.0.app/Contents/Developer/Platforms/WatchOS.platform/Developer/usr/lib -F /Users/admin/builder/spi-builder-workspace/.derivedData/Build/Products/Debug-watchos/PackageFrameworks -F /Users/admin/builder/spi-builder-workspace/.derivedData/Build/Products/Debug-watchos/PackageFrameworks -F /Users/admin/builder/spi-builder-workspace/.derivedData/Build/Products/Debug-watchos -F /Applications/Xcode-26.3.0.app/Contents/Developer/Platforms/WatchOS.platform/Developer/Library/Frameworks -F /Applications/Xcode-26.3.0.app/Contents/Developer/Platforms/WatchOS.platform/Developer/SDKs/WatchOS26.2.sdk/Developer/Library/Frameworks -c -j10 -enable-batch-mode -incremental -Xcc -ivfsstatcache -Xcc /Users/admin/builder/spi-builder-workspace/.derivedData/SDKStatCaches.noindex/watchos26.2-23S303-dc75598d0054f22ec865fa860f139d721753b489057de6bda919edfa1c59a62b.sdkstatcache -output-file-map /Users/admin/builder/spi-builder-workspace/.derivedData/Build/Intermediates.noindex/swift-storekit.build/Debug-watchos/PurchaseTestKit.build/Objects-normal/arm64/PurchaseTestKit-OutputFileMap.json -use-frontend-parseable-output -save-temps -no-color-diagnostics -explicit-module-build -module-cache-path /Users/admin/builder/spi-builder-workspace/.derivedData/Build/Intermediates.noindex/SwiftExplicitPrecompiledModules -clang-scanner-module-cache-path /Users/admin/builder/spi-builder-workspace/.derivedData/ModuleCache.noindex -sdk-module-cache-path /Users/admin/builder/spi-builder-workspace/.derivedData/ModuleCache.noindex -serialize-diagnostics -emit-dependencies -emit-module -emit-module-path /Users/admin/builder/spi-builder-workspace/.derivedData/Build/Intermediates.noindex/swift-storekit.build/Debug-watchos/PurchaseTestKit.build/Objects-normal/arm64/PurchaseTestKit.swiftmodule -validate-clang-modules-once -clang-build-session-file /Users/admin/builder/spi-builder-workspace/.derivedData/ModuleCache.noindex/Session.modulevalidation -package-name spi_builder_workspace -Xcc -I/Users/admin/builder/spi-builder-workspace/.derivedData/Build/Intermediates.noindex/swift-storekit.build/Debug-watchos/PurchaseTestKit.build/swift-overrides.hmap -emit-const-values -Xfrontend -const-gather-protocols-file -Xfrontend /Users/admin/builder/spi-builder-workspace/.derivedData/Build/Intermediates.noindex/swift-storekit.build/Debug-watchos/PurchaseTestKit.build/Objects-normal/arm64/PurchaseTestKit_const_extract_protocols.json -Xcc -I/Users/admin/builder/spi-builder-workspace/.derivedData/Build/Products/Debug-watchos/include -Xcc -I/Users/admin/builder/spi-builder-workspace/.derivedData/Build/Intermediates.noindex/swift-storekit.build/Debug-watchos/PurchaseTestKit.build/DerivedSources-normal/arm64 -Xcc -I/Users/admin/builder/spi-builder-workspace/.derivedData/Build/Intermediates.noindex/swift-storekit.build/Debug-watchos/PurchaseTestKit.build/DerivedSources/arm64 -Xcc -I/Users/admin/builder/spi-builder-workspace/.derivedData/Build/Intermediates.noindex/swift-storekit.build/Debug-watchos/PurchaseTestKit.build/DerivedSources -Xcc -DSWIFT_PACKAGE -Xcc -DDEBUG\=1 -emit-objc-header -emit-objc-header-path /Users/admin/builder/spi-builder-workspace/.derivedData/Build/Intermediates.noindex/swift-storekit.build/Debug-watchos/PurchaseTestKit.build/Objects-normal/arm64/PurchaseTestKit-Swift.h -working-directory /Users/admin/builder/spi-builder-workspace/.swiftpm/xcode -experimental-emit-module-separately -disable-cmo
SwiftDriver PurchaseTestKit normal arm64_32 com.apple.xcode.tools.swift.compiler (in target 'PurchaseTestKit' from project 'swift-storekit')
cd /Users/admin/builder/spi-builder-workspace/.swiftpm/xcode
builtin-SwiftDriver -- /Applications/Xcode-26.3.0.app/Contents/Developer/Toolchains/XcodeDefault.xctoolchain/usr/bin/swiftc -module-name PurchaseTestKit -Onone -enforce-exclusivity\=checked @/Users/admin/builder/spi-builder-workspace/.derivedData/Build/Intermediates.noindex/swift-storekit.build/Debug-watchos/PurchaseTestKit.build/Objects-normal/arm64_32/PurchaseTestKit.SwiftFileList -DSWIFT_PACKAGE -DDEBUG -DSWIFT_MODULE_RESOURCE_BUNDLE_UNAVAILABLE -DXcode -enable-upcoming-feature ExistentialAny -enable-upcoming-feature ImmutableWeakCaptures -enable-upcoming-feature MemberImportVisibility -enable-upcoming-feature InferIsolatedConformances -enable-upcoming-feature InternalImportsByDefault -enable-upcoming-feature NonisolatedNonsendingByDefault -plugin-path /Applications/Xcode-26.3.0.app/Contents/Developer/Toolchains/XcodeDefault.xctoolchain/usr/lib/swift/host/plugins/testing -enable-experimental-feature DebugDescriptionMacro -sdk /Applications/Xcode-26.3.0.app/Contents/Developer/Platforms/WatchOS.platform/Developer/SDKs/WatchOS26.2.sdk -target arm64_32-apple-watchos26.0 -g -module-cache-path /Users/admin/builder/spi-builder-workspace/.derivedData/ModuleCache.noindex -Xfrontend -serialize-debugging-options -profile-coverage-mapping -profile-generate -enable-testing -index-store-path /Users/admin/builder/spi-builder-workspace/.derivedData/Index.noindex/DataStore -Xcc -D_LIBCPP_HARDENING_MODE\=_LIBCPP_HARDENING_MODE_DEBUG -swift-version 6 -I /Users/admin/builder/spi-builder-workspace/.derivedData/Build/Products/Debug-watchos -Isystem /Applications/Xcode-26.3.0.app/Contents/Developer/Platforms/WatchOS.platform/Developer/usr/lib -F /Users/admin/builder/spi-builder-workspace/.derivedData/Build/Products/Debug-watchos/PackageFrameworks -F /Users/admin/builder/spi-builder-workspace/.derivedData/Build/Products/Debug-watchos/PackageFrameworks -F /Users/admin/builder/spi-builder-workspace/.derivedData/Build/Products/Debug-watchos -F /Applications/Xcode-26.3.0.app/Contents/Developer/Platforms/WatchOS.platform/Developer/Library/Frameworks -F /Applications/Xcode-26.3.0.app/Contents/Developer/Platforms/WatchOS.platform/Developer/SDKs/WatchOS26.2.sdk/Developer/Library/Frameworks -c -j10 -enable-batch-mode -incremental -Xcc -ivfsstatcache -Xcc /Users/admin/builder/spi-builder-workspace/.derivedData/SDKStatCaches.noindex/watchos26.2-23S303-dc75598d0054f22ec865fa860f139d721753b489057de6bda919edfa1c59a62b.sdkstatcache -output-file-map /Users/admin/builder/spi-builder-workspace/.derivedData/Build/Intermediates.noindex/swift-storekit.build/Debug-watchos/PurchaseTestKit.build/Objects-normal/arm64_32/PurchaseTestKit-OutputFileMap.json -use-frontend-parseable-output -save-temps -no-color-diagnostics -explicit-module-build -module-cache-path /Users/admin/builder/spi-builder-workspace/.derivedData/Build/Intermediates.noindex/SwiftExplicitPrecompiledModules -clang-scanner-module-cache-path /Users/admin/builder/spi-builder-workspace/.derivedData/ModuleCache.noindex -sdk-module-cache-path /Users/admin/builder/spi-builder-workspace/.derivedData/ModuleCache.noindex -serialize-diagnostics -emit-dependencies -emit-module -emit-module-path /Users/admin/builder/spi-builder-workspace/.derivedData/Build/Intermediates.noindex/swift-storekit.build/Debug-watchos/PurchaseTestKit.build/Objects-normal/arm64_32/PurchaseTestKit.swiftmodule -validate-clang-modules-once -clang-build-session-file /Users/admin/builder/spi-builder-workspace/.derivedData/ModuleCache.noindex/Session.modulevalidation -package-name spi_builder_workspace -Xcc -I/Users/admin/builder/spi-builder-workspace/.derivedData/Build/Intermediates.noindex/swift-storekit.build/Debug-watchos/PurchaseTestKit.build/swift-overrides.hmap -emit-const-values -Xfrontend -const-gather-protocols-file -Xfrontend /Users/admin/builder/spi-builder-workspace/.derivedData/Build/Intermediates.noindex/swift-storekit.build/Debug-watchos/PurchaseTestKit.build/Objects-normal/arm64_32/PurchaseTestKit_const_extract_protocols.json -Xcc -I/Users/admin/builder/spi-builder-workspace/.derivedData/Build/Products/Debug-watchos/include -Xcc -I/Users/admin/builder/spi-builder-workspace/.derivedData/Build/Intermediates.noindex/swift-storekit.build/Debug-watchos/PurchaseTestKit.build/DerivedSources-normal/arm64_32 -Xcc -I/Users/admin/builder/spi-builder-workspace/.derivedData/Build/Intermediates.noindex/swift-storekit.build/Debug-watchos/PurchaseTestKit.build/DerivedSources/arm64_32 -Xcc -I/Users/admin/builder/spi-builder-workspace/.derivedData/Build/Intermediates.noindex/swift-storekit.build/Debug-watchos/PurchaseTestKit.build/DerivedSources -Xcc -DSWIFT_PACKAGE -Xcc -DDEBUG\=1 -emit-objc-header -emit-objc-header-path /Users/admin/builder/spi-builder-workspace/.derivedData/Build/Intermediates.noindex/swift-storekit.build/Debug-watchos/PurchaseTestKit.build/Objects-normal/arm64_32/PurchaseTestKit-Swift.h -working-directory /Users/admin/builder/spi-builder-workspace/.swiftpm/xcode -experimental-emit-module-separately -disable-cmo
SwiftExplicitDependencyGeneratePcm arm64_32 /Users/admin/builder/spi-builder-workspace/.derivedData/ModuleCache.noindex/SwiftUICore-8ANRRAIL34VOSEU0OQX19CRW1.pcm
SwiftExplicitDependencyGeneratePcm arm64_32 /Users/admin/builder/spi-builder-workspace/.derivedData/ModuleCache.noindex/UIKit-1I38H26G25LVQJZB353WOWH6.pcm
SwiftExplicitDependencyGeneratePcm arm64 /Users/admin/builder/spi-builder-workspace/.derivedData/ModuleCache.noindex/UIKit-8SKRF6O0G9HZH553M3C9EWWAU.pcm
SwiftExplicitDependencyGeneratePcm arm64 /Users/admin/builder/spi-builder-workspace/.derivedData/ModuleCache.noindex/SwiftUICore-21H2UE8E2AZCB7ZNBBCK88V6B.pcm
SwiftDriverJobDiscovery normal arm64 Compiling SimulatedStoreFront.swift (in target 'PurchaseSimulator' from project 'swift-storekit')
SwiftDriver\ Compilation PurchaseSimulator normal arm64 com.apple.xcode.tools.swift.compiler (in target 'PurchaseSimulator' from project 'swift-storekit')
cd /Users/admin/builder/spi-builder-workspace/.swiftpm/xcode
builtin-Swift-Compilation -- /Applications/Xcode-26.3.0.app/Contents/Developer/Toolchains/XcodeDefault.xctoolchain/usr/bin/swiftc -module-name PurchaseSimulator -Onone -enforce-exclusivity\=checked @/Users/admin/builder/spi-builder-workspace/.derivedData/Build/Intermediates.noindex/swift-storekit.build/Debug-watchos/PurchaseSimulator.build/Objects-normal/arm64/PurchaseSimulator.SwiftFileList -DSWIFT_PACKAGE -DDEBUG -DSWIFT_MODULE_RESOURCE_BUNDLE_UNAVAILABLE -DXcode -enable-upcoming-feature ExistentialAny -enable-upcoming-feature ImmutableWeakCaptures -enable-upcoming-feature MemberImportVisibility -enable-upcoming-feature InferIsolatedConformances -enable-upcoming-feature InternalImportsByDefault -enable-upcoming-feature NonisolatedNonsendingByDefault -plugin-path /Applications/Xcode-26.3.0.app/Contents/Developer/Toolchains/XcodeDefault.xctoolchain/usr/lib/swift/host/plugins/testing -enable-experimental-feature DebugDescriptionMacro -sdk /Applications/Xcode-26.3.0.app/Contents/Developer/Platforms/WatchOS.platform/Developer/SDKs/WatchOS26.2.sdk -target arm64-apple-watchos26.0 -g -module-cache-path /Users/admin/builder/spi-builder-workspace/.derivedData/ModuleCache.noindex -Xfrontend -serialize-debugging-options -profile-coverage-mapping -profile-generate -enable-testing -index-store-path /Users/admin/builder/spi-builder-workspace/.derivedData/Index.noindex/DataStore -Xcc -D_LIBCPP_HARDENING_MODE\=_LIBCPP_HARDENING_MODE_DEBUG -swift-version 6 -I /Users/admin/builder/spi-builder-workspace/.derivedData/Build/Products/Debug-watchos -Isystem /Applications/Xcode-26.3.0.app/Contents/Developer/Platforms/WatchOS.platform/Developer/usr/lib -F /Users/admin/builder/spi-builder-workspace/.derivedData/Build/Products/Debug-watchos/PackageFrameworks -F /Users/admin/builder/spi-builder-workspace/.derivedData/Build/Products/Debug-watchos -F /Applications/Xcode-26.3.0.app/Contents/Developer/Platforms/WatchOS.platform/Developer/Library/Frameworks -F /Applications/Xcode-26.3.0.app/Contents/Developer/Platforms/WatchOS.platform/Developer/SDKs/WatchOS26.2.sdk/Developer/Library/Frameworks -c -j10 -enable-batch-mode -incremental -Xcc -ivfsstatcache -Xcc /Users/admin/builder/spi-builder-workspace/.derivedData/SDKStatCaches.noindex/watchos26.2-23S303-dc75598d0054f22ec865fa860f139d721753b489057de6bda919edfa1c59a62b.sdkstatcache -output-file-map /Users/admin/builder/spi-builder-workspace/.derivedData/Build/Intermediates.noindex/swift-storekit.build/Debug-watchos/PurchaseSimulator.build/Objects-normal/arm64/PurchaseSimulator-OutputFileMap.json -use-frontend-parseable-output -save-temps -no-color-diagnostics -explicit-module-build -module-cache-path /Users/admin/builder/spi-builder-workspace/.derivedData/Build/Intermediates.noindex/SwiftExplicitPrecompiledModules -clang-scanner-module-cache-path /Users/admin/builder/spi-builder-workspace/.derivedData/ModuleCache.noindex -sdk-module-cache-path /Users/admin/builder/spi-builder-workspace/.derivedData/ModuleCache.noindex -serialize-diagnostics -emit-dependencies -emit-module -emit-module-path /Users/admin/builder/spi-builder-workspace/.derivedData/Build/Intermediates.noindex/swift-storekit.build/Debug-watchos/PurchaseSimulator.build/Objects-normal/arm64/PurchaseSimulator.swiftmodule -validate-clang-modules-once -clang-build-session-file /Users/admin/builder/spi-builder-workspace/.derivedData/ModuleCache.noindex/Session.modulevalidation -package-name spi_builder_workspace -Xcc -I/Users/admin/builder/spi-builder-workspace/.derivedData/Build/Intermediates.noindex/swift-storekit.build/Debug-watchos/PurchaseSimulator.build/swift-overrides.hmap -emit-const-values -Xfrontend -const-gather-protocols-file -Xfrontend /Users/admin/builder/spi-builder-workspace/.derivedData/Build/Intermediates.noindex/swift-storekit.build/Debug-watchos/PurchaseSimulator.build/Objects-normal/arm64/PurchaseSimulator_const_extract_protocols.json -Xcc -I/Users/admin/builder/spi-builder-workspace/.derivedData/Build/Products/Debug-watchos/include -Xcc -I/Users/admin/builder/spi-builder-workspace/.derivedData/Build/Intermediates.noindex/swift-storekit.build/Debug-watchos/PurchaseSimulator.build/DerivedSources-normal/arm64 -Xcc -I/Users/admin/builder/spi-builder-workspace/.derivedData/Build/Intermediates.noindex/swift-storekit.build/Debug-watchos/PurchaseSimulator.build/DerivedSources/arm64 -Xcc -I/Users/admin/builder/spi-builder-workspace/.derivedData/Build/Intermediates.noindex/swift-storekit.build/Debug-watchos/PurchaseSimulator.build/DerivedSources -Xcc -DSWIFT_PACKAGE -Xcc -DDEBUG\=1 -emit-objc-header -emit-objc-header-path /Users/admin/builder/spi-builder-workspace/.derivedData/Build/Intermediates.noindex/swift-storekit.build/Debug-watchos/PurchaseSimulator.build/Objects-normal/arm64/PurchaseSimulator-Swift.h -working-directory /Users/admin/builder/spi-builder-workspace/.swiftpm/xcode -experimental-emit-module-separately -disable-cmo
RegisterExecutionPolicyException /Users/admin/builder/spi-builder-workspace/.derivedData/Build/Products/Debug-watchos/PurchaseCore.o (in target 'PurchaseCore' from project 'swift-storekit')
cd /Users/admin/builder/spi-builder-workspace
builtin-RegisterExecutionPolicyException /Users/admin/builder/spi-builder-workspace/.derivedData/Build/Products/Debug-watchos/PurchaseCore.o
Ld /Users/admin/builder/spi-builder-workspace/.derivedData/Build/Intermediates.noindex/swift-storekit.build/Debug-watchos/PurchaseSimulator.build/Objects-normal/arm64/Binary/PurchaseSimulator.o normal arm64 (in target 'PurchaseSimulator' from project 'swift-storekit')
cd /Users/admin/builder/spi-builder-workspace
/Applications/Xcode-26.3.0.app/Contents/Developer/Toolchains/XcodeDefault.xctoolchain/usr/bin/clang -Xlinker -reproducible -target arm64-apple-watchos26.0 -r -isysroot /Applications/Xcode-26.3.0.app/Contents/Developer/Platforms/WatchOS.platform/Developer/SDKs/WatchOS26.2.sdk -O0 -L/Users/admin/builder/spi-builder-workspace/.derivedData/Build/Intermediates.noindex/EagerLinkingTBDs/Debug-watchos -L/Users/admin/builder/spi-builder-workspace/.derivedData/Build/Products/Debug-watchos -L/Applications/Xcode-26.3.0.app/Contents/Developer/Platforms/WatchOS.platform/Developer/usr/lib -F/Users/admin/builder/spi-builder-workspace/.derivedData/Build/Intermediates.noindex/EagerLinkingTBDs/Debug-watchos -F/Users/admin/builder/spi-builder-workspace/.derivedData/Build/Products/Debug-watchos/PackageFrameworks -F/Users/admin/builder/spi-builder-workspace/.derivedData/Build/Products/Debug-watchos -iframework /Applications/Xcode-26.3.0.app/Contents/Developer/Platforms/WatchOS.platform/Developer/Library/Frameworks -iframework /Applications/Xcode-26.3.0.app/Contents/Developer/Platforms/WatchOS.platform/Developer/SDKs/WatchOS26.2.sdk/Developer/Library/Frameworks -filelist /Users/admin/builder/spi-builder-workspace/.derivedData/Build/Intermediates.noindex/swift-storekit.build/Debug-watchos/PurchaseSimulator.build/Objects-normal/arm64/PurchaseSimulator.LinkFileList -nostdlib -Xlinker -object_path_lto -Xlinker /Users/admin/builder/spi-builder-workspace/.derivedData/Build/Intermediates.noindex/swift-storekit.build/Debug-watchos/PurchaseSimulator.build/Objects-normal/arm64/PurchaseSimulator_lto.o -rdynamic -Xlinker -no_deduplicate -Xlinker -debug_variant -Xlinker -dependency_info -Xlinker /Users/admin/builder/spi-builder-workspace/.derivedData/Build/Intermediates.noindex/swift-storekit.build/Debug-watchos/PurchaseSimulator.build/Objects-normal/arm64/PurchaseSimulator_dependency_info.dat -fobjc-link-runtime -L/Applications/Xcode-26.3.0.app/Contents/Developer/Toolchains/XcodeDefault.xctoolchain/usr/lib/swift/watchos -L/usr/lib/swift -Xlinker -add_ast_path -Xlinker /Users/admin/builder/spi-builder-workspace/.derivedData/Build/Intermediates.noindex/swift-storekit.build/Debug-watchos/PurchaseSimulator.build/Objects-normal/arm64/PurchaseSimulator.swiftmodule @/Users/admin/builder/spi-builder-workspace/.derivedData/Build/Intermediates.noindex/swift-storekit.build/Debug-watchos/PurchaseSimulator.build/Objects-normal/arm64/PurchaseSimulator-linker-args.resp -o /Users/admin/builder/spi-builder-workspace/.derivedData/Build/Intermediates.noindex/swift-storekit.build/Debug-watchos/PurchaseSimulator.build/Objects-normal/arm64/Binary/PurchaseSimulator.o
Ld /Users/admin/builder/spi-builder-workspace/.derivedData/Build/Intermediates.noindex/swift-storekit.build/Debug-watchos/PurchaseDirectDistribution.build/Objects-normal/arm64_32/Binary/PurchaseDirectDistribution.o normal arm64_32 (in target 'PurchaseDirectDistribution' from project 'swift-storekit')
cd /Users/admin/builder/spi-builder-workspace
/Applications/Xcode-26.3.0.app/Contents/Developer/Toolchains/XcodeDefault.xctoolchain/usr/bin/clang -Xlinker -reproducible -target arm64_32-apple-watchos26.0 -r -isysroot /Applications/Xcode-26.3.0.app/Contents/Developer/Platforms/WatchOS.platform/Developer/SDKs/WatchOS26.2.sdk -O0 -L/Users/admin/builder/spi-builder-workspace/.derivedData/Build/Intermediates.noindex/EagerLinkingTBDs/Debug-watchos -L/Users/admin/builder/spi-builder-workspace/.derivedData/Build/Products/Debug-watchos -L/Applications/Xcode-26.3.0.app/Contents/Developer/Platforms/WatchOS.platform/Developer/usr/lib -F/Users/admin/builder/spi-builder-workspace/.derivedData/Build/Intermediates.noindex/EagerLinkingTBDs/Debug-watchos -F/Users/admin/builder/spi-builder-workspace/.derivedData/Build/Products/Debug-watchos/PackageFrameworks -F/Users/admin/builder/spi-builder-workspace/.derivedData/Build/Products/Debug-watchos -iframework /Applications/Xcode-26.3.0.app/Contents/Developer/Platforms/WatchOS.platform/Developer/Library/Frameworks -iframework /Applications/Xcode-26.3.0.app/Contents/Developer/Platforms/WatchOS.platform/Developer/SDKs/WatchOS26.2.sdk/Developer/Library/Frameworks -filelist /Users/admin/builder/spi-builder-workspace/.derivedData/Build/Intermediates.noindex/swift-storekit.build/Debug-watchos/PurchaseDirectDistribution.build/Objects-normal/arm64_32/PurchaseDirectDistribution.LinkFileList -nostdlib -Xlinker -object_path_lto -Xlinker /Users/admin/builder/spi-builder-workspace/.derivedData/Build/Intermediates.noindex/swift-storekit.build/Debug-watchos/PurchaseDirectDistribution.build/Objects-normal/arm64_32/PurchaseDirectDistribution_lto.o -rdynamic -Xlinker -no_deduplicate -Xlinker -debug_variant -Xlinker -dependency_info -Xlinker /Users/admin/builder/spi-builder-workspace/.derivedData/Build/Intermediates.noindex/swift-storekit.build/Debug-watchos/PurchaseDirectDistribution.build/Objects-normal/arm64_32/PurchaseDirectDistribution_dependency_info.dat -fobjc-link-runtime -L/Applications/Xcode-26.3.0.app/Contents/Developer/Toolchains/XcodeDefault.xctoolchain/usr/lib/swift/watchos -L/usr/lib/swift -Xlinker -add_ast_path -Xlinker /Users/admin/builder/spi-builder-workspace/.derivedData/Build/Intermediates.noindex/swift-storekit.build/Debug-watchos/PurchaseDirectDistribution.build/Objects-normal/arm64_32/PurchaseDirectDistribution.swiftmodule @/Users/admin/builder/spi-builder-workspace/.derivedData/Build/Intermediates.noindex/swift-storekit.build/Debug-watchos/PurchaseDirectDistribution.build/Objects-normal/arm64_32/PurchaseDirectDistribution-linker-args.resp -o /Users/admin/builder/spi-builder-workspace/.derivedData/Build/Intermediates.noindex/swift-storekit.build/Debug-watchos/PurchaseDirectDistribution.build/Objects-normal/arm64_32/Binary/PurchaseDirectDistribution.o
Ld /Users/admin/builder/spi-builder-workspace/.derivedData/Build/Intermediates.noindex/swift-storekit.build/Debug-watchos/PurchaseDirectDistribution.build/Objects-normal/arm64/Binary/PurchaseDirectDistribution.o normal arm64 (in target 'PurchaseDirectDistribution' from project 'swift-storekit')
cd /Users/admin/builder/spi-builder-workspace
/Applications/Xcode-26.3.0.app/Contents/Developer/Toolchains/XcodeDefault.xctoolchain/usr/bin/clang -Xlinker -reproducible -target arm64-apple-watchos26.0 -r -isysroot /Applications/Xcode-26.3.0.app/Contents/Developer/Platforms/WatchOS.platform/Developer/SDKs/WatchOS26.2.sdk -O0 -L/Users/admin/builder/spi-builder-workspace/.derivedData/Build/Intermediates.noindex/EagerLinkingTBDs/Debug-watchos -L/Users/admin/builder/spi-builder-workspace/.derivedData/Build/Products/Debug-watchos -L/Applications/Xcode-26.3.0.app/Contents/Developer/Platforms/WatchOS.platform/Developer/usr/lib -F/Users/admin/builder/spi-builder-workspace/.derivedData/Build/Intermediates.noindex/EagerLinkingTBDs/Debug-watchos -F/Users/admin/builder/spi-builder-workspace/.derivedData/Build/Products/Debug-watchos/PackageFrameworks -F/Users/admin/builder/spi-builder-workspace/.derivedData/Build/Products/Debug-watchos -iframework /Applications/Xcode-26.3.0.app/Contents/Developer/Platforms/WatchOS.platform/Developer/Library/Frameworks -iframework /Applications/Xcode-26.3.0.app/Contents/Developer/Platforms/WatchOS.platform/Developer/SDKs/WatchOS26.2.sdk/Developer/Library/Frameworks -filelist /Users/admin/builder/spi-builder-workspace/.derivedData/Build/Intermediates.noindex/swift-storekit.build/Debug-watchos/PurchaseDirectDistribution.build/Objects-normal/arm64/PurchaseDirectDistribution.LinkFileList -nostdlib -Xlinker -object_path_lto -Xlinker /Users/admin/builder/spi-builder-workspace/.derivedData/Build/Intermediates.noindex/swift-storekit.build/Debug-watchos/PurchaseDirectDistribution.build/Objects-normal/arm64/PurchaseDirectDistribution_lto.o -rdynamic -Xlinker -no_deduplicate -Xlinker -debug_variant -Xlinker -dependency_info -Xlinker /Users/admin/builder/spi-builder-workspace/.derivedData/Build/Intermediates.noindex/swift-storekit.build/Debug-watchos/PurchaseDirectDistribution.build/Objects-normal/arm64/PurchaseDirectDistribution_dependency_info.dat -fobjc-link-runtime -L/Applications/Xcode-26.3.0.app/Contents/Developer/Toolchains/XcodeDefault.xctoolchain/usr/lib/swift/watchos -L/usr/lib/swift -Xlinker -add_ast_path -Xlinker /Users/admin/builder/spi-builder-workspace/.derivedData/Build/Intermediates.noindex/swift-storekit.build/Debug-watchos/PurchaseDirectDistribution.build/Objects-normal/arm64/PurchaseDirectDistribution.swiftmodule @/Users/admin/builder/spi-builder-workspace/.derivedData/Build/Intermediates.noindex/swift-storekit.build/Debug-watchos/PurchaseDirectDistribution.build/Objects-normal/arm64/PurchaseDirectDistribution-linker-args.resp -o /Users/admin/builder/spi-builder-workspace/.derivedData/Build/Intermediates.noindex/swift-storekit.build/Debug-watchos/PurchaseDirectDistribution.build/Objects-normal/arm64/Binary/PurchaseDirectDistribution.o
SwiftExplicitDependencyGeneratePcm arm64 /Users/admin/builder/spi-builder-workspace/.derivedData/ModuleCache.noindex/SceneKit-3DCFJMYMG1AW8U9GLQQCC1TM9.pcm
SwiftExplicitDependencyGeneratePcm arm64 /Users/admin/builder/spi-builder-workspace/.derivedData/ModuleCache.noindex/Spatial-P3M6DE6INE5TFFPGQXB74VLJ.pcm
SwiftExplicitDependencyCompileModuleFromInterface arm64 /Users/admin/builder/spi-builder-workspace/.derivedData/Build/Intermediates.noindex/SwiftExplicitPrecompiledModules/Testing-2TPNBJ6IX8DW6.swiftmodule
CreateUniversalBinary /Users/admin/builder/spi-builder-workspace/.derivedData/Build/Products/Debug-watchos/PurchaseDirectDistribution.o normal arm64\ arm64_32 (in target 'PurchaseDirectDistribution' from project 'swift-storekit')
cd /Users/admin/builder/spi-builder-workspace
/Applications/Xcode-26.3.0.app/Contents/Developer/Toolchains/XcodeDefault.xctoolchain/usr/bin/lipo -create /Users/admin/builder/spi-builder-workspace/.derivedData/Build/Intermediates.noindex/swift-storekit.build/Debug-watchos/PurchaseDirectDistribution.build/Objects-normal/arm64/Binary/PurchaseDirectDistribution.o /Users/admin/builder/spi-builder-workspace/.derivedData/Build/Intermediates.noindex/swift-storekit.build/Debug-watchos/PurchaseDirectDistribution.build/Objects-normal/arm64_32/Binary/PurchaseDirectDistribution.o -output /Users/admin/builder/spi-builder-workspace/.derivedData/Build/Products/Debug-watchos/PurchaseDirectDistribution.o
SwiftExplicitDependencyCompileModuleFromInterface arm64_32 /Users/admin/builder/spi-builder-workspace/.derivedData/Build/Intermediates.noindex/SwiftExplicitPrecompiledModules/Testing-1B1ZE6FVD9QN9.swiftmodule
ExtractAppIntentsMetadata (in target 'PurchaseDirectDistribution' from project 'swift-storekit')
cd /Users/admin/builder/spi-builder-workspace
/Applications/Xcode-26.3.0.app/Contents/Developer/Toolchains/XcodeDefault.xctoolchain/usr/bin/appintentsmetadataprocessor --toolchain-dir /var/run/com.apple.security.cryptexd/mnt/com.apple.MobileAsset.MetalToolchain-v17.3.7003.10.uFUzs0/Metal.xctoolchain --module-name PurchaseDirectDistribution --sdk-root /Applications/Xcode-26.3.0.app/Contents/Developer/Platforms/WatchOS.platform/Developer/SDKs/WatchOS26.2.sdk --xcode-version 17C529 --platform-family watchOS --deployment-target 26.0 --bundle-identifier spi-builder-workspace.PurchaseDirectDistribution --output /Users/admin/builder/spi-builder-workspace/.derivedData/Build/Products/Debug-watchos/PurchaseDirectDistribution.appintents --target-triple arm64-apple-watchos26.0 --target-triple arm64_32-apple-watchos26.0 --binary-file /Users/admin/builder/spi-builder-workspace/.derivedData/Build/Products/Debug-watchos/PurchaseDirectDistribution.o --dependency-file /Users/admin/builder/spi-builder-workspace/.derivedData/Build/Intermediates.noindex/swift-storekit.build/Debug-watchos/PurchaseDirectDistribution.build/Objects-normal/arm64/PurchaseDirectDistribution_dependency_info.dat --dependency-file /Users/admin/builder/spi-builder-workspace/.derivedData/Build/Intermediates.noindex/swift-storekit.build/Debug-watchos/PurchaseDirectDistribution.build/Objects-normal/arm64_32/PurchaseDirectDistribution_dependency_info.dat --stringsdata-file /Users/admin/builder/spi-builder-workspace/.derivedData/Build/Intermediates.noindex/swift-storekit.build/Debug-watchos/PurchaseDirectDistribution.build/Objects-normal/arm64/ExtractedAppShortcutsMetadata.stringsdata --stringsdata-file /Users/admin/builder/spi-builder-workspace/.derivedData/Build/Intermediates.noindex/swift-storekit.build/Debug-watchos/PurchaseDirectDistribution.build/Objects-normal/arm64_32/ExtractedAppShortcutsMetadata.stringsdata --source-file-list /Users/admin/builder/spi-builder-workspace/.derivedData/Build/Intermediates.noindex/swift-storekit.build/Debug-watchos/PurchaseDirectDistribution.build/Objects-normal/arm64/PurchaseDirectDistribution.SwiftFileList --source-file-list /Users/admin/builder/spi-builder-workspace/.derivedData/Build/Intermediates.noindex/swift-storekit.build/Debug-watchos/PurchaseDirectDistribution.build/Objects-normal/arm64_32/PurchaseDirectDistribution.SwiftFileList --metadata-file-list /Users/admin/builder/spi-builder-workspace/.derivedData/Build/Intermediates.noindex/swift-storekit.build/Debug-watchos/PurchaseDirectDistribution.build/PurchaseDirectDistribution.DependencyMetadataFileList --static-metadata-file-list /Users/admin/builder/spi-builder-workspace/.derivedData/Build/Intermediates.noindex/swift-storekit.build/Debug-watchos/PurchaseDirectDistribution.build/PurchaseDirectDistribution.DependencyStaticMetadataFileList --swift-const-vals-list /Users/admin/builder/spi-builder-workspace/.derivedData/Build/Intermediates.noindex/swift-storekit.build/Debug-watchos/PurchaseDirectDistribution.build/Objects-normal/arm64/PurchaseDirectDistribution.SwiftConstValuesFileList --swift-const-vals-list /Users/admin/builder/spi-builder-workspace/.derivedData/Build/Intermediates.noindex/swift-storekit.build/Debug-watchos/PurchaseDirectDistribution.build/Objects-normal/arm64_32/PurchaseDirectDistribution.SwiftConstValuesFileList --force --compile-time-extraction --deployment-aware-processing --validate-assistant-intents --no-app-shortcuts-localization
2026-10-08 18:46:13.541 appintentsmetadataprocessor[867:5511] Starting appintentsmetadataprocessor export
2026-10-08 18:46:13.679 appintentsmetadataprocessor[867:5511] Extracted no relevant App Intents symbols, skipping writing output
SwiftExplicitDependencyGeneratePcm arm64_32 /Users/admin/builder/spi-builder-workspace/.derivedData/ModuleCache.noindex/SceneKit-6MBHR3E1L3RXHLA4E857VB005.pcm
SwiftExplicitDependencyGeneratePcm arm64_32 /Users/admin/builder/spi-builder-workspace/.derivedData/ModuleCache.noindex/Spatial-DGQ1Z61Q5HV0ERQQK6QDL9GGR.pcm
RegisterExecutionPolicyException /Users/admin/builder/spi-builder-workspace/.derivedData/Build/Products/Debug-watchos/PurchaseDirectDistribution.o (in target 'PurchaseDirectDistribution' from project 'swift-storekit')
cd /Users/admin/builder/spi-builder-workspace
builtin-RegisterExecutionPolicyException /Users/admin/builder/spi-builder-workspace/.derivedData/Build/Products/Debug-watchos/PurchaseDirectDistribution.o
SwiftDriverJobDiscovery normal arm64_32 Compiling SimulatedStoreFront.swift (in target 'PurchaseSimulator' from project 'swift-storekit')
SwiftDriver\ Compilation PurchaseSimulator normal arm64_32 com.apple.xcode.tools.swift.compiler (in target 'PurchaseSimulator' from project 'swift-storekit')
cd /Users/admin/builder/spi-builder-workspace/.swiftpm/xcode
builtin-Swift-Compilation -- /Applications/Xcode-26.3.0.app/Contents/Developer/Toolchains/XcodeDefault.xctoolchain/usr/bin/swiftc -module-name PurchaseSimulator -Onone -enforce-exclusivity\=checked @/Users/admin/builder/spi-builder-workspace/.derivedData/Build/Intermediates.noindex/swift-storekit.build/Debug-watchos/PurchaseSimulator.build/Objects-normal/arm64_32/PurchaseSimulator.SwiftFileList -DSWIFT_PACKAGE -DDEBUG -DSWIFT_MODULE_RESOURCE_BUNDLE_UNAVAILABLE -DXcode -enable-upcoming-feature ExistentialAny -enable-upcoming-feature ImmutableWeakCaptures -enable-upcoming-feature MemberImportVisibility -enable-upcoming-feature InferIsolatedConformances -enable-upcoming-feature InternalImportsByDefault -enable-upcoming-feature NonisolatedNonsendingByDefault -plugin-path /Applications/Xcode-26.3.0.app/Contents/Developer/Toolchains/XcodeDefault.xctoolchain/usr/lib/swift/host/plugins/testing -enable-experimental-feature DebugDescriptionMacro -sdk /Applications/Xcode-26.3.0.app/Contents/Developer/Platforms/WatchOS.platform/Developer/SDKs/WatchOS26.2.sdk -target arm64_32-apple-watchos26.0 -g -module-cache-path /Users/admin/builder/spi-builder-workspace/.derivedData/ModuleCache.noindex -Xfrontend -serialize-debugging-options -profile-coverage-mapping -profile-generate -enable-testing -index-store-path /Users/admin/builder/spi-builder-workspace/.derivedData/Index.noindex/DataStore -Xcc -D_LIBCPP_HARDENING_MODE\=_LIBCPP_HARDENING_MODE_DEBUG -swift-version 6 -I /Users/admin/builder/spi-builder-workspace/.derivedData/Build/Products/Debug-watchos -Isystem /Applications/Xcode-26.3.0.app/Contents/Developer/Platforms/WatchOS.platform/Developer/usr/lib -F /Users/admin/builder/spi-builder-workspace/.derivedData/Build/Products/Debug-watchos/PackageFrameworks -F /Users/admin/builder/spi-builder-workspace/.derivedData/Build/Products/Debug-watchos -F /Applications/Xcode-26.3.0.app/Contents/Developer/Platforms/WatchOS.platform/Developer/Library/Frameworks -F /Applications/Xcode-26.3.0.app/Contents/Developer/Platforms/WatchOS.platform/Developer/SDKs/WatchOS26.2.sdk/Developer/Library/Frameworks -c -j10 -enable-batch-mode -incremental -Xcc -ivfsstatcache -Xcc /Users/admin/builder/spi-builder-workspace/.derivedData/SDKStatCaches.noindex/watchos26.2-23S303-dc75598d0054f22ec865fa860f139d721753b489057de6bda919edfa1c59a62b.sdkstatcache -output-file-map /Users/admin/builder/spi-builder-workspace/.derivedData/Build/Intermediates.noindex/swift-storekit.build/Debug-watchos/PurchaseSimulator.build/Objects-normal/arm64_32/PurchaseSimulator-OutputFileMap.json -use-frontend-parseable-output -save-temps -no-color-diagnostics -explicit-module-build -module-cache-path /Users/admin/builder/spi-builder-workspace/.derivedData/Build/Intermediates.noindex/SwiftExplicitPrecompiledModules -clang-scanner-module-cache-path /Users/admin/builder/spi-builder-workspace/.derivedData/ModuleCache.noindex -sdk-module-cache-path /Users/admin/builder/spi-builder-workspace/.derivedData/ModuleCache.noindex -serialize-diagnostics -emit-dependencies -emit-module -emit-module-path /Users/admin/builder/spi-builder-workspace/.derivedData/Build/Intermediates.noindex/swift-storekit.build/Debug-watchos/PurchaseSimulator.build/Objects-normal/arm64_32/PurchaseSimulator.swiftmodule -validate-clang-modules-once -clang-build-session-file /Users/admin/builder/spi-builder-workspace/.derivedData/ModuleCache.noindex/Session.modulevalidation -package-name spi_builder_workspace -Xcc -I/Users/admin/builder/spi-builder-workspace/.derivedData/Build/Intermediates.noindex/swift-storekit.build/Debug-watchos/PurchaseSimulator.build/swift-overrides.hmap -emit-const-values -Xfrontend -const-gather-protocols-file -Xfrontend /Users/admin/builder/spi-builder-workspace/.derivedData/Build/Intermediates.noindex/swift-storekit.build/Debug-watchos/PurchaseSimulator.build/Objects-normal/arm64_32/PurchaseSimulator_const_extract_protocols.json -Xcc -I/Users/admin/builder/spi-builder-workspace/.derivedData/Build/Products/Debug-watchos/include -Xcc -I/Users/admin/builder/spi-builder-workspace/.derivedData/Build/Intermediates.noindex/swift-storekit.build/Debug-watchos/PurchaseSimulator.build/DerivedSources-normal/arm64_32 -Xcc -I/Users/admin/builder/spi-builder-workspace/.derivedData/Build/Intermediates.noindex/swift-storekit.build/Debug-watchos/PurchaseSimulator.build/DerivedSources/arm64_32 -Xcc -I/Users/admin/builder/spi-builder-workspace/.derivedData/Build/Intermediates.noindex/swift-storekit.build/Debug-watchos/PurchaseSimulator.build/DerivedSources -Xcc -DSWIFT_PACKAGE -Xcc -DDEBUG\=1 -emit-objc-header -emit-objc-header-path /Users/admin/builder/spi-builder-workspace/.derivedData/Build/Intermediates.noindex/swift-storekit.build/Debug-watchos/PurchaseSimulator.build/Objects-normal/arm64_32/PurchaseSimulator-Swift.h -working-directory /Users/admin/builder/spi-builder-workspace/.swiftpm/xcode -experimental-emit-module-separately -disable-cmo
Ld /Users/admin/builder/spi-builder-workspace/.derivedData/Build/Intermediates.noindex/swift-storekit.build/Debug-watchos/PurchaseSimulator.build/Objects-normal/arm64_32/Binary/PurchaseSimulator.o normal arm64_32 (in target 'PurchaseSimulator' from project 'swift-storekit')
cd /Users/admin/builder/spi-builder-workspace
/Applications/Xcode-26.3.0.app/Contents/Developer/Toolchains/XcodeDefault.xctoolchain/usr/bin/clang -Xlinker -reproducible -target arm64_32-apple-watchos26.0 -r -isysroot /Applications/Xcode-26.3.0.app/Contents/Developer/Platforms/WatchOS.platform/Developer/SDKs/WatchOS26.2.sdk -O0 -L/Users/admin/builder/spi-builder-workspace/.derivedData/Build/Intermediates.noindex/EagerLinkingTBDs/Debug-watchos -L/Users/admin/builder/spi-builder-workspace/.derivedData/Build/Products/Debug-watchos -L/Applications/Xcode-26.3.0.app/Contents/Developer/Platforms/WatchOS.platform/Developer/usr/lib -F/Users/admin/builder/spi-builder-workspace/.derivedData/Build/Intermediates.noindex/EagerLinkingTBDs/Debug-watchos -F/Users/admin/builder/spi-builder-workspace/.derivedData/Build/Products/Debug-watchos/PackageFrameworks -F/Users/admin/builder/spi-builder-workspace/.derivedData/Build/Products/Debug-watchos -iframework /Applications/Xcode-26.3.0.app/Contents/Developer/Platforms/WatchOS.platform/Developer/Library/Frameworks -iframework /Applications/Xcode-26.3.0.app/Contents/Developer/Platforms/WatchOS.platform/Developer/SDKs/WatchOS26.2.sdk/Developer/Library/Frameworks -filelist /Users/admin/builder/spi-builder-workspace/.derivedData/Build/Intermediates.noindex/swift-storekit.build/Debug-watchos/PurchaseSimulator.build/Objects-normal/arm64_32/PurchaseSimulator.LinkFileList -nostdlib -Xlinker -object_path_lto -Xlinker /Users/admin/builder/spi-builder-workspace/.derivedData/Build/Intermediates.noindex/swift-storekit.build/Debug-watchos/PurchaseSimulator.build/Objects-normal/arm64_32/PurchaseSimulator_lto.o -rdynamic -Xlinker -no_deduplicate -Xlinker -debug_variant -Xlinker -dependency_info -Xlinker /Users/admin/builder/spi-builder-workspace/.derivedData/Build/Intermediates.noindex/swift-storekit.build/Debug-watchos/PurchaseSimulator.build/Objects-normal/arm64_32/PurchaseSimulator_dependency_info.dat -fobjc-link-runtime -L/Applications/Xcode-26.3.0.app/Contents/Developer/Toolchains/XcodeDefault.xctoolchain/usr/lib/swift/watchos -L/usr/lib/swift -Xlinker -add_ast_path -Xlinker /Users/admin/builder/spi-builder-workspace/.derivedData/Build/Intermediates.noindex/swift-storekit.build/Debug-watchos/PurchaseSimulator.build/Objects-normal/arm64_32/PurchaseSimulator.swiftmodule @/Users/admin/builder/spi-builder-workspace/.derivedData/Build/Intermediates.noindex/swift-storekit.build/Debug-watchos/PurchaseSimulator.build/Objects-normal/arm64_32/PurchaseSimulator-linker-args.resp -o /Users/admin/builder/spi-builder-workspace/.derivedData/Build/Intermediates.noindex/swift-storekit.build/Debug-watchos/PurchaseSimulator.build/Objects-normal/arm64_32/Binary/PurchaseSimulator.o
CreateUniversalBinary /Users/admin/builder/spi-builder-workspace/.derivedData/Build/Products/Debug-watchos/PurchaseSimulator.o normal arm64\ arm64_32 (in target 'PurchaseSimulator' from project 'swift-storekit')
cd /Users/admin/builder/spi-builder-workspace
/Applications/Xcode-26.3.0.app/Contents/Developer/Toolchains/XcodeDefault.xctoolchain/usr/bin/lipo -create /Users/admin/builder/spi-builder-workspace/.derivedData/Build/Intermediates.noindex/swift-storekit.build/Debug-watchos/PurchaseSimulator.build/Objects-normal/arm64/Binary/PurchaseSimulator.o /Users/admin/builder/spi-builder-workspace/.derivedData/Build/Intermediates.noindex/swift-storekit.build/Debug-watchos/PurchaseSimulator.build/Objects-normal/arm64_32/Binary/PurchaseSimulator.o -output /Users/admin/builder/spi-builder-workspace/.derivedData/Build/Products/Debug-watchos/PurchaseSimulator.o
ExtractAppIntentsMetadata (in target 'PurchaseSimulator' from project 'swift-storekit')
cd /Users/admin/builder/spi-builder-workspace
/Applications/Xcode-26.3.0.app/Contents/Developer/Toolchains/XcodeDefault.xctoolchain/usr/bin/appintentsmetadataprocessor --toolchain-dir /var/run/com.apple.security.cryptexd/mnt/com.apple.MobileAsset.MetalToolchain-v17.3.7003.10.uFUzs0/Metal.xctoolchain --module-name PurchaseSimulator --sdk-root /Applications/Xcode-26.3.0.app/Contents/Developer/Platforms/WatchOS.platform/Developer/SDKs/WatchOS26.2.sdk --xcode-version 17C529 --platform-family watchOS --deployment-target 26.0 --bundle-identifier spi-builder-workspace.PurchaseSimulator --output /Users/admin/builder/spi-builder-workspace/.derivedData/Build/Products/Debug-watchos/PurchaseSimulator.appintents --target-triple arm64-apple-watchos26.0 --target-triple arm64_32-apple-watchos26.0 --binary-file /Users/admin/builder/spi-builder-workspace/.derivedData/Build/Products/Debug-watchos/PurchaseSimulator.o --dependency-file /Users/admin/builder/spi-builder-workspace/.derivedData/Build/Intermediates.noindex/swift-storekit.build/Debug-watchos/PurchaseSimulator.build/Objects-normal/arm64/PurchaseSimulator_dependency_info.dat --dependency-file /Users/admin/builder/spi-builder-workspace/.derivedData/Build/Intermediates.noindex/swift-storekit.build/Debug-watchos/PurchaseSimulator.build/Objects-normal/arm64_32/PurchaseSimulator_dependency_info.dat --stringsdata-file /Users/admin/builder/spi-builder-workspace/.derivedData/Build/Intermediates.noindex/swift-storekit.build/Debug-watchos/PurchaseSimulator.build/Objects-normal/arm64/ExtractedAppShortcutsMetadata.stringsdata --stringsdata-file /Users/admin/builder/spi-builder-workspace/.derivedData/Build/Intermediates.noindex/swift-storekit.build/Debug-watchos/PurchaseSimulator.build/Objects-normal/arm64_32/ExtractedAppShortcutsMetadata.stringsdata --source-file-list /Users/admin/builder/spi-builder-workspace/.derivedData/Build/Intermediates.noindex/swift-storekit.build/Debug-watchos/PurchaseSimulator.build/Objects-normal/arm64/PurchaseSimulator.SwiftFileList --source-file-list /Users/admin/builder/spi-builder-workspace/.derivedData/Build/Intermediates.noindex/swift-storekit.build/Debug-watchos/PurchaseSimulator.build/Objects-normal/arm64_32/PurchaseSimulator.SwiftFileList --metadata-file-list /Users/admin/builder/spi-builder-workspace/.derivedData/Build/Intermediates.noindex/swift-storekit.build/Debug-watchos/PurchaseSimulator.build/PurchaseSimulator.DependencyMetadataFileList --static-metadata-file-list /Users/admin/builder/spi-builder-workspace/.derivedData/Build/Intermediates.noindex/swift-storekit.build/Debug-watchos/PurchaseSimulator.build/PurchaseSimulator.DependencyStaticMetadataFileList --swift-const-vals-list /Users/admin/builder/spi-builder-workspace/.derivedData/Build/Intermediates.noindex/swift-storekit.build/Debug-watchos/PurchaseSimulator.build/Objects-normal/arm64/PurchaseSimulator.SwiftConstValuesFileList --swift-const-vals-list /Users/admin/builder/spi-builder-workspace/.derivedData/Build/Intermediates.noindex/swift-storekit.build/Debug-watchos/PurchaseSimulator.build/Objects-normal/arm64_32/PurchaseSimulator.SwiftConstValuesFileList --force --compile-time-extraction --deployment-aware-processing --validate-assistant-intents --no-app-shortcuts-localization
2026-10-08 18:46:13.963 appintentsmetadataprocessor[873:5531] Starting appintentsmetadataprocessor export
2026-10-08 18:46:14.108 appintentsmetadataprocessor[873:5531] Extracted no relevant App Intents symbols, skipping writing output
SwiftExplicitDependencyGeneratePcm arm64_32 /Users/admin/builder/spi-builder-workspace/.derivedData/ModuleCache.noindex/MapKit-61MX8NTUJI5M2YAB13WWU24YK.pcm
SwiftExplicitDependencyGeneratePcm arm64_32 /Users/admin/builder/spi-builder-workspace/.derivedData/ModuleCache.noindex/HomeKit-AHC3ILHKUO82Z75TFKF5V50CX.pcm
SwiftExplicitDependencyGeneratePcm arm64 /Users/admin/builder/spi-builder-workspace/.derivedData/ModuleCache.noindex/HomeKit-4C69268JUH909JW8MKMI4ZHZD.pcm
SwiftExplicitDependencyGeneratePcm arm64 /Users/admin/builder/spi-builder-workspace/.derivedData/ModuleCache.noindex/MapKit-6Q8OOAF8BXB6AQCDERMACVNOQ.pcm
SwiftEmitModule normal arm64_32 Emitting\ module\ for\ PurchaseTestKit (in target 'PurchaseTestKit' from project 'swift-storekit')
EmitSwiftModule normal arm64_32 (in target 'PurchaseTestKit' from project 'swift-storekit')
cd /Users/admin/builder/spi-builder-workspace/.swiftpm/xcode
SwiftCompile normal arm64_32 Compiling\ StoreKitConfigurationError.swift /Users/admin/builder/spi-builder-workspace/Sources/PurchaseTestKit/StoreKitConfigurationError.swift (in target 'PurchaseTestKit' from project 'swift-storekit')
SwiftCompile normal arm64_32 /Users/admin/builder/spi-builder-workspace/Sources/PurchaseTestKit/StoreKitConfigurationError.swift (in target 'PurchaseTestKit' from project 'swift-storekit')
cd /Users/admin/builder/spi-builder-workspace/.swiftpm/xcode
SwiftCompile normal arm64_32 Compiling\ RecordingPurchaseLogger.swift /Users/admin/builder/spi-builder-workspace/Sources/PurchaseTestKit/RecordingPurchaseLogger.swift (in target 'PurchaseTestKit' from project 'swift-storekit')
SwiftCompile normal arm64_32 /Users/admin/builder/spi-builder-workspace/Sources/PurchaseTestKit/RecordingPurchaseLogger.swift (in target 'PurchaseTestKit' from project 'swift-storekit')
cd /Users/admin/builder/spi-builder-workspace/.swiftpm/xcode
SwiftCompile normal arm64_32 Compiling\ SimulatedStoreFront+Configuration.swift /Users/admin/builder/spi-builder-workspace/Sources/PurchaseTestKit/SimulatedStoreFront+Configuration.swift (in target 'PurchaseTestKit' from project 'swift-storekit')
SwiftCompile normal arm64_32 /Users/admin/builder/spi-builder-workspace/Sources/PurchaseTestKit/SimulatedStoreFront+Configuration.swift (in target 'PurchaseTestKit' from project 'swift-storekit')
cd /Users/admin/builder/spi-builder-workspace/.swiftpm/xcode
SwiftCompile normal arm64_32 Compiling\ PurchaseTestKit.swift /Users/admin/builder/spi-builder-workspace/Sources/PurchaseTestKit/PurchaseTestKit.swift (in target 'PurchaseTestKit' from project 'swift-storekit')
SwiftCompile normal arm64_32 /Users/admin/builder/spi-builder-workspace/Sources/PurchaseTestKit/PurchaseTestKit.swift (in target 'PurchaseTestKit' from project 'swift-storekit')
cd /Users/admin/builder/spi-builder-workspace/.swiftpm/xcode
SwiftEmitModule normal arm64 Emitting\ module\ for\ PurchaseTestKit (in target 'PurchaseTestKit' from project 'swift-storekit')
EmitSwiftModule normal arm64 (in target 'PurchaseTestKit' from project 'swift-storekit')
cd /Users/admin/builder/spi-builder-workspace/.swiftpm/xcode
SwiftCompile normal arm64 Compiling\ StoreKitConfiguration+Expectations.swift /Users/admin/builder/spi-builder-workspace/Sources/PurchaseTestKit/StoreKitConfiguration+Expectations.swift (in target 'PurchaseTestKit' from project 'swift-storekit')
SwiftCompile normal arm64 /Users/admin/builder/spi-builder-workspace/Sources/PurchaseTestKit/StoreKitConfiguration+Expectations.swift (in target 'PurchaseTestKit' from project 'swift-storekit')
cd /Users/admin/builder/spi-builder-workspace/.swiftpm/xcode
SwiftExplicitDependencyGeneratePcm arm64_32 /Users/admin/builder/spi-builder-workspace/.derivedData/ModuleCache.noindex/WatchKit-CAD4AK8HX5FUC7GD3OEVCTMHI.pcm
SwiftCompile normal arm64_32 Compiling\ StoreKitConfigurationProblem.swift /Users/admin/builder/spi-builder-workspace/Sources/PurchaseTestKit/StoreKitConfigurationProblem.swift (in target 'PurchaseTestKit' from project 'swift-storekit')
SwiftCompile normal arm64_32 /Users/admin/builder/spi-builder-workspace/Sources/PurchaseTestKit/StoreKitConfigurationProblem.swift (in target 'PurchaseTestKit' from project 'swift-storekit')
cd /Users/admin/builder/spi-builder-workspace/.swiftpm/xcode
SwiftCompile normal arm64 Compiling\ PurchaseTestKit.swift /Users/admin/builder/spi-builder-workspace/Sources/PurchaseTestKit/PurchaseTestKit.swift (in target 'PurchaseTestKit' from project 'swift-storekit')
SwiftCompile normal arm64 /Users/admin/builder/spi-builder-workspace/Sources/PurchaseTestKit/PurchaseTestKit.swift (in target 'PurchaseTestKit' from project 'swift-storekit')
cd /Users/admin/builder/spi-builder-workspace/.swiftpm/xcode
SwiftExplicitDependencyGeneratePcm arm64 /Users/admin/builder/spi-builder-workspace/.derivedData/ModuleCache.noindex/WatchKit-5T2K1B24G8E6J6KMDU2M6UZPN.pcm
SwiftDriverJobDiscovery normal arm64_32 Compiling PurchaseTestKit.swift (in target 'PurchaseTestKit' from project 'swift-storekit')
SwiftCompile normal arm64 Compiling\ StoreKitConfiguration+Product.swift /Users/admin/builder/spi-builder-workspace/Sources/PurchaseTestKit/StoreKitConfiguration+Product.swift (in target 'PurchaseTestKit' from project 'swift-storekit')
SwiftCompile normal arm64 /Users/admin/builder/spi-builder-workspace/Sources/PurchaseTestKit/StoreKitConfiguration+Product.swift (in target 'PurchaseTestKit' from project 'swift-storekit')
cd /Users/admin/builder/spi-builder-workspace/.swiftpm/xcode
SwiftDriverJobDiscovery normal arm64 Compiling PurchaseTestKit.swift (in target 'PurchaseTestKit' from project 'swift-storekit')
SwiftCompile normal arm64_32 Compiling\ ManualClock.swift /Users/admin/builder/spi-builder-workspace/Sources/PurchaseTestKit/ManualClock.swift (in target 'PurchaseTestKit' from project 'swift-storekit')
SwiftCompile normal arm64_32 /Users/admin/builder/spi-builder-workspace/Sources/PurchaseTestKit/ManualClock.swift (in target 'PurchaseTestKit' from project 'swift-storekit')
cd /Users/admin/builder/spi-builder-workspace/.swiftpm/xcode
SwiftDriverJobDiscovery normal arm64_32 Compiling SimulatedStoreFront+Configuration.swift (in target 'PurchaseTestKit' from project 'swift-storekit')
SwiftCompile normal arm64 Compiling\ StoreKitConfigurationError.swift /Users/admin/builder/spi-builder-workspace/Sources/PurchaseTestKit/StoreKitConfigurationError.swift (in target 'PurchaseTestKit' from project 'swift-storekit')
SwiftCompile normal arm64 /Users/admin/builder/spi-builder-workspace/Sources/PurchaseTestKit/StoreKitConfigurationError.swift (in target 'PurchaseTestKit' from project 'swift-storekit')
cd /Users/admin/builder/spi-builder-workspace/.swiftpm/xcode
SwiftDriverJobDiscovery normal arm64_32 Compiling RecordingPurchaseLogger.swift (in target 'PurchaseTestKit' from project 'swift-storekit')
SwiftCompile normal arm64_32 Compiling\ StoreKitConfiguration+Expectations.swift /Users/admin/builder/spi-builder-workspace/Sources/PurchaseTestKit/StoreKitConfiguration+Expectations.swift (in target 'PurchaseTestKit' from project 'swift-storekit')
SwiftCompile normal arm64_32 /Users/admin/builder/spi-builder-workspace/Sources/PurchaseTestKit/StoreKitConfiguration+Expectations.swift (in target 'PurchaseTestKit' from project 'swift-storekit')
cd /Users/admin/builder/spi-builder-workspace/.swiftpm/xcode
SwiftDriverJobDiscovery normal arm64_32 Emitting module for PurchaseTestKit (in target 'PurchaseTestKit' from project 'swift-storekit')
SwiftDriver\ Compilation\ Requirements PurchaseTestKit normal arm64_32 com.apple.xcode.tools.swift.compiler (in target 'PurchaseTestKit' from project 'swift-storekit')
cd /Users/admin/builder/spi-builder-workspace/.swiftpm/xcode
builtin-Swift-Compilation-Requirements -- /Applications/Xcode-26.3.0.app/Contents/Developer/Toolchains/XcodeDefault.xctoolchain/usr/bin/swiftc -module-name PurchaseTestKit -Onone -enforce-exclusivity\=checked @/Users/admin/builder/spi-builder-workspace/.derivedData/Build/Intermediates.noindex/swift-storekit.build/Debug-watchos/PurchaseTestKit.build/Objects-normal/arm64_32/PurchaseTestKit.SwiftFileList -DSWIFT_PACKAGE -DDEBUG -DSWIFT_MODULE_RESOURCE_BUNDLE_UNAVAILABLE -DXcode -enable-upcoming-feature ExistentialAny -enable-upcoming-feature ImmutableWeakCaptures -enable-upcoming-feature MemberImportVisibility -enable-upcoming-feature InferIsolatedConformances -enable-upcoming-feature InternalImportsByDefault -enable-upcoming-feature NonisolatedNonsendingByDefault -plugin-path /Applications/Xcode-26.3.0.app/Contents/Developer/Toolchains/XcodeDefault.xctoolchain/usr/lib/swift/host/plugins/testing -enable-experimental-feature DebugDescriptionMacro -sdk /Applications/Xcode-26.3.0.app/Contents/Developer/Platforms/WatchOS.platform/Developer/SDKs/WatchOS26.2.sdk -target arm64_32-apple-watchos26.0 -g -module-cache-path /Users/admin/builder/spi-builder-workspace/.derivedData/ModuleCache.noindex -Xfrontend -serialize-debugging-options -profile-coverage-mapping -profile-generate -enable-testing -index-store-path /Users/admin/builder/spi-builder-workspace/.derivedData/Index.noindex/DataStore -Xcc -D_LIBCPP_HARDENING_MODE\=_LIBCPP_HARDENING_MODE_DEBUG -swift-version 6 -I /Users/admin/builder/spi-builder-workspace/.derivedData/Build/Products/Debug-watchos -Isystem /Applications/Xcode-26.3.0.app/Contents/Developer/Platforms/WatchOS.platform/Developer/usr/lib -F /Users/admin/builder/spi-builder-workspace/.derivedData/Build/Products/Debug-watchos/PackageFrameworks -F /Users/admin/builder/spi-builder-workspace/.derivedData/Build/Products/Debug-watchos/PackageFrameworks -F /Users/admin/builder/spi-builder-workspace/.derivedData/Build/Products/Debug-watchos -F /Applications/Xcode-26.3.0.app/Contents/Developer/Platforms/WatchOS.platform/Developer/Library/Frameworks -F /Applications/Xcode-26.3.0.app/Contents/Developer/Platforms/WatchOS.platform/Developer/SDKs/WatchOS26.2.sdk/Developer/Library/Frameworks -c -j10 -enable-batch-mode -incremental -Xcc -ivfsstatcache -Xcc /Users/admin/builder/spi-builder-workspace/.derivedData/SDKStatCaches.noindex/watchos26.2-23S303-dc75598d0054f22ec865fa860f139d721753b489057de6bda919edfa1c59a62b.sdkstatcache -output-file-map /Users/admin/builder/spi-builder-workspace/.derivedData/Build/Intermediates.noindex/swift-storekit.build/Debug-watchos/PurchaseTestKit.build/Objects-normal/arm64_32/PurchaseTestKit-OutputFileMap.json -use-frontend-parseable-output -save-temps -no-color-diagnostics -explicit-module-build -module-cache-path /Users/admin/builder/spi-builder-workspace/.derivedData/Build/Intermediates.noindex/SwiftExplicitPrecompiledModules -clang-scanner-module-cache-path /Users/admin/builder/spi-builder-workspace/.derivedData/ModuleCache.noindex -sdk-module-cache-path /Users/admin/builder/spi-builder-workspace/.derivedData/ModuleCache.noindex -serialize-diagnostics -emit-dependencies -emit-module -emit-module-path /Users/admin/builder/spi-builder-workspace/.derivedData/Build/Intermediates.noindex/swift-storekit.build/Debug-watchos/PurchaseTestKit.build/Objects-normal/arm64_32/PurchaseTestKit.swiftmodule -validate-clang-modules-once -clang-build-session-file /Users/admin/builder/spi-builder-workspace/.derivedData/ModuleCache.noindex/Session.modulevalidation -package-name spi_builder_workspace -Xcc -I/Users/admin/builder/spi-builder-workspace/.derivedData/Build/Intermediates.noindex/swift-storekit.build/Debug-watchos/PurchaseTestKit.build/swift-overrides.hmap -emit-const-values -Xfrontend -const-gather-protocols-file -Xfrontend /Users/admin/builder/spi-builder-workspace/.derivedData/Build/Intermediates.noindex/swift-storekit.build/Debug-watchos/PurchaseTestKit.build/Objects-normal/arm64_32/PurchaseTestKit_const_extract_protocols.json -Xcc -I/Users/admin/builder/spi-builder-workspace/.derivedData/Build/Products/Debug-watchos/include -Xcc -I/Users/admin/builder/spi-builder-workspace/.derivedData/Build/Intermediates.noindex/swift-storekit.build/Debug-watchos/PurchaseTestKit.build/DerivedSources-normal/arm64_32 -Xcc -I/Users/admin/builder/spi-builder-workspace/.derivedData/Build/Intermediates.noindex/swift-storekit.build/Debug-watchos/PurchaseTestKit.build/DerivedSources/arm64_32 -Xcc -I/Users/admin/builder/spi-builder-workspace/.derivedData/Build/Intermediates.noindex/swift-storekit.build/Debug-watchos/PurchaseTestKit.build/DerivedSources -Xcc -DSWIFT_PACKAGE -Xcc -DDEBUG\=1 -emit-objc-header -emit-objc-header-path /Users/admin/builder/spi-builder-workspace/.derivedData/Build/Intermediates.noindex/swift-storekit.build/Debug-watchos/PurchaseTestKit.build/Objects-normal/arm64_32/PurchaseTestKit-Swift.h -working-directory /Users/admin/builder/spi-builder-workspace/.swiftpm/xcode -experimental-emit-module-separately -disable-cmo
SwiftDriverJobDiscovery normal arm64 Emitting module for PurchaseTestKit (in target 'PurchaseTestKit' from project 'swift-storekit')
SwiftDriver\ Compilation\ Requirements PurchaseTestKit normal arm64 com.apple.xcode.tools.swift.compiler (in target 'PurchaseTestKit' from project 'swift-storekit')
cd /Users/admin/builder/spi-builder-workspace/.swiftpm/xcode
builtin-Swift-Compilation-Requirements -- /Applications/Xcode-26.3.0.app/Contents/Developer/Toolchains/XcodeDefault.xctoolchain/usr/bin/swiftc -module-name PurchaseTestKit -Onone -enforce-exclusivity\=checked @/Users/admin/builder/spi-builder-workspace/.derivedData/Build/Intermediates.noindex/swift-storekit.build/Debug-watchos/PurchaseTestKit.build/Objects-normal/arm64/PurchaseTestKit.SwiftFileList -DSWIFT_PACKAGE -DDEBUG -DSWIFT_MODULE_RESOURCE_BUNDLE_UNAVAILABLE -DXcode -enable-upcoming-feature ExistentialAny -enable-upcoming-feature ImmutableWeakCaptures -enable-upcoming-feature MemberImportVisibility -enable-upcoming-feature InferIsolatedConformances -enable-upcoming-feature InternalImportsByDefault -enable-upcoming-feature NonisolatedNonsendingByDefault -plugin-path /Applications/Xcode-26.3.0.app/Contents/Developer/Toolchains/XcodeDefault.xctoolchain/usr/lib/swift/host/plugins/testing -enable-experimental-feature DebugDescriptionMacro -sdk /Applications/Xcode-26.3.0.app/Contents/Developer/Platforms/WatchOS.platform/Developer/SDKs/WatchOS26.2.sdk -target arm64-apple-watchos26.0 -g -module-cache-path /Users/admin/builder/spi-builder-workspace/.derivedData/ModuleCache.noindex -Xfrontend -serialize-debugging-options -profile-coverage-mapping -profile-generate -enable-testing -index-store-path /Users/admin/builder/spi-builder-workspace/.derivedData/Index.noindex/DataStore -Xcc -D_LIBCPP_HARDENING_MODE\=_LIBCPP_HARDENING_MODE_DEBUG -swift-version 6 -I /Users/admin/builder/spi-builder-workspace/.derivedData/Build/Products/Debug-watchos -Isystem /Applications/Xcode-26.3.0.app/Contents/Developer/Platforms/WatchOS.platform/Developer/usr/lib -F /Users/admin/builder/spi-builder-workspace/.derivedData/Build/Products/Debug-watchos/PackageFrameworks -F /Users/admin/builder/spi-builder-workspace/.derivedData/Build/Products/Debug-watchos/PackageFrameworks -F /Users/admin/builder/spi-builder-workspace/.derivedData/Build/Products/Debug-watchos -F /Applications/Xcode-26.3.0.app/Contents/Developer/Platforms/WatchOS.platform/Developer/Library/Frameworks -F /Applications/Xcode-26.3.0.app/Contents/Developer/Platforms/WatchOS.platform/Developer/SDKs/WatchOS26.2.sdk/Developer/Library/Frameworks -c -j10 -enable-batch-mode -incremental -Xcc -ivfsstatcache -Xcc /Users/admin/builder/spi-builder-workspace/.derivedData/SDKStatCaches.noindex/watchos26.2-23S303-dc75598d0054f22ec865fa860f139d721753b489057de6bda919edfa1c59a62b.sdkstatcache -output-file-map /Users/admin/builder/spi-builder-workspace/.derivedData/Build/Intermediates.noindex/swift-storekit.build/Debug-watchos/PurchaseTestKit.build/Objects-normal/arm64/PurchaseTestKit-OutputFileMap.json -use-frontend-parseable-output -save-temps -no-color-diagnostics -explicit-module-build -module-cache-path /Users/admin/builder/spi-builder-workspace/.derivedData/Build/Intermediates.noindex/SwiftExplicitPrecompiledModules -clang-scanner-module-cache-path /Users/admin/builder/spi-builder-workspace/.derivedData/ModuleCache.noindex -sdk-module-cache-path /Users/admin/builder/spi-builder-workspace/.derivedData/ModuleCache.noindex -serialize-diagnostics -emit-dependencies -emit-module -emit-module-path /Users/admin/builder/spi-builder-workspace/.derivedData/Build/Intermediates.noindex/swift-storekit.build/Debug-watchos/PurchaseTestKit.build/Objects-normal/arm64/PurchaseTestKit.swiftmodule -validate-clang-modules-once -clang-build-session-file /Users/admin/builder/spi-builder-workspace/.derivedData/ModuleCache.noindex/Session.modulevalidation -package-name spi_builder_workspace -Xcc -I/Users/admin/builder/spi-builder-workspace/.derivedData/Build/Intermediates.noindex/swift-storekit.build/Debug-watchos/PurchaseTestKit.build/swift-overrides.hmap -emit-const-values -Xfrontend -const-gather-protocols-file -Xfrontend /Users/admin/builder/spi-builder-workspace/.derivedData/Build/Intermediates.noindex/swift-storekit.build/Debug-watchos/PurchaseTestKit.build/Objects-normal/arm64/PurchaseTestKit_const_extract_protocols.json -Xcc -I/Users/admin/builder/spi-builder-workspace/.derivedData/Build/Products/Debug-watchos/include -Xcc -I/Users/admin/builder/spi-builder-workspace/.derivedData/Build/Intermediates.noindex/swift-storekit.build/Debug-watchos/PurchaseTestKit.build/DerivedSources-normal/arm64 -Xcc -I/Users/admin/builder/spi-builder-workspace/.derivedData/Build/Intermediates.noindex/swift-storekit.build/Debug-watchos/PurchaseTestKit.build/DerivedSources/arm64 -Xcc -I/Users/admin/builder/spi-builder-workspace/.derivedData/Build/Intermediates.noindex/swift-storekit.build/Debug-watchos/PurchaseTestKit.build/DerivedSources -Xcc -DSWIFT_PACKAGE -Xcc -DDEBUG\=1 -emit-objc-header -emit-objc-header-path /Users/admin/builder/spi-builder-workspace/.derivedData/Build/Intermediates.noindex/swift-storekit.build/Debug-watchos/PurchaseTestKit.build/Objects-normal/arm64/PurchaseTestKit-Swift.h -working-directory /Users/admin/builder/spi-builder-workspace/.swiftpm/xcode -experimental-emit-module-separately -disable-cmo
Copy /Users/admin/builder/spi-builder-workspace/.derivedData/Build/Products/Debug-watchos/PurchaseTestKit.swiftmodule/arm64_32-apple-watchos.swiftmodule /Users/admin/builder/spi-builder-workspace/.derivedData/Build/Intermediates.noindex/swift-storekit.build/Debug-watchos/PurchaseTestKit.build/Objects-normal/arm64_32/PurchaseTestKit.swiftmodule (in target 'PurchaseTestKit' from project 'swift-storekit')
cd /Users/admin/builder/spi-builder-workspace
builtin-copy -exclude .DS_Store -exclude CVS -exclude .svn -exclude .git -exclude .hg -resolve-src-symlinks -rename /Users/admin/builder/spi-builder-workspace/.derivedData/Build/Intermediates.noindex/swift-storekit.build/Debug-watchos/PurchaseTestKit.build/Objects-normal/arm64_32/PurchaseTestKit.swiftmodule /Users/admin/builder/spi-builder-workspace/.derivedData/Build/Products/Debug-watchos/PurchaseTestKit.swiftmodule/arm64_32-apple-watchos.swiftmodule
SwiftMergeGeneratedHeaders /Users/admin/builder/spi-builder-workspace/.derivedData/Build/Intermediates.noindex/GeneratedModuleMaps-watchos/PurchaseTestKit-Swift.h /Users/admin/builder/spi-builder-workspace/.derivedData/Build/Intermediates.noindex/swift-storekit.build/Debug-watchos/PurchaseTestKit.build/Objects-normal/arm64/PurchaseTestKit-Swift.h /Users/admin/builder/spi-builder-workspace/.derivedData/Build/Intermediates.noindex/swift-storekit.build/Debug-watchos/PurchaseTestKit.build/Objects-normal/arm64_32/PurchaseTestKit-Swift.h (in target 'PurchaseTestKit' from project 'swift-storekit')
cd /Users/admin/builder/spi-builder-workspace
builtin-swiftHeaderTool -arch arm64 /Users/admin/builder/spi-builder-workspace/.derivedData/Build/Intermediates.noindex/swift-storekit.build/Debug-watchos/PurchaseTestKit.build/Objects-normal/arm64/PurchaseTestKit-Swift.h -arch arm64_32 /Users/admin/builder/spi-builder-workspace/.derivedData/Build/Intermediates.noindex/swift-storekit.build/Debug-watchos/PurchaseTestKit.build/Objects-normal/arm64_32/PurchaseTestKit-Swift.h -o /Users/admin/builder/spi-builder-workspace/.derivedData/Build/Intermediates.noindex/GeneratedModuleMaps-watchos/PurchaseTestKit-Swift.h
Copy /Users/admin/builder/spi-builder-workspace/.derivedData/Build/Products/Debug-watchos/PurchaseTestKit.swiftmodule/arm64_32-apple-watchos.swiftdoc /Users/admin/builder/spi-builder-workspace/.derivedData/Build/Intermediates.noindex/swift-storekit.build/Debug-watchos/PurchaseTestKit.build/Objects-normal/arm64_32/PurchaseTestKit.swiftdoc (in target 'PurchaseTestKit' from project 'swift-storekit')
cd /Users/admin/builder/spi-builder-workspace
builtin-copy -exclude .DS_Store -exclude CVS -exclude .svn -exclude .git -exclude .hg -resolve-src-symlinks -rename /Users/admin/builder/spi-builder-workspace/.derivedData/Build/Intermediates.noindex/swift-storekit.build/Debug-watchos/PurchaseTestKit.build/Objects-normal/arm64_32/PurchaseTestKit.swiftdoc /Users/admin/builder/spi-builder-workspace/.derivedData/Build/Products/Debug-watchos/PurchaseTestKit.swiftmodule/arm64_32-apple-watchos.swiftdoc
Copy /Users/admin/builder/spi-builder-workspace/.derivedData/Build/Products/Debug-watchos/PurchaseTestKit.swiftmodule/arm64_32-apple-watchos.abi.json /Users/admin/builder/spi-builder-workspace/.derivedData/Build/Intermediates.noindex/swift-storekit.build/Debug-watchos/PurchaseTestKit.build/Objects-normal/arm64_32/PurchaseTestKit.abi.json (in target 'PurchaseTestKit' from project 'swift-storekit')
cd /Users/admin/builder/spi-builder-workspace
builtin-copy -exclude .DS_Store -exclude CVS -exclude .svn -exclude .git -exclude .hg -resolve-src-symlinks -rename /Users/admin/builder/spi-builder-workspace/.derivedData/Build/Intermediates.noindex/swift-storekit.build/Debug-watchos/PurchaseTestKit.build/Objects-normal/arm64_32/PurchaseTestKit.abi.json /Users/admin/builder/spi-builder-workspace/.derivedData/Build/Products/Debug-watchos/PurchaseTestKit.swiftmodule/arm64_32-apple-watchos.abi.json
Copy /Users/admin/builder/spi-builder-workspace/.derivedData/Build/Products/Debug-watchos/PurchaseTestKit.swiftmodule/arm64-apple-watchos.swiftmodule /Users/admin/builder/spi-builder-workspace/.derivedData/Build/Intermediates.noindex/swift-storekit.build/Debug-watchos/PurchaseTestKit.build/Objects-normal/arm64/PurchaseTestKit.swiftmodule (in target 'PurchaseTestKit' from project 'swift-storekit')
cd /Users/admin/builder/spi-builder-workspace
builtin-copy -exclude .DS_Store -exclude CVS -exclude .svn -exclude .git -exclude .hg -resolve-src-symlinks -rename /Users/admin/builder/spi-builder-workspace/.derivedData/Build/Intermediates.noindex/swift-storekit.build/Debug-watchos/PurchaseTestKit.build/Objects-normal/arm64/PurchaseTestKit.swiftmodule /Users/admin/builder/spi-builder-workspace/.derivedData/Build/Products/Debug-watchos/PurchaseTestKit.swiftmodule/arm64-apple-watchos.swiftmodule
Copy /Users/admin/builder/spi-builder-workspace/.derivedData/Build/Products/Debug-watchos/PurchaseTestKit.swiftmodule/arm64-apple-watchos.swiftdoc /Users/admin/builder/spi-builder-workspace/.derivedData/Build/Intermediates.noindex/swift-storekit.build/Debug-watchos/PurchaseTestKit.build/Objects-normal/arm64/PurchaseTestKit.swiftdoc (in target 'PurchaseTestKit' from project 'swift-storekit')
cd /Users/admin/builder/spi-builder-workspace
builtin-copy -exclude .DS_Store -exclude CVS -exclude .svn -exclude .git -exclude .hg -resolve-src-symlinks -rename /Users/admin/builder/spi-builder-workspace/.derivedData/Build/Intermediates.noindex/swift-storekit.build/Debug-watchos/PurchaseTestKit.build/Objects-normal/arm64/PurchaseTestKit.swiftdoc /Users/admin/builder/spi-builder-workspace/.derivedData/Build/Products/Debug-watchos/PurchaseTestKit.swiftmodule/arm64-apple-watchos.swiftdoc
Copy /Users/admin/builder/spi-builder-workspace/.derivedData/Build/Products/Debug-watchos/PurchaseTestKit.swiftmodule/arm64-apple-watchos.abi.json /Users/admin/builder/spi-builder-workspace/.derivedData/Build/Intermediates.noindex/swift-storekit.build/Debug-watchos/PurchaseTestKit.build/Objects-normal/arm64/PurchaseTestKit.abi.json (in target 'PurchaseTestKit' from project 'swift-storekit')
cd /Users/admin/builder/spi-builder-workspace
builtin-copy -exclude .DS_Store -exclude CVS -exclude .svn -exclude .git -exclude .hg -resolve-src-symlinks -rename /Users/admin/builder/spi-builder-workspace/.derivedData/Build/Intermediates.noindex/swift-storekit.build/Debug-watchos/PurchaseTestKit.build/Objects-normal/arm64/PurchaseTestKit.abi.json /Users/admin/builder/spi-builder-workspace/.derivedData/Build/Products/Debug-watchos/PurchaseTestKit.swiftmodule/arm64-apple-watchos.abi.json
SwiftDriverJobDiscovery normal arm64_32 Compiling StoreKitConfigurationError.swift (in target 'PurchaseTestKit' from project 'swift-storekit')
Copy /Users/admin/builder/spi-builder-workspace/.derivedData/Build/Products/Debug-watchos/PurchaseTestKit.swiftmodule/Project/arm64_32-apple-watchos.swiftsourceinfo /Users/admin/builder/spi-builder-workspace/.derivedData/Build/Intermediates.noindex/swift-storekit.build/Debug-watchos/PurchaseTestKit.build/Objects-normal/arm64_32/PurchaseTestKit.swiftsourceinfo (in target 'PurchaseTestKit' from project 'swift-storekit')
cd /Users/admin/builder/spi-builder-workspace
builtin-copy -exclude .DS_Store -exclude CVS -exclude .svn -exclude .git -exclude .hg -resolve-src-symlinks -rename /Users/admin/builder/spi-builder-workspace/.derivedData/Build/Intermediates.noindex/swift-storekit.build/Debug-watchos/PurchaseTestKit.build/Objects-normal/arm64_32/PurchaseTestKit.swiftsourceinfo /Users/admin/builder/spi-builder-workspace/.derivedData/Build/Products/Debug-watchos/PurchaseTestKit.swiftmodule/Project/arm64_32-apple-watchos.swiftsourceinfo
Copy /Users/admin/builder/spi-builder-workspace/.derivedData/Build/Products/Debug-watchos/PurchaseTestKit.swiftmodule/Project/arm64-apple-watchos.swiftsourceinfo /Users/admin/builder/spi-builder-workspace/.derivedData/Build/Intermediates.noindex/swift-storekit.build/Debug-watchos/PurchaseTestKit.build/Objects-normal/arm64/PurchaseTestKit.swiftsourceinfo (in target 'PurchaseTestKit' from project 'swift-storekit')
cd /Users/admin/builder/spi-builder-workspace
builtin-copy -exclude .DS_Store -exclude CVS -exclude .svn -exclude .git -exclude .hg -resolve-src-symlinks -rename /Users/admin/builder/spi-builder-workspace/.derivedData/Build/Intermediates.noindex/swift-storekit.build/Debug-watchos/PurchaseTestKit.build/Objects-normal/arm64/PurchaseTestKit.swiftsourceinfo /Users/admin/builder/spi-builder-workspace/.derivedData/Build/Products/Debug-watchos/PurchaseTestKit.swiftmodule/Project/arm64-apple-watchos.swiftsourceinfo
SwiftExplicitDependencyGeneratePcm arm64_32 /Users/admin/builder/spi-builder-workspace/.derivedData/ModuleCache.noindex/SwiftUI-CTJZPDH0D73K21479D8OGT6Y3.pcm
SwiftCompile normal arm64_32 Compiling\ StoreKitConfiguration+Product.swift /Users/admin/builder/spi-builder-workspace/Sources/PurchaseTestKit/StoreKitConfiguration+Product.swift (in target 'PurchaseTestKit' from project 'swift-storekit')
SwiftCompile normal arm64_32 /Users/admin/builder/spi-builder-workspace/Sources/PurchaseTestKit/StoreKitConfiguration+Product.swift (in target 'PurchaseTestKit' from project 'swift-storekit')
cd /Users/admin/builder/spi-builder-workspace/.swiftpm/xcode
SwiftCompile normal arm64 Compiling\ ManualClock.swift /Users/admin/builder/spi-builder-workspace/Sources/PurchaseTestKit/ManualClock.swift (in target 'PurchaseTestKit' from project 'swift-storekit')
SwiftCompile normal arm64 /Users/admin/builder/spi-builder-workspace/Sources/PurchaseTestKit/ManualClock.swift (in target 'PurchaseTestKit' from project 'swift-storekit')
cd /Users/admin/builder/spi-builder-workspace/.swiftpm/xcode
SwiftDriverJobDiscovery normal arm64 Compiling StoreKitConfiguration+Expectations.swift (in target 'PurchaseTestKit' from project 'swift-storekit')
SwiftCompile normal arm64 Compiling\ WaitUntil.swift /Users/admin/builder/spi-builder-workspace/Sources/PurchaseTestKit/WaitUntil.swift (in target 'PurchaseTestKit' from project 'swift-storekit')
SwiftCompile normal arm64 /Users/admin/builder/spi-builder-workspace/Sources/PurchaseTestKit/WaitUntil.swift (in target 'PurchaseTestKit' from project 'swift-storekit')
cd /Users/admin/builder/spi-builder-workspace/.swiftpm/xcode
SwiftCompile normal arm64 Compiling\ StoreKitConfigurationProblem.swift /Users/admin/builder/spi-builder-workspace/Sources/PurchaseTestKit/StoreKitConfigurationProblem.swift (in target 'PurchaseTestKit' from project 'swift-storekit')
SwiftCompile normal arm64 /Users/admin/builder/spi-builder-workspace/Sources/PurchaseTestKit/StoreKitConfigurationProblem.swift (in target 'PurchaseTestKit' from project 'swift-storekit')
cd /Users/admin/builder/spi-builder-workspace/.swiftpm/xcode
SwiftExplicitDependencyGeneratePcm arm64 /Users/admin/builder/spi-builder-workspace/.derivedData/ModuleCache.noindex/SwiftUI-4OC0A8HWPDEBIVB0BVWDDC788.pcm
SwiftEmitModule normal arm64_32 Emitting\ module\ for\ PurchaseUI (in target 'PurchaseUI' from project 'swift-storekit')
EmitSwiftModule normal arm64_32 (in target 'PurchaseUI' from project 'swift-storekit')
cd /Users/admin/builder/spi-builder-workspace/.swiftpm/xcode
SwiftDriverJobDiscovery normal arm64 Compiling StoreKitConfigurationError.swift (in target 'PurchaseTestKit' from project 'swift-storekit')
SwiftEmitModule normal arm64_32 Emitting\ module\ for\ PurchaseStoreKit (in target 'PurchaseStoreKit' from project 'swift-storekit')
Failed frontend command:
/Applications/Xcode-26.3.0.app/Contents/Developer/Toolchains/XcodeDefault.xctoolchain/usr/bin/swift-frontend -frontend -emit-module -experimental-skip-non-inlinable-function-bodies-without-types /Users/admin/builder/spi-builder-workspace/Sources/PurchaseStoreKit/AppStoreFront.swift /Users/admin/builder/spi-builder-workspace/Sources/PurchaseStoreKit/GatewayPurchaseResult.swift /Users/admin/builder/spi-builder-workspace/Sources/PurchaseStoreKit/LiveStoreKitGateway.swift /Users/admin/builder/spi-builder-workspace/Sources/PurchaseStoreKit/PurchaseConfirmation+StoreKit.swift /Users/admin/builder/spi-builder-workspace/Sources/PurchaseStoreKit/PurchaseRequest.swift /Users/admin/builder/spi-builder-workspace/Sources/PurchaseStoreKit/PurchaseStore+StoreKitViews.swift /Users/admin/builder/spi-builder-workspace/Sources/PurchaseStoreKit/StatusSnapshot.swift /Users/admin/builder/spi-builder-workspace/Sources/PurchaseStoreKit/StoreKitErrorMapping.swift /Users/admin/builder/spi-builder-workspace/Sources/PurchaseStoreKit/StoreKitGateway.swift /Users/admin/builder/spi-builder-workspace/Sources/PurchaseStoreKit/SubscriptionTriage.swift /Users/admin/builder/spi-builder-workspace/Sources/PurchaseStoreKit/TransactionSnapshot.swift /Users/admin/builder/spi-builder-workspace/Sources/PurchaseStoreKit/TransactionTriage.swift -target arm64_32-apple-watchos26.0 -module-can-import-version UIKit 9126.2.4 9126.2.4 -disable-cross-import-overlay-search -swift-module-cross-import StoreKit /Applications/Xcode-26.3.0.app/Contents/Developer/Platforms/WatchOS.platform/Developer/SDKs/WatchOS.sdk/System/Library/Frameworks/StoreKit.framework/Modules/StoreKit.swiftcrossimport/SwiftUI.swiftoverlay -swift-module-cross-import StoreKit /Applications/Xcode-26.3.0.app/Contents/Developer/Platforms/WatchOS.platform/Developer/SDKs/WatchOS26.2.sdk/System/Library/Frameworks/StoreKit.framework/Modules/StoreKit.swiftcrossimport/SwiftUI.swiftoverlay -load-resolved-plugin /Applications/Xcode-26.3.0.app/Contents/Developer/Platforms/WatchOS.platform/Developer/usr/lib/swift/host/plugins/libFoundationMacros.dylib\#/Applications/Xcode-26.3.0.app/Contents/Developer/Platforms/WatchOS.platform/Developer/usr/bin/swift-plugin-server\#FoundationMacros -load-resolved-plugin /Applications/Xcode-26.3.0.app/Contents/Developer/Platforms/WatchOS.platform/Developer/usr/lib/swift/host/plugins/libObservationMacros.dylib\#/Applications/Xcode-26.3.0.app/Contents/Developer/Platforms/WatchOS.platform/Developer/usr/bin/swift-plugin-server\#ObservationMacros -load-resolved-plugin /Applications/Xcode-26.3.0.app/Contents/Developer/Platforms/WatchOS.platform/Developer/usr/lib/swift/host/plugins/libPreviewsMacros.dylib\#/Applications/Xcode-26.3.0.app/Contents/Developer/Platforms/WatchOS.platform/Developer/usr/bin/swift-plugin-server\#PreviewsMacros -load-resolved-plugin /Applications/Xcode-26.3.0.app/Contents/Developer/Platforms/WatchOS.platform/Developer/usr/lib/swift/host/plugins/libSwiftMacros.dylib\#/Applications/Xcode-26.3.0.app/Contents/Developer/Platforms/WatchOS.platform/Developer/usr/bin/swift-plugin-server\#SwiftMacros -load-resolved-plugin /Applications/Xcode-26.3.0.app/Contents/Developer/Platforms/WatchOS.platform/Developer/usr/lib/swift/host/plugins/libSwiftUIMacros.dylib\#/Applications/Xcode-26.3.0.app/Contents/Developer/Platforms/WatchOS.platform/Developer/usr/bin/swift-plugin-server\#SwiftUIMacros -disable-implicit-swift-modules -Xcc -fno-implicit-modules -Xcc -fno-implicit-module-maps -explicit-swift-module-map-file /Users/admin/builder/spi-builder-workspace/.derivedData/Build/Intermediates.noindex/swift-storekit.build/Debug-watchos/PurchaseStoreKit.build/Objects-normal/arm64_32/PurchaseStoreKit-dependencies-2.json -enable-objc-interop -sdk /Applications/Xcode-26.3.0.app/Contents/Developer/Platforms/WatchOS.platform/Developer/SDKs/WatchOS26.2.sdk -I /Users/admin/builder/spi-builder-workspace/.derivedData/Build/Products/Debug-watchos -Isystem /Applications/Xcode-26.3.0.app/Contents/Developer/Platforms/WatchOS.platform/Developer/usr/lib -F /Users/admin/builder/spi-builder-workspace/.derivedData/Build/Products/Debug-watchos/PackageFrameworks -F /Users/admin/builder/spi-builder-workspace/.derivedData/Build/Products/Debug-watchos -F /Applications/Xcode-26.3.0.app/Contents/Developer/Platforms/WatchOS.platform/Developer/Library/Frameworks -F /Applications/Xcode-26.3.0.app/Contents/Developer/Platforms/WatchOS.platform/Developer/SDKs/WatchOS26.2.sdk/Developer/Library/Frameworks -no-color-diagnostics -Xcc -fno-color-diagnostics -enable-testing -g -debug-info-format\=dwarf -dwarf-version\=5 -module-cache-path /Users/admin/builder/spi-builder-workspace/.derivedData/Build/Intermediates.noindex/SwiftExplicitPrecompiledModules -profile-generate -profile-coverage-mapping -swift-version 6 -enforce-exclusivity\=checked -Onone -D SWIFT_PACKAGE -D DEBUG -D SWIFT_MODULE_RESOURCE_BUNDLE_UNAVAILABLE -D Xcode -serialize-debugging-options -const-gather-protocols-file /Users/admin/builder/spi-builder-workspace/.derivedData/Build/Intermediates.noindex/swift-storekit.build/Debug-watchos/PurchaseStoreKit.build/Objects-normal/arm64_32/PurchaseStoreKit_const_extract_protocols.json -enable-upcoming-feature ExistentialAny -enable-upcoming-feature ImmutableWeakCaptures -enable-upcoming-feature MemberImportVisibility -enable-upcoming-feature InferIsolatedConformances -enable-upcoming-feature InternalImportsByDefault -enable-upcoming-feature NonisolatedNonsendingByDefault -enable-experimental-feature DebugDescriptionMacro -empty-abi-descriptor -validate-clang-modules-once -clang-build-session-file /Users/admin/builder/spi-builder-workspace/.derivedData/ModuleCache.noindex/Session.modulevalidation -Xcc -working-directory -Xcc /Users/admin/builder/spi-builder-workspace/.swiftpm/xcode -enable-anonymous-context-mangled-names -file-compilation-dir /Users/admin/builder/spi-builder-workspace/.swiftpm/xcode -Xcc -D_LIBCPP_HARDENING_MODE\=_LIBCPP_HARDENING_MODE_DEBUG -Xcc -ivfsstatcache -Xcc /Users/admin/builder/spi-builder-workspace/.derivedData/SDKStatCaches.noindex/watchos26.2-23S303-dc75598d0054f22ec865fa860f139d721753b489057de6bda919edfa1c59a62b.sdkstatcache -Xcc -I/Users/admin/builder/spi-builder-workspace/.derivedData/Build/Intermediates.noindex/swift-storekit.build/Debug-watchos/PurchaseStoreKit.build/swift-overrides.hmap -Xcc -I/Users/admin/builder/spi-builder-workspace/.derivedData/Build/Products/Debug-watchos/include -Xcc -I/Users/admin/builder/spi-builder-workspace/.derivedData/Build/Intermediates.noindex/swift-storekit.build/Debug-watchos/PurchaseStoreKit.build/DerivedSources-normal/arm64_32 -Xcc -I/Users/admin/builder/spi-builder-workspace/.derivedData/Build/Intermediates.noindex/swift-storekit.build/Debug-watchos/PurchaseStoreKit.build/DerivedSources/arm64_32 -Xcc -I/Users/admin/builder/spi-builder-workspace/.derivedData/Build/Intermediates.noindex/swift-storekit.build/Debug-watchos/PurchaseStoreKit.build/DerivedSources -Xcc -DSWIFT_PACKAGE -Xcc -DDEBUG\=1 -no-auto-bridging-header-chaining -module-name PurchaseStoreKit -package-name spi_builder_workspace -frontend-parseable-output -disable-clang-spi -target-sdk-version 26.2 -target-sdk-name watchos26.2 -clang-target arm64_32-apple-watchos26.2 -in-process-plugin-server-path /Applications/Xcode-26.3.0.app/Contents/Developer/Toolchains/XcodeDefault.xctoolchain/usr/lib/swift/host/libSwiftInProcPluginServer.dylib -emit-module-doc-path /Users/admin/builder/spi-builder-workspace/.derivedData/Build/Intermediates.noindex/swift-storekit.build/Debug-watchos/PurchaseStoreKit.build/Objects-normal/arm64_32/PurchaseStoreKit.swiftdoc -emit-module-source-info-path /Users/admin/builder/spi-builder-workspace/.derivedData/Build/Intermediates.noindex/swift-storekit.build/Debug-watchos/PurchaseStoreKit.build/Objects-normal/arm64_32/PurchaseStoreKit.swiftsourceinfo -emit-objc-header-path /Users/admin/builder/spi-builder-workspace/.derivedData/Build/Intermediates.noindex/swift-storekit.build/Debug-watchos/PurchaseStoreKit.build/Objects-normal/arm64_32/PurchaseStoreKit-Swift.h -serialize-diagnostics-path /Users/admin/builder/spi-builder-workspace/.derivedData/Build/Intermediates.noindex/swift-storekit.build/Debug-watchos/PurchaseStoreKit.build/Objects-normal/arm64_32/PurchaseStoreKit-primary-emit-module.dia -emit-dependencies-path /Users/admin/builder/spi-builder-workspace/.derivedData/Build/Intermediates.noindex/swift-storekit.build/Debug-watchos/PurchaseStoreKit.build/Objects-normal/arm64_32/PurchaseStoreKit-primary-emit-module.d -o /Users/admin/builder/spi-builder-workspace/.derivedData/Build/Intermediates.noindex/swift-storekit.build/Debug-watchos/PurchaseStoreKit.build/Objects-normal/arm64_32/PurchaseStoreKit.swiftmodule -emit-abi-descriptor-path /Users/admin/builder/spi-builder-workspace/.derivedData/Build/Intermediates.noindex/swift-storekit.build/Debug-watchos/PurchaseStoreKit.build/Objects-normal/arm64_32/PurchaseStoreKit.abi.json
EmitSwiftModule normal arm64_32 (in target 'PurchaseStoreKit' from project 'swift-storekit')
cd /Users/admin/builder/spi-builder-workspace/.swiftpm/xcode
/Users/admin/builder/spi-builder-workspace/Sources/PurchaseStoreKit/LiveStoreKitGateway.swift:314:55: error: 'BillingPlanType' is not a member type of struct 'StoreKit.Product.SubscriptionInfo'
static func plan(_ type: Product.SubscriptionInfo.BillingPlanType) -> BillingPlan {
~~~~~~~~~~~~~~~~~~~~~~~~ ^
StoreKit.Product.SubscriptionInfo:2:15: note: 'SubscriptionInfo' declared here
public struct SubscriptionInfo : Equatable, Hashable {
^
/Users/admin/builder/spi-builder-workspace/Sources/PurchaseStoreKit/PurchaseConfirmation+StoreKit.swift:38:53: error: 'UIViewController' is unavailable in watchOS
public static func viewController(_ controller: UIViewController) -> PurchaseConfirmation {
^~~~~~~~~~~~~~~~
/Applications/Xcode-26.3.0.app/Contents/Developer/Platforms/WatchOS.platform/Developer/SDKs/WatchOS26.2.sdk/System/Library/Frameworks/UIKit.framework/Headers/UIViewController.h:102:12: note: 'UIViewController' has been explicitly marked unavailable here
@interface UIViewController : UIResponder <NSCoding, UIAppearanceContainer, UITraitEnvironment, UIContentContainer, UIFocusEnvironment>
^
/Users/admin/builder/spi-builder-workspace/Sources/PurchaseStoreKit/PurchaseConfirmation+StoreKit.swift:42:39: error: 'UIScene' is unavailable in watchOS
public static func scene(_ scene: UIScene) -> PurchaseConfirmation {
^~~~~~~
/Applications/Xcode-26.3.0.app/Contents/Developer/Platforms/WatchOS.platform/Developer/SDKs/WatchOS26.2.sdk/System/Library/Frameworks/UIKit.framework/Headers/UIScene.h:20:12: note: 'UIScene' has been explicitly marked unavailable here
@interface UIScene : UIResponder
^
SwiftDriverJobDiscovery normal arm64_32 Compiling StoreKitConfiguration+Expectations.swift (in target 'PurchaseTestKit' from project 'swift-storekit')
SwiftCompile normal arm64_32 Compiling\ RestorePurchasesButton.swift /Users/admin/builder/spi-builder-workspace/Sources/PurchaseUI/RestorePurchasesButton.swift (in target 'PurchaseUI' from project 'swift-storekit')
SwiftCompile normal arm64_32 /Users/admin/builder/spi-builder-workspace/Sources/PurchaseUI/RestorePurchasesButton.swift (in target 'PurchaseUI' from project 'swift-storekit')
cd /Users/admin/builder/spi-builder-workspace/.swiftpm/xcode
SwiftDriverJobDiscovery normal arm64 Compiling WaitUntil.swift (in target 'PurchaseTestKit' from project 'swift-storekit')
SwiftCompile normal arm64_32 Compiling\ EnvironmentValues+Purchase.swift /Users/admin/builder/spi-builder-workspace/Sources/PurchaseUI/EnvironmentValues+Purchase.swift (in target 'PurchaseUI' from project 'swift-storekit')
SwiftCompile normal arm64_32 /Users/admin/builder/spi-builder-workspace/Sources/PurchaseUI/EnvironmentValues+Purchase.swift (in target 'PurchaseUI' from project 'swift-storekit')
cd /Users/admin/builder/spi-builder-workspace/.swiftpm/xcode
SwiftDriverJobDiscovery normal arm64_32 Compiling StoreKitConfigurationProblem.swift (in target 'PurchaseTestKit' from project 'swift-storekit')
SwiftCompile normal arm64_32 Compiling\ PurchaseStoreModifier.swift /Users/admin/builder/spi-builder-workspace/Sources/PurchaseUI/PurchaseStoreModifier.swift (in target 'PurchaseUI' from project 'swift-storekit')
SwiftCompile normal arm64_32 /Users/admin/builder/spi-builder-workspace/Sources/PurchaseUI/PurchaseStoreModifier.swift (in target 'PurchaseUI' from project 'swift-storekit')
cd /Users/admin/builder/spi-builder-workspace/.swiftpm/xcode
SwiftEmitModule normal arm64 Emitting\ module\ for\ PurchaseUI (in target 'PurchaseUI' from project 'swift-storekit')
EmitSwiftModule normal arm64 (in target 'PurchaseUI' from project 'swift-storekit')
cd /Users/admin/builder/spi-builder-workspace/.swiftpm/xcode
SwiftDriverJobDiscovery normal arm64_32 Compiling ManualClock.swift (in target 'PurchaseTestKit' from project 'swift-storekit')
SwiftEmitModule normal arm64 Emitting\ module\ for\ PurchaseStoreKit (in target 'PurchaseStoreKit' from project 'swift-storekit')
EmitSwiftModule normal arm64 (in target 'PurchaseStoreKit' from project 'swift-storekit')
cd /Users/admin/builder/spi-builder-workspace/.swiftpm/xcode
SwiftDriverJobDiscovery normal arm64 Compiling ManualClock.swift (in target 'PurchaseTestKit' from project 'swift-storekit')
SwiftCompile normal arm64 Compiling\ PurchaseButton.swift /Users/admin/builder/spi-builder-workspace/Sources/PurchaseUI/PurchaseButton.swift (in target 'PurchaseUI' from project 'swift-storekit')
SwiftDriverJobDiscovery normal arm64 Compiling StoreKitConfiguration+Product.swift (in target 'PurchaseTestKit' from project 'swift-storekit')
SwiftCompile normal arm64 Compiling\ MessageQueue.swift /Users/admin/builder/spi-builder-workspace/Sources/PurchaseUI/MessageQueue.swift (in target 'PurchaseUI' from project 'swift-storekit')
SwiftDriverJobDiscovery normal arm64 Compiling StoreKitConfigurationProblem.swift (in target 'PurchaseTestKit' from project 'swift-storekit')
SwiftCompile normal arm64 Compiling\ PurchaseStoreModifier.swift /Users/admin/builder/spi-builder-workspace/Sources/PurchaseUI/PurchaseStoreModifier.swift (in target 'PurchaseUI' from project 'swift-storekit')
2026-10-08 18:46:00.821 xcodebuild[678:4280] [MT] IDERunDestination: Supported platforms for the buildables in the current scheme is empty.
** BUILD FAILED **
The following build commands failed:
SwiftEmitModule normal arm64_32 Emitting\ module\ for\ PurchaseStoreKit (in target 'PurchaseStoreKit' from project 'swift-storekit')
EmitSwiftModule normal arm64_32 (in target 'PurchaseStoreKit' from project 'swift-storekit')
Building workspace spi-builder-workspace with scheme swift-storekit-Package
(3 failures)
Command line invocation:
/Applications/Xcode-26.3.0.app/Contents/Developer/usr/bin/xcodebuild -IDEClonedSourcePackagesDirPathOverride=/Users/admin/builder/spi-builder-workspace/.dependencies -resolvePackageDependencies
Resolve Package Graph
Resolved source packages:
swift-storekit: /Users/admin/builder/spi-builder-workspace
resolved source packages: swift-storekit
2026-10-08 18:46:15.746 xcodebuild[913:5649] [MT] IDERunDestination: Supported platforms for the buildables in the current scheme is empty.
{
"dependencies" : [
],
"manifest_display_name" : "swift-storekit",
"name" : "swift-storekit",
"path" : "/Users/admin/builder/spi-builder-workspace",
"platforms" : [
{
"name" : "ios",
"version" : "26.0"
},
{
"name" : "macos",
"version" : "26.0"
}
],
"products" : [
{
"name" : "PurchaseCore",
"targets" : [
"PurchaseCore"
],
"type" : {
"library" : [
"automatic"
]
}
},
{
"name" : "PurchaseStoreKit",
"targets" : [
"PurchaseStoreKit"
],
"type" : {
"library" : [
"automatic"
]
}
},
{
"name" : "PurchaseUI",
"targets" : [
"PurchaseUI"
],
"type" : {
"library" : [
"automatic"
]
}
},
{
"name" : "PurchaseLaunch",
"targets" : [
"PurchaseLaunch"
],
"type" : {
"library" : [
"automatic"
]
}
},
{
"name" : "PurchaseDebugUI",
"targets" : [
"PurchaseDebugUI"
],
"type" : {
"library" : [
"automatic"
]
}
},
{
"name" : "PurchaseTestKit",
"targets" : [
"PurchaseTestKit"
],
"type" : {
"library" : [
"automatic"
]
}
},
{
"name" : "PurchaseSimulator",
"targets" : [
"PurchaseSimulator"
],
"type" : {
"library" : [
"automatic"
]
}
},
{
"name" : "PurchaseDirectDistribution",
"targets" : [
"PurchaseDirectDistribution"
],
"type" : {
"library" : [
"automatic"
]
}
}
],
"targets" : [
{
"c99name" : "ReleaseCheck",
"module_type" : "PluginTarget",
"name" : "ReleaseCheck",
"path" : "Plugins/ReleaseCheck",
"plugin_capability" : {
"intent" : {
"description" : "Proves the simulated store is in a debug build and absent from a release one.",
"type" : "custom",
"verb" : "release-check"
},
"permissions" : [
],
"type" : "command"
},
"sources" : [
"ReleaseCheck.swift"
],
"type" : "plugin"
},
{
"c99name" : "PurchaseUITests",
"module_type" : "SwiftTarget",
"name" : "PurchaseUITests",
"path" : "Tests/PurchaseUITests",
"sources" : [
"MessageQueueTests.swift"
],
"target_dependencies" : [
"PurchaseUI"
],
"type" : "test"
},
{
"c99name" : "PurchaseUI",
"module_type" : "SwiftTarget",
"name" : "PurchaseUI",
"path" : "Sources/PurchaseUI",
"product_memberships" : [
"PurchaseUI"
],
"sources" : [
"EnvironmentValues+Purchase.swift",
"ManageSubscriptionsButton.swift",
"MessageQueue.swift",
"PurchaseButton.swift",
"PurchaseStoreModifier.swift",
"RestorePurchasesButton.swift",
"StoreMessages.swift"
],
"target_dependencies" : [
"PurchaseCore"
],
"type" : "library"
},
{
"c99name" : "PurchaseTestKitTests",
"module_type" : "SwiftTarget",
"name" : "PurchaseTestKitTests",
"path" : "Tests/PurchaseTestKitTests",
"resources" : [
{
"path" : "/Users/admin/builder/spi-builder-workspace/Tests/PurchaseTestKitTests/Fixtures",
"rule" : {
"copy" : {
}
}
}
],
"sources" : [
"AnswerGateTests.swift",
"ManualClockTests.swift",
"ScenarioTests.swift",
"SimulatedOfferTests.swift",
"SimulatedStoreFrontTests.swift",
"SimulatedSubscriptionLifeTests.swift",
"SimulatedSubscriptionTests.swift",
"StoreKitConfigurationTests.swift",
"SubscriptionScenarioTests.swift"
],
"target_dependencies" : [
"PurchaseCore",
"PurchaseTestKit"
],
"type" : "test"
},
{
"c99name" : "PurchaseTestKit",
"module_type" : "SwiftTarget",
"name" : "PurchaseTestKit",
"path" : "Sources/PurchaseTestKit",
"product_memberships" : [
"PurchaseTestKit"
],
"sources" : [
"ManualClock.swift",
"PurchaseTestKit.swift",
"RecordingPurchaseLogger.swift",
"SimulatedStoreFront+Configuration.swift",
"StoreKitConfiguration+Expectations.swift",
"StoreKitConfiguration+Product.swift",
"StoreKitConfiguration.swift",
"StoreKitConfigurationError.swift",
"StoreKitConfigurationProblem.swift",
"WaitUntil.swift"
],
"target_dependencies" : [
"PurchaseCore",
"PurchaseSimulator"
],
"type" : "library"
},
{
"c99name" : "PurchaseStoreKitTests",
"module_type" : "SwiftTarget",
"name" : "PurchaseStoreKitTests",
"path" : "Tests/PurchaseStoreKitTests",
"sources" : [
"AppStoreFrontTests.swift",
"FakeStoreKitGateway.swift",
"PurchaseRequestTests.swift",
"SubscriptionAdapterTests.swift"
],
"target_dependencies" : [
"PurchaseCore",
"PurchaseStoreKit"
],
"type" : "test"
},
{
"c99name" : "PurchaseStoreKit",
"module_type" : "SwiftTarget",
"name" : "PurchaseStoreKit",
"path" : "Sources/PurchaseStoreKit",
"product_memberships" : [
"PurchaseStoreKit",
"PurchaseLaunch",
"PurchaseDebugUI"
],
"sources" : [
"AppStoreFront.swift",
"GatewayPurchaseResult.swift",
"LiveStoreKitGateway.swift",
"PurchaseConfirmation+StoreKit.swift",
"PurchaseRequest.swift",
"PurchaseStore+StoreKitViews.swift",
"StatusSnapshot.swift",
"StoreKitErrorMapping.swift",
"StoreKitGateway.swift",
"SubscriptionTriage.swift",
"TransactionSnapshot.swift",
"TransactionTriage.swift"
],
"target_dependencies" : [
"PurchaseCore"
],
"type" : "library"
},
{
"c99name" : "PurchaseSimulator",
"module_type" : "SwiftTarget",
"name" : "PurchaseSimulator",
"path" : "Sources/PurchaseSimulator",
"product_memberships" : [
"PurchaseLaunch",
"PurchaseDebugUI",
"PurchaseTestKit",
"PurchaseSimulator"
],
"sources" : [
"AnswerGate.swift",
"Scenario+Parsing.swift",
"Scenario.swift",
"ScenarioError.swift",
"SimulatedStoreFront+Behaviour.swift",
"SimulatedStoreFront+Scenario.swift",
"SimulatedStoreFront.swift"
],
"target_dependencies" : [
"PurchaseCore"
],
"type" : "library"
},
{
"c99name" : "PurchaseLaunchTests",
"module_type" : "SwiftTarget",
"name" : "PurchaseLaunchTests",
"path" : "Tests/PurchaseLaunchTests",
"sources" : [
"StoreLaunchTests.swift"
],
"target_dependencies" : [
"PurchaseCore",
"PurchaseLaunch",
"PurchaseTestKit"
],
"type" : "test"
},
{
"c99name" : "PurchaseLaunch",
"module_type" : "SwiftTarget",
"name" : "PurchaseLaunch",
"path" : "Sources/PurchaseLaunch",
"product_memberships" : [
"PurchaseLaunch",
"PurchaseDebugUI"
],
"sources" : [
"StoreLaunch.swift"
],
"target_dependencies" : [
"PurchaseCore",
"PurchaseStoreKit",
"PurchaseSimulator"
],
"type" : "library"
},
{
"c99name" : "PurchaseDirectDistribution",
"module_type" : "SwiftTarget",
"name" : "PurchaseDirectDistribution",
"path" : "Sources/PurchaseDirectDistribution",
"product_memberships" : [
"PurchaseDirectDistribution"
],
"sources" : [
"EverythingOwnedStoreFront.swift"
],
"target_dependencies" : [
"PurchaseCore"
],
"type" : "library"
},
{
"c99name" : "PurchaseDebugUI",
"module_type" : "SwiftTarget",
"name" : "PurchaseDebugUI",
"path" : "Sources/PurchaseDebugUI",
"product_memberships" : [
"PurchaseDebugUI"
],
"sources" : [
"PurchaseDebugPanel.swift"
],
"target_dependencies" : [
"PurchaseCore",
"PurchaseLaunch",
"PurchaseSimulator"
],
"type" : "library"
},
{
"c99name" : "PurchaseCoreTests",
"module_type" : "SwiftTarget",
"name" : "PurchaseCoreTests",
"path" : "Tests/PurchaseCoreTests",
"sources" : [
"CatalogueTests.swift",
"DurationTests.swift",
"Fixtures.swift",
"PurchaseStoreCommitmentTests.swift",
"PurchaseStoreNonRenewingTests.swift",
"PurchaseStoreOfferTests.swift",
"PurchaseStoreReleaseTests.swift",
"PurchaseStoreSubscriptionTests.swift",
"PurchaseStoreTests.swift",
"StandingTests.swift",
"SubscriptionStandingTests.swift",
"UnlistedPurchasesTests.swift"
],
"target_dependencies" : [
"PurchaseCore",
"PurchaseTestKit",
"PurchaseDirectDistribution"
],
"type" : "test"
},
{
"c99name" : "PurchaseCore",
"module_type" : "SwiftTarget",
"name" : "PurchaseCore",
"path" : "Sources/PurchaseCore",
"product_memberships" : [
"PurchaseCore",
"PurchaseStoreKit",
"PurchaseUI",
"PurchaseLaunch",
"PurchaseDebugUI",
"PurchaseTestKit",
"PurchaseSimulator",
"PurchaseDirectDistribution"
],
"sources" : [
"AppliedOffer.swift",
"BillingPlan.swift",
"BundleMembership.swift",
"Catalogue.swift",
"CatalogueEntry.swift",
"Duration+TimeInterval.swift",
"HeldSubscription.swift",
"IntroductoryEligibility.swift",
"IntroductoryEligibilityReading.swift",
"NonRenewingTerms.swift",
"OfferID.swift",
"OfferSigning.swift",
"OfferTerms.swift",
"OwnedProduct.swift",
"Ownership.swift",
"OwnershipReading.swift",
"ProductAccess.swift",
"ProductCatalogueLoading.swift",
"ProductID.swift",
"ProductLoadState.swift",
"ProductPurchasing.swift",
"PurchaseActivity.swift",
"PurchaseCommanding.swift",
"PurchaseCompletion.swift",
"PurchaseConfirmation.swift",
"PurchaseError.swift",
"PurchaseEvent.swift",
"PurchaseLogging.swift",
"PurchaseOptions.swift",
"PurchaseOutcome.swift",
"PurchaseRestoring.swift",
"PurchaseStateProviding.swift",
"PurchaseStore.swift",
"Renewal.swift",
"RequestedPurchase.swift",
"RestoreOutcome.swift",
"SilentPurchaseLogger.swift",
"Standing.swift",
"StandingResolver.swift",
"StoreDiagnosing.swift",
"StoreDiagnosis.swift",
"StoreFront.swift",
"StoreProduct.swift",
"SubscriptionGroupID.swift",
"SubscriptionStanding.swift",
"SubscriptionStatusReading.swift",
"SubscriptionTerms.swift",
"SystemClock.swift",
"TimeProviding.swift",
"TransactionObserving.swift",
"TransactionUpdate.swift",
"TrialPeriod.swift",
"TrialStatus.swift",
"TrialTerms.swift",
"UnlistedPurchases.swift",
"WinBackOffer.swift"
],
"type" : "library"
},
{
"c99name" : "PurchaseAPITests",
"module_type" : "SwiftTarget",
"name" : "PurchaseAPITests",
"path" : "Tests/PurchaseAPITests",
"sources" : [
"PublicAPITests.swift"
],
"target_dependencies" : [
"PurchaseCore",
"PurchaseStoreKit",
"PurchaseUI",
"PurchaseLaunch",
"PurchaseDebugUI",
"PurchaseTestKit",
"PurchaseDirectDistribution"
],
"type" : "test"
}
],
"tools_version" : "6.2"
}
{
"workspace" : {
"name" : "spi-builder-workspace",
"schemes" : [
"PurchaseCore",
"PurchaseDebugUI",
"PurchaseDirectDistribution",
"PurchaseLaunch",
"PurchaseSimulator",
"PurchaseStoreKit",
"PurchaseTestKit",
"PurchaseUI",
"swift-storekit-Package"
]
}
}
2026-10-08 18:46:17.226 xcodebuild[922:5727] [MT] IDERunDestination: Supported platforms for the buildables in the current scheme is empty.
Running build ...
env DEVELOPER_DIR=/Applications/Xcode-26.3.0.app xcrun xcodebuild -IDEClonedSourcePackagesDirPathOverride=$PWD/.dependencies -skipMacroValidation -skipPackagePluginValidation -derivedDataPath $PWD/.derivedData build -scheme swift-storekit-Package -destination generic/platform=watchOS
Command line invocation:
/Applications/Xcode-26.3.0.app/Contents/Developer/usr/bin/xcodebuild -IDEClonedSourcePackagesDirPathOverride=/Users/admin/builder/spi-builder-workspace/.dependencies -skipMacroValidation -skipPackagePluginValidation -derivedDataPath /Users/admin/builder/spi-builder-workspace/.derivedData build -scheme swift-storekit-Package -destination generic/platform=watchOS
Resolve Package Graph
Resolved source packages:
swift-storekit: /Users/admin/builder/spi-builder-workspace
ComputePackagePrebuildTargetDependencyGraph
Prepare packages
Compile plug-in “ReleaseCheck” in package “spi-builder-workspace”
[debug]: Compiling plugin to executable at /Users/admin/builder/spi-builder-workspace/.derivedData/Build/Products/PluginExecutables/ReleaseCheck
[debug]: Using compiler /Applications/Xcode-26.3.0.app/Contents/Developer/Toolchains/XcodeDefault.xctoolchain/usr/bin/swiftc
[debug]: Plugin compilation output directory '/Users/admin/builder/spi-builder-workspace/.derivedData/Build/Products/PluginExecutables'
[debug]: Computed hash of plugin compilation inputs: 747dc402a9350fc511dbcacf1ef9bad4031b2574d0297974c49e8df67266f779
Process build tool plug-in results
CreateBuildRequest
SendProjectDescription
CreateBuildOperation
ComputeTargetDependencyGraph
note: Building targets in dependency order
note: Target dependency graph (16 targets)
Target 'PurchaseUI' in project 'swift-storekit'
➜ Explicit dependency on target 'PurchaseUI' in project 'swift-storekit'
➜ Explicit dependency on target 'PurchaseCore' in project 'swift-storekit'
Target 'PurchaseUI' in project 'swift-storekit'
➜ Explicit dependency on target 'PurchaseCore' in project 'swift-storekit'
Target 'PurchaseTestKit' in project 'swift-storekit'
➜ Explicit dependency on target 'PurchaseTestKit' in project 'swift-storekit'
➜ Explicit dependency on target 'PurchaseCore' in project 'swift-storekit'
➜ Explicit dependency on target 'PurchaseSimulator' in project 'swift-storekit'
Target 'PurchaseTestKit' in project 'swift-storekit'
➜ Explicit dependency on target 'PurchaseCore' in project 'swift-storekit'
➜ Explicit dependency on target 'PurchaseSimulator' in project 'swift-storekit'
Target 'PurchaseStoreKit' in project 'swift-storekit'
➜ Explicit dependency on target 'PurchaseStoreKit' in project 'swift-storekit'
➜ Explicit dependency on target 'PurchaseCore' in project 'swift-storekit'
Target 'PurchaseSimulator' in project 'swift-storekit'
➜ Explicit dependency on target 'PurchaseSimulator' in project 'swift-storekit'
➜ Explicit dependency on target 'PurchaseCore' in project 'swift-storekit'
Target 'PurchaseLaunch' in project 'swift-storekit'
➜ Explicit dependency on target 'PurchaseLaunch' in project 'swift-storekit'
➜ Explicit dependency on target 'PurchaseCore' in project 'swift-storekit'
➜ Explicit dependency on target 'PurchaseStoreKit' in project 'swift-storekit'
➜ Explicit dependency on target 'PurchaseSimulator' in project 'swift-storekit'
Target 'PurchaseDirectDistribution' in project 'swift-storekit'
➜ Explicit dependency on target 'PurchaseDirectDistribution' in project 'swift-storekit'
➜ Explicit dependency on target 'PurchaseCore' in project 'swift-storekit'
Target 'PurchaseDirectDistribution' in project 'swift-storekit'
➜ Explicit dependency on target 'PurchaseCore' in project 'swift-storekit'
Target 'PurchaseDebugUI' in project 'swift-storekit'
➜ Explicit dependency on target 'PurchaseDebugUI' in project 'swift-storekit'
➜ Explicit dependency on target 'PurchaseCore' in project 'swift-storekit'
➜ Explicit dependency on target 'PurchaseStoreKit' in project 'swift-storekit'
➜ Explicit dependency on target 'PurchaseSimulator' in project 'swift-storekit'
➜ Explicit dependency on target 'PurchaseLaunch' in project 'swift-storekit'
Target 'PurchaseDebugUI' in project 'swift-storekit'
➜ Explicit dependency on target 'PurchaseCore' in project 'swift-storekit'
➜ Explicit dependency on target 'PurchaseStoreKit' in project 'swift-storekit'
➜ Explicit dependency on target 'PurchaseSimulator' in project 'swift-storekit'
➜ Explicit dependency on target 'PurchaseLaunch' in project 'swift-storekit'
Target 'PurchaseLaunch' in project 'swift-storekit'
➜ Explicit dependency on target 'PurchaseCore' in project 'swift-storekit'
➜ Explicit dependency on target 'PurchaseStoreKit' in project 'swift-storekit'
➜ Explicit dependency on target 'PurchaseSimulator' in project 'swift-storekit'
Target 'PurchaseSimulator' in project 'swift-storekit'
➜ Explicit dependency on target 'PurchaseCore' in project 'swift-storekit'
Target 'PurchaseStoreKit' in project 'swift-storekit'
➜ Explicit dependency on target 'PurchaseCore' in project 'swift-storekit'
Target 'PurchaseCore' in project 'swift-storekit'
➜ Explicit dependency on target 'PurchaseCore' in project 'swift-storekit'
Target 'PurchaseCore' in project 'swift-storekit' (no dependencies)
GatherProvisioningInputs
CreateBuildDescription
ClangStatCache /Applications/Xcode-26.3.0.app/Contents/Developer/Toolchains/XcodeDefault.xctoolchain/usr/bin/clang-stat-cache /Applications/Xcode-26.3.0.app/Contents/Developer/Platforms/WatchOS.platform/Developer/SDKs/WatchOS26.2.sdk /Users/admin/builder/spi-builder-workspace/.derivedData/SDKStatCaches.noindex/watchos26.2-23S303-dc75598d0054f22ec865fa860f139d721753b489057de6bda919edfa1c59a62b.sdkstatcache
cd /Users/admin/builder/spi-builder-workspace/.swiftpm/xcode
/Applications/Xcode-26.3.0.app/Contents/Developer/Toolchains/XcodeDefault.xctoolchain/usr/bin/clang-stat-cache /Applications/Xcode-26.3.0.app/Contents/Developer/Platforms/WatchOS.platform/Developer/SDKs/WatchOS26.2.sdk -o /Users/admin/builder/spi-builder-workspace/.derivedData/SDKStatCaches.noindex/watchos26.2-23S303-dc75598d0054f22ec865fa860f139d721753b489057de6bda919edfa1c59a62b.sdkstatcache
SwiftDriver PurchaseUI normal arm64_32 com.apple.xcode.tools.swift.compiler (in target 'PurchaseUI' from project 'swift-storekit')
cd /Users/admin/builder/spi-builder-workspace/.swiftpm/xcode
builtin-SwiftDriver -- /Applications/Xcode-26.3.0.app/Contents/Developer/Toolchains/XcodeDefault.xctoolchain/usr/bin/swiftc -module-name PurchaseUI -Onone -enforce-exclusivity\=checked @/Users/admin/builder/spi-builder-workspace/.derivedData/Build/Intermediates.noindex/swift-storekit.build/Debug-watchos/PurchaseUI.build/Objects-normal/arm64_32/PurchaseUI.SwiftFileList -DSWIFT_PACKAGE -DDEBUG -DSWIFT_MODULE_RESOURCE_BUNDLE_UNAVAILABLE -DXcode -enable-upcoming-feature ExistentialAny -enable-upcoming-feature ImmutableWeakCaptures -enable-upcoming-feature MemberImportVisibility -enable-upcoming-feature InferIsolatedConformances -enable-upcoming-feature InternalImportsByDefault -enable-upcoming-feature NonisolatedNonsendingByDefault -plugin-path /Applications/Xcode-26.3.0.app/Contents/Developer/Toolchains/XcodeDefault.xctoolchain/usr/lib/swift/host/plugins/testing -enable-experimental-feature DebugDescriptionMacro -sdk /Applications/Xcode-26.3.0.app/Contents/Developer/Platforms/WatchOS.platform/Developer/SDKs/WatchOS26.2.sdk -target arm64_32-apple-watchos26.0 -g -module-cache-path /Users/admin/builder/spi-builder-workspace/.derivedData/ModuleCache.noindex -Xfrontend -serialize-debugging-options -profile-coverage-mapping -profile-generate -enable-testing -index-store-path /Users/admin/builder/spi-builder-workspace/.derivedData/Index.noindex/DataStore -Xcc -D_LIBCPP_HARDENING_MODE\=_LIBCPP_HARDENING_MODE_DEBUG -swift-version 6 -I /Users/admin/builder/spi-builder-workspace/.derivedData/Build/Products/Debug-watchos -Isystem /Applications/Xcode-26.3.0.app/Contents/Developer/Platforms/WatchOS.platform/Developer/usr/lib -F /Users/admin/builder/spi-builder-workspace/.derivedData/Build/Products/Debug-watchos/PackageFrameworks -F /Users/admin/builder/spi-builder-workspace/.derivedData/Build/Products/Debug-watchos -F /Applications/Xcode-26.3.0.app/Contents/Developer/Platforms/WatchOS.platform/Developer/Library/Frameworks -F /Applications/Xcode-26.3.0.app/Contents/Developer/Platforms/WatchOS.platform/Developer/SDKs/WatchOS26.2.sdk/Developer/Library/Frameworks -c -j10 -enable-batch-mode -incremental -Xcc -ivfsstatcache -Xcc /Users/admin/builder/spi-builder-workspace/.derivedData/SDKStatCaches.noindex/watchos26.2-23S303-dc75598d0054f22ec865fa860f139d721753b489057de6bda919edfa1c59a62b.sdkstatcache -output-file-map /Users/admin/builder/spi-builder-workspace/.derivedData/Build/Intermediates.noindex/swift-storekit.build/Debug-watchos/PurchaseUI.build/Objects-normal/arm64_32/PurchaseUI-OutputFileMap.json -use-frontend-parseable-output -save-temps -no-color-diagnostics -explicit-module-build -module-cache-path /Users/admin/builder/spi-builder-workspace/.derivedData/Build/Intermediates.noindex/SwiftExplicitPrecompiledModules -clang-scanner-module-cache-path /Users/admin/builder/spi-builder-workspace/.derivedData/ModuleCache.noindex -sdk-module-cache-path /Users/admin/builder/spi-builder-workspace/.derivedData/ModuleCache.noindex -serialize-diagnostics -emit-dependencies -emit-module -emit-module-path /Users/admin/builder/spi-builder-workspace/.derivedData/Build/Intermediates.noindex/swift-storekit.build/Debug-watchos/PurchaseUI.build/Objects-normal/arm64_32/PurchaseUI.swiftmodule -validate-clang-modules-once -clang-build-session-file /Users/admin/builder/spi-builder-workspace/.derivedData/ModuleCache.noindex/Session.modulevalidation -package-name spi_builder_workspace -Xcc -I/Users/admin/builder/spi-builder-workspace/.derivedData/Build/Intermediates.noindex/swift-storekit.build/Debug-watchos/PurchaseUI.build/swift-overrides.hmap -emit-const-values -Xfrontend -const-gather-protocols-file -Xfrontend /Users/admin/builder/spi-builder-workspace/.derivedData/Build/Intermediates.noindex/swift-storekit.build/Debug-watchos/PurchaseUI.build/Objects-normal/arm64_32/PurchaseUI_const_extract_protocols.json -Xcc -I/Users/admin/builder/spi-builder-workspace/.derivedData/Build/Products/Debug-watchos/include -Xcc -I/Users/admin/builder/spi-builder-workspace/.derivedData/Build/Intermediates.noindex/swift-storekit.build/Debug-watchos/PurchaseUI.build/DerivedSources-normal/arm64_32 -Xcc -I/Users/admin/builder/spi-builder-workspace/.derivedData/Build/Intermediates.noindex/swift-storekit.build/Debug-watchos/PurchaseUI.build/DerivedSources/arm64_32 -Xcc -I/Users/admin/builder/spi-builder-workspace/.derivedData/Build/Intermediates.noindex/swift-storekit.build/Debug-watchos/PurchaseUI.build/DerivedSources -Xcc -DSWIFT_PACKAGE -Xcc -DDEBUG\=1 -emit-objc-header -emit-objc-header-path /Users/admin/builder/spi-builder-workspace/.derivedData/Build/Intermediates.noindex/swift-storekit.build/Debug-watchos/PurchaseUI.build/Objects-normal/arm64_32/PurchaseUI-Swift.h -working-directory /Users/admin/builder/spi-builder-workspace/.swiftpm/xcode -experimental-emit-module-separately -disable-cmo
SwiftDriver PurchaseTestKit normal arm64_32 com.apple.xcode.tools.swift.compiler (in target 'PurchaseTestKit' from project 'swift-storekit')
cd /Users/admin/builder/spi-builder-workspace/.swiftpm/xcode
builtin-SwiftDriver -- /Applications/Xcode-26.3.0.app/Contents/Developer/Toolchains/XcodeDefault.xctoolchain/usr/bin/swiftc -module-name PurchaseTestKit -Onone -enforce-exclusivity\=checked @/Users/admin/builder/spi-builder-workspace/.derivedData/Build/Intermediates.noindex/swift-storekit.build/Debug-watchos/PurchaseTestKit.build/Objects-normal/arm64_32/PurchaseTestKit.SwiftFileList -DSWIFT_PACKAGE -DDEBUG -DSWIFT_MODULE_RESOURCE_BUNDLE_UNAVAILABLE -DXcode -enable-upcoming-feature ExistentialAny -enable-upcoming-feature ImmutableWeakCaptures -enable-upcoming-feature MemberImportVisibility -enable-upcoming-feature InferIsolatedConformances -enable-upcoming-feature InternalImportsByDefault -enable-upcoming-feature NonisolatedNonsendingByDefault -plugin-path /Applications/Xcode-26.3.0.app/Contents/Developer/Toolchains/XcodeDefault.xctoolchain/usr/lib/swift/host/plugins/testing -enable-experimental-feature DebugDescriptionMacro -sdk /Applications/Xcode-26.3.0.app/Contents/Developer/Platforms/WatchOS.platform/Developer/SDKs/WatchOS26.2.sdk -target arm64_32-apple-watchos26.0 -g -module-cache-path /Users/admin/builder/spi-builder-workspace/.derivedData/ModuleCache.noindex -Xfrontend -serialize-debugging-options -profile-coverage-mapping -profile-generate -enable-testing -index-store-path /Users/admin/builder/spi-builder-workspace/.derivedData/Index.noindex/DataStore -Xcc -D_LIBCPP_HARDENING_MODE\=_LIBCPP_HARDENING_MODE_DEBUG -swift-version 6 -I /Users/admin/builder/spi-builder-workspace/.derivedData/Build/Products/Debug-watchos -Isystem /Applications/Xcode-26.3.0.app/Contents/Developer/Platforms/WatchOS.platform/Developer/usr/lib -F /Users/admin/builder/spi-builder-workspace/.derivedData/Build/Products/Debug-watchos/PackageFrameworks -F /Users/admin/builder/spi-builder-workspace/.derivedData/Build/Products/Debug-watchos/PackageFrameworks -F /Users/admin/builder/spi-builder-workspace/.derivedData/Build/Products/Debug-watchos -F /Applications/Xcode-26.3.0.app/Contents/Developer/Platforms/WatchOS.platform/Developer/Library/Frameworks -F /Applications/Xcode-26.3.0.app/Contents/Developer/Platforms/WatchOS.platform/Developer/SDKs/WatchOS26.2.sdk/Developer/Library/Frameworks -c -j10 -enable-batch-mode -incremental -Xcc -ivfsstatcache -Xcc /Users/admin/builder/spi-builder-workspace/.derivedData/SDKStatCaches.noindex/watchos26.2-23S303-dc75598d0054f22ec865fa860f139d721753b489057de6bda919edfa1c59a62b.sdkstatcache -output-file-map /Users/admin/builder/spi-builder-workspace/.derivedData/Build/Intermediates.noindex/swift-storekit.build/Debug-watchos/PurchaseTestKit.build/Objects-normal/arm64_32/PurchaseTestKit-OutputFileMap.json -use-frontend-parseable-output -save-temps -no-color-diagnostics -explicit-module-build -module-cache-path /Users/admin/builder/spi-builder-workspace/.derivedData/Build/Intermediates.noindex/SwiftExplicitPrecompiledModules -clang-scanner-module-cache-path /Users/admin/builder/spi-builder-workspace/.derivedData/ModuleCache.noindex -sdk-module-cache-path /Users/admin/builder/spi-builder-workspace/.derivedData/ModuleCache.noindex -serialize-diagnostics -emit-dependencies -emit-module -emit-module-path /Users/admin/builder/spi-builder-workspace/.derivedData/Build/Intermediates.noindex/swift-storekit.build/Debug-watchos/PurchaseTestKit.build/Objects-normal/arm64_32/PurchaseTestKit.swiftmodule -validate-clang-modules-once -clang-build-session-file /Users/admin/builder/spi-builder-workspace/.derivedData/ModuleCache.noindex/Session.modulevalidation -package-name spi_builder_workspace -Xcc -I/Users/admin/builder/spi-builder-workspace/.derivedData/Build/Intermediates.noindex/swift-storekit.build/Debug-watchos/PurchaseTestKit.build/swift-overrides.hmap -emit-const-values -Xfrontend -const-gather-protocols-file -Xfrontend /Users/admin/builder/spi-builder-workspace/.derivedData/Build/Intermediates.noindex/swift-storekit.build/Debug-watchos/PurchaseTestKit.build/Objects-normal/arm64_32/PurchaseTestKit_const_extract_protocols.json -Xcc -I/Users/admin/builder/spi-builder-workspace/.derivedData/Build/Products/Debug-watchos/include -Xcc -I/Users/admin/builder/spi-builder-workspace/.derivedData/Build/Intermediates.noindex/swift-storekit.build/Debug-watchos/PurchaseTestKit.build/DerivedSources-normal/arm64_32 -Xcc -I/Users/admin/builder/spi-builder-workspace/.derivedData/Build/Intermediates.noindex/swift-storekit.build/Debug-watchos/PurchaseTestKit.build/DerivedSources/arm64_32 -Xcc -I/Users/admin/builder/spi-builder-workspace/.derivedData/Build/Intermediates.noindex/swift-storekit.build/Debug-watchos/PurchaseTestKit.build/DerivedSources -Xcc -DSWIFT_PACKAGE -Xcc -DDEBUG\=1 -emit-objc-header -emit-objc-header-path /Users/admin/builder/spi-builder-workspace/.derivedData/Build/Intermediates.noindex/swift-storekit.build/Debug-watchos/PurchaseTestKit.build/Objects-normal/arm64_32/PurchaseTestKit-Swift.h -working-directory /Users/admin/builder/spi-builder-workspace/.swiftpm/xcode -experimental-emit-module-separately -disable-cmo
SwiftDriver PurchaseUI normal arm64 com.apple.xcode.tools.swift.compiler (in target 'PurchaseUI' from project 'swift-storekit')
cd /Users/admin/builder/spi-builder-workspace/.swiftpm/xcode
builtin-SwiftDriver -- /Applications/Xcode-26.3.0.app/Contents/Developer/Toolchains/XcodeDefault.xctoolchain/usr/bin/swiftc -module-name PurchaseUI -Onone -enforce-exclusivity\=checked @/Users/admin/builder/spi-builder-workspace/.derivedData/Build/Intermediates.noindex/swift-storekit.build/Debug-watchos/PurchaseUI.build/Objects-normal/arm64/PurchaseUI.SwiftFileList -DSWIFT_PACKAGE -DDEBUG -DSWIFT_MODULE_RESOURCE_BUNDLE_UNAVAILABLE -DXcode -enable-upcoming-feature ExistentialAny -enable-upcoming-feature ImmutableWeakCaptures -enable-upcoming-feature MemberImportVisibility -enable-upcoming-feature InferIsolatedConformances -enable-upcoming-feature InternalImportsByDefault -enable-upcoming-feature NonisolatedNonsendingByDefault -plugin-path /Applications/Xcode-26.3.0.app/Contents/Developer/Toolchains/XcodeDefault.xctoolchain/usr/lib/swift/host/plugins/testing -enable-experimental-feature DebugDescriptionMacro -sdk /Applications/Xcode-26.3.0.app/Contents/Developer/Platforms/WatchOS.platform/Developer/SDKs/WatchOS26.2.sdk -target arm64-apple-watchos26.0 -g -module-cache-path /Users/admin/builder/spi-builder-workspace/.derivedData/ModuleCache.noindex -Xfrontend -serialize-debugging-options -profile-coverage-mapping -profile-generate -enable-testing -index-store-path /Users/admin/builder/spi-builder-workspace/.derivedData/Index.noindex/DataStore -Xcc -D_LIBCPP_HARDENING_MODE\=_LIBCPP_HARDENING_MODE_DEBUG -swift-version 6 -I /Users/admin/builder/spi-builder-workspace/.derivedData/Build/Products/Debug-watchos -Isystem /Applications/Xcode-26.3.0.app/Contents/Developer/Platforms/WatchOS.platform/Developer/usr/lib -F /Users/admin/builder/spi-builder-workspace/.derivedData/Build/Products/Debug-watchos/PackageFrameworks -F /Users/admin/builder/spi-builder-workspace/.derivedData/Build/Products/Debug-watchos -F /Applications/Xcode-26.3.0.app/Contents/Developer/Platforms/WatchOS.platform/Developer/Library/Frameworks -F /Applications/Xcode-26.3.0.app/Contents/Developer/Platforms/WatchOS.platform/Developer/SDKs/WatchOS26.2.sdk/Developer/Library/Frameworks -c -j10 -enable-batch-mode -incremental -Xcc -ivfsstatcache -Xcc /Users/admin/builder/spi-builder-workspace/.derivedData/SDKStatCaches.noindex/watchos26.2-23S303-dc75598d0054f22ec865fa860f139d721753b489057de6bda919edfa1c59a62b.sdkstatcache -output-file-map /Users/admin/builder/spi-builder-workspace/.derivedData/Build/Intermediates.noindex/swift-storekit.build/Debug-watchos/PurchaseUI.build/Objects-normal/arm64/PurchaseUI-OutputFileMap.json -use-frontend-parseable-output -save-temps -no-color-diagnostics -explicit-module-build -module-cache-path /Users/admin/builder/spi-builder-workspace/.derivedData/Build/Intermediates.noindex/SwiftExplicitPrecompiledModules -clang-scanner-module-cache-path /Users/admin/builder/spi-builder-workspace/.derivedData/ModuleCache.noindex -sdk-module-cache-path /Users/admin/builder/spi-builder-workspace/.derivedData/ModuleCache.noindex -serialize-diagnostics -emit-dependencies -emit-module -emit-module-path /Users/admin/builder/spi-builder-workspace/.derivedData/Build/Intermediates.noindex/swift-storekit.build/Debug-watchos/PurchaseUI.build/Objects-normal/arm64/PurchaseUI.swiftmodule -validate-clang-modules-once -clang-build-session-file /Users/admin/builder/spi-builder-workspace/.derivedData/ModuleCache.noindex/Session.modulevalidation -package-name spi_builder_workspace -Xcc -I/Users/admin/builder/spi-builder-workspace/.derivedData/Build/Intermediates.noindex/swift-storekit.build/Debug-watchos/PurchaseUI.build/swift-overrides.hmap -emit-const-values -Xfrontend -const-gather-protocols-file -Xfrontend /Users/admin/builder/spi-builder-workspace/.derivedData/Build/Intermediates.noindex/swift-storekit.build/Debug-watchos/PurchaseUI.build/Objects-normal/arm64/PurchaseUI_const_extract_protocols.json -Xcc -I/Users/admin/builder/spi-builder-workspace/.derivedData/Build/Products/Debug-watchos/include -Xcc -I/Users/admin/builder/spi-builder-workspace/.derivedData/Build/Intermediates.noindex/swift-storekit.build/Debug-watchos/PurchaseUI.build/DerivedSources-normal/arm64 -Xcc -I/Users/admin/builder/spi-builder-workspace/.derivedData/Build/Intermediates.noindex/swift-storekit.build/Debug-watchos/PurchaseUI.build/DerivedSources/arm64 -Xcc -I/Users/admin/builder/spi-builder-workspace/.derivedData/Build/Intermediates.noindex/swift-storekit.build/Debug-watchos/PurchaseUI.build/DerivedSources -Xcc -DSWIFT_PACKAGE -Xcc -DDEBUG\=1 -emit-objc-header -emit-objc-header-path /Users/admin/builder/spi-builder-workspace/.derivedData/Build/Intermediates.noindex/swift-storekit.build/Debug-watchos/PurchaseUI.build/Objects-normal/arm64/PurchaseUI-Swift.h -working-directory /Users/admin/builder/spi-builder-workspace/.swiftpm/xcode -experimental-emit-module-separately -disable-cmo
SwiftDriver PurchaseStoreKit normal arm64_32 com.apple.xcode.tools.swift.compiler (in target 'PurchaseStoreKit' from project 'swift-storekit')
cd /Users/admin/builder/spi-builder-workspace/.swiftpm/xcode
builtin-SwiftDriver -- /Applications/Xcode-26.3.0.app/Contents/Developer/Toolchains/XcodeDefault.xctoolchain/usr/bin/swiftc -module-name PurchaseStoreKit -Onone -enforce-exclusivity\=checked @/Users/admin/builder/spi-builder-workspace/.derivedData/Build/Intermediates.noindex/swift-storekit.build/Debug-watchos/PurchaseStoreKit.build/Objects-normal/arm64_32/PurchaseStoreKit.SwiftFileList -DSWIFT_PACKAGE -DDEBUG -DSWIFT_MODULE_RESOURCE_BUNDLE_UNAVAILABLE -DXcode -enable-upcoming-feature ExistentialAny -enable-upcoming-feature ImmutableWeakCaptures -enable-upcoming-feature MemberImportVisibility -enable-upcoming-feature InferIsolatedConformances -enable-upcoming-feature InternalImportsByDefault -enable-upcoming-feature NonisolatedNonsendingByDefault -plugin-path /Applications/Xcode-26.3.0.app/Contents/Developer/Toolchains/XcodeDefault.xctoolchain/usr/lib/swift/host/plugins/testing -enable-experimental-feature DebugDescriptionMacro -sdk /Applications/Xcode-26.3.0.app/Contents/Developer/Platforms/WatchOS.platform/Developer/SDKs/WatchOS26.2.sdk -target arm64_32-apple-watchos26.0 -g -module-cache-path /Users/admin/builder/spi-builder-workspace/.derivedData/ModuleCache.noindex -Xfrontend -serialize-debugging-options -profile-coverage-mapping -profile-generate -enable-testing -index-store-path /Users/admin/builder/spi-builder-workspace/.derivedData/Index.noindex/DataStore -Xcc -D_LIBCPP_HARDENING_MODE\=_LIBCPP_HARDENING_MODE_DEBUG -swift-version 6 -I /Users/admin/builder/spi-builder-workspace/.derivedData/Build/Products/Debug-watchos -Isystem /Applications/Xcode-26.3.0.app/Contents/Developer/Platforms/WatchOS.platform/Developer/usr/lib -F /Users/admin/builder/spi-builder-workspace/.derivedData/Build/Products/Debug-watchos/PackageFrameworks -F /Users/admin/builder/spi-builder-workspace/.derivedData/Build/Products/Debug-watchos -F /Applications/Xcode-26.3.0.app/Contents/Developer/Platforms/WatchOS.platform/Developer/Library/Frameworks -F /Applications/Xcode-26.3.0.app/Contents/Developer/Platforms/WatchOS.platform/Developer/SDKs/WatchOS26.2.sdk/Developer/Library/Frameworks -c -j10 -enable-batch-mode -incremental -Xcc -ivfsstatcache -Xcc /Users/admin/builder/spi-builder-workspace/.derivedData/SDKStatCaches.noindex/watchos26.2-23S303-dc75598d0054f22ec865fa860f139d721753b489057de6bda919edfa1c59a62b.sdkstatcache -output-file-map /Users/admin/builder/spi-builder-workspace/.derivedData/Build/Intermediates.noindex/swift-storekit.build/Debug-watchos/PurchaseStoreKit.build/Objects-normal/arm64_32/PurchaseStoreKit-OutputFileMap.json -use-frontend-parseable-output -save-temps -no-color-diagnostics -explicit-module-build -module-cache-path /Users/admin/builder/spi-builder-workspace/.derivedData/Build/Intermediates.noindex/SwiftExplicitPrecompiledModules -clang-scanner-module-cache-path /Users/admin/builder/spi-builder-workspace/.derivedData/ModuleCache.noindex -sdk-module-cache-path /Users/admin/builder/spi-builder-workspace/.derivedData/ModuleCache.noindex -serialize-diagnostics -emit-dependencies -emit-module -emit-module-path /Users/admin/builder/spi-builder-workspace/.derivedData/Build/Intermediates.noindex/swift-storekit.build/Debug-watchos/PurchaseStoreKit.build/Objects-normal/arm64_32/PurchaseStoreKit.swiftmodule -validate-clang-modules-once -clang-build-session-file /Users/admin/builder/spi-builder-workspace/.derivedData/ModuleCache.noindex/Session.modulevalidation -package-name spi_builder_workspace -Xcc -I/Users/admin/builder/spi-builder-workspace/.derivedData/Build/Intermediates.noindex/swift-storekit.build/Debug-watchos/PurchaseStoreKit.build/swift-overrides.hmap -emit-const-values -Xfrontend -const-gather-protocols-file -Xfrontend /Users/admin/builder/spi-builder-workspace/.derivedData/Build/Intermediates.noindex/swift-storekit.build/Debug-watchos/PurchaseStoreKit.build/Objects-normal/arm64_32/PurchaseStoreKit_const_extract_protocols.json -Xcc -I/Users/admin/builder/spi-builder-workspace/.derivedData/Build/Products/Debug-watchos/include -Xcc -I/Users/admin/builder/spi-builder-workspace/.derivedData/Build/Intermediates.noindex/swift-storekit.build/Debug-watchos/PurchaseStoreKit.build/DerivedSources-normal/arm64_32 -Xcc -I/Users/admin/builder/spi-builder-workspace/.derivedData/Build/Intermediates.noindex/swift-storekit.build/Debug-watchos/PurchaseStoreKit.build/DerivedSources/arm64_32 -Xcc -I/Users/admin/builder/spi-builder-workspace/.derivedData/Build/Intermediates.noindex/swift-storekit.build/Debug-watchos/PurchaseStoreKit.build/DerivedSources -Xcc -DSWIFT_PACKAGE -Xcc -DDEBUG\=1 -emit-objc-header -emit-objc-header-path /Users/admin/builder/spi-builder-workspace/.derivedData/Build/Intermediates.noindex/swift-storekit.build/Debug-watchos/PurchaseStoreKit.build/Objects-normal/arm64_32/PurchaseStoreKit-Swift.h -working-directory /Users/admin/builder/spi-builder-workspace/.swiftpm/xcode -experimental-emit-module-separately -disable-cmo
SwiftDriver PurchaseStoreKit normal arm64 com.apple.xcode.tools.swift.compiler (in target 'PurchaseStoreKit' from project 'swift-storekit')
cd /Users/admin/builder/spi-builder-workspace/.swiftpm/xcode
builtin-SwiftDriver -- /Applications/Xcode-26.3.0.app/Contents/Developer/Toolchains/XcodeDefault.xctoolchain/usr/bin/swiftc -module-name PurchaseStoreKit -Onone -enforce-exclusivity\=checked @/Users/admin/builder/spi-builder-workspace/.derivedData/Build/Intermediates.noindex/swift-storekit.build/Debug-watchos/PurchaseStoreKit.build/Objects-normal/arm64/PurchaseStoreKit.SwiftFileList -DSWIFT_PACKAGE -DDEBUG -DSWIFT_MODULE_RESOURCE_BUNDLE_UNAVAILABLE -DXcode -enable-upcoming-feature ExistentialAny -enable-upcoming-feature ImmutableWeakCaptures -enable-upcoming-feature MemberImportVisibility -enable-upcoming-feature InferIsolatedConformances -enable-upcoming-feature InternalImportsByDefault -enable-upcoming-feature NonisolatedNonsendingByDefault -plugin-path /Applications/Xcode-26.3.0.app/Contents/Developer/Toolchains/XcodeDefault.xctoolchain/usr/lib/swift/host/plugins/testing -enable-experimental-feature DebugDescriptionMacro -sdk /Applications/Xcode-26.3.0.app/Contents/Developer/Platforms/WatchOS.platform/Developer/SDKs/WatchOS26.2.sdk -target arm64-apple-watchos26.0 -g -module-cache-path /Users/admin/builder/spi-builder-workspace/.derivedData/ModuleCache.noindex -Xfrontend -serialize-debugging-options -profile-coverage-mapping -profile-generate -enable-testing -index-store-path /Users/admin/builder/spi-builder-workspace/.derivedData/Index.noindex/DataStore -Xcc -D_LIBCPP_HARDENING_MODE\=_LIBCPP_HARDENING_MODE_DEBUG -swift-version 6 -I /Users/admin/builder/spi-builder-workspace/.derivedData/Build/Products/Debug-watchos -Isystem /Applications/Xcode-26.3.0.app/Contents/Developer/Platforms/WatchOS.platform/Developer/usr/lib -F /Users/admin/builder/spi-builder-workspace/.derivedData/Build/Products/Debug-watchos/PackageFrameworks -F /Users/admin/builder/spi-builder-workspace/.derivedData/Build/Products/Debug-watchos -F /Applications/Xcode-26.3.0.app/Contents/Developer/Platforms/WatchOS.platform/Developer/Library/Frameworks -F /Applications/Xcode-26.3.0.app/Contents/Developer/Platforms/WatchOS.platform/Developer/SDKs/WatchOS26.2.sdk/Developer/Library/Frameworks -c -j10 -enable-batch-mode -incremental -Xcc -ivfsstatcache -Xcc /Users/admin/builder/spi-builder-workspace/.derivedData/SDKStatCaches.noindex/watchos26.2-23S303-dc75598d0054f22ec865fa860f139d721753b489057de6bda919edfa1c59a62b.sdkstatcache -output-file-map /Users/admin/builder/spi-builder-workspace/.derivedData/Build/Intermediates.noindex/swift-storekit.build/Debug-watchos/PurchaseStoreKit.build/Objects-normal/arm64/PurchaseStoreKit-OutputFileMap.json -use-frontend-parseable-output -save-temps -no-color-diagnostics -explicit-module-build -module-cache-path /Users/admin/builder/spi-builder-workspace/.derivedData/Build/Intermediates.noindex/SwiftExplicitPrecompiledModules -clang-scanner-module-cache-path /Users/admin/builder/spi-builder-workspace/.derivedData/ModuleCache.noindex -sdk-module-cache-path /Users/admin/builder/spi-builder-workspace/.derivedData/ModuleCache.noindex -serialize-diagnostics -emit-dependencies -emit-module -emit-module-path /Users/admin/builder/spi-builder-workspace/.derivedData/Build/Intermediates.noindex/swift-storekit.build/Debug-watchos/PurchaseStoreKit.build/Objects-normal/arm64/PurchaseStoreKit.swiftmodule -validate-clang-modules-once -clang-build-session-file /Users/admin/builder/spi-builder-workspace/.derivedData/ModuleCache.noindex/Session.modulevalidation -package-name spi_builder_workspace -Xcc -I/Users/admin/builder/spi-builder-workspace/.derivedData/Build/Intermediates.noindex/swift-storekit.build/Debug-watchos/PurchaseStoreKit.build/swift-overrides.hmap -emit-const-values -Xfrontend -const-gather-protocols-file -Xfrontend /Users/admin/builder/spi-builder-workspace/.derivedData/Build/Intermediates.noindex/swift-storekit.build/Debug-watchos/PurchaseStoreKit.build/Objects-normal/arm64/PurchaseStoreKit_const_extract_protocols.json -Xcc -I/Users/admin/builder/spi-builder-workspace/.derivedData/Build/Products/Debug-watchos/include -Xcc -I/Users/admin/builder/spi-builder-workspace/.derivedData/Build/Intermediates.noindex/swift-storekit.build/Debug-watchos/PurchaseStoreKit.build/DerivedSources-normal/arm64 -Xcc -I/Users/admin/builder/spi-builder-workspace/.derivedData/Build/Intermediates.noindex/swift-storekit.build/Debug-watchos/PurchaseStoreKit.build/DerivedSources/arm64 -Xcc -I/Users/admin/builder/spi-builder-workspace/.derivedData/Build/Intermediates.noindex/swift-storekit.build/Debug-watchos/PurchaseStoreKit.build/DerivedSources -Xcc -DSWIFT_PACKAGE -Xcc -DDEBUG\=1 -emit-objc-header -emit-objc-header-path /Users/admin/builder/spi-builder-workspace/.derivedData/Build/Intermediates.noindex/swift-storekit.build/Debug-watchos/PurchaseStoreKit.build/Objects-normal/arm64/PurchaseStoreKit-Swift.h -working-directory /Users/admin/builder/spi-builder-workspace/.swiftpm/xcode -experimental-emit-module-separately -disable-cmo
SwiftDriver PurchaseTestKit normal arm64 com.apple.xcode.tools.swift.compiler (in target 'PurchaseTestKit' from project 'swift-storekit')
cd /Users/admin/builder/spi-builder-workspace/.swiftpm/xcode
builtin-SwiftDriver -- /Applications/Xcode-26.3.0.app/Contents/Developer/Toolchains/XcodeDefault.xctoolchain/usr/bin/swiftc -module-name PurchaseTestKit -Onone -enforce-exclusivity\=checked @/Users/admin/builder/spi-builder-workspace/.derivedData/Build/Intermediates.noindex/swift-storekit.build/Debug-watchos/PurchaseTestKit.build/Objects-normal/arm64/PurchaseTestKit.SwiftFileList -DSWIFT_PACKAGE -DDEBUG -DSWIFT_MODULE_RESOURCE_BUNDLE_UNAVAILABLE -DXcode -enable-upcoming-feature ExistentialAny -enable-upcoming-feature ImmutableWeakCaptures -enable-upcoming-feature MemberImportVisibility -enable-upcoming-feature InferIsolatedConformances -enable-upcoming-feature InternalImportsByDefault -enable-upcoming-feature NonisolatedNonsendingByDefault -plugin-path /Applications/Xcode-26.3.0.app/Contents/Developer/Toolchains/XcodeDefault.xctoolchain/usr/lib/swift/host/plugins/testing -enable-experimental-feature DebugDescriptionMacro -sdk /Applications/Xcode-26.3.0.app/Contents/Developer/Platforms/WatchOS.platform/Developer/SDKs/WatchOS26.2.sdk -target arm64-apple-watchos26.0 -g -module-cache-path /Users/admin/builder/spi-builder-workspace/.derivedData/ModuleCache.noindex -Xfrontend -serialize-debugging-options -profile-coverage-mapping -profile-generate -enable-testing -index-store-path /Users/admin/builder/spi-builder-workspace/.derivedData/Index.noindex/DataStore -Xcc -D_LIBCPP_HARDENING_MODE\=_LIBCPP_HARDENING_MODE_DEBUG -swift-version 6 -I /Users/admin/builder/spi-builder-workspace/.derivedData/Build/Products/Debug-watchos -Isystem /Applications/Xcode-26.3.0.app/Contents/Developer/Platforms/WatchOS.platform/Developer/usr/lib -F /Users/admin/builder/spi-builder-workspace/.derivedData/Build/Products/Debug-watchos/PackageFrameworks -F /Users/admin/builder/spi-builder-workspace/.derivedData/Build/Products/Debug-watchos/PackageFrameworks -F /Users/admin/builder/spi-builder-workspace/.derivedData/Build/Products/Debug-watchos -F /Applications/Xcode-26.3.0.app/Contents/Developer/Platforms/WatchOS.platform/Developer/Library/Frameworks -F /Applications/Xcode-26.3.0.app/Contents/Developer/Platforms/WatchOS.platform/Developer/SDKs/WatchOS26.2.sdk/Developer/Library/Frameworks -c -j10 -enable-batch-mode -incremental -Xcc -ivfsstatcache -Xcc /Users/admin/builder/spi-builder-workspace/.derivedData/SDKStatCaches.noindex/watchos26.2-23S303-dc75598d0054f22ec865fa860f139d721753b489057de6bda919edfa1c59a62b.sdkstatcache -output-file-map /Users/admin/builder/spi-builder-workspace/.derivedData/Build/Intermediates.noindex/swift-storekit.build/Debug-watchos/PurchaseTestKit.build/Objects-normal/arm64/PurchaseTestKit-OutputFileMap.json -use-frontend-parseable-output -save-temps -no-color-diagnostics -explicit-module-build -module-cache-path /Users/admin/builder/spi-builder-workspace/.derivedData/Build/Intermediates.noindex/SwiftExplicitPrecompiledModules -clang-scanner-module-cache-path /Users/admin/builder/spi-builder-workspace/.derivedData/ModuleCache.noindex -sdk-module-cache-path /Users/admin/builder/spi-builder-workspace/.derivedData/ModuleCache.noindex -serialize-diagnostics -emit-dependencies -emit-module -emit-module-path /Users/admin/builder/spi-builder-workspace/.derivedData/Build/Intermediates.noindex/swift-storekit.build/Debug-watchos/PurchaseTestKit.build/Objects-normal/arm64/PurchaseTestKit.swiftmodule -validate-clang-modules-once -clang-build-session-file /Users/admin/builder/spi-builder-workspace/.derivedData/ModuleCache.noindex/Session.modulevalidation -package-name spi_builder_workspace -Xcc -I/Users/admin/builder/spi-builder-workspace/.derivedData/Build/Intermediates.noindex/swift-storekit.build/Debug-watchos/PurchaseTestKit.build/swift-overrides.hmap -emit-const-values -Xfrontend -const-gather-protocols-file -Xfrontend /Users/admin/builder/spi-builder-workspace/.derivedData/Build/Intermediates.noindex/swift-storekit.build/Debug-watchos/PurchaseTestKit.build/Objects-normal/arm64/PurchaseTestKit_const_extract_protocols.json -Xcc -I/Users/admin/builder/spi-builder-workspace/.derivedData/Build/Products/Debug-watchos/include -Xcc -I/Users/admin/builder/spi-builder-workspace/.derivedData/Build/Intermediates.noindex/swift-storekit.build/Debug-watchos/PurchaseTestKit.build/DerivedSources-normal/arm64 -Xcc -I/Users/admin/builder/spi-builder-workspace/.derivedData/Build/Intermediates.noindex/swift-storekit.build/Debug-watchos/PurchaseTestKit.build/DerivedSources/arm64 -Xcc -I/Users/admin/builder/spi-builder-workspace/.derivedData/Build/Intermediates.noindex/swift-storekit.build/Debug-watchos/PurchaseTestKit.build/DerivedSources -Xcc -DSWIFT_PACKAGE -Xcc -DDEBUG\=1 -emit-objc-header -emit-objc-header-path /Users/admin/builder/spi-builder-workspace/.derivedData/Build/Intermediates.noindex/swift-storekit.build/Debug-watchos/PurchaseTestKit.build/Objects-normal/arm64/PurchaseTestKit-Swift.h -working-directory /Users/admin/builder/spi-builder-workspace/.swiftpm/xcode -experimental-emit-module-separately -disable-cmo
RegisterExecutionPolicyException /Users/admin/builder/spi-builder-workspace/.derivedData/Build/Products/Debug-watchos/PurchaseSimulator.o (in target 'PurchaseSimulator' from project 'swift-storekit')
cd /Users/admin/builder/spi-builder-workspace
builtin-RegisterExecutionPolicyException /Users/admin/builder/spi-builder-workspace/.derivedData/Build/Products/Debug-watchos/PurchaseSimulator.o
SwiftCompile normal arm64 Compiling\ SimulatedStoreFront+Configuration.swift /Users/admin/builder/spi-builder-workspace/Sources/PurchaseTestKit/SimulatedStoreFront+Configuration.swift (in target 'PurchaseTestKit' from project 'swift-storekit')
SwiftCompile normal arm64 /Users/admin/builder/spi-builder-workspace/Sources/PurchaseTestKit/SimulatedStoreFront+Configuration.swift (in target 'PurchaseTestKit' from project 'swift-storekit')
cd /Users/admin/builder/spi-builder-workspace/.swiftpm/xcode
SwiftCompile normal arm64 Compiling\ StoreKitConfiguration.swift /Users/admin/builder/spi-builder-workspace/Sources/PurchaseTestKit/StoreKitConfiguration.swift (in target 'PurchaseTestKit' from project 'swift-storekit')
SwiftCompile normal arm64 /Users/admin/builder/spi-builder-workspace/Sources/PurchaseTestKit/StoreKitConfiguration.swift (in target 'PurchaseTestKit' from project 'swift-storekit')
cd /Users/admin/builder/spi-builder-workspace/.swiftpm/xcode
SwiftEmitModule normal arm64 Emitting\ module\ for\ PurchaseTestKit (in target 'PurchaseTestKit' from project 'swift-storekit')
EmitSwiftModule normal arm64 (in target 'PurchaseTestKit' from project 'swift-storekit')
cd /Users/admin/builder/spi-builder-workspace/.swiftpm/xcode
SwiftCompile normal arm64 Compiling\ RecordingPurchaseLogger.swift /Users/admin/builder/spi-builder-workspace/Sources/PurchaseTestKit/RecordingPurchaseLogger.swift (in target 'PurchaseTestKit' from project 'swift-storekit')
SwiftCompile normal arm64 /Users/admin/builder/spi-builder-workspace/Sources/PurchaseTestKit/RecordingPurchaseLogger.swift (in target 'PurchaseTestKit' from project 'swift-storekit')
cd /Users/admin/builder/spi-builder-workspace/.swiftpm/xcode
SwiftCompile normal arm64_32 Compiling\ StoreKitConfiguration.swift /Users/admin/builder/spi-builder-workspace/Sources/PurchaseTestKit/StoreKitConfiguration.swift (in target 'PurchaseTestKit' from project 'swift-storekit')
SwiftCompile normal arm64_32 /Users/admin/builder/spi-builder-workspace/Sources/PurchaseTestKit/StoreKitConfiguration.swift (in target 'PurchaseTestKit' from project 'swift-storekit')
cd /Users/admin/builder/spi-builder-workspace/.swiftpm/xcode
SwiftEmitModule normal arm64_32 Emitting\ module\ for\ PurchaseTestKit (in target 'PurchaseTestKit' from project 'swift-storekit')
EmitSwiftModule normal arm64_32 (in target 'PurchaseTestKit' from project 'swift-storekit')
cd /Users/admin/builder/spi-builder-workspace/.swiftpm/xcode
SwiftCompile normal arm64_32 Compiling\ WaitUntil.swift /Users/admin/builder/spi-builder-workspace/Sources/PurchaseTestKit/WaitUntil.swift (in target 'PurchaseTestKit' from project 'swift-storekit')
SwiftCompile normal arm64_32 /Users/admin/builder/spi-builder-workspace/Sources/PurchaseTestKit/WaitUntil.swift (in target 'PurchaseTestKit' from project 'swift-storekit')
cd /Users/admin/builder/spi-builder-workspace/.swiftpm/xcode
SwiftDriverJobDiscovery normal arm64 Compiling SimulatedStoreFront+Configuration.swift (in target 'PurchaseTestKit' from project 'swift-storekit')
SwiftCompile normal arm64_32 Compiling\ StoreKitConfiguration+Product.swift /Users/admin/builder/spi-builder-workspace/Sources/PurchaseTestKit/StoreKitConfiguration+Product.swift (in target 'PurchaseTestKit' from project 'swift-storekit')
SwiftCompile normal arm64_32 /Users/admin/builder/spi-builder-workspace/Sources/PurchaseTestKit/StoreKitConfiguration+Product.swift (in target 'PurchaseTestKit' from project 'swift-storekit')
cd /Users/admin/builder/spi-builder-workspace/.swiftpm/xcode
SwiftDriverJobDiscovery normal arm64 Compiling RecordingPurchaseLogger.swift (in target 'PurchaseTestKit' from project 'swift-storekit')
SwiftDriverJobDiscovery normal arm64_32 Compiling WaitUntil.swift (in target 'PurchaseTestKit' from project 'swift-storekit')
SwiftCompile normal arm64 Compiling\ ManageSubscriptionsButton.swift /Users/admin/builder/spi-builder-workspace/Sources/PurchaseUI/ManageSubscriptionsButton.swift (in target 'PurchaseUI' from project 'swift-storekit')
SwiftCompile normal arm64 /Users/admin/builder/spi-builder-workspace/Sources/PurchaseUI/ManageSubscriptionsButton.swift (in target 'PurchaseUI' from project 'swift-storekit')
cd /Users/admin/builder/spi-builder-workspace/.swiftpm/xcode
SwiftCompile normal arm64 Compiling\ MessageQueue.swift /Users/admin/builder/spi-builder-workspace/Sources/PurchaseUI/MessageQueue.swift (in target 'PurchaseUI' from project 'swift-storekit')
SwiftCompile normal arm64 /Users/admin/builder/spi-builder-workspace/Sources/PurchaseUI/MessageQueue.swift (in target 'PurchaseUI' from project 'swift-storekit')
cd /Users/admin/builder/spi-builder-workspace/.swiftpm/xcode
SwiftCompile normal arm64 Compiling\ EnvironmentValues+Purchase.swift /Users/admin/builder/spi-builder-workspace/Sources/PurchaseUI/EnvironmentValues+Purchase.swift (in target 'PurchaseUI' from project 'swift-storekit')
SwiftCompile normal arm64 /Users/admin/builder/spi-builder-workspace/Sources/PurchaseUI/EnvironmentValues+Purchase.swift (in target 'PurchaseUI' from project 'swift-storekit')
cd /Users/admin/builder/spi-builder-workspace/.swiftpm/xcode
SwiftCompile normal arm64 Compiling\ PurchaseButton.swift /Users/admin/builder/spi-builder-workspace/Sources/PurchaseUI/PurchaseButton.swift (in target 'PurchaseUI' from project 'swift-storekit')
SwiftCompile normal arm64 /Users/admin/builder/spi-builder-workspace/Sources/PurchaseUI/PurchaseButton.swift (in target 'PurchaseUI' from project 'swift-storekit')
cd /Users/admin/builder/spi-builder-workspace/.swiftpm/xcode
SwiftEmitModule normal arm64 Emitting\ module\ for\ PurchaseUI (in target 'PurchaseUI' from project 'swift-storekit')
EmitSwiftModule normal arm64 (in target 'PurchaseUI' from project 'swift-storekit')
cd /Users/admin/builder/spi-builder-workspace/.swiftpm/xcode
SwiftEmitModule normal arm64_32 Emitting\ module\ for\ PurchaseUI (in target 'PurchaseUI' from project 'swift-storekit')
EmitSwiftModule normal arm64_32 (in target 'PurchaseUI' from project 'swift-storekit')
cd /Users/admin/builder/spi-builder-workspace/.swiftpm/xcode
SwiftCompile normal arm64 Compiling\ StoreMessages.swift /Users/admin/builder/spi-builder-workspace/Sources/PurchaseUI/StoreMessages.swift (in target 'PurchaseUI' from project 'swift-storekit')
SwiftCompile normal arm64 /Users/admin/builder/spi-builder-workspace/Sources/PurchaseUI/StoreMessages.swift (in target 'PurchaseUI' from project 'swift-storekit')
cd /Users/admin/builder/spi-builder-workspace/.swiftpm/xcode
SwiftCompile normal arm64_32 Compiling\ ManageSubscriptionsButton.swift /Users/admin/builder/spi-builder-workspace/Sources/PurchaseUI/ManageSubscriptionsButton.swift (in target 'PurchaseUI' from project 'swift-storekit')
SwiftCompile normal arm64_32 /Users/admin/builder/spi-builder-workspace/Sources/PurchaseUI/ManageSubscriptionsButton.swift (in target 'PurchaseUI' from project 'swift-storekit')
cd /Users/admin/builder/spi-builder-workspace/.swiftpm/xcode
SwiftDriverJobDiscovery normal arm64 Compiling StoreKitConfiguration.swift (in target 'PurchaseTestKit' from project 'swift-storekit')
SwiftEmitModule normal arm64_32 Emitting\ module\ for\ PurchaseStoreKit (in target 'PurchaseStoreKit' from project 'swift-storekit')
Failed frontend command:
/Applications/Xcode-26.3.0.app/Contents/Developer/Toolchains/XcodeDefault.xctoolchain/usr/bin/swift-frontend -frontend -emit-module -experimental-skip-non-inlinable-function-bodies-without-types /Users/admin/builder/spi-builder-workspace/Sources/PurchaseStoreKit/AppStoreFront.swift /Users/admin/builder/spi-builder-workspace/Sources/PurchaseStoreKit/GatewayPurchaseResult.swift /Users/admin/builder/spi-builder-workspace/Sources/PurchaseStoreKit/LiveStoreKitGateway.swift /Users/admin/builder/spi-builder-workspace/Sources/PurchaseStoreKit/PurchaseConfirmation+StoreKit.swift /Users/admin/builder/spi-builder-workspace/Sources/PurchaseStoreKit/PurchaseRequest.swift /Users/admin/builder/spi-builder-workspace/Sources/PurchaseStoreKit/PurchaseStore+StoreKitViews.swift /Users/admin/builder/spi-builder-workspace/Sources/PurchaseStoreKit/StatusSnapshot.swift /Users/admin/builder/spi-builder-workspace/Sources/PurchaseStoreKit/StoreKitErrorMapping.swift /Users/admin/builder/spi-builder-workspace/Sources/PurchaseStoreKit/StoreKitGateway.swift /Users/admin/builder/spi-builder-workspace/Sources/PurchaseStoreKit/SubscriptionTriage.swift /Users/admin/builder/spi-builder-workspace/Sources/PurchaseStoreKit/TransactionSnapshot.swift /Users/admin/builder/spi-builder-workspace/Sources/PurchaseStoreKit/TransactionTriage.swift -target arm64_32-apple-watchos26.0 -module-can-import-version UIKit 9126.2.4 9126.2.4 -disable-cross-import-overlay-search -swift-module-cross-import StoreKit /Applications/Xcode-26.3.0.app/Contents/Developer/Platforms/WatchOS.platform/Developer/SDKs/WatchOS.sdk/System/Library/Frameworks/StoreKit.framework/Modules/StoreKit.swiftcrossimport/SwiftUI.swiftoverlay -swift-module-cross-import StoreKit /Applications/Xcode-26.3.0.app/Contents/Developer/Platforms/WatchOS.platform/Developer/SDKs/WatchOS26.2.sdk/System/Library/Frameworks/StoreKit.framework/Modules/StoreKit.swiftcrossimport/SwiftUI.swiftoverlay -load-resolved-plugin /Applications/Xcode-26.3.0.app/Contents/Developer/Platforms/WatchOS.platform/Developer/usr/lib/swift/host/plugins/libFoundationMacros.dylib\#/Applications/Xcode-26.3.0.app/Contents/Developer/Platforms/WatchOS.platform/Developer/usr/bin/swift-plugin-server\#FoundationMacros -load-resolved-plugin /Applications/Xcode-26.3.0.app/Contents/Developer/Platforms/WatchOS.platform/Developer/usr/lib/swift/host/plugins/libObservationMacros.dylib\#/Applications/Xcode-26.3.0.app/Contents/Developer/Platforms/WatchOS.platform/Developer/usr/bin/swift-plugin-server\#ObservationMacros -load-resolved-plugin /Applications/Xcode-26.3.0.app/Contents/Developer/Platforms/WatchOS.platform/Developer/usr/lib/swift/host/plugins/libPreviewsMacros.dylib\#/Applications/Xcode-26.3.0.app/Contents/Developer/Platforms/WatchOS.platform/Developer/usr/bin/swift-plugin-server\#PreviewsMacros -load-resolved-plugin /Applications/Xcode-26.3.0.app/Contents/Developer/Platforms/WatchOS.platform/Developer/usr/lib/swift/host/plugins/libSwiftMacros.dylib\#/Applications/Xcode-26.3.0.app/Contents/Developer/Platforms/WatchOS.platform/Developer/usr/bin/swift-plugin-server\#SwiftMacros -load-resolved-plugin /Applications/Xcode-26.3.0.app/Contents/Developer/Platforms/WatchOS.platform/Developer/usr/lib/swift/host/plugins/libSwiftUIMacros.dylib\#/Applications/Xcode-26.3.0.app/Contents/Developer/Platforms/WatchOS.platform/Developer/usr/bin/swift-plugin-server\#SwiftUIMacros -disable-implicit-swift-modules -Xcc -fno-implicit-modules -Xcc -fno-implicit-module-maps -explicit-swift-module-map-file /Users/admin/builder/spi-builder-workspace/.derivedData/Build/Intermediates.noindex/swift-storekit.build/Debug-watchos/PurchaseStoreKit.build/Objects-normal/arm64_32/PurchaseStoreKit-dependencies-2.json -enable-objc-interop -sdk /Applications/Xcode-26.3.0.app/Contents/Developer/Platforms/WatchOS.platform/Developer/SDKs/WatchOS26.2.sdk -I /Users/admin/builder/spi-builder-workspace/.derivedData/Build/Products/Debug-watchos -Isystem /Applications/Xcode-26.3.0.app/Contents/Developer/Platforms/WatchOS.platform/Developer/usr/lib -F /Users/admin/builder/spi-builder-workspace/.derivedData/Build/Products/Debug-watchos/PackageFrameworks -F /Users/admin/builder/spi-builder-workspace/.derivedData/Build/Products/Debug-watchos -F /Applications/Xcode-26.3.0.app/Contents/Developer/Platforms/WatchOS.platform/Developer/Library/Frameworks -F /Applications/Xcode-26.3.0.app/Contents/Developer/Platforms/WatchOS.platform/Developer/SDKs/WatchOS26.2.sdk/Developer/Library/Frameworks -no-color-diagnostics -Xcc -fno-color-diagnostics -enable-testing -g -debug-info-format\=dwarf -dwarf-version\=5 -module-cache-path /Users/admin/builder/spi-builder-workspace/.derivedData/Build/Intermediates.noindex/SwiftExplicitPrecompiledModules -profile-generate -profile-coverage-mapping -swift-version 6 -enforce-exclusivity\=checked -Onone -D SWIFT_PACKAGE -D DEBUG -D SWIFT_MODULE_RESOURCE_BUNDLE_UNAVAILABLE -D Xcode -serialize-debugging-options -const-gather-protocols-file /Users/admin/builder/spi-builder-workspace/.derivedData/Build/Intermediates.noindex/swift-storekit.build/Debug-watchos/PurchaseStoreKit.build/Objects-normal/arm64_32/PurchaseStoreKit_const_extract_protocols.json -enable-upcoming-feature ExistentialAny -enable-upcoming-feature ImmutableWeakCaptures -enable-upcoming-feature MemberImportVisibility -enable-upcoming-feature InferIsolatedConformances -enable-upcoming-feature InternalImportsByDefault -enable-upcoming-feature NonisolatedNonsendingByDefault -enable-experimental-feature DebugDescriptionMacro -empty-abi-descriptor -validate-clang-modules-once -clang-build-session-file /Users/admin/builder/spi-builder-workspace/.derivedData/ModuleCache.noindex/Session.modulevalidation -Xcc -working-directory -Xcc /Users/admin/builder/spi-builder-workspace/.swiftpm/xcode -enable-anonymous-context-mangled-names -file-compilation-dir /Users/admin/builder/spi-builder-workspace/.swiftpm/xcode -Xcc -D_LIBCPP_HARDENING_MODE\=_LIBCPP_HARDENING_MODE_DEBUG -Xcc -ivfsstatcache -Xcc /Users/admin/builder/spi-builder-workspace/.derivedData/SDKStatCaches.noindex/watchos26.2-23S303-dc75598d0054f22ec865fa860f139d721753b489057de6bda919edfa1c59a62b.sdkstatcache -Xcc -I/Users/admin/builder/spi-builder-workspace/.derivedData/Build/Intermediates.noindex/swift-storekit.build/Debug-watchos/PurchaseStoreKit.build/swift-overrides.hmap -Xcc -I/Users/admin/builder/spi-builder-workspace/.derivedData/Build/Products/Debug-watchos/include -Xcc -I/Users/admin/builder/spi-builder-workspace/.derivedData/Build/Intermediates.noindex/swift-storekit.build/Debug-watchos/PurchaseStoreKit.build/DerivedSources-normal/arm64_32 -Xcc -I/Users/admin/builder/spi-builder-workspace/.derivedData/Build/Intermediates.noindex/swift-storekit.build/Debug-watchos/PurchaseStoreKit.build/DerivedSources/arm64_32 -Xcc -I/Users/admin/builder/spi-builder-workspace/.derivedData/Build/Intermediates.noindex/swift-storekit.build/Debug-watchos/PurchaseStoreKit.build/DerivedSources -Xcc -DSWIFT_PACKAGE -Xcc -DDEBUG\=1 -no-auto-bridging-header-chaining -module-name PurchaseStoreKit -package-name spi_builder_workspace -frontend-parseable-output -disable-clang-spi -target-sdk-version 26.2 -target-sdk-name watchos26.2 -clang-target arm64_32-apple-watchos26.2 -in-process-plugin-server-path /Applications/Xcode-26.3.0.app/Contents/Developer/Toolchains/XcodeDefault.xctoolchain/usr/lib/swift/host/libSwiftInProcPluginServer.dylib -emit-module-doc-path /Users/admin/builder/spi-builder-workspace/.derivedData/Build/Intermediates.noindex/swift-storekit.build/Debug-watchos/PurchaseStoreKit.build/Objects-normal/arm64_32/PurchaseStoreKit.swiftdoc -emit-module-source-info-path /Users/admin/builder/spi-builder-workspace/.derivedData/Build/Intermediates.noindex/swift-storekit.build/Debug-watchos/PurchaseStoreKit.build/Objects-normal/arm64_32/PurchaseStoreKit.swiftsourceinfo -emit-objc-header-path /Users/admin/builder/spi-builder-workspace/.derivedData/Build/Intermediates.noindex/swift-storekit.build/Debug-watchos/PurchaseStoreKit.build/Objects-normal/arm64_32/PurchaseStoreKit-Swift.h -serialize-diagnostics-path /Users/admin/builder/spi-builder-workspace/.derivedData/Build/Intermediates.noindex/swift-storekit.build/Debug-watchos/PurchaseStoreKit.build/Objects-normal/arm64_32/PurchaseStoreKit-primary-emit-module.dia -emit-dependencies-path /Users/admin/builder/spi-builder-workspace/.derivedData/Build/Intermediates.noindex/swift-storekit.build/Debug-watchos/PurchaseStoreKit.build/Objects-normal/arm64_32/PurchaseStoreKit-primary-emit-module.d -o /Users/admin/builder/spi-builder-workspace/.derivedData/Build/Intermediates.noindex/swift-storekit.build/Debug-watchos/PurchaseStoreKit.build/Objects-normal/arm64_32/PurchaseStoreKit.swiftmodule -emit-abi-descriptor-path /Users/admin/builder/spi-builder-workspace/.derivedData/Build/Intermediates.noindex/swift-storekit.build/Debug-watchos/PurchaseStoreKit.build/Objects-normal/arm64_32/PurchaseStoreKit.abi.json
EmitSwiftModule normal arm64_32 (in target 'PurchaseStoreKit' from project 'swift-storekit')
cd /Users/admin/builder/spi-builder-workspace/.swiftpm/xcode
/Users/admin/builder/spi-builder-workspace/Sources/PurchaseStoreKit/LiveStoreKitGateway.swift:314:55: error: 'BillingPlanType' is not a member type of struct 'StoreKit.Product.SubscriptionInfo'
static func plan(_ type: Product.SubscriptionInfo.BillingPlanType) -> BillingPlan {
~~~~~~~~~~~~~~~~~~~~~~~~ ^
StoreKit.Product.SubscriptionInfo:2:15: note: 'SubscriptionInfo' declared here
public struct SubscriptionInfo : Equatable, Hashable {
^
/Users/admin/builder/spi-builder-workspace/Sources/PurchaseStoreKit/PurchaseConfirmation+StoreKit.swift:38:53: error: 'UIViewController' is unavailable in watchOS
public static func viewController(_ controller: UIViewController) -> PurchaseConfirmation {
^~~~~~~~~~~~~~~~
/Applications/Xcode-26.3.0.app/Contents/Developer/Platforms/WatchOS.platform/Developer/SDKs/WatchOS26.2.sdk/System/Library/Frameworks/UIKit.framework/Headers/UIViewController.h:102:12: note: 'UIViewController' has been explicitly marked unavailable here
@interface UIViewController : UIResponder <NSCoding, UIAppearanceContainer, UITraitEnvironment, UIContentContainer, UIFocusEnvironment>
^
/Users/admin/builder/spi-builder-workspace/Sources/PurchaseStoreKit/PurchaseConfirmation+StoreKit.swift:42:39: error: 'UIScene' is unavailable in watchOS
public static func scene(_ scene: UIScene) -> PurchaseConfirmation {
^~~~~~~
/Applications/Xcode-26.3.0.app/Contents/Developer/Platforms/WatchOS.platform/Developer/SDKs/WatchOS26.2.sdk/System/Library/Frameworks/UIKit.framework/Headers/UIScene.h:20:12: note: 'UIScene' has been explicitly marked unavailable here
@interface UIScene : UIResponder
^
SwiftDriverJobDiscovery normal arm64_32 Compiling StoreKitConfiguration+Product.swift (in target 'PurchaseTestKit' from project 'swift-storekit')
SwiftEmitModule normal arm64 Emitting\ module\ for\ PurchaseStoreKit (in target 'PurchaseStoreKit' from project 'swift-storekit')
Failed frontend command:
/Applications/Xcode-26.3.0.app/Contents/Developer/Toolchains/XcodeDefault.xctoolchain/usr/bin/swift-frontend -frontend -emit-module -experimental-skip-non-inlinable-function-bodies-without-types /Users/admin/builder/spi-builder-workspace/Sources/PurchaseStoreKit/AppStoreFront.swift /Users/admin/builder/spi-builder-workspace/Sources/PurchaseStoreKit/GatewayPurchaseResult.swift /Users/admin/builder/spi-builder-workspace/Sources/PurchaseStoreKit/LiveStoreKitGateway.swift /Users/admin/builder/spi-builder-workspace/Sources/PurchaseStoreKit/PurchaseConfirmation+StoreKit.swift /Users/admin/builder/spi-builder-workspace/Sources/PurchaseStoreKit/PurchaseRequest.swift /Users/admin/builder/spi-builder-workspace/Sources/PurchaseStoreKit/PurchaseStore+StoreKitViews.swift /Users/admin/builder/spi-builder-workspace/Sources/PurchaseStoreKit/StatusSnapshot.swift /Users/admin/builder/spi-builder-workspace/Sources/PurchaseStoreKit/StoreKitErrorMapping.swift /Users/admin/builder/spi-builder-workspace/Sources/PurchaseStoreKit/StoreKitGateway.swift /Users/admin/builder/spi-builder-workspace/Sources/PurchaseStoreKit/SubscriptionTriage.swift /Users/admin/builder/spi-builder-workspace/Sources/PurchaseStoreKit/TransactionSnapshot.swift /Users/admin/builder/spi-builder-workspace/Sources/PurchaseStoreKit/TransactionTriage.swift -target arm64-apple-watchos26.0 -module-can-import-version UIKit 9126.2.4 9126.2.4 -disable-cross-import-overlay-search -swift-module-cross-import StoreKit /Applications/Xcode-26.3.0.app/Contents/Developer/Platforms/WatchOS.platform/Developer/SDKs/WatchOS.sdk/System/Library/Frameworks/StoreKit.framework/Modules/StoreKit.swiftcrossimport/SwiftUI.swiftoverlay -swift-module-cross-import StoreKit /Applications/Xcode-26.3.0.app/Contents/Developer/Platforms/WatchOS.platform/Developer/SDKs/WatchOS26.2.sdk/System/Library/Frameworks/StoreKit.framework/Modules/StoreKit.swiftcrossimport/SwiftUI.swiftoverlay -load-resolved-plugin /Applications/Xcode-26.3.0.app/Contents/Developer/Platforms/WatchOS.platform/Developer/usr/lib/swift/host/plugins/libFoundationMacros.dylib\#/Applications/Xcode-26.3.0.app/Contents/Developer/Platforms/WatchOS.platform/Developer/usr/bin/swift-plugin-server\#FoundationMacros -load-resolved-plugin /Applications/Xcode-26.3.0.app/Contents/Developer/Platforms/WatchOS.platform/Developer/usr/lib/swift/host/plugins/libObservationMacros.dylib\#/Applications/Xcode-26.3.0.app/Contents/Developer/Platforms/WatchOS.platform/Developer/usr/bin/swift-plugin-server\#ObservationMacros -load-resolved-plugin /Applications/Xcode-26.3.0.app/Contents/Developer/Platforms/WatchOS.platform/Developer/usr/lib/swift/host/plugins/libPreviewsMacros.dylib\#/Applications/Xcode-26.3.0.app/Contents/Developer/Platforms/WatchOS.platform/Developer/usr/bin/swift-plugin-server\#PreviewsMacros -load-resolved-plugin /Applications/Xcode-26.3.0.app/Contents/Developer/Platforms/WatchOS.platform/Developer/usr/lib/swift/host/plugins/libSwiftMacros.dylib\#/Applications/Xcode-26.3.0.app/Contents/Developer/Platforms/WatchOS.platform/Developer/usr/bin/swift-plugin-server\#SwiftMacros -load-resolved-plugin /Applications/Xcode-26.3.0.app/Contents/Developer/Platforms/WatchOS.platform/Developer/usr/lib/swift/host/plugins/libSwiftUIMacros.dylib\#/Applications/Xcode-26.3.0.app/Contents/Developer/Platforms/WatchOS.platform/Developer/usr/bin/swift-plugin-server\#SwiftUIMacros -disable-implicit-swift-modules -Xcc -fno-implicit-modules -Xcc -fno-implicit-module-maps -explicit-swift-module-map-file /Users/admin/builder/spi-builder-workspace/.derivedData/Build/Intermediates.noindex/swift-storekit.build/Debug-watchos/PurchaseStoreKit.build/Objects-normal/arm64/PurchaseStoreKit-dependencies-1.json -Xllvm -aarch64-use-tbi -enable-objc-interop -stack-check -sdk /Applications/Xcode-26.3.0.app/Contents/Developer/Platforms/WatchOS.platform/Developer/SDKs/WatchOS26.2.sdk -I /Users/admin/builder/spi-builder-workspace/.derivedData/Build/Products/Debug-watchos -Isystem /Applications/Xcode-26.3.0.app/Contents/Developer/Platforms/WatchOS.platform/Developer/usr/lib -F /Users/admin/builder/spi-builder-workspace/.derivedData/Build/Products/Debug-watchos/PackageFrameworks -F /Users/admin/builder/spi-builder-workspace/.derivedData/Build/Products/Debug-watchos -F /Applications/Xcode-26.3.0.app/Contents/Developer/Platforms/WatchOS.platform/Developer/Library/Frameworks -F /Applications/Xcode-26.3.0.app/Contents/Developer/Platforms/WatchOS.platform/Developer/SDKs/WatchOS26.2.sdk/Developer/Library/Frameworks -no-color-diagnostics -Xcc -fno-color-diagnostics -enable-testing -g -debug-info-format\=dwarf -dwarf-version\=5 -module-cache-path /Users/admin/builder/spi-builder-workspace/.derivedData/Build/Intermediates.noindex/SwiftExplicitPrecompiledModules -profile-generate -profile-coverage-mapping -swift-version 6 -enforce-exclusivity\=checked -Onone -D SWIFT_PACKAGE -D DEBUG -D SWIFT_MODULE_RESOURCE_BUNDLE_UNAVAILABLE -D Xcode -serialize-debugging-options -const-gather-protocols-file /Users/admin/builder/spi-builder-workspace/.derivedData/Build/Intermediates.noindex/swift-storekit.build/Debug-watchos/PurchaseStoreKit.build/Objects-normal/arm64/PurchaseStoreKit_const_extract_protocols.json -enable-upcoming-feature ExistentialAny -enable-upcoming-feature ImmutableWeakCaptures -enable-upcoming-feature MemberImportVisibility -enable-upcoming-feature InferIsolatedConformances -enable-upcoming-feature InternalImportsByDefault -enable-upcoming-feature NonisolatedNonsendingByDefault -enable-experimental-feature DebugDescriptionMacro -empty-abi-descriptor -validate-clang-modules-once -clang-build-session-file /Users/admin/builder/spi-builder-workspace/.derivedData/ModuleCache.noindex/Session.modulevalidation -Xcc -working-directory -Xcc /Users/admin/builder/spi-builder-workspace/.swiftpm/xcode -enable-anonymous-context-mangled-names -file-compilation-dir /Users/admin/builder/spi-builder-workspace/.swiftpm/xcode -Xcc -D_LIBCPP_HARDENING_MODE\=_LIBCPP_HARDENING_MODE_DEBUG -Xcc -ivfsstatcache -Xcc /Users/admin/builder/spi-builder-workspace/.derivedData/SDKStatCaches.noindex/watchos26.2-23S303-dc75598d0054f22ec865fa860f139d721753b489057de6bda919edfa1c59a62b.sdkstatcache -Xcc -I/Users/admin/builder/spi-builder-workspace/.derivedData/Build/Intermediates.noindex/swift-storekit.build/Debug-watchos/PurchaseStoreKit.build/swift-overrides.hmap -Xcc -I/Users/admin/builder/spi-builder-workspace/.derivedData/Build/Products/Debug-watchos/include -Xcc -I/Users/admin/builder/spi-builder-workspace/.derivedData/Build/Intermediates.noindex/swift-storekit.build/Debug-watchos/PurchaseStoreKit.build/DerivedSources-normal/arm64 -Xcc -I/Users/admin/builder/spi-builder-workspace/.derivedData/Build/Intermediates.noindex/swift-storekit.build/Debug-watchos/PurchaseStoreKit.build/DerivedSources/arm64 -Xcc -I/Users/admin/builder/spi-builder-workspace/.derivedData/Build/Intermediates.noindex/swift-storekit.build/Debug-watchos/PurchaseStoreKit.build/DerivedSources -Xcc -DSWIFT_PACKAGE -Xcc -DDEBUG\=1 -no-auto-bridging-header-chaining -module-name PurchaseStoreKit -package-name spi_builder_workspace -frontend-parseable-output -disable-clang-spi -target-sdk-version 26.2 -target-sdk-name watchos26.2 -clang-target arm64-apple-watchos26.2 -in-process-plugin-server-path /Applications/Xcode-26.3.0.app/Contents/Developer/Toolchains/XcodeDefault.xctoolchain/usr/lib/swift/host/libSwiftInProcPluginServer.dylib -emit-module-doc-path /Users/admin/builder/spi-builder-workspace/.derivedData/Build/Intermediates.noindex/swift-storekit.build/Debug-watchos/PurchaseStoreKit.build/Objects-normal/arm64/PurchaseStoreKit.swiftdoc -emit-module-source-info-path /Users/admin/builder/spi-builder-workspace/.derivedData/Build/Intermediates.noindex/swift-storekit.build/Debug-watchos/PurchaseStoreKit.build/Objects-normal/arm64/PurchaseStoreKit.swiftsourceinfo -emit-objc-header-path /Users/admin/builder/spi-builder-workspace/.derivedData/Build/Intermediates.noindex/swift-storekit.build/Debug-watchos/PurchaseStoreKit.build/Objects-normal/arm64/PurchaseStoreKit-Swift.h -serialize-diagnostics-path /Users/admin/builder/spi-builder-workspace/.derivedData/Build/Intermediates.noindex/swift-storekit.build/Debug-watchos/PurchaseStoreKit.build/Objects-normal/arm64/PurchaseStoreKit-primary-emit-module.dia -emit-dependencies-path /Users/admin/builder/spi-builder-workspace/.derivedData/Build/Intermediates.noindex/swift-storekit.build/Debug-watchos/PurchaseStoreKit.build/Objects-normal/arm64/PurchaseStoreKit-primary-emit-module.d -o /Users/admin/builder/spi-builder-workspace/.derivedData/Build/Intermediates.noindex/swift-storekit.build/Debug-watchos/PurchaseStoreKit.build/Objects-normal/arm64/PurchaseStoreKit.swiftmodule -emit-abi-descriptor-path /Users/admin/builder/spi-builder-workspace/.derivedData/Build/Intermediates.noindex/swift-storekit.build/Debug-watchos/PurchaseStoreKit.build/Objects-normal/arm64/PurchaseStoreKit.abi.json
EmitSwiftModule normal arm64 (in target 'PurchaseStoreKit' from project 'swift-storekit')
cd /Users/admin/builder/spi-builder-workspace/.swiftpm/xcode
/Users/admin/builder/spi-builder-workspace/Sources/PurchaseStoreKit/LiveStoreKitGateway.swift:314:55: error: 'BillingPlanType' is not a member type of struct 'StoreKit.Product.SubscriptionInfo'
static func plan(_ type: Product.SubscriptionInfo.BillingPlanType) -> BillingPlan {
~~~~~~~~~~~~~~~~~~~~~~~~ ^
StoreKit.Product.SubscriptionInfo:2:15: note: 'SubscriptionInfo' declared here
public struct SubscriptionInfo : Equatable, Hashable {
^
/Users/admin/builder/spi-builder-workspace/Sources/PurchaseStoreKit/PurchaseConfirmation+StoreKit.swift:38:53: error: 'UIViewController' is unavailable in watchOS
public static func viewController(_ controller: UIViewController) -> PurchaseConfirmation {
^~~~~~~~~~~~~~~~
/Applications/Xcode-26.3.0.app/Contents/Developer/Platforms/WatchOS.platform/Developer/SDKs/WatchOS26.2.sdk/System/Library/Frameworks/UIKit.framework/Headers/UIViewController.h:102:12: note: 'UIViewController' has been explicitly marked unavailable here
@interface UIViewController : UIResponder <NSCoding, UIAppearanceContainer, UITraitEnvironment, UIContentContainer, UIFocusEnvironment>
^
/Users/admin/builder/spi-builder-workspace/Sources/PurchaseStoreKit/PurchaseConfirmation+StoreKit.swift:42:39: error: 'UIScene' is unavailable in watchOS
public static func scene(_ scene: UIScene) -> PurchaseConfirmation {
^~~~~~~
/Applications/Xcode-26.3.0.app/Contents/Developer/Platforms/WatchOS.platform/Developer/SDKs/WatchOS26.2.sdk/System/Library/Frameworks/UIKit.framework/Headers/UIScene.h:20:12: note: 'UIScene' has been explicitly marked unavailable here
@interface UIScene : UIResponder
^
SwiftDriverJobDiscovery normal arm64_32 Compiling StoreKitConfiguration.swift (in target 'PurchaseTestKit' from project 'swift-storekit')
SwiftCompile normal arm64_32 Compiling\ EnvironmentValues+Purchase.swift /Users/admin/builder/spi-builder-workspace/Sources/PurchaseUI/EnvironmentValues+Purchase.swift (in target 'PurchaseUI' from project 'swift-storekit')
SwiftCompile normal arm64_32 /Users/admin/builder/spi-builder-workspace/Sources/PurchaseUI/EnvironmentValues+Purchase.swift (in target 'PurchaseUI' from project 'swift-storekit')
cd /Users/admin/builder/spi-builder-workspace/.swiftpm/xcode
SwiftDriverJobDiscovery normal arm64 Compiling MessageQueue.swift (in target 'PurchaseUI' from project 'swift-storekit')
SwiftCompile normal arm64_32 Compiling\ PurchaseButton.swift /Users/admin/builder/spi-builder-workspace/Sources/PurchaseUI/PurchaseButton.swift (in target 'PurchaseUI' from project 'swift-storekit')
2026-10-08 18:46:18.493 xcodebuild[925:5767] [MT] IDERunDestination: Supported platforms for the buildables in the current scheme is empty.
** BUILD FAILED **
The following build commands failed:
SwiftEmitModule normal arm64_32 Emitting\ module\ for\ PurchaseStoreKit (in target 'PurchaseStoreKit' from project 'swift-storekit')
EmitSwiftModule normal arm64_32 (in target 'PurchaseStoreKit' from project 'swift-storekit')
SwiftEmitModule normal arm64 Emitting\ module\ for\ PurchaseStoreKit (in target 'PurchaseStoreKit' from project 'swift-storekit')
EmitSwiftModule normal arm64 (in target 'PurchaseStoreKit' from project 'swift-storekit')
Building workspace spi-builder-workspace with scheme swift-storekit-Package
(5 failures)
BUILD FAILURE 6.2 watchOS