Build Information
Failed to build ContentstackSwift, reference v2.5.1 (e0063f), with Swift 6.1 for Wasm on 17 Aug 2026 11:32:32 UTC.
Build Command
bash -c docker run --pull=always --rm -v "checkouts-53886769-0":/host -w "$PWD" -e JAVA_HOME="/root/.sdkman/candidates/java/current" -e SPI_BUILD="1" -e SPI_PROCESSING="1" registry.gitlab.com/saguaro1/spi-images:wasm-6.1-latest swift build --swift-sdk wasm32-unknown-wasi 2>&1Build Log
========================================
RunAll
========================================
Builder version: 5.0.1
Interrupt handler set up.
========================================
Checkout
========================================
Clone URL: https://github.com/contentstack/contentstack-swift.git
Reference: v2.5.1
Initialized empty Git repository in /host/spi-builder-workspace/.git/
hint: Using 'master' as the name for the initial branch. This default branch name
hint: is subject to change. To configure the initial branch name to use in all
hint: of your new repositories, which will suppress this warning, call:
hint:
hint: git config --global init.defaultBranch <name>
hint:
hint: Names commonly chosen instead of 'master' are 'main', 'trunk' and
hint: 'development'. The just-created branch can be renamed via this command:
hint:
hint: git branch -m <name>
From https://github.com/contentstack/contentstack-swift
* tag v2.5.1 -> FETCH_HEAD
HEAD is now at e0063ff Merge pull request #155 from contentstack/development
Cloned https://github.com/contentstack/contentstack-swift.git
Revision (git rev-parse @):
e0063ff151500e0a010e8826c3356171509be064
SUCCESS checkout https://github.com/contentstack/contentstack-swift.git at v2.5.1
========================================
Build
========================================
Selected platform: wasm
Swift version: 6.1
Building package at path: $PWD
https://github.com/contentstack/contentstack-swift.git
https://github.com/contentstack/contentstack-swift.git
WARNING: environment variable SUPPRESS_SWIFT_6_FLAGS is not set
Running build ...
bash -c docker run --pull=always --rm -v "checkouts-53886769-0":/host -w "$PWD" -e JAVA_HOME="/root/.sdkman/candidates/java/current" -e SPI_BUILD="1" -e SPI_PROCESSING="1" registry.gitlab.com/saguaro1/spi-images:wasm-6.1-latest swift build --swift-sdk wasm32-unknown-wasi -Xswiftc -Xfrontend -Xswiftc -stats-output-dir -Xswiftc -Xfrontend -Xswiftc .stats -Xswiftc -strict-concurrency=complete -Xswiftc -enable-upcoming-feature -Xswiftc StrictConcurrency -Xswiftc -enable-upcoming-feature -Xswiftc DisableOutwardActorInference -Xswiftc -enable-upcoming-feature -Xswiftc GlobalActorIsolatedTypesUsability -Xswiftc -enable-upcoming-feature -Xswiftc InferSendableFromCaptures 2>&1
wasm-6.1-latest: Pulling from saguaro1/spi-images
Digest: sha256:290f441d1f5b7bf0dbbe61e8b7514208804cdcb507d57b3c762463ad036298f7
Status: Image is up to date for registry.gitlab.com/saguaro1/spi-images:wasm-6.1-latest
Fetching https://github.com/contentstack/contentstack-utils-swift.git
Fetching https://github.com/contentstack/contentstack-swift-dvr.git
[1/846] Fetching contentstack-utils-swift
[86/1767] Fetching contentstack-utils-swift, contentstack-swift-dvr
Fetched https://github.com/contentstack/contentstack-swift-dvr.git from cache (0.49s)
Fetched https://github.com/contentstack/contentstack-utils-swift.git from cache (0.49s)
Computing version for https://github.com/contentstack/contentstack-swift-dvr.git
Computed https://github.com/contentstack/contentstack-swift-dvr.git at 1.0.0 (0.73s)
Computing version for https://github.com/contentstack/contentstack-utils-swift.git
Computed https://github.com/contentstack/contentstack-utils-swift.git at 1.3.4 (0.24s)
Creating working copy for https://github.com/contentstack/contentstack-swift-dvr.git
Working copy of https://github.com/contentstack/contentstack-swift-dvr.git resolved at 1.0.0
Creating working copy for https://github.com/contentstack/contentstack-utils-swift.git
Working copy of https://github.com/contentstack/contentstack-utils-swift.git resolved at 1.3.4
warning: 'spi-builder-workspace': found 1 file(s) which are unhandled; explicitly declare them as resources or exclude from the target
/host/spi-builder-workspace/Sources/PrivacyInfo.xcprivacy
Building for debugging...
[0/3] Write sources
[2/3] Write swift-version-24593BA9C3E375BF.txt
error: emit-module command failed with exit code 1 (use -v to see invocation)
[4/25] Emitting module ContentstackUtils
/host/spi-builder-workspace/.build/checkouts/contentstack-utils-swift/Sources/Kanna/CSS.swift:26:8: error: no such module 'libxml2'
24 | */
25 | import Foundation
26 | import libxml2
| `- error: no such module 'libxml2'
27 |
28 | typealias AKRegularExpression = NSRegularExpression
[5/28] Compiling ContentstackUtils GQLEmbededAsset.swift
/host/spi-builder-workspace/.build/checkouts/contentstack-utils-swift/Sources/Kanna/CSS.swift:26:8: error: no such module 'libxml2'
24 | */
25 | import Foundation
26 | import libxml2
| `- error: no such module 'libxml2'
27 |
28 | typealias AKRegularExpression = NSRegularExpression
[6/28] Compiling ContentstackUtils GQLEmbededEntry.swift
/host/spi-builder-workspace/.build/checkouts/contentstack-utils-swift/Sources/Kanna/CSS.swift:26:8: error: no such module 'libxml2'
24 | */
25 | import Foundation
26 | import libxml2
| `- error: no such module 'libxml2'
27 |
28 | typealias AKRegularExpression = NSRegularExpression
[7/28] Compiling ContentstackUtils JSONNode.swift
/host/spi-builder-workspace/.build/checkouts/contentstack-utils-swift/Sources/Kanna/CSS.swift:26:8: error: no such module 'libxml2'
24 | */
25 | import Foundation
26 | import libxml2
| `- error: no such module 'libxml2'
27 |
28 | typealias AKRegularExpression = NSRegularExpression
[8/28] Compiling ContentstackUtils String+Extension.swift
/host/spi-builder-workspace/.build/checkouts/contentstack-utils-swift/Sources/Kanna/CSS.swift:26:8: error: no such module 'libxml2'
24 | */
25 | import Foundation
26 | import libxml2
| `- error: no such module 'libxml2'
27 |
28 | typealias AKRegularExpression = NSRegularExpression
[9/28] Compiling ContentstackUtils StyleType.swift
/host/spi-builder-workspace/.build/checkouts/contentstack-utils-swift/Sources/Kanna/CSS.swift:26:8: error: no such module 'libxml2'
24 | */
25 | import Foundation
26 | import libxml2
| `- error: no such module 'libxml2'
27 |
28 | typealias AKRegularExpression = NSRegularExpression
[10/28] Compiling ContentstackUtils TextNode.swift
/host/spi-builder-workspace/.build/checkouts/contentstack-utils-swift/Sources/Kanna/CSS.swift:26:8: error: no such module 'libxml2'
24 | */
25 | import Foundation
26 | import libxml2
| `- error: no such module 'libxml2'
27 |
28 | typealias AKRegularExpression = NSRegularExpression
[11/28] Compiling ContentstackUtils libxmlHTMLDocument.swift
/host/spi-builder-workspace/.build/checkouts/contentstack-utils-swift/Sources/Kanna/CSS.swift:26:8: error: no such module 'libxml2'
24 | */
25 | import Foundation
26 | import libxml2
| `- error: no such module 'libxml2'
27 |
28 | typealias AKRegularExpression = NSRegularExpression
[12/28] Compiling ContentstackUtils libxmlHTMLNode.swift
/host/spi-builder-workspace/.build/checkouts/contentstack-utils-swift/Sources/Kanna/CSS.swift:26:8: error: no such module 'libxml2'
24 | */
25 | import Foundation
26 | import libxml2
| `- error: no such module 'libxml2'
27 |
28 | typealias AKRegularExpression = NSRegularExpression
[13/28] Compiling ContentstackUtils libxmlParserOption.swift
/host/spi-builder-workspace/.build/checkouts/contentstack-utils-swift/Sources/Kanna/CSS.swift:26:8: error: no such module 'libxml2'
24 | */
25 | import Foundation
26 | import libxml2
| `- error: no such module 'libxml2'
27 |
28 | typealias AKRegularExpression = NSRegularExpression
[14/28] Compiling ContentstackUtils JSONNodes.swift
/host/spi-builder-workspace/.build/checkouts/contentstack-utils-swift/Sources/Kanna/CSS.swift:26:8: error: no such module 'libxml2'
24 | */
25 | import Foundation
26 | import libxml2
| `- error: no such module 'libxml2'
27 |
28 | typealias AKRegularExpression = NSRegularExpression
[15/28] Compiling ContentstackUtils MarkType.swift
/host/spi-builder-workspace/.build/checkouts/contentstack-utils-swift/Sources/Kanna/CSS.swift:26:8: error: no such module 'libxml2'
24 | */
25 | import Foundation
26 | import libxml2
| `- error: no such module 'libxml2'
27 |
28 | typealias AKRegularExpression = NSRegularExpression
[16/28] Compiling ContentstackUtils Metadata.swift
/host/spi-builder-workspace/.build/checkouts/contentstack-utils-swift/Sources/Kanna/CSS.swift:26:8: error: no such module 'libxml2'
24 | */
25 | import Foundation
26 | import libxml2
| `- error: no such module 'libxml2'
27 |
28 | typealias AKRegularExpression = NSRegularExpression
[17/28] Compiling ContentstackUtils Node.swift
/host/spi-builder-workspace/.build/checkouts/contentstack-utils-swift/Sources/Kanna/CSS.swift:26:8: error: no such module 'libxml2'
24 | */
25 | import Foundation
26 | import libxml2
| `- error: no such module 'libxml2'
27 |
28 | typealias AKRegularExpression = NSRegularExpression
[18/28] Compiling ContentstackUtils NodeType.swift
/host/spi-builder-workspace/.build/checkouts/contentstack-utils-swift/Sources/Kanna/CSS.swift:26:8: error: no such module 'libxml2'
24 | */
25 | import Foundation
26 | import libxml2
| `- error: no such module 'libxml2'
27 |
28 | typealias AKRegularExpression = NSRegularExpression
[19/28] Compiling ContentstackUtils Option.swift
/host/spi-builder-workspace/.build/checkouts/contentstack-utils-swift/Sources/Kanna/CSS.swift:26:8: error: no such module 'libxml2'
24 | */
25 | import Foundation
26 | import libxml2
| `- error: no such module 'libxml2'
27 |
28 | typealias AKRegularExpression = NSRegularExpression
[20/28] Compiling ContentstackUtils CSS.swift
/host/spi-builder-workspace/.build/checkouts/contentstack-utils-swift/Sources/Kanna/CSS.swift:26:8: error: no such module 'libxml2'
24 | */
25 | import Foundation
26 | import libxml2
| `- error: no such module 'libxml2'
27 |
28 | typealias AKRegularExpression = NSRegularExpression
[21/28] Compiling ContentstackUtils Deprecated.swift
/host/spi-builder-workspace/.build/checkouts/contentstack-utils-swift/Sources/Kanna/CSS.swift:26:8: error: no such module 'libxml2'
24 | */
25 | import Foundation
26 | import libxml2
| `- error: no such module 'libxml2'
27 |
28 | typealias AKRegularExpression = NSRegularExpression
[22/28] Compiling ContentstackUtils Kanna.swift
/host/spi-builder-workspace/.build/checkouts/contentstack-utils-swift/Sources/Kanna/CSS.swift:26:8: error: no such module 'libxml2'
24 | */
25 | import Foundation
26 | import libxml2
| `- error: no such module 'libxml2'
27 |
28 | typealias AKRegularExpression = NSRegularExpression
[23/28] Compiling ContentstackUtils Edges.swift
/host/spi-builder-workspace/.build/checkouts/contentstack-utils-swift/Sources/Kanna/CSS.swift:26:8: error: no such module 'libxml2'
24 | */
25 | import Foundation
26 | import libxml2
| `- error: no such module 'libxml2'
27 |
28 | typealias AKRegularExpression = NSRegularExpression
[24/28] Compiling ContentstackUtils EmbedItemType.swift
/host/spi-builder-workspace/.build/checkouts/contentstack-utils-swift/Sources/Kanna/CSS.swift:26:8: error: no such module 'libxml2'
24 | */
25 | import Foundation
26 | import libxml2
| `- error: no such module 'libxml2'
27 |
28 | typealias AKRegularExpression = NSRegularExpression
[25/28] Compiling ContentstackUtils EntryEmbedded.swift
/host/spi-builder-workspace/.build/checkouts/contentstack-utils-swift/Sources/Kanna/CSS.swift:26:8: error: no such module 'libxml2'
24 | */
25 | import Foundation
26 | import libxml2
| `- error: no such module 'libxml2'
27 |
28 | typealias AKRegularExpression = NSRegularExpression
[26/28] Compiling ContentstackUtils ConnectionNode.swift
/host/spi-builder-workspace/.build/checkouts/contentstack-utils-swift/Sources/Kanna/CSS.swift:26:8: error: no such module 'libxml2'
24 | */
25 | import Foundation
26 | import libxml2
| `- error: no such module 'libxml2'
27 |
28 | typealias AKRegularExpression = NSRegularExpression
[27/28] Compiling ContentstackUtils ContentstackUtils.swift
/host/spi-builder-workspace/.build/checkouts/contentstack-utils-swift/Sources/Kanna/CSS.swift:26:8: error: no such module 'libxml2'
24 | */
25 | import Foundation
26 | import libxml2
| `- error: no such module 'libxml2'
27 |
28 | typealias AKRegularExpression = NSRegularExpression
[28/28] Compiling ContentstackUtils Decodable.swift
/host/spi-builder-workspace/.build/checkouts/contentstack-utils-swift/Sources/Kanna/CSS.swift:26:8: error: no such module 'libxml2'
24 | */
25 | import Foundation
26 | import libxml2
| `- error: no such module 'libxml2'
27 |
28 | typealias AKRegularExpression = NSRegularExpression
Running build ...
bash -c docker run --pull=always --rm -v "checkouts-53886769-0":/host -w "$PWD" -e JAVA_HOME="/root/.sdkman/candidates/java/current" -e SPI_BUILD="1" -e SPI_PROCESSING="1" registry.gitlab.com/saguaro1/spi-images:wasm-6.1-latest swift build --swift-sdk wasm32-unknown-wasi 2>&1
wasm-6.1-latest: Pulling from saguaro1/spi-images
Digest: sha256:290f441d1f5b7bf0dbbe61e8b7514208804cdcb507d57b3c762463ad036298f7
Status: Image is up to date for registry.gitlab.com/saguaro1/spi-images:wasm-6.1-latest
warning: 'spi-builder-workspace': found 11 file(s) which are unhandled; explicitly declare them as resources or exclude from the target
/host/spi-builder-workspace/Tests/DVRRecordings/QueryOn.json
/host/spi-builder-workspace/Tests/DVRRecordings/Regions.json
/host/spi-builder-workspace/Tests/Info.plist
/host/spi-builder-workspace/Tests/config.json
/host/spi-builder-workspace/Tests/DVRRecordings/ContentType.json
/host/spi-builder-workspace/Tests/DVRRecordings/Asset.json
/host/spi-builder-workspace/Tests/DVRRecordings/Entry.json
/host/spi-builder-workspace/Tests/DVRRecordings/EntryVariants.json
/host/spi-builder-workspace/Tests/DVRRecordings/GlobalField.json
/host/spi-builder-workspace/Tests/DVRRecordings/SyncTest.json
/host/spi-builder-workspace/Tests/DVRRecordings/Paragraph.Json
warning: 'spi-builder-workspace': found 1 file(s) which are unhandled; explicitly declare them as resources or exclude from the target
/host/spi-builder-workspace/Sources/PrivacyInfo.xcprivacy
[0/1] Planning build
Building for debugging...
[0/1] Write swift-version-24593BA9C3E375BF.txt
error: emit-module command failed with exit code 1 (use -v to see invocation)
[2/23] Emitting module ContentstackUtils
/host/spi-builder-workspace/.build/checkouts/contentstack-utils-swift/Sources/Kanna/CSS.swift:26:8: error: no such module 'libxml2'
24 | */
25 | import Foundation
26 | import libxml2
| `- error: no such module 'libxml2'
27 |
28 | typealias AKRegularExpression = NSRegularExpression
[3/26] Compiling ContentstackUtils ConnectionNode.swift
/host/spi-builder-workspace/.build/checkouts/contentstack-utils-swift/Sources/Kanna/CSS.swift:26:8: error: no such module 'libxml2'
24 | */
25 | import Foundation
26 | import libxml2
| `- error: no such module 'libxml2'
27 |
28 | typealias AKRegularExpression = NSRegularExpression
[4/26] Compiling ContentstackUtils ContentstackUtils.swift
/host/spi-builder-workspace/.build/checkouts/contentstack-utils-swift/Sources/Kanna/CSS.swift:26:8: error: no such module 'libxml2'
24 | */
25 | import Foundation
26 | import libxml2
| `- error: no such module 'libxml2'
27 |
28 | typealias AKRegularExpression = NSRegularExpression
[5/26] Compiling ContentstackUtils Decodable.swift
/host/spi-builder-workspace/.build/checkouts/contentstack-utils-swift/Sources/Kanna/CSS.swift:26:8: error: no such module 'libxml2'
24 | */
25 | import Foundation
26 | import libxml2
| `- error: no such module 'libxml2'
27 |
28 | typealias AKRegularExpression = NSRegularExpression
[6/26] Compiling ContentstackUtils String+Extension.swift
/host/spi-builder-workspace/.build/checkouts/contentstack-utils-swift/Sources/Kanna/CSS.swift:26:8: error: no such module 'libxml2'
24 | */
25 | import Foundation
26 | import libxml2
| `- error: no such module 'libxml2'
27 |
28 | typealias AKRegularExpression = NSRegularExpression
[7/26] Compiling ContentstackUtils StyleType.swift
/host/spi-builder-workspace/.build/checkouts/contentstack-utils-swift/Sources/Kanna/CSS.swift:26:8: error: no such module 'libxml2'
24 | */
25 | import Foundation
26 | import libxml2
| `- error: no such module 'libxml2'
27 |
28 | typealias AKRegularExpression = NSRegularExpression
[8/26] Compiling ContentstackUtils TextNode.swift
/host/spi-builder-workspace/.build/checkouts/contentstack-utils-swift/Sources/Kanna/CSS.swift:26:8: error: no such module 'libxml2'
24 | */
25 | import Foundation
26 | import libxml2
| `- error: no such module 'libxml2'
27 |
28 | typealias AKRegularExpression = NSRegularExpression
[9/26] Compiling ContentstackUtils Edges.swift
/host/spi-builder-workspace/.build/checkouts/contentstack-utils-swift/Sources/Kanna/CSS.swift:26:8: error: no such module 'libxml2'
24 | */
25 | import Foundation
26 | import libxml2
| `- error: no such module 'libxml2'
27 |
28 | typealias AKRegularExpression = NSRegularExpression
[10/26] Compiling ContentstackUtils EmbedItemType.swift
/host/spi-builder-workspace/.build/checkouts/contentstack-utils-swift/Sources/Kanna/CSS.swift:26:8: error: no such module 'libxml2'
24 | */
25 | import Foundation
26 | import libxml2
| `- error: no such module 'libxml2'
27 |
28 | typealias AKRegularExpression = NSRegularExpression
[11/26] Compiling ContentstackUtils EntryEmbedded.swift
/host/spi-builder-workspace/.build/checkouts/contentstack-utils-swift/Sources/Kanna/CSS.swift:26:8: error: no such module 'libxml2'
24 | */
25 | import Foundation
26 | import libxml2
| `- error: no such module 'libxml2'
27 |
28 | typealias AKRegularExpression = NSRegularExpression
[12/26] Compiling ContentstackUtils JSONNodes.swift
/host/spi-builder-workspace/.build/checkouts/contentstack-utils-swift/Sources/Kanna/CSS.swift:26:8: error: no such module 'libxml2'
24 | */
25 | import Foundation
26 | import libxml2
| `- error: no such module 'libxml2'
27 |
28 | typealias AKRegularExpression = NSRegularExpression
[13/26] Compiling ContentstackUtils MarkType.swift
/host/spi-builder-workspace/.build/checkouts/contentstack-utils-swift/Sources/Kanna/CSS.swift:26:8: error: no such module 'libxml2'
24 | */
25 | import Foundation
26 | import libxml2
| `- error: no such module 'libxml2'
27 |
28 | typealias AKRegularExpression = NSRegularExpression
[14/26] Compiling ContentstackUtils Metadata.swift
/host/spi-builder-workspace/.build/checkouts/contentstack-utils-swift/Sources/Kanna/CSS.swift:26:8: error: no such module 'libxml2'
24 | */
25 | import Foundation
26 | import libxml2
| `- error: no such module 'libxml2'
27 |
28 | typealias AKRegularExpression = NSRegularExpression
[15/26] Compiling ContentstackUtils GQLEmbededAsset.swift
/host/spi-builder-workspace/.build/checkouts/contentstack-utils-swift/Sources/Kanna/CSS.swift:26:8: error: no such module 'libxml2'
24 | */
25 | import Foundation
26 | import libxml2
| `- error: no such module 'libxml2'
27 |
28 | typealias AKRegularExpression = NSRegularExpression
[16/26] Compiling ContentstackUtils GQLEmbededEntry.swift
/host/spi-builder-workspace/.build/checkouts/contentstack-utils-swift/Sources/Kanna/CSS.swift:26:8: error: no such module 'libxml2'
24 | */
25 | import Foundation
26 | import libxml2
| `- error: no such module 'libxml2'
27 |
28 | typealias AKRegularExpression = NSRegularExpression
[17/26] Compiling ContentstackUtils JSONNode.swift
/host/spi-builder-workspace/.build/checkouts/contentstack-utils-swift/Sources/Kanna/CSS.swift:26:8: error: no such module 'libxml2'
24 | */
25 | import Foundation
26 | import libxml2
| `- error: no such module 'libxml2'
27 |
28 | typealias AKRegularExpression = NSRegularExpression
[18/26] Compiling ContentstackUtils libxmlHTMLDocument.swift
/host/spi-builder-workspace/.build/checkouts/contentstack-utils-swift/Sources/Kanna/CSS.swift:26:8: error: no such module 'libxml2'
24 | */
25 | import Foundation
26 | import libxml2
| `- error: no such module 'libxml2'
27 |
28 | typealias AKRegularExpression = NSRegularExpression
[19/26] Compiling ContentstackUtils libxmlHTMLNode.swift
/host/spi-builder-workspace/.build/checkouts/contentstack-utils-swift/Sources/Kanna/CSS.swift:26:8: error: no such module 'libxml2'
24 | */
25 | import Foundation
26 | import libxml2
| `- error: no such module 'libxml2'
27 |
28 | typealias AKRegularExpression = NSRegularExpression
[20/26] Compiling ContentstackUtils libxmlParserOption.swift
/host/spi-builder-workspace/.build/checkouts/contentstack-utils-swift/Sources/Kanna/CSS.swift:26:8: error: no such module 'libxml2'
24 | */
25 | import Foundation
26 | import libxml2
| `- error: no such module 'libxml2'
27 |
28 | typealias AKRegularExpression = NSRegularExpression
[21/26] Compiling ContentstackUtils Node.swift
/host/spi-builder-workspace/.build/checkouts/contentstack-utils-swift/Sources/Kanna/CSS.swift:26:8: error: no such module 'libxml2'
24 | */
25 | import Foundation
26 | import libxml2
| `- error: no such module 'libxml2'
27 |
28 | typealias AKRegularExpression = NSRegularExpression
[22/26] Compiling ContentstackUtils NodeType.swift
/host/spi-builder-workspace/.build/checkouts/contentstack-utils-swift/Sources/Kanna/CSS.swift:26:8: error: no such module 'libxml2'
24 | */
25 | import Foundation
26 | import libxml2
| `- error: no such module 'libxml2'
27 |
28 | typealias AKRegularExpression = NSRegularExpression
[23/26] Compiling ContentstackUtils Option.swift
/host/spi-builder-workspace/.build/checkouts/contentstack-utils-swift/Sources/Kanna/CSS.swift:26:8: error: no such module 'libxml2'
24 | */
25 | import Foundation
26 | import libxml2
| `- error: no such module 'libxml2'
27 |
28 | typealias AKRegularExpression = NSRegularExpression
[24/26] Compiling ContentstackUtils CSS.swift
/host/spi-builder-workspace/.build/checkouts/contentstack-utils-swift/Sources/Kanna/CSS.swift:26:8: error: no such module 'libxml2'
24 | */
25 | import Foundation
26 | import libxml2
| `- error: no such module 'libxml2'
27 |
28 | typealias AKRegularExpression = NSRegularExpression
[25/26] Compiling ContentstackUtils Deprecated.swift
/host/spi-builder-workspace/.build/checkouts/contentstack-utils-swift/Sources/Kanna/CSS.swift:26:8: error: no such module 'libxml2'
24 | */
25 | import Foundation
26 | import libxml2
| `- error: no such module 'libxml2'
27 |
28 | typealias AKRegularExpression = NSRegularExpression
[26/26] Compiling ContentstackUtils Kanna.swift
/host/spi-builder-workspace/.build/checkouts/contentstack-utils-swift/Sources/Kanna/CSS.swift:26:8: error: no such module 'libxml2'
24 | */
25 | import Foundation
26 | import libxml2
| `- error: no such module 'libxml2'
27 |
28 | typealias AKRegularExpression = NSRegularExpression
BUILD FAILURE 6.1 wasm