Build Information
Failed to build swiftui-navigation-transitions, reference main (87752e), with Swift 6.3 for Wasm on 25 Oct 2026 12:32:21 UTC.
Build Command
bash -c docker run --pull=always --rm -v "checkouts-54344847-0":/host -w "$PWD" -e JAVA_HOME="/root/.sdkman/candidates/java/current" -e SPI_BUILD="1" -e SPI_PROCESSING="1" registry.gitlab.com/saguaro1/spi-images:wasm-6.3-latest swift build --swift-sdk swift-6.3.2-RELEASE_wasm 2>&1Build Log
========================================
RunAll
========================================
Builder version: 5.1.3
Interrupt handler set up.
========================================
Checkout
========================================
Clone URL: https://github.com/davdroman/swiftui-navigation-transitions.git
Reference: main
Initialized empty Git repository in /host/spi-builder-workspace/.git/
hint: Using 'master' as the name for the initial branch. This default branch name
hint: is subject to change. To configure the initial branch name to use in all
hint: of your new repositories, which will suppress this warning, call:
hint:
hint: git config --global init.defaultBranch <name>
hint:
hint: Names commonly chosen instead of 'master' are 'main', 'trunk' and
hint: 'development'. The just-created branch can be renamed via this command:
hint:
hint: git branch -m <name>
From https://github.com/davdroman/swiftui-navigation-transitions
* branch main -> FETCH_HEAD
* [new branch] main -> origin/main
HEAD is now at 87752ea chore: raise platform minimums and drop NavigationView
Cloned https://github.com/davdroman/swiftui-navigation-transitions.git
Revision (git rev-parse @):
87752eaeacf5bef16b6a306389fc82293bfd6f56
SPI manifest file found: $PWD/.spi.yml
SUCCESS checkout https://github.com/davdroman/swiftui-navigation-transitions.git at main
========================================
Build
========================================
Selected platform: wasm
Swift version: 6.3
Building package at path: $PWD
https://github.com/davdroman/swiftui-navigation-transitions.git
Running build ...
bash -c docker run --pull=always --rm -v "checkouts-54344847-0":/host -w "$PWD" -e JAVA_HOME="/root/.sdkman/candidates/java/current" -e SPI_BUILD="1" -e SPI_PROCESSING="1" registry.gitlab.com/saguaro1/spi-images:wasm-6.3-latest swift build --swift-sdk swift-6.3.2-RELEASE_wasm 2>&1
wasm-6.3-latest: Pulling from saguaro1/spi-images
Digest: sha256:eea66feda95ad8894091082dbcb77ec1fc917891d37888fd1938b0b68455d992
Status: Image is up to date for registry.gitlab.com/saguaro1/spi-images:wasm-6.3-latest
Fetching https://github.com/pointfreeco/swift-custom-dump
Fetching https://github.com/pointfreeco/xctest-dynamic-overlay
Fetching https://github.com/davdroman/swift-once-macro
Fetching https://github.com/davdroman/objc-runtime-tools
Fetching https://github.com/siteline/swiftui-introspect
[1/502] Fetching swift-once-macro
[318/1130] Fetching swift-once-macro, objc-runtime-tools
[1131/6799] Fetching swift-once-macro, objc-runtime-tools, swift-custom-dump
[1302/19727] Fetching swift-once-macro, objc-runtime-tools, swift-custom-dump, swiftui-introspect
[12489/22454] Fetching swift-once-macro, objc-runtime-tools, swift-custom-dump, swiftui-introspect, xctest-dynamic-overlay
Fetched https://github.com/davdroman/swift-once-macro from cache (0.64s)
Fetched https://github.com/davdroman/objc-runtime-tools from cache (0.64s)
Fetched https://github.com/pointfreeco/swift-custom-dump from cache (0.65s)
Fetched https://github.com/pointfreeco/xctest-dynamic-overlay from cache (0.65s)
Fetched https://github.com/siteline/swiftui-introspect from cache (0.71s)
Computing version for https://github.com/davdroman/swift-once-macro
Computed https://github.com/davdroman/swift-once-macro at 1.2.0 (0.87s)
Fetching https://github.com/swiftlang/swift-syntax
[1/81083] Fetching swift-syntax
Fetched https://github.com/swiftlang/swift-syntax from cache (3.63s)
Computing version for https://github.com/davdroman/objc-runtime-tools
Computed https://github.com/davdroman/objc-runtime-tools at 0.5.2 (3.80s)
Computing version for https://github.com/swiftlang/swift-syntax
Computed https://github.com/swiftlang/swift-syntax at 604.0.0 (0.97s)
Computing version for https://github.com/pointfreeco/swift-custom-dump
Computed https://github.com/pointfreeco/swift-custom-dump at 1.7.3 (0.15s)
Computing version for https://github.com/pointfreeco/xctest-dynamic-overlay
Computed https://github.com/pointfreeco/xctest-dynamic-overlay at 1.13.1 (0.90s)
Computing version for https://github.com/siteline/swiftui-introspect
Computed https://github.com/siteline/swiftui-introspect at 27.1.0 (0.15s)
Creating working copy for https://github.com/pointfreeco/swift-custom-dump
Working copy of https://github.com/pointfreeco/swift-custom-dump resolved at 1.7.3
Creating working copy for https://github.com/swiftlang/swift-syntax
Working copy of https://github.com/swiftlang/swift-syntax resolved at 604.0.0
Creating working copy for https://github.com/pointfreeco/xctest-dynamic-overlay
Working copy of https://github.com/pointfreeco/xctest-dynamic-overlay resolved at 1.13.1
Creating working copy for https://github.com/siteline/swiftui-introspect
Working copy of https://github.com/siteline/swiftui-introspect resolved at 27.1.0
Creating working copy for https://github.com/davdroman/swift-once-macro
Working copy of https://github.com/davdroman/swift-once-macro resolved at 1.2.0
Creating working copy for https://github.com/davdroman/objc-runtime-tools
Working copy of https://github.com/davdroman/objc-runtime-tools resolved at 0.5.2
Building for debugging...
[0/66] Write sources
[26/66] Compiling _SwiftSyntaxCShims PlatformMutex.c
[27/66] Write sources
[37/66] Write swift-version-24593BA9C3E375BF.txt
[39/136] Compiling SwiftSyntax601 Empty.swift
[40/136] Emitting module SwiftSyntax601
[41/136] Compiling SwiftSyntax603 Empty.swift
[42/136] Emitting module SwiftSyntax603
[45/165] Emitting module SwiftSyntax509
[46/165] Compiling SwiftSyntax509 Empty.swift
[48/166] Compiling SwiftSyntax602 Empty.swift
[49/166] Emitting module SwiftSyntax602
[51/167] Compiling SwiftSyntax604 Empty.swift
[52/168] Emitting module SwiftSyntax604
[53/176] Wrapping AST for SwiftSyntax603 for debugging
[55/176] Compiling SwiftSyntax600 Empty.swift
error: emit-module command failed with exit code 1 (use -v to see invocation)
[56/176] Emitting module Animation
/host/spi-builder-workspace/Sources/Animation/Animation.swift:1:16: error: no such module 'UIKit'
1 | package import UIKit
| `- error: no such module 'UIKit'
2 |
3 | public struct Animation {
[57/176] Emitting module SwiftSyntax600
[57/178] Wrapping AST for SwiftSyntax602 for debugging
[58/178] Wrapping AST for SwiftSyntax604 for debugging
[61/178] Compiling SwiftSyntax510 Empty.swift
[62/178] Emitting module SwiftSyntax510
[62/179] Wrapping AST for SwiftSyntax601 for debugging
[63/179] Wrapping AST for SwiftSyntax509 for debugging
[64/179] Wrapping AST for SwiftSyntax600 for debugging
[66/179] Wrapping AST for SwiftSyntax510 for debugging
[68/207] Emitting module IssueReporting
[69/245] Compiling IssueReporting WithExpectedIssue.swift
[70/245] Compiling IssueReporting WithIssueContext.swift
[71/245] Compiling Animation EaseIn.swift
/host/spi-builder-workspace/Sources/Animation/Animation.swift:1:16: error: no such module 'UIKit'
1 | package import UIKit
| `- error: no such module 'UIKit'
2 |
3 | public struct Animation {
[72/245] Compiling SwiftSyntax RawSyntax.swift
[73/245] Compiling SwiftSyntax RawSyntaxArena.swift
[74/245] Compiling SwiftSyntax SwiftSyntaxCompatibility.swift
/host/spi-builder-workspace/.build/checkouts/swiftui-introspect/Sources/Introspect.swift:1:15: error: no such module 'SwiftUI'
1 | public import SwiftUI
| `- error: no such module 'SwiftUI'
2 |
3 | /// The scope of introspection i.e. where introspect should look to find
[75/245] Compiling SwiftSyntax Syntax.swift
/host/spi-builder-workspace/.build/checkouts/swiftui-introspect/Sources/Introspect.swift:1:15: error: no such module 'SwiftUI'
1 | public import SwiftUI
| `- error: no such module 'SwiftUI'
2 |
3 | /// The scope of introspection i.e. where introspect should look to find
[76/245] Compiling SwiftSyntax SyntaxChildren.swift
/host/spi-builder-workspace/.build/checkouts/swiftui-introspect/Sources/Introspect.swift:1:15: error: no such module 'SwiftUI'
1 | public import SwiftUI
| `- error: no such module 'SwiftUI'
2 |
3 | /// The scope of introspection i.e. where introspect should look to find
[77/245] Compiling SwiftSyntax SyntaxCollection.swift
/host/spi-builder-workspace/.build/checkouts/swiftui-introspect/Sources/Introspect.swift:1:15: error: no such module 'SwiftUI'
1 | public import SwiftUI
| `- error: no such module 'SwiftUI'
2 |
3 | /// The scope of introspection i.e. where introspect should look to find
[78/245] Compiling SwiftSyntax SyntaxHashable.swift
/host/spi-builder-workspace/.build/checkouts/swiftui-introspect/Sources/Introspect.swift:1:15: error: no such module 'SwiftUI'
1 | public import SwiftUI
| `- error: no such module 'SwiftUI'
2 |
3 | /// The scope of introspection i.e. where introspect should look to find
[79/245] Compiling SwiftSyntax SyntaxIdentifier.swift
/host/spi-builder-workspace/.build/checkouts/swiftui-introspect/Sources/Introspect.swift:1:15: error: no such module 'SwiftUI'
1 | public import SwiftUI
| `- error: no such module 'SwiftUI'
2 |
3 | /// The scope of introspection i.e. where introspect should look to find
[80/245] Compiling SwiftSyntax Utils.swift
/host/spi-builder-workspace/.build/checkouts/swiftui-introspect/Sources/Introspect.swift:1:15: error: no such module 'SwiftUI'
1 | public import SwiftUI
| `- error: no such module 'SwiftUI'
2 |
3 | /// The scope of introspection i.e. where introspect should look to find
[81/245] Compiling SwiftSyntax AbsolutePosition.swift
/host/spi-builder-workspace/.build/checkouts/swiftui-introspect/Sources/Introspect.swift:1:15: error: no such module 'SwiftUI'
1 | public import SwiftUI
| `- error: no such module 'SwiftUI'
2 |
3 | /// The scope of introspection i.e. where introspect should look to find
[82/245] Compiling SwiftSyntax AbsoluteSyntaxInfo.swift
/host/spi-builder-workspace/.build/checkouts/swiftui-introspect/Sources/Introspect.swift:1:15: error: no such module 'SwiftUI'
1 | public import SwiftUI
| `- error: no such module 'SwiftUI'
2 |
3 | /// The scope of introspection i.e. where introspect should look to find
[83/245] Compiling SwiftSyntax ArenaAllocatedBuffer.swift
/host/spi-builder-workspace/.build/checkouts/swiftui-introspect/Sources/Introspect.swift:1:15: error: no such module 'SwiftUI'
1 | public import SwiftUI
| `- error: no such module 'SwiftUI'
2 |
3 | /// The scope of introspection i.e. where introspect should look to find
[84/245] Compiling SwiftSyntax Assert.swift
/host/spi-builder-workspace/.build/checkouts/swiftui-introspect/Sources/Introspect.swift:1:15: error: no such module 'SwiftUI'
1 | public import SwiftUI
| `- error: no such module 'SwiftUI'
2 |
3 | /// The scope of introspection i.e. where introspect should look to find
[85/245] Compiling SwiftSyntax BumpPtrAllocator.swift
/host/spi-builder-workspace/.build/checkouts/swiftui-introspect/Sources/Introspect.swift:1:15: error: no such module 'SwiftUI'
1 | public import SwiftUI
| `- error: no such module 'SwiftUI'
2 |
3 | /// The scope of introspection i.e. where introspect should look to find
[86/245] Compiling SwiftSyntax CommonAncestor.swift
/host/spi-builder-workspace/.build/checkouts/swiftui-introspect/Sources/Introspect.swift:1:15: error: no such module 'SwiftUI'
1 | public import SwiftUI
| `- error: no such module 'SwiftUI'
2 |
3 | /// The scope of introspection i.e. where introspect should look to find
[87/245] Compiling SwiftSyntax Convenience.swift
/host/spi-builder-workspace/.build/checkouts/swiftui-introspect/Sources/Introspect.swift:1:15: error: no such module 'SwiftUI'
1 | public import SwiftUI
| `- error: no such module 'SwiftUI'
2 |
3 | /// The scope of introspection i.e. where introspect should look to find
[88/245] Compiling SwiftSyntax CustomTraits.swift
/host/spi-builder-workspace/.build/checkouts/swiftui-introspect/Sources/Introspect.swift:1:15: error: no such module 'SwiftUI'
1 | public import SwiftUI
| `- error: no such module 'SwiftUI'
2 |
3 | /// The scope of introspection i.e. where introspect should look to find
[89/252] Compiling Animation TimingCurve.swift
/host/spi-builder-workspace/Sources/Animation/Animation.swift:1:16: error: no such module 'UIKit'
1 | package import UIKit
| `- error: no such module 'UIKit'
2 |
3 | public struct Animation {
[90/252] Compiling Animation Default.swift
/host/spi-builder-workspace/Sources/Animation/Animation.swift:1:16: error: no such module 'UIKit'
1 | package import UIKit
| `- error: no such module 'UIKit'
2 |
3 | public struct Animation {
[91/252] Compiling Animation Linear.swift
/host/spi-builder-workspace/Sources/Animation/Animation.swift:1:16: error: no such module 'UIKit'
1 | package import UIKit
| `- error: no such module 'UIKit'
2 |
3 | public struct Animation {
[92/252] Compiling Animation InterpolatingSpring.swift
/host/spi-builder-workspace/Sources/Animation/Animation.swift:1:16: error: no such module 'UIKit'
1 | package import UIKit
| `- error: no such module 'UIKit'
2 |
3 | public struct Animation {
[93/252] Compiling Animation EaseOut.swift
/host/spi-builder-workspace/Sources/Animation/Animation.swift:1:16: error: no such module 'UIKit'
1 | package import UIKit
| `- error: no such module 'UIKit'
2 |
3 | public struct Animation {
[94/252] Compiling Animation EaseInOut.swift
/host/spi-builder-workspace/Sources/Animation/Animation.swift:1:16: error: no such module 'UIKit'
1 | package import UIKit
| `- error: no such module 'UIKit'
2 |
3 | public struct Animation {
[95/252] Compiling Animation Animation.swift
/host/spi-builder-workspace/Sources/Animation/Animation.swift:1:16: error: no such module 'UIKit'
1 | package import UIKit
| `- error: no such module 'UIKit'
2 |
3 | public struct Animation {
[96/252] Compiling SwiftSyntax TokenKind.swift
/host/spi-builder-workspace/.build/checkouts/swiftui-introspect/Sources/Introspect.swift:1:15: error: no such module 'SwiftUI'
1 | public import SwiftUI
| `- error: no such module 'SwiftUI'
2 |
3 | /// The scope of introspection i.e. where introspect should look to find
[97/252] Compiling SwiftSyntax Tokens.swift
/host/spi-builder-workspace/.build/checkouts/swiftui-introspect/Sources/Introspect.swift:1:15: error: no such module 'SwiftUI'
1 | public import SwiftUI
| `- error: no such module 'SwiftUI'
2 |
3 | /// The scope of introspection i.e. where introspect should look to find
[98/252] Compiling SwiftSyntax TriviaPieces.swift
/host/spi-builder-workspace/.build/checkouts/swiftui-introspect/Sources/Introspect.swift:1:15: error: no such module 'SwiftUI'
1 | public import SwiftUI
| `- error: no such module 'SwiftUI'
2 |
3 | /// The scope of introspection i.e. where introspect should look to find
[99/252] Compiling SwiftSyntax RawSyntaxNodesAB.swift
/host/spi-builder-workspace/.build/checkouts/swiftui-introspect/Sources/Introspect.swift:1:15: error: no such module 'SwiftUI'
1 | public import SwiftUI
| `- error: no such module 'SwiftUI'
2 |
3 | /// The scope of introspection i.e. where introspect should look to find
[100/252] Compiling SwiftSyntax RawSyntaxNodesC.swift
/host/spi-builder-workspace/.build/checkouts/swiftui-introspect/Sources/Introspect.swift:1:15: error: no such module 'SwiftUI'
1 | public import SwiftUI
| `- error: no such module 'SwiftUI'
2 |
3 | /// The scope of introspection i.e. where introspect should look to find
[101/252] Compiling SwiftSyntax SourceLength.swift
/host/spi-builder-workspace/.build/checkouts/swiftui-introspect/Sources/Introspect.swift:1:15: error: no such module 'SwiftUI'
1 | public import SwiftUI
| `- error: no such module 'SwiftUI'
2 |
3 | /// The scope of introspection i.e. where introspect should look to find
[102/252] Compiling SwiftSyntax SourceLocation.swift
/host/spi-builder-workspace/.build/checkouts/swiftui-introspect/Sources/Introspect.swift:1:15: error: no such module 'SwiftUI'
1 | public import SwiftUI
| `- error: no such module 'SwiftUI'
2 |
3 | /// The scope of introspection i.e. where introspect should look to find
[103/252] Compiling SwiftSyntax SourcePresence.swift
/host/spi-builder-workspace/.build/checkouts/swiftui-introspect/Sources/Introspect.swift:1:15: error: no such module 'SwiftUI'
1 | public import SwiftUI
| `- error: no such module 'SwiftUI'
2 |
3 | /// The scope of introspection i.e. where introspect should look to find
error: emit-module command failed with exit code 1 (use -v to see invocation)
[104/252] Compiling SwiftSyntax EditorPlaceholder.swift
/host/spi-builder-workspace/.build/checkouts/swiftui-introspect/Sources/Introspect.swift:1:15: error: no such module 'SwiftUI'
1 | public import SwiftUI
| `- error: no such module 'SwiftUI'
2 |
3 | /// The scope of introspection i.e. where introspect should look to find
[105/252] Compiling SwiftSyntax Identifier.swift
/host/spi-builder-workspace/.build/checkouts/swiftui-introspect/Sources/Introspect.swift:1:15: error: no such module 'SwiftUI'
1 | public import SwiftUI
| `- error: no such module 'SwiftUI'
2 |
3 | /// The scope of introspection i.e. where introspect should look to find
[106/252] Compiling SwiftSyntax MemoryLayout.swift
/host/spi-builder-workspace/.build/checkouts/swiftui-introspect/Sources/Introspect.swift:1:15: error: no such module 'SwiftUI'
1 | public import SwiftUI
| `- error: no such module 'SwiftUI'
2 |
3 | /// The scope of introspection i.e. where introspect should look to find
[107/252] Compiling SwiftSyntax MissingNodeInitializers.swift
/host/spi-builder-workspace/.build/checkouts/swiftui-introspect/Sources/Introspect.swift:1:15: error: no such module 'SwiftUI'
1 | public import SwiftUI
| `- error: no such module 'SwiftUI'
2 |
3 | /// The scope of introspection i.e. where introspect should look to find
/host/spi-builder-workspace/.build/checkouts/swiftui-introspect/Sources/Introspect.swift:1:15: error: no such module 'SwiftUI'
1 | public import SwiftUI
| `- error: no such module 'SwiftUI'
2 |
3 | /// The scope of introspection i.e. where introspect should look to find
/host/spi-builder-workspace/.build/checkouts/swiftui-introspect/Sources/Introspect.swift:1:15: error: no such module 'SwiftUI'
1 | public import SwiftUI
| `- error: no such module 'SwiftUI'
2 |
3 | /// The scope of introspection i.e. where introspect should look to find
[110/252] Compiling SwiftSyntax RawSyntaxLayoutView.swift
/host/spi-builder-workspace/.build/checkouts/swiftui-introspect/Sources/Introspect.swift:1:15: error: no such module 'SwiftUI'
1 | public import SwiftUI
| `- error: no such module 'SwiftUI'
2 |
3 | /// The scope of introspection i.e. where introspect should look to find
[111/252] Compiling SwiftSyntax RawSyntaxNodeProtocol.swift
/host/spi-builder-workspace/.build/checkouts/swiftui-introspect/Sources/Introspect.swift:1:15: error: no such module 'SwiftUI'
1 | public import SwiftUI
| `- error: no such module 'SwiftUI'
2 |
3 | /// The scope of introspection i.e. where introspect should look to find
[112/252] Emitting module SwiftUIIntrospect
/host/spi-builder-workspace/.build/checkouts/swiftui-introspect/Sources/Introspect.swift:1:15: error: no such module 'SwiftUI'
1 | public import SwiftUI
| `- error: no such module 'SwiftUI'
2 |
3 | /// The scope of introspection i.e. where introspect should look to find
/host/spi-builder-workspace/.build/checkouts/swiftui-introspect/Sources/Introspect.swift:1:15: error: no such module 'SwiftUI'
1 | public import SwiftUI
| `- error: no such module 'SwiftUI'
2 |
3 | /// The scope of introspection i.e. where introspect should look to find
BUILD FAILURE 6.3 wasm