The Swift Package Index logo.Swift Package Index

Build Information

Failed to build HeadlessTabView, reference 0.1.1 (b9f800), with Swift 6.4 for macOS (SPM) on 18 Sep 2026 15:34:04 UTC.

Build Command

env DEVELOPER_DIR=/Applications/Xcode-27.0.0-Release.Candidate.app xcrun swift build --arch arm64

Build Log

========================================
RunAll
========================================
Builder version: 5.1.0
Interrupt handler set up.
========================================
Checkout
========================================
Clone URL: https://github.com/davidask/HeadlessTabView.git
Reference: 0.1.1
Initialized empty Git repository in /Users/admin/builder/spi-builder-workspace/.git/
From https://github.com/davidask/HeadlessTabView
 * tag               0.1.1      -> FETCH_HEAD
HEAD is now at b9f800a Replace iOS 14 call with iOS 13
Cloned https://github.com/davidask/HeadlessTabView.git
Revision (git rev-parse @):
b9f800a2fb7e9536bac86b6131bf1c8e3ce32dc5
SUCCESS checkout https://github.com/davidask/HeadlessTabView.git at 0.1.1
========================================
Build
========================================
Selected platform:         macosSpm
Swift version:             6.4
Building package at path:  $PWD
https://github.com/davidask/HeadlessTabView.git
Running build ...
env DEVELOPER_DIR=/Applications/Xcode-27.0.0-Release.Candidate.app xcrun swift build --arch arm64
Building for debugging...
[Planning deferred tasks]
[19 / 28]
[20 / 29] HeadlessTabView
[30 / 97]
[33 / 97]
[41 / 97]
[43 / 97]
[44 / 97]
[49 / 97]
[52 / 97]
[55 / 97]
[61 / 97]
[64 / 97]
[66 / 97]
[67 / 97]
[77 / 97]
[79 / 97]
[80 / 97]
[83 / 97]
[85 / 97]
[88 / 97] HeadlessTabView
error: SwiftCompile normal arm64 failed with a nonzero exit code. Command line:     cd /Users/admin/builder

/Users/admin/builder/spi-builder-workspace/Sources/HeadlessTabView/HeadlessTabView.swift:43:34: error: cannot find type 'UIViewControllerRepresentable' in scope
 41 | }
 42 |
 43 | extension HeadlessTabView.Inner: UIViewControllerRepresentable {
    |                                  `- error: cannot find type 'UIViewControllerRepresentable' in scope
 44 |
 45 |     func makeUIViewController(context: Context) -> HeadlessTabView.Controller {
/Users/admin/builder/spi-builder-workspace/Sources/HeadlessTabView/HeadlessTabView.swift:45:40: error: cannot find type 'Context' in scope
 43 | extension HeadlessTabView.Inner: UIViewControllerRepresentable {
 44 |
 45 |     func makeUIViewController(context: Context) -> HeadlessTabView.Controller {
    |                                        `- error: cannot find type 'Context' in scope
 46 |         HeadlessTabView.Controller(nibName: nil, bundle: nil)
 47 |     }
/Users/admin/builder/spi-builder-workspace/Sources/HeadlessTabView/HeadlessTabView.swift:49:90: error: cannot find type 'Context' in scope
 47 |     }
 48 |
 49 |     func updateUIViewController(_ uiViewController: HeadlessTabView.Controller, context: Context) {
    |                                                                                          `- error: cannot find type 'Context' in scope
 50 |
 51 |         let viewController: UIViewController
/Users/admin/builder/spi-builder-workspace/Sources/HeadlessTabView/HeadlessTabView.swift:79:41: error: cannot find type 'UIViewController' in scope
 77 |
 78 | extension HeadlessTabView {
 79 |     fileprivate final class Controller: UIViewController {
    |                                         `- error: cannot find type 'UIViewController' in scope
 80 |
 81 |         var passedEdgeInsets: UIEdgeInsets?
/Users/admin/builder/spi-builder-workspace/Sources/HeadlessTabView/HeadlessTabView.swift:81:31: error: cannot find type 'UIEdgeInsets' in scope
 79 |     fileprivate final class Controller: UIViewController {
 80 |
 81 |         var passedEdgeInsets: UIEdgeInsets?
    |                               `- error: cannot find type 'UIEdgeInsets' in scope
 82 |
 83 |         override func loadView() {
/Users/admin/builder/spi-builder-workspace/Sources/HeadlessTabView/HeadlessTabView.swift:83:23: error: method does not override any method from its superclass
 81 |         var passedEdgeInsets: UIEdgeInsets?
 82 |
 83 |         override func loadView() {
    |                       `- error: method does not override any method from its superclass
 84 |             view = UIView()
 85 |             view.backgroundColor = .clear
/Users/admin/builder/spi-builder-workspace/Sources/HeadlessTabView/HeadlessTabView.swift:88:23: error: method does not override any method from its superclass
 86 |         }
 87 |
 88 |         override func viewWillLayoutSubviews() {
    |                       `- error: method does not override any method from its superclass
 89 |             super.viewWillLayoutSubviews()
 90 |
/Users/admin/builder/spi-builder-workspace/Sources/HeadlessTabView/HeadlessTabView.swift:106:28: error: cannot find type 'UIViewController' in scope
104 |         }
105 |
106 |         var selectedChild: UIViewController? {
    |                            `- error: cannot find type 'UIViewController' in scope
107 |             willSet {
108 |
/Users/admin/builder/spi-builder-workspace/Sources/HeadlessTabView/HeadlessTabView.swift:126:23: error: cannot find 'isViewLoaded' in scope
124 |             }
125 |             didSet {
126 |                 guard isViewLoaded && view.superview != nil else {
    |                       `- error: cannot find 'isViewLoaded' in scope
127 |                     return
128 |                 }
/Users/admin/builder/spi-builder-workspace/Sources/HeadlessTabView/HeadlessTabView.swift:126:39: error: cannot find 'view' in scope
124 |             }
125 |             didSet {
126 |                 guard isViewLoaded && view.superview != nil else {
    |                                       `- error: cannot find 'view' in scope
127 |                     return
128 |                 }
/Users/admin/builder/spi-builder-workspace/Sources/HeadlessTabView/HeadlessTabView.swift:131:31: error: cannot find 'children' in scope
129 |
130 |                 didRemove(
131 |                     children: children.filter({ child in
    |                               `- error: cannot find 'children' in scope
132 |                         child != selectedChild
133 |                     })
/Users/admin/builder/spi-builder-workspace/Sources/HeadlessTabView/HeadlessTabView.swift:209:43: error: cannot find type 'UIViewController' in scope
207 |         }
208 |
209 |         private func didRemove(children: [UIViewController]) {
    |                                           `- error: cannot find type 'UIViewController' in scope
210 |             for child in children {
211 |                 child.view.removeFromSuperview()
/Users/admin/builder/spi-builder-workspace/Sources/HeadlessTabView/HeadlessTabView.swift:199:36: error: cannot find type 'UIViewController' in scope
197 |         }
198 |
199 |         private func didAdd(child: UIViewController) {
    |                                    `- error: cannot find type 'UIViewController' in scope
200 |             child.didMove(toParent: self)
201 |         }
/Users/admin/builder/spi-builder-workspace/Sources/HeadlessTabView/HeadlessTabView.swift:144:23: error: method does not override any method from its superclass
142 |         }
143 |
144 |         override func viewWillAppear(_ animated: Bool) {
    |                       `- error: method does not override any method from its superclass
145 |             super.viewWillAppear(animated)
146 |
/Users/admin/builder/spi-builder-workspace/Sources/HeadlessTabView/HeadlessTabView.swift:154:23: error: method does not override any method from its superclass
152 |         }
153 |
154 |         override func viewDidAppear(_ animated: Bool) {
    |                       `- error: method does not override any method from its superclass
155 |             super.viewDidAppear(animated)
156 |
/Users/admin/builder/spi-builder-workspace/Sources/HeadlessTabView/HeadlessTabView.swift:164:23: error: method does not override any method from its superclass
162 |         }
163 |
164 |         override func viewWillDisappear(_ animated: Bool) {
    |                       `- error: method does not override any method from its superclass
165 |             super.viewWillDisappear(animated)
166 |
/Users/admin/builder/spi-builder-workspace/Sources/HeadlessTabView/HeadlessTabView.swift:170:23: error: method does not override any method from its superclass
168 |         }
169 |
170 |         override func viewDidDisappear(_ animated: Bool) {
    |                       `- error: method does not override any method from its superclass
171 |             super.viewDidDisappear(animated)
172 |
/Users/admin/builder/spi-builder-workspace/Sources/HeadlessTabView/HeadlessTabView.swift:176:49: error: cannot find type 'UIViewController' in scope
174 |         }
175 |
176 |         override func willMove(toParent parent: UIViewController?) {
    |                                                 `- error: cannot find type 'UIViewController' in scope
177 |             super.willMove(toParent: parent)
178 |         }
/Users/admin/builder/spi-builder-workspace/Sources/HeadlessTabView/HeadlessTabView.swift:182:37: error: cannot find type 'UIViewController' in scope
180 |         // MARK: - Convenience
181 |
182 |         private func willAdd(child: UIViewController) {
    |                                     `- error: cannot find type 'UIViewController' in scope
183 |
184 |             addChild(child)
/Users/admin/builder/spi-builder-workspace/Sources/HeadlessTabView/HeadlessTabView.swift:203:44: error: cannot find type 'UIViewController' in scope
201 |         }
202 |
203 |         private func willRemove(children: [UIViewController]) {
    |                                            `- error: cannot find type 'UIViewController' in scope
204 |             for child in children {
205 |                 child.willMove(toParent: nil)
/Users/admin/builder/spi-builder-workspace/Sources/HeadlessTabView/HeadlessTabView.swift:220:48: error: cannot find type 'UIViewController' in scope
218 | extension HeadlessTabView {
219 |     fileprivate class Coordinator {
220 |         var storedViewControllers: [Selection: UIViewController] = [:]
    |                                                `- error: cannot find type 'UIViewController' in scope
221 |     }
222 | }
Failed frontend command:
/Applications/Xcode-27.0.0-Release.Candidate.app/Contents/Developer/Toolchains/XcodeDefault.xctoolchain/usr/bin/swift-frontend -frontend -emit-module -experimental-skip-non-inlinable-function-bodies-without-types /Users/admin/builder/spi-builder-workspace/Sources/HeadlessTabView/HeadlessTabView.swift -target arm64-apple-macos12.0 -disable-cross-import-overlay-search -load-resolved-plugin /Applications/Xcode-27.0.0-Release.Candidate.app/Contents/Developer/Platforms/MacOSX.platform/Developer/usr/lib/swift/host/plugins/libFoundationMacros.dylib\#/Applications/Xcode-27.0.0-Release.Candidate.app/Contents/Developer/Platforms/MacOSX.platform/Developer/usr/bin/swift-plugin-server\#FoundationMacros -load-resolved-plugin /Applications/Xcode-27.0.0-Release.Candidate.app/Contents/Developer/Platforms/MacOSX.platform/Developer/usr/lib/swift/host/plugins/libObservationMacros.dylib\#/Applications/Xcode-27.0.0-Release.Candidate.app/Contents/Developer/Platforms/MacOSX.platform/Developer/usr/bin/swift-plugin-server\#ObservationMacros -load-resolved-plugin /Applications/Xcode-27.0.0-Release.Candidate.app/Contents/Developer/Platforms/MacOSX.platform/Developer/usr/lib/swift/host/plugins/libPreviewsMacros.dylib\#/Applications/Xcode-27.0.0-Release.Candidate.app/Contents/Developer/Platforms/MacOSX.platform/Developer/usr/bin/swift-plugin-server\#PreviewsMacros -load-resolved-plugin /Applications/Xcode-27.0.0-Release.Candidate.app/Contents/Developer/Platforms/MacOSX.platform/Developer/usr/lib/swift/host/plugins/libSwiftMacros.dylib\#/Applications/Xcode-27.0.0-Release.Candidate.app/Contents/Developer/Platforms/MacOSX.platform/Developer/usr/bin/swift-plugin-server\#SwiftMacros -load-resolved-plugin /Applications/Xcode-27.0.0-Release.Candidate.app/Contents/Developer/Platforms/MacOSX.platform/Developer/usr/lib/swift/host/plugins/libSwiftUIMacros.dylib\#/Applications/Xcode-27.0.0-Release.Candidate.app/Contents/Developer/Platforms/MacOSX.platform/Developer/usr/bin/swift-plugin-server\#SwiftUIMacros -disable-implicit-swift-modules -Xcc -fno-implicit-modules -Xcc -fno-implicit-module-maps -explicit-swift-module-map-file /Users/admin/builder/spi-builder-workspace/.build/out/Intermediates.noindex/HeadlessTabView.build/Debug/HeadlessTabView-t.build/Objects-normal/arm64/HeadlessTabView-dependencies-1.json -Xllvm -aarch64-use-tbi -enable-objc-interop -stack-check -sdk /Applications/Xcode-27.0.0-Release.Candidate.app/Contents/Developer/Platforms/MacOSX.platform/Developer/SDKs/MacOSX27.0.sdk -I /Users/admin/builder/spi-builder-workspace/.build/out/Products/Debug -Isystem /Applications/Xcode-27.0.0-Release.Candidate.app/Contents/Developer/Platforms/MacOSX.platform/Developer/usr/lib -F /Users/admin/builder/spi-builder-workspace/.build/out/Products/Debug -F /Applications/Xcode-27.0.0-Release.Candidate.app/Contents/Developer/Platforms/MacOSX.platform/Developer/Library/Frameworks -module-cache-path /Users/admin/builder/spi-builder-workspace/.build/out/Intermediates.noindex/SwiftExplicitPrecompiledModules -color-diagnostics -Xcc -fcolor-diagnostics -enable-testing -g -debug-info-format\=dwarf -dwarf-version\=4 -swift-version 5 -Onone -D SWIFT_PACKAGE -D DEBUG -D SWIFT_MODULE_RESOURCE_BUNDLE_UNAVAILABLE -D Xcode -serialize-debugging-options -enable-experimental-feature DebugDescriptionMacro -empty-abi-descriptor -validate-clang-modules-once -clang-build-session-file /Users/admin/builder/spi-builder-workspace/.build/out/ModuleCache.noindex/Session.modulevalidation -Xcc -working-directory -Xcc /Users/admin/builder -enable-anonymous-context-mangled-names -file-compilation-dir /Users/admin/builder -Xcc -D_LIBCPP_HARDENING_MODE\=_LIBCPP_HARDENING_MODE_DEBUG -Xcc -ivfsstatcache -Xcc /Users/admin/builder/spi-builder-workspace/.build/out/SDKStatCaches.noindex/macosx27.0-26A425-80c5bbf1d171475443272936d42f90a36a22442a12e9d48fe1a705f55a1adfc4.sdkstatcache -Xcc -fmodules-prune-interval\=86400 -Xcc -fmodules-prune-after\=345600 -Xcc -I/Users/admin/builder/spi-builder-workspace/.build/out/Products/Debug/include -Xcc -I/Users/admin/builder/spi-builder-workspace/.build/out/Intermediates.noindex/HeadlessTabView.build/Debug/HeadlessTabView-t.build/DerivedSources-normal/arm64 -Xcc -I/Users/admin/builder/spi-builder-workspace/.build/out/Intermediates.noindex/HeadlessTabView.build/Debug/HeadlessTabView-t.build/DerivedSources/arm64 -Xcc -I/Users/admin/builder/spi-builder-workspace/.build/out/Intermediates.noindex/HeadlessTabView.build/Debug/HeadlessTabView-t.build/DerivedSources -Xcc -DSWIFT_PACKAGE -Xcc -DDEBUG\=1 -no-auto-bridging-header-chaining -module-name HeadlessTabView -const-gather-protocols-file /Users/admin/builder/spi-builder-workspace/.build/out/Intermediates.noindex/HeadlessTabView.build/Debug/HeadlessTabView-t.build/Objects-normal/arm64/HeadlessTabView_const_extract_protocols.json -disable-clang-spi -clang-target arm64-apple-macos27.0 -target-sdk-version 27.0 -target-sdk-name macosx27.0 -in-process-plugin-server-path /Applications/Xcode-27.0.0-Release.Candidate.app/Contents/Developer/Toolchains/XcodeDefault.xctoolchain/usr/lib/swift/host/libSwiftInProcPluginServer.dylib -emit-module-doc-path /Users/admin/builder/spi-builder-workspace/.build/out/Intermediates.noindex/HeadlessTabView.build/Debug/HeadlessTabView-t.build/Objects-normal/arm64/HeadlessTabView.swiftdoc -emit-module-source-info-path /Users/admin/builder/spi-builder-workspace/.build/out/Intermediates.noindex/HeadlessTabView.build/Debug/HeadlessTabView-t.build/Objects-normal/arm64/HeadlessTabView.swiftsourceinfo -emit-objc-header-path /Users/admin/builder/spi-builder-workspace/.build/out/Intermediates.noindex/HeadlessTabView.build/Debug/HeadlessTabView-t.build/Objects-normal/arm64/HeadlessTabView-Swift.h -serialize-diagnostics-path /Users/admin/builder/spi-builder-workspace/.build/out/Intermediates.noindex/HeadlessTabView.build/Debug/HeadlessTabView-t.build/Objects-normal/arm64/HeadlessTabView-primary-emit-module.dia -emit-dependencies-path /Users/admin/builder/spi-builder-workspace/.build/out/Intermediates.noindex/HeadlessTabView.build/Debug/HeadlessTabView-t.build/Objects-normal/arm64/HeadlessTabView-primary-emit-module.d -parse-as-library -o /Users/admin/builder/spi-builder-workspace/.build/out/Intermediates.noindex/HeadlessTabView.build/Debug/HeadlessTabView-t.build/Objects-normal/arm64/HeadlessTabView.swiftmodule -emit-abi-descriptor-path /Users/admin/builder/spi-builder-workspace/.build/out/Intermediates.noindex/HeadlessTabView.build/Debug/HeadlessTabView-t.build/Objects-normal/arm64/HeadlessTabView.abi.json
error: Build failed
BUILD FAILURE 6.4 macosSpm