The Swift Package Index logo.Swift Package Index

Build Information

Failed to build Delegation, reference main (f7e655), with Swift 6.4 for Linux on 23 Sep 2026 02:27:13 UTC.

Build Command

bash -c docker run --pull=always --rm -v "checkouts-54344847-0":/host -w "$PWD" -e JAVA_HOME="/root/.sdkman/candidates/java/current" -e SPI_BUILD="1" -e SPI_PROCESSING="1" registry.gitlab.com/saguaro1/spi-images:basic-6.4-latest swift build --triple x86_64-unknown-linux-gnu 2>&1

Build Log

========================================
RunAll
========================================
Builder version: 5.1.0
Interrupt handler set up.
========================================
Checkout
========================================
Clone URL: https://github.com/ShapeKim98/Delegation.git
Reference: main
Initialized empty Git repository in /host/spi-builder-workspace/.git/
hint: Using 'master' as the name for the initial branch. This default branch name
hint: is subject to change. To configure the initial branch name to use in all
hint: of your new repositories, which will suppress this warning, call:
hint:
hint: 	git config --global init.defaultBranch <name>
hint:
hint: Names commonly chosen instead of 'master' are 'main', 'trunk' and
hint: 'development'. The just-created branch can be renamed via this command:
hint:
hint: 	git branch -m <name>
From https://github.com/ShapeKim98/Delegation
 * branch            main       -> FETCH_HEAD
 * [new branch]      main       -> origin/main
HEAD is now at f7e655c 0.3.0 릴리즈
Cloned https://github.com/ShapeKim98/Delegation.git
Revision (git rev-parse @):
f7e655c86f2a1da7d340f179d8a24c0570a6905c
SUCCESS checkout https://github.com/ShapeKim98/Delegation.git at main
========================================
Build
========================================
Selected platform:         linux
Swift version:             6.4
Building package at path:  $PWD
https://github.com/ShapeKim98/Delegation.git
Running build ...
bash -c docker run --pull=always --rm -v "checkouts-54344847-0":/host -w "$PWD" -e JAVA_HOME="/root/.sdkman/candidates/java/current" -e SPI_BUILD="1" -e SPI_PROCESSING="1" registry.gitlab.com/saguaro1/spi-images:basic-6.4-latest swift build --triple x86_64-unknown-linux-gnu 2>&1
basic-6.4-latest: Pulling from saguaro1/spi-images
Digest: sha256:c77fcce225e223ac0fafed844619173fc6de8d62dd560eeb28db3182af6a282b
Status: Image is up to date for registry.gitlab.com/saguaro1/spi-images:basic-6.4-latest
Fetching https://github.com/swiftlang/swift-syntax.git
[1/80010] Fetching swift-syntax
Fetched https://github.com/swiftlang/swift-syntax.git (3.36s)
Computing version for https://github.com/swiftlang/swift-syntax.git
Computed https://github.com/swiftlang/swift-syntax.git at 509.1.1 (4.53s)
Creating working copy for https://github.com/swiftlang/swift-syntax.git
Working copy of https://github.com/swiftlang/swift-syntax.git resolved at 509.1.1
Building for debugging...
[Computing dependencies]
[Pre-planning 1 / 474]
[Planning deferred tasks]
[69 / 198] SwiftDiagnostics
[103 / 202] SwiftSyntax
[111 / 211] SwiftSyntax
[112 / 212] SwiftSyntax509
[114 / 212] SwiftSyntax509
[115 / 212] SwiftSyntax
[127 / 228] SwiftDiagnostics
[128 / 237] SwiftParser
[129 / 237] SwiftBasicFormat
[130 / 237] SwiftBasicFormat
[133 / 237] SwiftDiagnostics
[148 / 237] SwiftParser
[149 / 237] SwiftParser
[150 / 237] SwiftParser
[151 / 237] SwiftParser
[152 / 237] SwiftDiagnostics
[153 / 237] SwiftOperators
[154 / 237] SwiftOperators
[157 / 237] SwiftDiagnostics
[159 / 237] SwiftBasicFormat
[160 / 237] SwiftParserDiagnostics
[164 / 257] SwiftOperators
[165 / 258] SwiftParserDiagnostics
[167 / 259] SwiftOperators
[169 / 259] SwiftParserDiagnostics
[175 / 259] SwiftParserDiagnostics
[179 / 259] SwiftParserDiagnostics
[180 / 260] SwiftParserDiagnostics
[181 / 260] SwiftSyntaxBuilder
[183 / 260] SwiftParser
[185 / 260] SwiftOperators
[186 / 260] SwiftParser
[188 / 260] SwiftOperators
[189 / 260] SwiftOperators
[190 / 260] SwiftOperators
[192 / 260] SwiftOperators
[194 / 260] SwiftBasicFormat
[200 / 270] SwiftSyntaxBuilder
[201 / 270] SwiftSyntaxBuilder
[202 / 271] SwiftSyntaxBuilder
[205 / 271] SwiftSyntaxBuilder
[207 / 271] SwiftSyntaxBuilder
[211 / 271] SwiftSyntaxBuilder
[213 / 272] SwiftSyntaxMacros
[218 / 282] SwiftSyntaxMacros
[221 / 282] SwiftSyntaxMacros
[223 / 282] SwiftSyntaxMacros
[228 / 282] SwiftSyntaxMacros
[230 / 282] SwiftSyntaxMacros-product
[233 / 291] SwiftSyntaxMacros
[235 / 292] SwiftSyntaxMacros
[238 / 292] SwiftSyntaxMacroExpansion
[240 / 292] SwiftSyntaxMacros
[243 / 292] SwiftSyntaxMacroExpansion
[249 / 301] SwiftSyntaxBuilder
[250 / 301] SwiftSyntaxBuilder
[251 / 301] SwiftCompilerPluginMessageHandling
[260 / 301] SwiftCompilerPluginMessageHandling
[261 / 301] SwiftCompilerPlugin
[264 / 304] SwiftCompilerPlugin
[264 / 304] SwiftCompilerPluginMessageHandling
[264 / 304] SwiftSyntaxMacroExpansion
[266 / 305] SwiftCompilerPluginMessageHandling
[268 / 306] SwiftCompilerPlugin
[273 / 306] SwiftCompilerPlugin
[275 / 307] SwiftSyntax
[278 / 308] SwiftSyntax
[285 / 308] SwiftSyntaxMacros
[293 / 309] DelegationMacros
[298 / 313] DelegationMacros
[299 / 314] DelegationMacros
[302 / 314] DelegationMacros
[316 / 321] Delegation
error: SwiftCompile normal x86_64 failed with a nonzero exit code. Command line:     cd /host

/host/spi-builder-workspace/Sources/DelegationClient/main.swift:2:8: error: no such module 'SwiftUI'
 1 | import Delegation
 2 | import SwiftUI
   |        `- error: no such module 'SwiftUI'
 3 |
 4 | struct ContentView: View {
Failed frontend command:
/usr/bin/swift-frontend -frontend -emit-module -experimental-skip-non-inlinable-function-bodies-without-types /host/spi-builder-workspace/Sources/DelegationClient/main.swift -target x86_64-unknown-linux-gnu -disable-objc-interop -I /host/spi-builder-workspace/.build/out/Products/Debug-linux-x86_64 -module-cache-path /host/spi-builder-workspace/.build/out/ModuleCache.noindex -color-diagnostics -Xcc -fcolor-diagnostics -enable-testing -g -debug-info-format\=dwarf -dwarf-version\=4 -swift-version 5 -Onone -D SWIFT_PACKAGE -D DEBUG -D Xcode -serialize-debugging-options -load-plugin-executable /host/spi-builder-workspace/.build/out/Products/Debug-linux-x86_64/DelegationMacros\#DelegationMacros -enable-experimental-feature DebugDescriptionMacro -empty-abi-descriptor -external-plugin-path /usr/lib/swift/host/plugins/testing\#/usr/bin/swift-plugin-server -validate-clang-modules-once -clang-build-session-file /host/spi-builder-workspace/.build/out/ModuleCache.noindex/Session.modulevalidation -Xcc -working-directory -Xcc /host -enable-anonymous-context-mangled-names -file-compilation-dir /host -Xcc -fno-omit-frame-pointer -Xcc -D_LIBCPP_HARDENING_MODE\=_LIBCPP_HARDENING_MODE_DEBUG -Xcc -fmodules-prune-interval\=86400 -Xcc -fmodules-prune-after\=345600 -Xcc -I/host/spi-builder-workspace/.build/out/Products/Debug-linux-x86_64/include -Xcc -I/host/spi-builder-workspace/.build/out/Intermediates.noindex/Delegation.build/Debug-linux-x86_64/DelegationClient-p.build/DerivedSources-normal/x86_64 -Xcc -I/host/spi-builder-workspace/.build/out/Intermediates.noindex/Delegation.build/Debug-linux-x86_64/DelegationClient-p.build/DerivedSources/x86_64 -Xcc -I/host/spi-builder-workspace/.build/out/Intermediates.noindex/Delegation.build/Debug-linux-x86_64/DelegationClient-p.build/DerivedSources -Xcc -DSWIFT_PACKAGE -Xcc -DDEBUG\=1 -no-auto-bridging-header-chaining -module-name DelegationClient -package-name spi_builder_workspace -const-gather-protocols-file /host/spi-builder-workspace/.build/out/Intermediates.noindex/Delegation.build/Debug-linux-x86_64/DelegationClient-p.build/Objects-normal/x86_64/DelegationClient_const_extract_protocols.json -in-process-plugin-server-path /usr/lib/swift/host/libSwiftInProcPluginServer.so -plugin-path /usr/lib/swift/host/plugins -plugin-path /usr/local/lib/swift/host/plugins -emit-module-doc-path /host/spi-builder-workspace/.build/out/Intermediates.noindex/Delegation.build/Debug-linux-x86_64/DelegationClient-p.build/Objects-normal/x86_64/Modules/DelegationClient.swiftdoc -emit-module-source-info-path /host/spi-builder-workspace/.build/out/Intermediates.noindex/Delegation.build/Debug-linux-x86_64/DelegationClient-p.build/Objects-normal/x86_64/Modules/DelegationClient.swiftsourceinfo -serialize-diagnostics-path /host/spi-builder-workspace/.build/out/Intermediates.noindex/Delegation.build/Debug-linux-x86_64/DelegationClient-p.build/Objects-normal/x86_64/DelegationClient-primary-emit-module.dia -emit-dependencies-path /host/spi-builder-workspace/.build/out/Intermediates.noindex/Delegation.build/Debug-linux-x86_64/DelegationClient-p.build/Objects-normal/x86_64/DelegationClient-primary-emit-module.d -o /host/spi-builder-workspace/.build/out/Intermediates.noindex/Delegation.build/Debug-linux-x86_64/DelegationClient-p.build/Objects-normal/x86_64/Modules/DelegationClient.swiftmodule
error: SwiftCompile normal x86_64 /host/spi-builder-workspace/Sources/DelegationClient/main.swift failed with a nonzero exit code. Command line:     cd /host
    builtin-SwiftPerFileCompile main.swift
/host/spi-builder-workspace/Sources/DelegationClient/main.swift:2:8: error: no such module 'SwiftUI'
 1 | import Delegation
 2 | import SwiftUI
   |        `- error: no such module 'SwiftUI'
 3 |
 4 | struct ContentView: View {
Failed frontend command:
/usr/bin/swift-frontend -frontend -c -primary-file /host/spi-builder-workspace/Sources/DelegationClient/main.swift -emit-dependencies-path /host/spi-builder-workspace/.build/out/Intermediates.noindex/Delegation.build/Debug-linux-x86_64/DelegationClient-p.build/Objects-normal/x86_64/main.d -emit-const-values-path /host/spi-builder-workspace/.build/out/Intermediates.noindex/Delegation.build/Debug-linux-x86_64/DelegationClient-p.build/Objects-normal/x86_64/main.swiftconstvalues -emit-reference-dependencies-path /host/spi-builder-workspace/.build/out/Intermediates.noindex/Delegation.build/Debug-linux-x86_64/DelegationClient-p.build/Objects-normal/x86_64/main.swiftdeps -serialize-diagnostics-path /host/spi-builder-workspace/.build/out/Intermediates.noindex/Delegation.build/Debug-linux-x86_64/DelegationClient-p.build/Objects-normal/x86_64/main.dia -target x86_64-unknown-linux-gnu -disable-objc-interop -I /host/spi-builder-workspace/.build/out/Products/Debug-linux-x86_64 -module-cache-path /host/spi-builder-workspace/.build/out/ModuleCache.noindex -color-diagnostics -Xcc -fcolor-diagnostics -enable-testing -g -debug-info-format\=dwarf -dwarf-version\=4 -swift-version 5 -Onone -D SWIFT_PACKAGE -D DEBUG -D Xcode -serialize-debugging-options -load-plugin-executable /host/spi-builder-workspace/.build/out/Products/Debug-linux-x86_64/DelegationMacros\#DelegationMacros -enable-experimental-feature DebugDescriptionMacro -empty-abi-descriptor -external-plugin-path /usr/lib/swift/host/plugins/testing\#/usr/bin/swift-plugin-server -validate-clang-modules-once -clang-build-session-file /host/spi-builder-workspace/.build/out/ModuleCache.noindex/Session.modulevalidation -Xcc -working-directory -Xcc /host -enable-anonymous-context-mangled-names -file-compilation-dir /host -Xcc -fno-omit-frame-pointer -Xcc -D_LIBCPP_HARDENING_MODE\=_LIBCPP_HARDENING_MODE_DEBUG -Xcc -fmodules-prune-interval\=86400 -Xcc -fmodules-prune-after\=345600 -Xcc -I/host/spi-builder-workspace/.build/out/Products/Debug-linux-x86_64/include -Xcc -I/host/spi-builder-workspace/.build/out/Intermediates.noindex/Delegation.build/Debug-linux-x86_64/DelegationClient-p.build/DerivedSources-normal/x86_64 -Xcc -I/host/spi-builder-workspace/.build/out/Intermediates.noindex/Delegation.build/Debug-linux-x86_64/DelegationClient-p.build/DerivedSources/x86_64 -Xcc -I/host/spi-builder-workspace/.build/out/Intermediates.noindex/Delegation.build/Debug-linux-x86_64/DelegationClient-p.build/DerivedSources -Xcc -DSWIFT_PACKAGE -Xcc -DDEBUG\=1 -no-auto-bridging-header-chaining -module-name DelegationClient -package-name spi_builder_workspace -const-gather-protocols-file /host/spi-builder-workspace/.build/out/Intermediates.noindex/Delegation.build/Debug-linux-x86_64/DelegationClient-p.build/Objects-normal/x86_64/DelegationClient_const_extract_protocols.json -in-process-plugin-server-path /usr/lib/swift/host/libSwiftInProcPluginServer.so -plugin-path /usr/lib/swift/host/plugins -plugin-path /usr/local/lib/swift/host/plugins -o /host/spi-builder-workspace/.build/out/Intermediates.noindex/Delegation.build/Debug-linux-x86_64/DelegationClient-p.build/Objects-normal/x86_64/main.o -index-unit-output-path /Delegation.build/Debug-linux-x86_64/DelegationClient-p.build/Objects-normal/x86_64/main.o -index-store-path /host/spi-builder-workspace/.build/out -index-system-modules
error: Build failed
BUILD FAILURE 6.4 linux