Build Information
Failed to build ImGui, reference master (dbf41b), with Swift 6.4 for watchOS using Xcode 27.0 on 20 Sep 2026 03:46:03 UTC.
Build Command
env DEVELOPER_DIR=/Applications/Xcode-27.0.0-Release.Candidate.app xcrun xcodebuild -IDEClonedSourcePackagesDirPathOverride=$PWD/.dependencies -skipMacroValidation -skipPackagePluginValidation -derivedDataPath $PWD/.derivedData build -scheme ImGui-Package -destination generic/platform=watchOSBuild Log
| ^
| (void*)
/Users/admin/builder/spi-builder-workspace/Sources/CImGui/imgui/imgui.h:1675:182: warning: first argument in call to 'memcpy' is a pointer to non-trivially copyable type 'ImDrawChannel' [-Wnontrivial-memcall]
1675 | inline void reserve(int new_capacity) { if (new_capacity <= Capacity) return; T* new_data = (T*)IM_ALLOC((size_t)new_capacity * sizeof(T)); if (Data) { memcpy(new_data, Data, (size_t)Size * sizeof(T)); IM_FREE(Data); } Data = new_data; Capacity = new_capacity; }
| ^
/Users/admin/builder/spi-builder-workspace/Sources/CImGui/imgui/imgui.h:1672:88: note: in instantiation of member function 'ImVector<ImDrawChannel>::reserve' requested here
1672 | inline void resize(int new_size) { if (new_size > Capacity) reserve(_grow_capacity(new_size)); Size = new_size; }
| ^
/Users/admin/builder/spi-builder-workspace/Sources/CImGui/imgui/imgui_tables.cpp:2337:39: note: in instantiation of member function 'ImVector<ImDrawChannel>::resize' requested here
2337 | g.DrawChannelsTempMergeBuffer.resize(splitter->_Count - LEADING_DRAW_CHANNELS); // Use shared temporary storage so the allocation gets amortized
| ^
In file included from /Users/admin/builder/spi-builder-workspace/Sources/CImGui/imgui/imgui_tables.cpp:190:
/Users/admin/builder/spi-builder-workspace/Sources/CImGui/imgui/imgui.h:1675:182: note: explicitly cast the pointer to silence this warning
1675 | inline void reserve(int new_capacity) { if (new_capacity <= Capacity) return; T* new_data = (T*)IM_ALLOC((size_t)new_capacity * sizeof(T)); if (Data) { memcpy(new_data, Data, (size_t)Size * sizeof(T)); IM_FREE(Data); } Data = new_data; Capacity = new_capacity; }
| ^
| (void*)
/Users/admin/builder/spi-builder-workspace/Sources/CImGui/imgui/imgui.h:1678:127: warning: first argument in call to 'memcpy' is a pointer to non-trivially copyable type 'ImGuiOldColumns' [-Wnontrivial-memcall]
1678 | inline void push_back(const T& v) { if (Size == Capacity) reserve(_grow_capacity(Size + 1)); memcpy(&Data[Size], &v, sizeof(v)); Size++; }
| ^
/Users/admin/builder/spi-builder-workspace/Sources/CImGui/imgui/imgui_tables.cpp:3706:28: note: in instantiation of member function 'ImVector<ImGuiOldColumns>::push_back' requested here
3706 | window->ColumnsStorage.push_back(ImGuiOldColumns());
| ^
In file included from /Users/admin/builder/spi-builder-workspace/Sources/CImGui/imgui/imgui_tables.cpp:190:
/Users/admin/builder/spi-builder-workspace/Sources/CImGui/imgui/imgui.h:1678:127: note: explicitly cast the pointer to silence this warning
1678 | inline void push_back(const T& v) { if (Size == Capacity) reserve(_grow_capacity(Size + 1)); memcpy(&Data[Size], &v, sizeof(v)); Size++; }
| ^
| (void*)
/Users/admin/builder/spi-builder-workspace/Sources/CImGui/imgui/imgui.h:1675:182: warning: first argument in call to 'memcpy' is a pointer to non-trivially copyable type 'ImGuiOldColumns' [-Wnontrivial-memcall]
1675 | inline void reserve(int new_capacity) { if (new_capacity <= Capacity) return; T* new_data = (T*)IM_ALLOC((size_t)new_capacity * sizeof(T)); if (Data) { memcpy(new_data, Data, (size_t)Size * sizeof(T)); IM_FREE(Data); } Data = new_data; Capacity = new_capacity; }
| ^
/Users/admin/builder/spi-builder-workspace/Sources/CImGui/imgui/imgui.h:1678:85: note: in instantiation of member function 'ImVector<ImGuiOldColumns>::reserve' requested here
1678 | inline void push_back(const T& v) { if (Size == Capacity) reserve(_grow_capacity(Size + 1)); memcpy(&Data[Size], &v, sizeof(v)); Size++; }
| ^
/Users/admin/builder/spi-builder-workspace/Sources/CImGui/imgui/imgui_tables.cpp:3706:28: note: in instantiation of member function 'ImVector<ImGuiOldColumns>::push_back' requested here
3706 | window->ColumnsStorage.push_back(ImGuiOldColumns());
| ^
In file included from /Users/admin/builder/spi-builder-workspace/Sources/CImGui/imgui/imgui_tables.cpp:190:
/Users/admin/builder/spi-builder-workspace/Sources/CImGui/imgui/imgui.h:1675:182: note: explicitly cast the pointer to silence this warning
1675 | inline void reserve(int new_capacity) { if (new_capacity <= Capacity) return; T* new_data = (T*)IM_ALLOC((size_t)new_capacity * sizeof(T)); if (Data) { memcpy(new_data, Data, (size_t)Size * sizeof(T)); IM_FREE(Data); } Data = new_data; Capacity = new_capacity; }
| ^
| (void*)
14 warnings generated.
CompileC /Users/admin/builder/spi-builder-workspace/.derivedData/Build/Intermediates.noindex/ImGui.build/Debug-watchos/CImGui-t.build/Objects-normal/arm64/imgui_draw.o /Users/admin/builder/spi-builder-workspace/Sources/CImGui/imgui/imgui_draw.cpp normal arm64 c++ com.apple.compilers.llvm.clang.1_0.compiler (in target 'CImGui' from project 'ImGui')
cd /Users/admin/builder/spi-builder-workspace/.swiftpm/xcode
Using response file: /Users/admin/builder/spi-builder-workspace/.derivedData/Build/Intermediates.noindex/ImGui.build/Debug-watchos/CImGui-t.build/Objects-normal/arm64/82b82416624d2658e5098eb0a28c15c5-common-args.resp
/Applications/Xcode-27.0.0-Release.Candidate.app/Contents/Developer/Toolchains/XcodeDefault.xctoolchain/usr/bin/clang -x c++ -ivfsstatcache /Users/admin/builder/spi-builder-workspace/.derivedData/SDKStatCaches.noindex/watchos27.0-24R360-e829b21a6f8c9b70876ba0858053c04477534ef55a1706bf4c1112bbb242f0a2.sdkstatcache -target arm64-apple-watchos9.0 -fmessage-length\=0 -fdiagnostics-show-note-include-stack -fmacro-backtrace-limit\=0 -fno-color-diagnostics -fmodules-prune-interval\=86400 -fmodules-prune-after\=345600 -fbuild-session-file\=/Users/admin/builder/spi-builder-workspace/.derivedData/ModuleCache.noindex/Session.modulevalidation -fmodules-validate-once-per-build-session -Wnon-modular-include-in-framework-module -Werror\=non-modular-include-in-framework-module -Wno-trigraphs -Wno-missing-field-initializers -Wno-missing-prototypes -Wno-return-type -Wno-non-virtual-dtor -Wno-overloaded-virtual -Wno-exit-time-destructors -Wno-missing-braces -Wparentheses -Wswitch -Wno-unused-function -Wno-unused-label -Wno-unused-parameter -Wno-unused-variable -Wunused-value -Wno-empty-body -Wno-uninitialized -Wno-unknown-pragmas -Wno-shadow -Wno-four-char-constants -Wno-conversion -Wno-constant-conversion -Wno-int-conversion -Wno-bool-conversion -Wno-enum-conversion -Wno-float-conversion -Wno-non-literal-null-conversion -Wno-objc-literal-conversion -Wshorten-64-to-32 -Wno-newline-eof -Wno-c++11-extensions -Wno-implicit-fallthrough -isysroot /Applications/Xcode-27.0.0-Release.Candidate.app/Contents/Developer/Platforms/WatchOS.platform/Developer/SDKs/WatchOS27.0.sdk -fstrict-aliasing -Wdeprecated-declarations -Winvalid-offsetof -Wno-sign-conversion -Wno-infinite-recursion -Wno-move -Wno-comma -Wno-block-capture-autoreleasing -Wno-strict-prototypes -Wno-range-loop-analysis -Wno-semicolon-before-method-body -index-store-path /Users/admin/builder/spi-builder-workspace/.derivedData/Index.noindex/DataStore @/Users/admin/builder/spi-builder-workspace/.derivedData/Build/Intermediates.noindex/ImGui.build/Debug-watchos/CImGui-t.build/Objects-normal/arm64/82b82416624d2658e5098eb0a28c15c5-common-args.resp -MMD -MT dependencies -MF /Users/admin/builder/spi-builder-workspace/.derivedData/Build/Intermediates.noindex/ImGui.build/Debug-watchos/CImGui-t.build/Objects-normal/arm64/imgui_draw.d --serialize-diagnostics /Users/admin/builder/spi-builder-workspace/.derivedData/Build/Intermediates.noindex/ImGui.build/Debug-watchos/CImGui-t.build/Objects-normal/arm64/imgui_draw.dia -c /Users/admin/builder/spi-builder-workspace/Sources/CImGui/imgui/imgui_draw.cpp -o /Users/admin/builder/spi-builder-workspace/.derivedData/Build/Intermediates.noindex/ImGui.build/Debug-watchos/CImGui-t.build/Objects-normal/arm64/imgui_draw.o -index-unit-output-path /ImGui.build/Debug-watchos/CImGui-t.build/Objects-normal/arm64/imgui_draw.o
In file included from /Users/admin/builder/spi-builder-workspace/Sources/CImGui/imgui/imgui_draw.cpp:29:
/Users/admin/builder/spi-builder-workspace/Sources/CImGui/imgui/imgui.h:2140:83: warning: first argument in call to 'memset' is a pointer to non-trivially copyable type 'ImGuiListClipper' [-Wnontrivial-memcall]
2140 | inline ImGuiListClipper(int items_count, float items_height = -1.0f) { memset(this, 0, sizeof(*this)); ItemsCount = -1; Begin(items_count, items_height); } // [removed in 1.79]
| ^
/Users/admin/builder/spi-builder-workspace/Sources/CImGui/imgui/imgui.h:2140:83: note: explicitly cast the pointer to silence this warning
2140 | inline ImGuiListClipper(int items_count, float items_height = -1.0f) { memset(this, 0, sizeof(*this)); ItemsCount = -1; Begin(items_count, items_height); } // [removed in 1.79]
| ^
| (void*)
/Users/admin/builder/spi-builder-workspace/Sources/CImGui/imgui/imgui.h:2276:43: warning: first argument in call to 'memset' is a pointer to non-trivially copyable type 'ImDrawListSplitter' [-Wnontrivial-memcall]
2276 | inline ImDrawListSplitter() { memset(this, 0, sizeof(*this)); }
| ^
/Users/admin/builder/spi-builder-workspace/Sources/CImGui/imgui/imgui.h:2276:43: note: explicitly cast the pointer to silence this warning
2276 | inline ImDrawListSplitter() { memset(this, 0, sizeof(*this)); }
| ^
| (void*)
/Users/admin/builder/spi-builder-workspace/Sources/CImGui/imgui/imgui.h:2347:66: warning: first argument in call to 'memset' is a pointer to non-trivially copyable type 'ImDrawList' [-Wnontrivial-memcall]
2347 | ImDrawList(const ImDrawListSharedData* shared_data) { memset(this, 0, sizeof(*this)); _Data = shared_data; }
| ^
/Users/admin/builder/spi-builder-workspace/Sources/CImGui/imgui/imgui.h:2347:66: note: explicitly cast the pointer to silence this warning
2347 | ImDrawList(const ImDrawListSharedData* shared_data) { memset(this, 0, sizeof(*this)); _Data = shared_data; }
| ^
| (void*)
In file included from /Users/admin/builder/spi-builder-workspace/Sources/CImGui/imgui/imgui_draw.cpp:36:
/Users/admin/builder/spi-builder-workspace/Sources/CImGui/imgui/imgui_internal.h:983:54: warning: first argument in call to 'memset' is a pointer to non-trivially copyable type 'ImGuiInputTextState' [-Wnontrivial-memcall]
983 | ImGuiInputTextState() { memset(this, 0, sizeof(*this)); }
| ^
/Users/admin/builder/spi-builder-workspace/Sources/CImGui/imgui/imgui_internal.h:983:54: note: explicitly cast the pointer to silence this warning
983 | ImGuiInputTextState() { memset(this, 0, sizeof(*this)); }
| ^
| (void*)
/Users/admin/builder/spi-builder-workspace/Sources/CImGui/imgui/imgui_internal.h:1149:34: warning: first argument in call to 'memset' is a pointer to non-trivially copyable type 'ImGuiOldColumns' [-Wnontrivial-memcall]
1149 | ImGuiOldColumns() { memset(this, 0, sizeof(*this)); }
| ^
/Users/admin/builder/spi-builder-workspace/Sources/CImGui/imgui/imgui_internal.h:1149:34: note: explicitly cast the pointer to silence this warning
1149 | ImGuiOldColumns() { memset(this, 0, sizeof(*this)); }
| ^
| (void*)
/Users/admin/builder/spi-builder-workspace/Sources/CImGui/imgui/imgui_internal.h:2143:42: warning: first argument in call to 'memset' is a pointer to non-trivially copyable type 'ImGuiTable' [-Wnontrivial-memcall]
2143 | IMGUI_API ImGuiTable() { memset(this, 0, sizeof(*this)); LastFrameActive = -1; }
| ^
/Users/admin/builder/spi-builder-workspace/Sources/CImGui/imgui/imgui_internal.h:2143:42: note: explicitly cast the pointer to silence this warning
2143 | IMGUI_API ImGuiTable() { memset(this, 0, sizeof(*this)); LastFrameActive = -1; }
| ^
| (void*)
/Users/admin/builder/spi-builder-workspace/Sources/CImGui/imgui/imgui_draw.cpp:1644:20: warning: first argument in call to 'memset' is a pointer to non-trivially copyable type 'ImDrawChannel' [-Wnontrivial-memcall]
1644 | memset(&_Channels[i], 0, sizeof(_Channels[i])); // Current channel is a copy of CmdBuffer/IdxBuffer, don't destruct again
| ^
/Users/admin/builder/spi-builder-workspace/Sources/CImGui/imgui/imgui_draw.cpp:1644:20: note: explicitly cast the pointer to silence this warning
1644 | memset(&_Channels[i], 0, sizeof(_Channels[i])); // Current channel is a copy of CmdBuffer/IdxBuffer, don't destruct again
| ^
| (void*)
/Users/admin/builder/spi-builder-workspace/Sources/CImGui/imgui/imgui_draw.cpp:1668:12: warning: first argument in call to 'memset' is a pointer to non-trivially copyable type 'ImDrawChannel' [-Wnontrivial-memcall]
1668 | memset(&_Channels[0], 0, sizeof(ImDrawChannel));
| ^
/Users/admin/builder/spi-builder-workspace/Sources/CImGui/imgui/imgui_draw.cpp:1668:12: note: explicitly cast the pointer to silence this warning
1668 | memset(&_Channels[0], 0, sizeof(ImDrawChannel));
| ^
| (void*)
/Users/admin/builder/spi-builder-workspace/Sources/CImGui/imgui/imgui_draw.cpp:1761:12: warning: first argument in call to 'memcpy' is a pointer to non-trivially copyable type 'ImVector<ImDrawCmd>' [-Wnontrivial-memcall]
1761 | memcpy(&_Channels.Data[_Current]._CmdBuffer, &draw_list->CmdBuffer, sizeof(draw_list->CmdBuffer));
| ^
/Users/admin/builder/spi-builder-workspace/Sources/CImGui/imgui/imgui_draw.cpp:1761:12: note: explicitly cast the pointer to silence this warning
1761 | memcpy(&_Channels.Data[_Current]._CmdBuffer, &draw_list->CmdBuffer, sizeof(draw_list->CmdBuffer));
| ^
| (void*)
/Users/admin/builder/spi-builder-workspace/Sources/CImGui/imgui/imgui_draw.cpp:1762:12: warning: first argument in call to 'memcpy' is a pointer to non-trivially copyable type 'ImVector<ImDrawIdx>' (aka 'ImVector<unsigned short>') [-Wnontrivial-memcall]
1762 | memcpy(&_Channels.Data[_Current]._IdxBuffer, &draw_list->IdxBuffer, sizeof(draw_list->IdxBuffer));
| ^
/Users/admin/builder/spi-builder-workspace/Sources/CImGui/imgui/imgui_draw.cpp:1762:12: note: explicitly cast the pointer to silence this warning
1762 | memcpy(&_Channels.Data[_Current]._IdxBuffer, &draw_list->IdxBuffer, sizeof(draw_list->IdxBuffer));
| ^
| (void*)
/Users/admin/builder/spi-builder-workspace/Sources/CImGui/imgui/imgui_draw.cpp:1764:12: warning: first argument in call to 'memcpy' is a pointer to non-trivially copyable type 'ImVector<ImDrawCmd>' [-Wnontrivial-memcall]
1764 | memcpy(&draw_list->CmdBuffer, &_Channels.Data[idx]._CmdBuffer, sizeof(draw_list->CmdBuffer));
| ^
/Users/admin/builder/spi-builder-workspace/Sources/CImGui/imgui/imgui_draw.cpp:1764:12: note: explicitly cast the pointer to silence this warning
1764 | memcpy(&draw_list->CmdBuffer, &_Channels.Data[idx]._CmdBuffer, sizeof(draw_list->CmdBuffer));
| ^
| (void*)
/Users/admin/builder/spi-builder-workspace/Sources/CImGui/imgui/imgui_draw.cpp:1765:12: warning: first argument in call to 'memcpy' is a pointer to non-trivially copyable type 'ImVector<ImDrawIdx>' (aka 'ImVector<unsigned short>') [-Wnontrivial-memcall]
1765 | memcpy(&draw_list->IdxBuffer, &_Channels.Data[idx]._IdxBuffer, sizeof(draw_list->IdxBuffer));
| ^
/Users/admin/builder/spi-builder-workspace/Sources/CImGui/imgui/imgui_draw.cpp:1765:12: note: explicitly cast the pointer to silence this warning
1765 | memcpy(&draw_list->IdxBuffer, &_Channels.Data[idx]._IdxBuffer, sizeof(draw_list->IdxBuffer));
| ^
| (void*)
/Users/admin/builder/spi-builder-workspace/Sources/CImGui/imgui/imgui_draw.cpp:1939:12: warning: first argument in call to 'memset' is a pointer to non-trivially copyable type 'ImFontAtlas' [-Wnontrivial-memcall]
1939 | memset(this, 0, sizeof(*this));
| ^
/Users/admin/builder/spi-builder-workspace/Sources/CImGui/imgui/imgui_draw.cpp:1939:12: note: explicitly cast the pointer to silence this warning
1939 | memset(this, 0, sizeof(*this));
| ^
| (void*)
/Users/admin/builder/spi-builder-workspace/Sources/CImGui/imgui/imgui_draw.cpp:2322:26: warning: first argument in call to 'memset' is a pointer to non-trivially copyable type 'ImFontBuildSrcData' [-Wnontrivial-memcall]
2322 | memset(src_tmp_array.Data, 0, (size_t)src_tmp_array.size_in_bytes());
| ^
/Users/admin/builder/spi-builder-workspace/Sources/CImGui/imgui/imgui_draw.cpp:2322:26: note: explicitly cast the pointer to silence this warning
2322 | memset(src_tmp_array.Data, 0, (size_t)src_tmp_array.size_in_bytes());
| ^
| (void*)
/Users/admin/builder/spi-builder-workspace/Sources/CImGui/imgui/imgui_draw.cpp:2323:26: warning: first argument in call to 'memset' is a pointer to non-trivially copyable type 'ImFontBuildDstData' [-Wnontrivial-memcall]
2323 | memset(dst_tmp_array.Data, 0, (size_t)dst_tmp_array.size_in_bytes());
| ^
/Users/admin/builder/spi-builder-workspace/Sources/CImGui/imgui/imgui_draw.cpp:2323:26: note: explicitly cast the pointer to silence this warning
2323 | memset(dst_tmp_array.Data, 0, (size_t)dst_tmp_array.size_in_bytes());
| ^
| (void*)
In file included from /Users/admin/builder/spi-builder-workspace/Sources/CImGui/imgui/imgui_draw.cpp:29:
/Users/admin/builder/spi-builder-workspace/Sources/CImGui/imgui/imgui.h:1675:182: warning: first argument in call to 'memcpy' is a pointer to non-trivially copyable type 'ImDrawChannel' [-Wnontrivial-memcall]
1675 | inline void reserve(int new_capacity) { if (new_capacity <= Capacity) return; T* new_data = (T*)IM_ALLOC((size_t)new_capacity * sizeof(T)); if (Data) { memcpy(new_data, Data, (size_t)Size * sizeof(T)); IM_FREE(Data); } Data = new_data; Capacity = new_capacity; }
| ^
/Users/admin/builder/spi-builder-workspace/Sources/CImGui/imgui/imgui_draw.cpp:1660:19: note: in instantiation of member function 'ImVector<ImDrawChannel>::reserve' requested here
1660 | _Channels.reserve(channels_count); // Avoid over reserving since this is likely to stay stable
| ^
In file included from /Users/admin/builder/spi-builder-workspace/Sources/CImGui/imgui/imgui_draw.cpp:29:
/Users/admin/builder/spi-builder-workspace/Sources/CImGui/imgui/imgui.h:1675:182: note: explicitly cast the pointer to silence this warning
1675 | inline void reserve(int new_capacity) { if (new_capacity <= Capacity) return; T* new_data = (T*)IM_ALLOC((size_t)new_capacity * sizeof(T)); if (Data) { memcpy(new_data, Data, (size_t)Size * sizeof(T)); IM_FREE(Data); } Data = new_data; Capacity = new_capacity; }
| ^
| (void*)
/Users/admin/builder/spi-builder-workspace/Sources/CImGui/imgui/imgui.h:1675:182: warning: first argument in call to 'memcpy' is a pointer to non-trivially copyable type 'ImFontBuildSrcData' [-Wnontrivial-memcall]
1675 | inline void reserve(int new_capacity) { if (new_capacity <= Capacity) return; T* new_data = (T*)IM_ALLOC((size_t)new_capacity * sizeof(T)); if (Data) { memcpy(new_data, Data, (size_t)Size * sizeof(T)); IM_FREE(Data); } Data = new_data; Capacity = new_capacity; }
| ^
/Users/admin/builder/spi-builder-workspace/Sources/CImGui/imgui/imgui.h:1672:88: note: in instantiation of member function 'ImVector<ImFontBuildSrcData>::reserve' requested here
1672 | inline void resize(int new_size) { if (new_size > Capacity) reserve(_grow_capacity(new_size)); Size = new_size; }
| ^
/Users/admin/builder/spi-builder-workspace/Sources/CImGui/imgui/imgui_draw.cpp:2320:19: note: in instantiation of member function 'ImVector<ImFontBuildSrcData>::resize' requested here
2320 | src_tmp_array.resize(atlas->ConfigData.Size);
| ^
In file included from /Users/admin/builder/spi-builder-workspace/Sources/CImGui/imgui/imgui_draw.cpp:29:
/Users/admin/builder/spi-builder-workspace/Sources/CImGui/imgui/imgui.h:1675:182: note: explicitly cast the pointer to silence this warning
1675 | inline void reserve(int new_capacity) { if (new_capacity <= Capacity) return; T* new_data = (T*)IM_ALLOC((size_t)new_capacity * sizeof(T)); if (Data) { memcpy(new_data, Data, (size_t)Size * sizeof(T)); IM_FREE(Data); } Data = new_data; Capacity = new_capacity; }
| ^
| (void*)
/Users/admin/builder/spi-builder-workspace/Sources/CImGui/imgui/imgui.h:1675:182: warning: first argument in call to 'memcpy' is a pointer to non-trivially copyable type 'ImFontBuildDstData' [-Wnontrivial-memcall]
1675 | inline void reserve(int new_capacity) { if (new_capacity <= Capacity) return; T* new_data = (T*)IM_ALLOC((size_t)new_capacity * sizeof(T)); if (Data) { memcpy(new_data, Data, (size_t)Size * sizeof(T)); IM_FREE(Data); } Data = new_data; Capacity = new_capacity; }
| ^
/Users/admin/builder/spi-builder-workspace/Sources/CImGui/imgui/imgui.h:1672:88: note: in instantiation of member function 'ImVector<ImFontBuildDstData>::reserve' requested here
1672 | inline void resize(int new_size) { if (new_size > Capacity) reserve(_grow_capacity(new_size)); Size = new_size; }
| ^
/Users/admin/builder/spi-builder-workspace/Sources/CImGui/imgui/imgui_draw.cpp:2321:19: note: in instantiation of member function 'ImVector<ImFontBuildDstData>::resize' requested here
2321 | dst_tmp_array.resize(atlas->Fonts.Size);
| ^
In file included from /Users/admin/builder/spi-builder-workspace/Sources/CImGui/imgui/imgui_draw.cpp:29:
/Users/admin/builder/spi-builder-workspace/Sources/CImGui/imgui/imgui.h:1675:182: note: explicitly cast the pointer to silence this warning
1675 | inline void reserve(int new_capacity) { if (new_capacity <= Capacity) return; T* new_data = (T*)IM_ALLOC((size_t)new_capacity * sizeof(T)); if (Data) { memcpy(new_data, Data, (size_t)Size * sizeof(T)); IM_FREE(Data); } Data = new_data; Capacity = new_capacity; }
| ^
| (void*)
18 warnings generated.
CompileC /Users/admin/builder/spi-builder-workspace/.derivedData/Build/Intermediates.noindex/ImGui.build/Debug-watchos/CImGui-t.build/Objects-normal/arm64/imgui_demo.o /Users/admin/builder/spi-builder-workspace/Sources/CImGui/imgui/imgui_demo.cpp normal arm64 c++ com.apple.compilers.llvm.clang.1_0.compiler (in target 'CImGui' from project 'ImGui')
cd /Users/admin/builder/spi-builder-workspace/.swiftpm/xcode
Using response file: /Users/admin/builder/spi-builder-workspace/.derivedData/Build/Intermediates.noindex/ImGui.build/Debug-watchos/CImGui-t.build/Objects-normal/arm64/82b82416624d2658e5098eb0a28c15c5-common-args.resp
/Applications/Xcode-27.0.0-Release.Candidate.app/Contents/Developer/Toolchains/XcodeDefault.xctoolchain/usr/bin/clang -x c++ -ivfsstatcache /Users/admin/builder/spi-builder-workspace/.derivedData/SDKStatCaches.noindex/watchos27.0-24R360-e829b21a6f8c9b70876ba0858053c04477534ef55a1706bf4c1112bbb242f0a2.sdkstatcache -target arm64-apple-watchos9.0 -fmessage-length\=0 -fdiagnostics-show-note-include-stack -fmacro-backtrace-limit\=0 -fno-color-diagnostics -fmodules-prune-interval\=86400 -fmodules-prune-after\=345600 -fbuild-session-file\=/Users/admin/builder/spi-builder-workspace/.derivedData/ModuleCache.noindex/Session.modulevalidation -fmodules-validate-once-per-build-session -Wnon-modular-include-in-framework-module -Werror\=non-modular-include-in-framework-module -Wno-trigraphs -Wno-missing-field-initializers -Wno-missing-prototypes -Wno-return-type -Wno-non-virtual-dtor -Wno-overloaded-virtual -Wno-exit-time-destructors -Wno-missing-braces -Wparentheses -Wswitch -Wno-unused-function -Wno-unused-label -Wno-unused-parameter -Wno-unused-variable -Wunused-value -Wno-empty-body -Wno-uninitialized -Wno-unknown-pragmas -Wno-shadow -Wno-four-char-constants -Wno-conversion -Wno-constant-conversion -Wno-int-conversion -Wno-bool-conversion -Wno-enum-conversion -Wno-float-conversion -Wno-non-literal-null-conversion -Wno-objc-literal-conversion -Wshorten-64-to-32 -Wno-newline-eof -Wno-c++11-extensions -Wno-implicit-fallthrough -isysroot /Applications/Xcode-27.0.0-Release.Candidate.app/Contents/Developer/Platforms/WatchOS.platform/Developer/SDKs/WatchOS27.0.sdk -fstrict-aliasing -Wdeprecated-declarations -Winvalid-offsetof -Wno-sign-conversion -Wno-infinite-recursion -Wno-move -Wno-comma -Wno-block-capture-autoreleasing -Wno-strict-prototypes -Wno-range-loop-analysis -Wno-semicolon-before-method-body -index-store-path /Users/admin/builder/spi-builder-workspace/.derivedData/Index.noindex/DataStore @/Users/admin/builder/spi-builder-workspace/.derivedData/Build/Intermediates.noindex/ImGui.build/Debug-watchos/CImGui-t.build/Objects-normal/arm64/82b82416624d2658e5098eb0a28c15c5-common-args.resp -MMD -MT dependencies -MF /Users/admin/builder/spi-builder-workspace/.derivedData/Build/Intermediates.noindex/ImGui.build/Debug-watchos/CImGui-t.build/Objects-normal/arm64/imgui_demo.d --serialize-diagnostics /Users/admin/builder/spi-builder-workspace/.derivedData/Build/Intermediates.noindex/ImGui.build/Debug-watchos/CImGui-t.build/Objects-normal/arm64/imgui_demo.dia -c /Users/admin/builder/spi-builder-workspace/Sources/CImGui/imgui/imgui_demo.cpp -o /Users/admin/builder/spi-builder-workspace/.derivedData/Build/Intermediates.noindex/ImGui.build/Debug-watchos/CImGui-t.build/Objects-normal/arm64/imgui_demo.o -index-unit-output-path /ImGui.build/Debug-watchos/CImGui-t.build/Objects-normal/arm64/imgui_demo.o
In file included from /Users/admin/builder/spi-builder-workspace/Sources/CImGui/imgui/imgui_demo.cpp:78:
/Users/admin/builder/spi-builder-workspace/Sources/CImGui/imgui/imgui.h:2140:83: warning: first argument in call to 'memset' is a pointer to non-trivially copyable type 'ImGuiListClipper' [-Wnontrivial-memcall]
2140 | inline ImGuiListClipper(int items_count, float items_height = -1.0f) { memset(this, 0, sizeof(*this)); ItemsCount = -1; Begin(items_count, items_height); } // [removed in 1.79]
| ^
/Users/admin/builder/spi-builder-workspace/Sources/CImGui/imgui/imgui.h:2140:83: note: explicitly cast the pointer to silence this warning
2140 | inline ImGuiListClipper(int items_count, float items_height = -1.0f) { memset(this, 0, sizeof(*this)); ItemsCount = -1; Begin(items_count, items_height); } // [removed in 1.79]
| ^
| (void*)
/Users/admin/builder/spi-builder-workspace/Sources/CImGui/imgui/imgui.h:2276:43: warning: first argument in call to 'memset' is a pointer to non-trivially copyable type 'ImDrawListSplitter' [-Wnontrivial-memcall]
2276 | inline ImDrawListSplitter() { memset(this, 0, sizeof(*this)); }
| ^
/Users/admin/builder/spi-builder-workspace/Sources/CImGui/imgui/imgui.h:2276:43: note: explicitly cast the pointer to silence this warning
2276 | inline ImDrawListSplitter() { memset(this, 0, sizeof(*this)); }
| ^
| (void*)
/Users/admin/builder/spi-builder-workspace/Sources/CImGui/imgui/imgui.h:2347:66: warning: first argument in call to 'memset' is a pointer to non-trivially copyable type 'ImDrawList' [-Wnontrivial-memcall]
2347 | ImDrawList(const ImDrawListSharedData* shared_data) { memset(this, 0, sizeof(*this)); _Data = shared_data; }
| ^
/Users/admin/builder/spi-builder-workspace/Sources/CImGui/imgui/imgui.h:2347:66: note: explicitly cast the pointer to silence this warning
2347 | ImDrawList(const ImDrawListSharedData* shared_data) { memset(this, 0, sizeof(*this)); _Data = shared_data; }
| ^
| (void*)
3 warnings generated.
SwiftDriver ImGui normal arm64 com.apple.xcode.tools.swift.compiler (in target 'ImGui' from project 'ImGui')
cd /Users/admin/builder/spi-builder-workspace/.swiftpm/xcode
builtin-SwiftDriver -- /Applications/Xcode-27.0.0-Release.Candidate.app/Contents/Developer/Toolchains/XcodeDefault.xctoolchain/usr/bin/swiftc -parse-as-library -module-name ImGui -Onone @/Users/admin/builder/spi-builder-workspace/.derivedData/Build/Intermediates.noindex/ImGui.build/Debug-watchos/ImGui-t.build/Objects-normal/arm64/ImGui.SwiftFileList -DSWIFT_PACKAGE -DDEBUG -DSWIFT_MODULE_RESOURCE_BUNDLE_UNAVAILABLE -Xcc -fmodule-map-file\=/Users/admin/builder/spi-builder-workspace/.derivedData/Build/Intermediates.noindex/GeneratedModuleMaps-watchos/CImGui.modulemap -DXcode -plugin-path /Applications/Xcode-27.0.0-Release.Candidate.app/Contents/Developer/Toolchains/XcodeDefault.xctoolchain/usr/lib/swift/host/plugins/testing -enable-experimental-feature DebugDescriptionMacro -sdk /Applications/Xcode-27.0.0-Release.Candidate.app/Contents/Developer/Platforms/WatchOS.platform/Developer/SDKs/WatchOS27.0.sdk -target arm64-apple-watchos9.0 -g -module-cache-path /Users/admin/builder/spi-builder-workspace/.derivedData/ModuleCache.noindex -Xfrontend -serialize-debugging-options -profile-coverage-mapping -profile-generate -enable-testing -index-store-path /Users/admin/builder/spi-builder-workspace/.derivedData/Index.noindex/DataStore -Xcc -D_LIBCPP_HARDENING_MODE\=_LIBCPP_HARDENING_MODE_DEBUG -swift-version 5 -I /Users/admin/builder/spi-builder-workspace/.derivedData/Build/Products/Debug-watchos -Isystem /Applications/Xcode-27.0.0-Release.Candidate.app/Contents/Developer/Platforms/WatchOS.platform/Developer/usr/lib -F /Users/admin/builder/spi-builder-workspace/.derivedData/Build/Products/Debug-watchos/PackageFrameworks -F /Users/admin/builder/spi-builder-workspace/.derivedData/Build/Products/Debug-watchos -F /Applications/Xcode-27.0.0-Release.Candidate.app/Contents/Developer/Platforms/WatchOS.platform/Developer/Library/Frameworks -F /Applications/Xcode-27.0.0-Release.Candidate.app/Contents/Developer/Platforms/WatchOS.platform/Developer/SDKs/WatchOS27.0.sdk/Developer/Library/Frameworks -c -j10 -enable-batch-mode -incremental -Xcc -ivfsstatcache -Xcc /Users/admin/builder/spi-builder-workspace/.derivedData/SDKStatCaches.noindex/watchos27.0-24R360-e829b21a6f8c9b70876ba0858053c04477534ef55a1706bf4c1112bbb242f0a2.sdkstatcache -output-file-map /Users/admin/builder/spi-builder-workspace/.derivedData/Build/Intermediates.noindex/ImGui.build/Debug-watchos/ImGui-t.build/Objects-normal/arm64/ImGui-OutputFileMap.json -save-temps -no-color-diagnostics -explicit-module-build -module-cache-path /Users/admin/builder/spi-builder-workspace/.derivedData/Build/Intermediates.noindex/SwiftExplicitPrecompiledModules -clang-scanner-module-cache-path /Users/admin/builder/spi-builder-workspace/.derivedData/ModuleCache.noindex -sdk-module-cache-path /Users/admin/builder/spi-builder-workspace/.derivedData/SDKExplicitPrecompiledModules -emit-dependencies -emit-module -emit-module-path /Users/admin/builder/spi-builder-workspace/.derivedData/Build/Intermediates.noindex/ImGui.build/Debug-watchos/ImGui-t.build/Objects-normal/arm64/ImGui.swiftmodule -serialize-diagnostics -dependency-scan-serialize-diagnostics-path /Users/admin/builder/spi-builder-workspace/.derivedData/Build/Intermediates.noindex/ImGui.build/Debug-watchos/ImGui-t.build/Objects-normal/arm64/ImGui-dependency-scan.dia -validate-clang-modules-once -clang-build-session-file /Users/admin/builder/spi-builder-workspace/.derivedData/ModuleCache.noindex/Session.modulevalidation -Xcc -fmodules-prune-interval\=86400 -Xcc -fmodules-prune-after\=345600 -emit-const-values -const-gather-protocols-list /Users/admin/builder/spi-builder-workspace/.derivedData/Build/Intermediates.noindex/ImGui.build/Debug-watchos/ImGui-t.build/Objects-normal/arm64/ImGui_const_extract_protocols.json -Xcc -I/Users/admin/builder/spi-builder-workspace/Sources/CImGui/include -Xcc -I/Users/admin/builder/spi-builder-workspace/.derivedData/Build/Products/Debug-watchos/include -Xcc -I/Users/admin/builder/spi-builder-workspace/.derivedData/Build/Intermediates.noindex/ImGui.build/Debug-watchos/ImGui-t.build/DerivedSources-normal/arm64 -Xcc -I/Users/admin/builder/spi-builder-workspace/.derivedData/Build/Intermediates.noindex/ImGui.build/Debug-watchos/ImGui-t.build/DerivedSources/arm64 -Xcc -I/Users/admin/builder/spi-builder-workspace/.derivedData/Build/Intermediates.noindex/ImGui.build/Debug-watchos/ImGui-t.build/DerivedSources -Xcc -DSWIFT_PACKAGE -Xcc -DDEBUG\=1 -emit-objc-header -emit-objc-header-path /Users/admin/builder/spi-builder-workspace/.derivedData/Build/Intermediates.noindex/ImGui.build/Debug-watchos/ImGui-t.build/Objects-normal/arm64/ImGui-Swift.h -working-directory /Users/admin/builder/spi-builder-workspace/.swiftpm/xcode -experimental-emit-module-separately -disable-cmo
SwiftDriver ImGui normal arm64_32 com.apple.xcode.tools.swift.compiler (in target 'ImGui' from project 'ImGui')
cd /Users/admin/builder/spi-builder-workspace/.swiftpm/xcode
builtin-SwiftDriver -- /Applications/Xcode-27.0.0-Release.Candidate.app/Contents/Developer/Toolchains/XcodeDefault.xctoolchain/usr/bin/swiftc -parse-as-library -module-name ImGui -Onone @/Users/admin/builder/spi-builder-workspace/.derivedData/Build/Intermediates.noindex/ImGui.build/Debug-watchos/ImGui-t.build/Objects-normal/arm64_32/ImGui.SwiftFileList -DSWIFT_PACKAGE -DDEBUG -DSWIFT_MODULE_RESOURCE_BUNDLE_UNAVAILABLE -Xcc -fmodule-map-file\=/Users/admin/builder/spi-builder-workspace/.derivedData/Build/Intermediates.noindex/GeneratedModuleMaps-watchos/CImGui.modulemap -DXcode -plugin-path /Applications/Xcode-27.0.0-Release.Candidate.app/Contents/Developer/Toolchains/XcodeDefault.xctoolchain/usr/lib/swift/host/plugins/testing -enable-experimental-feature DebugDescriptionMacro -sdk /Applications/Xcode-27.0.0-Release.Candidate.app/Contents/Developer/Platforms/WatchOS.platform/Developer/SDKs/WatchOS27.0.sdk -target arm64_32-apple-watchos9.0 -g -module-cache-path /Users/admin/builder/spi-builder-workspace/.derivedData/ModuleCache.noindex -Xfrontend -serialize-debugging-options -profile-coverage-mapping -profile-generate -enable-testing -index-store-path /Users/admin/builder/spi-builder-workspace/.derivedData/Index.noindex/DataStore -Xcc -D_LIBCPP_HARDENING_MODE\=_LIBCPP_HARDENING_MODE_DEBUG -swift-version 5 -I /Users/admin/builder/spi-builder-workspace/.derivedData/Build/Products/Debug-watchos -Isystem /Applications/Xcode-27.0.0-Release.Candidate.app/Contents/Developer/Platforms/WatchOS.platform/Developer/usr/lib -F /Users/admin/builder/spi-builder-workspace/.derivedData/Build/Products/Debug-watchos/PackageFrameworks -F /Users/admin/builder/spi-builder-workspace/.derivedData/Build/Products/Debug-watchos -F /Applications/Xcode-27.0.0-Release.Candidate.app/Contents/Developer/Platforms/WatchOS.platform/Developer/Library/Frameworks -F /Applications/Xcode-27.0.0-Release.Candidate.app/Contents/Developer/Platforms/WatchOS.platform/Developer/SDKs/WatchOS27.0.sdk/Developer/Library/Frameworks -c -j10 -enable-batch-mode -incremental -Xcc -ivfsstatcache -Xcc /Users/admin/builder/spi-builder-workspace/.derivedData/SDKStatCaches.noindex/watchos27.0-24R360-e829b21a6f8c9b70876ba0858053c04477534ef55a1706bf4c1112bbb242f0a2.sdkstatcache -output-file-map /Users/admin/builder/spi-builder-workspace/.derivedData/Build/Intermediates.noindex/ImGui.build/Debug-watchos/ImGui-t.build/Objects-normal/arm64_32/ImGui-OutputFileMap.json -save-temps -no-color-diagnostics -explicit-module-build -module-cache-path /Users/admin/builder/spi-builder-workspace/.derivedData/Build/Intermediates.noindex/SwiftExplicitPrecompiledModules -clang-scanner-module-cache-path /Users/admin/builder/spi-builder-workspace/.derivedData/ModuleCache.noindex -sdk-module-cache-path /Users/admin/builder/spi-builder-workspace/.derivedData/SDKExplicitPrecompiledModules -emit-dependencies -emit-module -emit-module-path /Users/admin/builder/spi-builder-workspace/.derivedData/Build/Intermediates.noindex/ImGui.build/Debug-watchos/ImGui-t.build/Objects-normal/arm64_32/ImGui.swiftmodule -serialize-diagnostics -dependency-scan-serialize-diagnostics-path /Users/admin/builder/spi-builder-workspace/.derivedData/Build/Intermediates.noindex/ImGui.build/Debug-watchos/ImGui-t.build/Objects-normal/arm64_32/ImGui-dependency-scan.dia -validate-clang-modules-once -clang-build-session-file /Users/admin/builder/spi-builder-workspace/.derivedData/ModuleCache.noindex/Session.modulevalidation -Xcc -fmodules-prune-interval\=86400 -Xcc -fmodules-prune-after\=345600 -emit-const-values -const-gather-protocols-list /Users/admin/builder/spi-builder-workspace/.derivedData/Build/Intermediates.noindex/ImGui.build/Debug-watchos/ImGui-t.build/Objects-normal/arm64_32/ImGui_const_extract_protocols.json -Xcc -I/Users/admin/builder/spi-builder-workspace/Sources/CImGui/include -Xcc -I/Users/admin/builder/spi-builder-workspace/.derivedData/Build/Products/Debug-watchos/include -Xcc -I/Users/admin/builder/spi-builder-workspace/.derivedData/Build/Intermediates.noindex/ImGui.build/Debug-watchos/ImGui-t.build/DerivedSources-normal/arm64_32 -Xcc -I/Users/admin/builder/spi-builder-workspace/.derivedData/Build/Intermediates.noindex/ImGui.build/Debug-watchos/ImGui-t.build/DerivedSources/arm64_32 -Xcc -I/Users/admin/builder/spi-builder-workspace/.derivedData/Build/Intermediates.noindex/ImGui.build/Debug-watchos/ImGui-t.build/DerivedSources -Xcc -DSWIFT_PACKAGE -Xcc -DDEBUG\=1 -emit-objc-header -emit-objc-header-path /Users/admin/builder/spi-builder-workspace/.derivedData/Build/Intermediates.noindex/ImGui.build/Debug-watchos/ImGui-t.build/Objects-normal/arm64_32/ImGui-Swift.h -working-directory /Users/admin/builder/spi-builder-workspace/.swiftpm/xcode -experimental-emit-module-separately -disable-cmo
SwiftDriver AutoWrapper normal arm64_32 com.apple.xcode.tools.swift.compiler (in target 'AutoWrapper-product' from project 'ImGui')
cd /Users/admin/builder/spi-builder-workspace/.swiftpm/xcode
builtin-SwiftDriver -- /Applications/Xcode-27.0.0-Release.Candidate.app/Contents/Developer/Toolchains/XcodeDefault.xctoolchain/usr/bin/swiftc -module-name AutoWrapper -Onone @/Users/admin/builder/spi-builder-workspace/.derivedData/Build/Intermediates.noindex/ImGui.build/Debug-watchos/AutoWrapper-p.build/Objects-normal/arm64_32/AutoWrapper.SwiftFileList -DSWIFT_PACKAGE -DDEBUG -DSWIFT_MODULE_RESOURCE_BUNDLE_AVAILABLE -DXcode -plugin-path /Applications/Xcode-27.0.0-Release.Candidate.app/Contents/Developer/Toolchains/XcodeDefault.xctoolchain/usr/lib/swift/host/plugins/testing -enable-experimental-feature DebugDescriptionMacro -sdk /Applications/Xcode-27.0.0-Release.Candidate.app/Contents/Developer/Platforms/WatchOS.platform/Developer/SDKs/WatchOS27.0.sdk -target arm64_32-apple-watchos9.0 -g -module-cache-path /Users/admin/builder/spi-builder-workspace/.derivedData/ModuleCache.noindex -Xfrontend -serialize-debugging-options -profile-coverage-mapping -profile-generate -enable-testing -index-store-path /Users/admin/builder/spi-builder-workspace/.derivedData/Index.noindex/DataStore -Xcc -D_LIBCPP_HARDENING_MODE\=_LIBCPP_HARDENING_MODE_DEBUG -swift-version 5 -I /Users/admin/builder/spi-builder-workspace/.derivedData/Build/Products/Debug-watchos -Isystem /Applications/Xcode-27.0.0-Release.Candidate.app/Contents/Developer/Platforms/WatchOS.platform/Developer/usr/lib -F /Users/admin/builder/spi-builder-workspace/.derivedData/Build/Products/Debug-watchos -F /Applications/Xcode-27.0.0-Release.Candidate.app/Contents/Developer/Platforms/WatchOS.platform/Developer/Library/Frameworks -F /Applications/Xcode-27.0.0-Release.Candidate.app/Contents/Developer/Platforms/WatchOS.platform/Developer/SDKs/WatchOS27.0.sdk/Developer/Library/Frameworks -c -j10 -enable-batch-mode -incremental -Xcc -ivfsstatcache -Xcc /Users/admin/builder/spi-builder-workspace/.derivedData/SDKStatCaches.noindex/watchos27.0-24R360-e829b21a6f8c9b70876ba0858053c04477534ef55a1706bf4c1112bbb242f0a2.sdkstatcache -output-file-map /Users/admin/builder/spi-builder-workspace/.derivedData/Build/Intermediates.noindex/ImGui.build/Debug-watchos/AutoWrapper-p.build/Objects-normal/arm64_32/AutoWrapper-OutputFileMap.json -save-temps -no-color-diagnostics -explicit-module-build -module-cache-path /Users/admin/builder/spi-builder-workspace/.derivedData/Build/Intermediates.noindex/SwiftExplicitPrecompiledModules -clang-scanner-module-cache-path /Users/admin/builder/spi-builder-workspace/.derivedData/ModuleCache.noindex -sdk-module-cache-path /Users/admin/builder/spi-builder-workspace/.derivedData/SDKExplicitPrecompiledModules -emit-dependencies -emit-module -emit-module-path /Users/admin/builder/spi-builder-workspace/.derivedData/Build/Intermediates.noindex/ImGui.build/Debug-watchos/AutoWrapper-p.build/Objects-normal/arm64_32/AutoWrapper.swiftmodule -serialize-diagnostics -dependency-scan-serialize-diagnostics-path /Users/admin/builder/spi-builder-workspace/.derivedData/Build/Intermediates.noindex/ImGui.build/Debug-watchos/AutoWrapper-p.build/Objects-normal/arm64_32/AutoWrapper-dependency-scan.dia -validate-clang-modules-once -clang-build-session-file /Users/admin/builder/spi-builder-workspace/.derivedData/ModuleCache.noindex/Session.modulevalidation -Xcc -fmodules-prune-interval\=86400 -Xcc -fmodules-prune-after\=345600 -emit-const-values -const-gather-protocols-list /Users/admin/builder/spi-builder-workspace/.derivedData/Build/Intermediates.noindex/ImGui.build/Debug-watchos/AutoWrapper-p.build/Objects-normal/arm64_32/AutoWrapper_const_extract_protocols.json -Xcc -I/Users/admin/builder/spi-builder-workspace/.derivedData/Build/Products/Debug-watchos/include -Xcc -I/Users/admin/builder/spi-builder-workspace/.derivedData/Build/Intermediates.noindex/ImGui.build/Debug-watchos/AutoWrapper-p.build/DerivedSources-normal/arm64_32 -Xcc -I/Users/admin/builder/spi-builder-workspace/.derivedData/Build/Intermediates.noindex/ImGui.build/Debug-watchos/AutoWrapper-p.build/DerivedSources/arm64_32 -Xcc -I/Users/admin/builder/spi-builder-workspace/.derivedData/Build/Intermediates.noindex/ImGui.build/Debug-watchos/AutoWrapper-p.build/DerivedSources -Xcc -DSWIFT_PACKAGE -Xcc -DDEBUG\=1 -working-directory /Users/admin/builder/spi-builder-workspace/.swiftpm/xcode -experimental-emit-module-separately -disable-cmo
SwiftDriver AutoWrapper normal arm64 com.apple.xcode.tools.swift.compiler (in target 'AutoWrapper-product' from project 'ImGui')
cd /Users/admin/builder/spi-builder-workspace/.swiftpm/xcode
builtin-SwiftDriver -- /Applications/Xcode-27.0.0-Release.Candidate.app/Contents/Developer/Toolchains/XcodeDefault.xctoolchain/usr/bin/swiftc -module-name AutoWrapper -Onone @/Users/admin/builder/spi-builder-workspace/.derivedData/Build/Intermediates.noindex/ImGui.build/Debug-watchos/AutoWrapper-p.build/Objects-normal/arm64/AutoWrapper.SwiftFileList -DSWIFT_PACKAGE -DDEBUG -DSWIFT_MODULE_RESOURCE_BUNDLE_AVAILABLE -DXcode -plugin-path /Applications/Xcode-27.0.0-Release.Candidate.app/Contents/Developer/Toolchains/XcodeDefault.xctoolchain/usr/lib/swift/host/plugins/testing -enable-experimental-feature DebugDescriptionMacro -sdk /Applications/Xcode-27.0.0-Release.Candidate.app/Contents/Developer/Platforms/WatchOS.platform/Developer/SDKs/WatchOS27.0.sdk -target arm64-apple-watchos9.0 -g -module-cache-path /Users/admin/builder/spi-builder-workspace/.derivedData/ModuleCache.noindex -Xfrontend -serialize-debugging-options -profile-coverage-mapping -profile-generate -enable-testing -index-store-path /Users/admin/builder/spi-builder-workspace/.derivedData/Index.noindex/DataStore -Xcc -D_LIBCPP_HARDENING_MODE\=_LIBCPP_HARDENING_MODE_DEBUG -swift-version 5 -I /Users/admin/builder/spi-builder-workspace/.derivedData/Build/Products/Debug-watchos -Isystem /Applications/Xcode-27.0.0-Release.Candidate.app/Contents/Developer/Platforms/WatchOS.platform/Developer/usr/lib -F /Users/admin/builder/spi-builder-workspace/.derivedData/Build/Products/Debug-watchos -F /Applications/Xcode-27.0.0-Release.Candidate.app/Contents/Developer/Platforms/WatchOS.platform/Developer/Library/Frameworks -F /Applications/Xcode-27.0.0-Release.Candidate.app/Contents/Developer/Platforms/WatchOS.platform/Developer/SDKs/WatchOS27.0.sdk/Developer/Library/Frameworks -c -j10 -enable-batch-mode -incremental -Xcc -ivfsstatcache -Xcc /Users/admin/builder/spi-builder-workspace/.derivedData/SDKStatCaches.noindex/watchos27.0-24R360-e829b21a6f8c9b70876ba0858053c04477534ef55a1706bf4c1112bbb242f0a2.sdkstatcache -output-file-map /Users/admin/builder/spi-builder-workspace/.derivedData/Build/Intermediates.noindex/ImGui.build/Debug-watchos/AutoWrapper-p.build/Objects-normal/arm64/AutoWrapper-OutputFileMap.json -save-temps -no-color-diagnostics -explicit-module-build -module-cache-path /Users/admin/builder/spi-builder-workspace/.derivedData/Build/Intermediates.noindex/SwiftExplicitPrecompiledModules -clang-scanner-module-cache-path /Users/admin/builder/spi-builder-workspace/.derivedData/ModuleCache.noindex -sdk-module-cache-path /Users/admin/builder/spi-builder-workspace/.derivedData/SDKExplicitPrecompiledModules -emit-dependencies -emit-module -emit-module-path /Users/admin/builder/spi-builder-workspace/.derivedData/Build/Intermediates.noindex/ImGui.build/Debug-watchos/AutoWrapper-p.build/Objects-normal/arm64/AutoWrapper.swiftmodule -serialize-diagnostics -dependency-scan-serialize-diagnostics-path /Users/admin/builder/spi-builder-workspace/.derivedData/Build/Intermediates.noindex/ImGui.build/Debug-watchos/AutoWrapper-p.build/Objects-normal/arm64/AutoWrapper-dependency-scan.dia -validate-clang-modules-once -clang-build-session-file /Users/admin/builder/spi-builder-workspace/.derivedData/ModuleCache.noindex/Session.modulevalidation -Xcc -fmodules-prune-interval\=86400 -Xcc -fmodules-prune-after\=345600 -emit-const-values -const-gather-protocols-list /Users/admin/builder/spi-builder-workspace/.derivedData/Build/Intermediates.noindex/ImGui.build/Debug-watchos/AutoWrapper-p.build/Objects-normal/arm64/AutoWrapper_const_extract_protocols.json -Xcc -I/Users/admin/builder/spi-builder-workspace/.derivedData/Build/Products/Debug-watchos/include -Xcc -I/Users/admin/builder/spi-builder-workspace/.derivedData/Build/Intermediates.noindex/ImGui.build/Debug-watchos/AutoWrapper-p.build/DerivedSources-normal/arm64 -Xcc -I/Users/admin/builder/spi-builder-workspace/.derivedData/Build/Intermediates.noindex/ImGui.build/Debug-watchos/AutoWrapper-p.build/DerivedSources/arm64 -Xcc -I/Users/admin/builder/spi-builder-workspace/.derivedData/Build/Intermediates.noindex/ImGui.build/Debug-watchos/AutoWrapper-p.build/DerivedSources -Xcc -DSWIFT_PACKAGE -Xcc -DDEBUG\=1 -working-directory /Users/admin/builder/spi-builder-workspace/.swiftpm/xcode -experimental-emit-module-separately -disable-cmo
CompileC /Users/admin/builder/spi-builder-workspace/.derivedData/Build/Intermediates.noindex/ImGui.build/Debug-watchos/CImGui-t.build/Objects-normal/arm64/imgui.o /Users/admin/builder/spi-builder-workspace/Sources/CImGui/imgui/imgui.cpp normal arm64 c++ com.apple.compilers.llvm.clang.1_0.compiler (in target 'CImGui' from project 'ImGui')
cd /Users/admin/builder/spi-builder-workspace/.swiftpm/xcode
Using response file: /Users/admin/builder/spi-builder-workspace/.derivedData/Build/Intermediates.noindex/ImGui.build/Debug-watchos/CImGui-t.build/Objects-normal/arm64/82b82416624d2658e5098eb0a28c15c5-common-args.resp
/Applications/Xcode-27.0.0-Release.Candidate.app/Contents/Developer/Toolchains/XcodeDefault.xctoolchain/usr/bin/clang -x c++ -ivfsstatcache /Users/admin/builder/spi-builder-workspace/.derivedData/SDKStatCaches.noindex/watchos27.0-24R360-e829b21a6f8c9b70876ba0858053c04477534ef55a1706bf4c1112bbb242f0a2.sdkstatcache -target arm64-apple-watchos9.0 -fmessage-length\=0 -fdiagnostics-show-note-include-stack -fmacro-backtrace-limit\=0 -fno-color-diagnostics -fmodules-prune-interval\=86400 -fmodules-prune-after\=345600 -fbuild-session-file\=/Users/admin/builder/spi-builder-workspace/.derivedData/ModuleCache.noindex/Session.modulevalidation -fmodules-validate-once-per-build-session -Wnon-modular-include-in-framework-module -Werror\=non-modular-include-in-framework-module -Wno-trigraphs -Wno-missing-field-initializers -Wno-missing-prototypes -Wno-return-type -Wno-non-virtual-dtor -Wno-overloaded-virtual -Wno-exit-time-destructors -Wno-missing-braces -Wparentheses -Wswitch -Wno-unused-function -Wno-unused-label -Wno-unused-parameter -Wno-unused-variable -Wunused-value -Wno-empty-body -Wno-uninitialized -Wno-unknown-pragmas -Wno-shadow -Wno-four-char-constants -Wno-conversion -Wno-constant-conversion -Wno-int-conversion -Wno-bool-conversion -Wno-enum-conversion -Wno-float-conversion -Wno-non-literal-null-conversion -Wno-objc-literal-conversion -Wshorten-64-to-32 -Wno-newline-eof -Wno-c++11-extensions -Wno-implicit-fallthrough -isysroot /Applications/Xcode-27.0.0-Release.Candidate.app/Contents/Developer/Platforms/WatchOS.platform/Developer/SDKs/WatchOS27.0.sdk -fstrict-aliasing -Wdeprecated-declarations -Winvalid-offsetof -Wno-sign-conversion -Wno-infinite-recursion -Wno-move -Wno-comma -Wno-block-capture-autoreleasing -Wno-strict-prototypes -Wno-range-loop-analysis -Wno-semicolon-before-method-body -index-store-path /Users/admin/builder/spi-builder-workspace/.derivedData/Index.noindex/DataStore @/Users/admin/builder/spi-builder-workspace/.derivedData/Build/Intermediates.noindex/ImGui.build/Debug-watchos/CImGui-t.build/Objects-normal/arm64/82b82416624d2658e5098eb0a28c15c5-common-args.resp -MMD -MT dependencies -MF /Users/admin/builder/spi-builder-workspace/.derivedData/Build/Intermediates.noindex/ImGui.build/Debug-watchos/CImGui-t.build/Objects-normal/arm64/imgui.d --serialize-diagnostics /Users/admin/builder/spi-builder-workspace/.derivedData/Build/Intermediates.noindex/ImGui.build/Debug-watchos/CImGui-t.build/Objects-normal/arm64/imgui.dia -c /Users/admin/builder/spi-builder-workspace/Sources/CImGui/imgui/imgui.cpp -o /Users/admin/builder/spi-builder-workspace/.derivedData/Build/Intermediates.noindex/ImGui.build/Debug-watchos/CImGui-t.build/Objects-normal/arm64/imgui.o -index-unit-output-path /ImGui.build/Debug-watchos/CImGui-t.build/Objects-normal/arm64/imgui.o
In file included from /Users/admin/builder/spi-builder-workspace/Sources/CImGui/imgui/imgui.cpp:768:
/Users/admin/builder/spi-builder-workspace/Sources/CImGui/imgui/imgui.h:2140:83: warning: first argument in call to 'memset' is a pointer to non-trivially copyable type 'ImGuiListClipper' [-Wnontrivial-memcall]
2140 | inline ImGuiListClipper(int items_count, float items_height = -1.0f) { memset(this, 0, sizeof(*this)); ItemsCount = -1; Begin(items_count, items_height); } // [removed in 1.79]
| ^
/Users/admin/builder/spi-builder-workspace/Sources/CImGui/imgui/imgui.h:2140:83: note: explicitly cast the pointer to silence this warning
2140 | inline ImGuiListClipper(int items_count, float items_height = -1.0f) { memset(this, 0, sizeof(*this)); ItemsCount = -1; Begin(items_count, items_height); } // [removed in 1.79]
| ^
| (void*)
/Users/admin/builder/spi-builder-workspace/Sources/CImGui/imgui/imgui.h:2276:43: warning: first argument in call to 'memset' is a pointer to non-trivially copyable type 'ImDrawListSplitter' [-Wnontrivial-memcall]
2276 | inline ImDrawListSplitter() { memset(this, 0, sizeof(*this)); }
| ^
/Users/admin/builder/spi-builder-workspace/Sources/CImGui/imgui/imgui.h:2276:43: note: explicitly cast the pointer to silence this warning
2276 | inline ImDrawListSplitter() { memset(this, 0, sizeof(*this)); }
| ^
| (void*)
/Users/admin/builder/spi-builder-workspace/Sources/CImGui/imgui/imgui.h:2347:66: warning: first argument in call to 'memset' is a pointer to non-trivially copyable type 'ImDrawList' [-Wnontrivial-memcall]
2347 | ImDrawList(const ImDrawListSharedData* shared_data) { memset(this, 0, sizeof(*this)); _Data = shared_data; }
| ^
/Users/admin/builder/spi-builder-workspace/Sources/CImGui/imgui/imgui.h:2347:66: note: explicitly cast the pointer to silence this warning
2347 | ImDrawList(const ImDrawListSharedData* shared_data) { memset(this, 0, sizeof(*this)); _Data = shared_data; }
| ^
| (void*)
In file included from /Users/admin/builder/spi-builder-workspace/Sources/CImGui/imgui/imgui.cpp:774:
/Users/admin/builder/spi-builder-workspace/Sources/CImGui/imgui/imgui_internal.h:983:54: warning: first argument in call to 'memset' is a pointer to non-trivially copyable type 'ImGuiInputTextState' [-Wnontrivial-memcall]
983 | ImGuiInputTextState() { memset(this, 0, sizeof(*this)); }
| ^
/Users/admin/builder/spi-builder-workspace/Sources/CImGui/imgui/imgui_internal.h:983:54: note: explicitly cast the pointer to silence this warning
983 | ImGuiInputTextState() { memset(this, 0, sizeof(*this)); }
| ^
| (void*)
/Users/admin/builder/spi-builder-workspace/Sources/CImGui/imgui/imgui_internal.h:1149:34: warning: first argument in call to 'memset' is a pointer to non-trivially copyable type 'ImGuiOldColumns' [-Wnontrivial-memcall]
1149 | ImGuiOldColumns() { memset(this, 0, sizeof(*this)); }
| ^
/Users/admin/builder/spi-builder-workspace/Sources/CImGui/imgui/imgui_internal.h:1149:34: note: explicitly cast the pointer to silence this warning
1149 | ImGuiOldColumns() { memset(this, 0, sizeof(*this)); }
| ^
| (void*)
/Users/admin/builder/spi-builder-workspace/Sources/CImGui/imgui/imgui_internal.h:2143:42: warning: first argument in call to 'memset' is a pointer to non-trivially copyable type 'ImGuiTable' [-Wnontrivial-memcall]
2143 | IMGUI_API ImGuiTable() { memset(this, 0, sizeof(*this)); LastFrameActive = -1; }
| ^
/Users/admin/builder/spi-builder-workspace/Sources/CImGui/imgui/imgui_internal.h:2143:42: note: explicitly cast the pointer to silence this warning
2143 | IMGUI_API ImGuiTable() { memset(this, 0, sizeof(*this)); LastFrameActive = -1; }
| ^
| (void*)
/Users/admin/builder/spi-builder-workspace/Sources/CImGui/imgui/imgui.cpp:1053:12: warning: first argument in call to 'memset' is a pointer to non-trivially copyable type 'ImGuiIO' [-Wnontrivial-memcall]
1053 | memset(this, 0, sizeof(*this));
| ^
/Users/admin/builder/spi-builder-workspace/Sources/CImGui/imgui/imgui.cpp:1053:12: note: explicitly cast the pointer to silence this warning
1053 | memset(this, 0, sizeof(*this));
| ^
| (void*)
/Users/admin/builder/spi-builder-workspace/Sources/CImGui/imgui/imgui.cpp:2261:12: warning: first argument in call to 'memset' is a pointer to non-trivially copyable type 'ImGuiListClipper' [-Wnontrivial-memcall]
2261 | memset(this, 0, sizeof(*this));
| ^
/Users/admin/builder/spi-builder-workspace/Sources/CImGui/imgui/imgui.cpp:2261:12: note: explicitly cast the pointer to silence this warning
2261 | memset(this, 0, sizeof(*this));
| ^
| (void*)
/Users/admin/builder/spi-builder-workspace/Sources/CImGui/imgui/imgui.cpp:2885:12: warning: first argument in call to 'memset' is a pointer to non-trivially copyable type 'ImGuiWindow' [-Wnontrivial-memcall]
2885 | memset(this, 0, sizeof(*this));
| ^
/Users/admin/builder/spi-builder-workspace/Sources/CImGui/imgui/imgui.cpp:2885:12: note: explicitly cast the pointer to silence this warning
2885 | memset(this, 0, sizeof(*this));
| ^
| (void*)
9 warnings generated.
CompileC /Users/admin/builder/spi-builder-workspace/.derivedData/Build/Intermediates.noindex/ImGui.build/Debug-watchos/CImGui-t.build/Objects-normal/arm64/cimgui.o /Users/admin/builder/spi-builder-workspace/Sources/CImGui/cimgui.cpp normal arm64 c++ com.apple.compilers.llvm.clang.1_0.compiler (in target 'CImGui' from project 'ImGui')
cd /Users/admin/builder/spi-builder-workspace/.swiftpm/xcode
Using response file: /Users/admin/builder/spi-builder-workspace/.derivedData/Build/Intermediates.noindex/ImGui.build/Debug-watchos/CImGui-t.build/Objects-normal/arm64/82b82416624d2658e5098eb0a28c15c5-common-args.resp
/Applications/Xcode-27.0.0-Release.Candidate.app/Contents/Developer/Toolchains/XcodeDefault.xctoolchain/usr/bin/clang -x c++ -ivfsstatcache /Users/admin/builder/spi-builder-workspace/.derivedData/SDKStatCaches.noindex/watchos27.0-24R360-e829b21a6f8c9b70876ba0858053c04477534ef55a1706bf4c1112bbb242f0a2.sdkstatcache -target arm64-apple-watchos9.0 -fmessage-length\=0 -fdiagnostics-show-note-include-stack -fmacro-backtrace-limit\=0 -fno-color-diagnostics -fmodules-prune-interval\=86400 -fmodules-prune-after\=345600 -fbuild-session-file\=/Users/admin/builder/spi-builder-workspace/.derivedData/ModuleCache.noindex/Session.modulevalidation -fmodules-validate-once-per-build-session -Wnon-modular-include-in-framework-module -Werror\=non-modular-include-in-framework-module -Wno-trigraphs -Wno-missing-field-initializers -Wno-missing-prototypes -Wno-return-type -Wno-non-virtual-dtor -Wno-overloaded-virtual -Wno-exit-time-destructors -Wno-missing-braces -Wparentheses -Wswitch -Wno-unused-function -Wno-unused-label -Wno-unused-parameter -Wno-unused-variable -Wunused-value -Wno-empty-body -Wno-uninitialized -Wno-unknown-pragmas -Wno-shadow -Wno-four-char-constants -Wno-conversion -Wno-constant-conversion -Wno-int-conversion -Wno-bool-conversion -Wno-enum-conversion -Wno-float-conversion -Wno-non-literal-null-conversion -Wno-objc-literal-conversion -Wshorten-64-to-32 -Wno-newline-eof -Wno-c++11-extensions -Wno-implicit-fallthrough -isysroot /Applications/Xcode-27.0.0-Release.Candidate.app/Contents/Developer/Platforms/WatchOS.platform/Developer/SDKs/WatchOS27.0.sdk -fstrict-aliasing -Wdeprecated-declarations -Winvalid-offsetof -Wno-sign-conversion -Wno-infinite-recursion -Wno-move -Wno-comma -Wno-block-capture-autoreleasing -Wno-strict-prototypes -Wno-range-loop-analysis -Wno-semicolon-before-method-body -index-store-path /Users/admin/builder/spi-builder-workspace/.derivedData/Index.noindex/DataStore @/Users/admin/builder/spi-builder-workspace/.derivedData/Build/Intermediates.noindex/ImGui.build/Debug-watchos/CImGui-t.build/Objects-normal/arm64/82b82416624d2658e5098eb0a28c15c5-common-args.resp -MMD -MT dependencies -MF /Users/admin/builder/spi-builder-workspace/.derivedData/Build/Intermediates.noindex/ImGui.build/Debug-watchos/CImGui-t.build/Objects-normal/arm64/cimgui.d --serialize-diagnostics /Users/admin/builder/spi-builder-workspace/.derivedData/Build/Intermediates.noindex/ImGui.build/Debug-watchos/CImGui-t.build/Objects-normal/arm64/cimgui.dia -c /Users/admin/builder/spi-builder-workspace/Sources/CImGui/cimgui.cpp -o /Users/admin/builder/spi-builder-workspace/.derivedData/Build/Intermediates.noindex/ImGui.build/Debug-watchos/CImGui-t.build/Objects-normal/arm64/cimgui.o -index-unit-output-path /ImGui.build/Debug-watchos/CImGui-t.build/Objects-normal/arm64/cimgui.o
In file included from /Users/admin/builder/spi-builder-workspace/Sources/CImGui/cimgui.cpp:5:
/Users/admin/builder/spi-builder-workspace/Sources/CImGui/./imgui/imgui.h:2140:83: warning: first argument in call to 'memset' is a pointer to non-trivially copyable type 'ImGuiListClipper' [-Wnontrivial-memcall]
2140 | inline ImGuiListClipper(int items_count, float items_height = -1.0f) { memset(this, 0, sizeof(*this)); ItemsCount = -1; Begin(items_count, items_height); } // [removed in 1.79]
| ^
/Users/admin/builder/spi-builder-workspace/Sources/CImGui/./imgui/imgui.h:2140:83: note: explicitly cast the pointer to silence this warning
2140 | inline ImGuiListClipper(int items_count, float items_height = -1.0f) { memset(this, 0, sizeof(*this)); ItemsCount = -1; Begin(items_count, items_height); } // [removed in 1.79]
| ^
| (void*)
/Users/admin/builder/spi-builder-workspace/Sources/CImGui/./imgui/imgui.h:2276:43: warning: first argument in call to 'memset' is a pointer to non-trivially copyable type 'ImDrawListSplitter' [-Wnontrivial-memcall]
2276 | inline ImDrawListSplitter() { memset(this, 0, sizeof(*this)); }
| ^
/Users/admin/builder/spi-builder-workspace/Sources/CImGui/./imgui/imgui.h:2276:43: note: explicitly cast the pointer to silence this warning
2276 | inline ImDrawListSplitter() { memset(this, 0, sizeof(*this)); }
| ^
| (void*)
/Users/admin/builder/spi-builder-workspace/Sources/CImGui/./imgui/imgui.h:2347:66: warning: first argument in call to 'memset' is a pointer to non-trivially copyable type 'ImDrawList' [-Wnontrivial-memcall]
2347 | ImDrawList(const ImDrawListSharedData* shared_data) { memset(this, 0, sizeof(*this)); _Data = shared_data; }
| ^
/Users/admin/builder/spi-builder-workspace/Sources/CImGui/./imgui/imgui.h:2347:66: note: explicitly cast the pointer to silence this warning
2347 | ImDrawList(const ImDrawListSharedData* shared_data) { memset(this, 0, sizeof(*this)); _Data = shared_data; }
| ^
| (void*)
In file included from /Users/admin/builder/spi-builder-workspace/Sources/CImGui/cimgui.cpp:9:
/Users/admin/builder/spi-builder-workspace/Sources/CImGui/./imgui/imgui_internal.h:983:54: warning: first argument in call to 'memset' is a pointer to non-trivially copyable type 'ImGuiInputTextState' [-Wnontrivial-memcall]
983 | ImGuiInputTextState() { memset(this, 0, sizeof(*this)); }
| ^
/Users/admin/builder/spi-builder-workspace/Sources/CImGui/./imgui/imgui_internal.h:983:54: note: explicitly cast the pointer to silence this warning
983 | ImGuiInputTextState() { memset(this, 0, sizeof(*this)); }
| ^
| (void*)
/Users/admin/builder/spi-builder-workspace/Sources/CImGui/./imgui/imgui_internal.h:1149:34: warning: first argument in call to 'memset' is a pointer to non-trivially copyable type 'ImGuiOldColumns' [-Wnontrivial-memcall]
1149 | ImGuiOldColumns() { memset(this, 0, sizeof(*this)); }
| ^
/Users/admin/builder/spi-builder-workspace/Sources/CImGui/./imgui/imgui_internal.h:1149:34: note: explicitly cast the pointer to silence this warning
1149 | ImGuiOldColumns() { memset(this, 0, sizeof(*this)); }
| ^
| (void*)
/Users/admin/builder/spi-builder-workspace/Sources/CImGui/./imgui/imgui_internal.h:2143:42: warning: first argument in call to 'memset' is a pointer to non-trivially copyable type 'ImGuiTable' [-Wnontrivial-memcall]
2143 | IMGUI_API ImGuiTable() { memset(this, 0, sizeof(*this)); LastFrameActive = -1; }
| ^
/Users/admin/builder/spi-builder-workspace/Sources/CImGui/./imgui/imgui_internal.h:2143:42: note: explicitly cast the pointer to silence this warning
2143 | IMGUI_API ImGuiTable() { memset(this, 0, sizeof(*this)); LastFrameActive = -1; }
| ^
| (void*)
6 warnings generated.
Ld /Users/admin/builder/spi-builder-workspace/.derivedData/Build/Intermediates.noindex/ImGui.build/Debug-watchos/CImGui-t.build/Objects-normal/arm64_32/Binary/CImGui.o normal arm64_32 (in target 'CImGui' from project 'ImGui')
cd /Users/admin/builder/spi-builder-workspace
/Applications/Xcode-27.0.0-Release.Candidate.app/Contents/Developer/Toolchains/XcodeDefault.xctoolchain/usr/bin/clang++ -Xlinker -reproducible -target arm64_32-apple-watchos9.0 -r -isysroot /Applications/Xcode-27.0.0-Release.Candidate.app/Contents/Developer/Platforms/WatchOS.platform/Developer/SDKs/WatchOS27.0.sdk -O0 -Xlinker -no_warn_duplicate_libraries -F/Users/admin/builder/spi-builder-workspace/.derivedData/Build/Intermediates.noindex/EagerLinkingTBDs/Debug-watchos -F/Users/admin/builder/spi-builder-workspace/.derivedData/Build/Products/Debug-watchos -iframework /Applications/Xcode-27.0.0-Release.Candidate.app/Contents/Developer/Platforms/WatchOS.platform/Developer/Library/Frameworks -iframework /Applications/Xcode-27.0.0-Release.Candidate.app/Contents/Developer/Platforms/WatchOS.platform/Developer/SDKs/WatchOS27.0.sdk/Developer/Library/Frameworks -filelist /Users/admin/builder/spi-builder-workspace/.derivedData/Build/Intermediates.noindex/ImGui.build/Debug-watchos/CImGui-t.build/Objects-normal/arm64_32/CImGui.LinkFileList -nostdlib -Xlinker -object_path_lto -Xlinker /Users/admin/builder/spi-builder-workspace/.derivedData/Build/Intermediates.noindex/ImGui.build/Debug-watchos/CImGui-t.build/Objects-normal/arm64_32/CImGui_lto.o -Xlinker -no_deduplicate -Xlinker -debug_variant -Xlinker -dependency_info -Xlinker /Users/admin/builder/spi-builder-workspace/.derivedData/Build/Intermediates.noindex/ImGui.build/Debug-watchos/CImGui-t.build/Objects-normal/arm64_32/CImGui_dependency_info.dat -o /Users/admin/builder/spi-builder-workspace/.derivedData/Build/Intermediates.noindex/ImGui.build/Debug-watchos/CImGui-t.build/Objects-normal/arm64_32/Binary/CImGui.o
SwiftExplicitDependencyGeneratePcm arm64_32 /Users/admin/builder/spi-builder-workspace/.derivedData/SDKExplicitPrecompiledModules/ptrcheck-7ELIH9BTIGVKX3UBITM9N72WD.pcm
SwiftExplicitDependencyGeneratePcm arm64_32 /Users/admin/builder/spi-builder-workspace/.derivedData/SDKExplicitPrecompiledModules/_Builtin_float-6KO8O3PEWRCA4WC6PPLOYO6WJ.pcm
SwiftExplicitDependencyGeneratePcm arm64_32 /Users/admin/builder/spi-builder-workspace/.derivedData/SDKExplicitPrecompiledModules/_Builtin_stdarg-D305JG44A2WPI6CJY37X3QJE8.pcm
SwiftExplicitDependencyGeneratePcm arm64 /Users/admin/builder/spi-builder-workspace/.derivedData/SDKExplicitPrecompiledModules/_Builtin_stddef-1FU30Y8SWFB7OUUHMJQH5J6FM.pcm
SwiftExplicitDependencyGeneratePcm arm64 /Users/admin/builder/spi-builder-workspace/.derivedData/SDKExplicitPrecompiledModules/_AvailabilityInternal-BUNV3UXM65NT37THI4W1AM0SF.pcm
SwiftExplicitDependencyGeneratePcm arm64 /Users/admin/builder/spi-builder-workspace/.derivedData/SDKExplicitPrecompiledModules/ptrcheck-AIF0NDOYZ8ORBNHQAQR5NNB8M.pcm
SwiftExplicitDependencyGeneratePcm arm64_32 /Users/admin/builder/spi-builder-workspace/.derivedData/SDKExplicitPrecompiledModules/_Builtin_stddef-H44EFHQX6XSS5MZ7QP6YJZ76.pcm
SwiftExplicitDependencyGeneratePcm arm64 /Users/admin/builder/spi-builder-workspace/.derivedData/SDKExplicitPrecompiledModules/_Builtin_stdbool-83J96QSOFE9VX04AAS6310UAE.pcm
SwiftExplicitDependencyGeneratePcm arm64 /Users/admin/builder/spi-builder-workspace/.derivedData/SDKExplicitPrecompiledModules/_SwiftConcurrencyShims-659N52XSKR5F0QSB880BH2FJR.pcm
SwiftExplicitDependencyGeneratePcm arm64 /Users/admin/builder/spi-builder-workspace/.derivedData/SDKExplicitPrecompiledModules/_Builtin_float-C0CW5Q4HGBQYKE77TC42IAFB5.pcm
SwiftExplicitDependencyGeneratePcm arm64_32 /Users/admin/builder/spi-builder-workspace/.derivedData/SDKExplicitPrecompiledModules/SwiftShims-9CQQGWTSNTN9EB5NSHDWUJICH.pcm
SwiftExplicitDependencyGeneratePcm arm64_32 /Users/admin/builder/spi-builder-workspace/.derivedData/SDKExplicitPrecompiledModules/_Builtin_stdbool-A967K8W8YUYEC9SN52KJ7OO88.pcm
SwiftExplicitDependencyGeneratePcm arm64 /Users/admin/builder/spi-builder-workspace/.derivedData/SDKExplicitPrecompiledModules/SwiftShims-4MXFZPV6FEB0XBYXCGPWAMQGL.pcm
SwiftExplicitDependencyGeneratePcm arm64 /Users/admin/builder/spi-builder-workspace/.derivedData/SDKExplicitPrecompiledModules/_Builtin_stdarg-A7UU8LE6MP85SM26YO7PBZNUQ.pcm
SwiftExplicitDependencyGeneratePcm arm64_32 /Users/admin/builder/spi-builder-workspace/.derivedData/SDKExplicitPrecompiledModules/_SwiftConcurrencyShims-6RTBPQ03V7BM9SPRK8SUE055H.pcm
SwiftExplicitDependencyGeneratePcm arm64_32 /Users/admin/builder/spi-builder-workspace/.derivedData/SDKExplicitPrecompiledModules/_AvailabilityInternal-244WAN3Z1QBT7PIA64EZEFY1R.pcm
SwiftExplicitDependencyGeneratePcm arm64 /Users/admin/builder/spi-builder-workspace/.derivedData/SDKExplicitPrecompiledModules/_DarwinFoundation1-7SPX3MD0HMP55E4OLNCPNDQ53.pcm
SwiftExplicitDependencyGeneratePcm arm64_32 /Users/admin/builder/spi-builder-workspace/.derivedData/SDKExplicitPrecompiledModules/_DarwinFoundation1-2GWF9RFMPLQW4PDHS3NARVI3G.pcm
SwiftExplicitDependencyGeneratePcm arm64 /Users/admin/builder/spi-builder-workspace/.derivedData/SDKExplicitPrecompiledModules/_DarwinFoundation2-D0XAPJU49S5E9XMKYOFGSTB1Q.pcm
SwiftExplicitDependencyGeneratePcm arm64_32 /Users/admin/builder/spi-builder-workspace/.derivedData/SDKExplicitPrecompiledModules/ptrauth-BFXF358ME5AK535N5A9Z766WU.pcm
SwiftExplicitDependencyGeneratePcm arm64_32 /Users/admin/builder/spi-builder-workspace/.derivedData/SDKExplicitPrecompiledModules/_Builtin_limits-3VKBU2AFTD65PAJZ5CJ3LHFM2.pcm
SwiftExplicitDependencyGeneratePcm arm64 /Users/admin/builder/spi-builder-workspace/.derivedData/SDKExplicitPrecompiledModules/_Builtin_limits-9GWPA2B0H20DYUNYHYCWKABJG.pcm
SwiftExplicitDependencyGeneratePcm arm64_32 /Users/admin/builder/spi-builder-workspace/.derivedData/SDKExplicitPrecompiledModules/_DarwinFoundation2-9MY8GOSYRO0M9MKNXF6D3MBNK.pcm
SwiftExplicitDependencyGeneratePcm arm64 /Users/admin/builder/spi-builder-workspace/.derivedData/SDKExplicitPrecompiledModules/ptrauth-3TZ9WJCGLYD25HQPWH4968ONX.pcm
SwiftExplicitDependencyGeneratePcm arm64 /Users/admin/builder/spi-builder-workspace/.derivedData/SDKExplicitPrecompiledModules/string_h-E6PRXK75PHIPCZFWOFCQ3QBMK.pcm
SwiftExplicitDependencyGeneratePcm arm64 /Users/admin/builder/spi-builder-workspace/.derivedData/SDKExplicitPrecompiledModules/sys_types-2KXQLI78OUCDP779AE68GZJ2.pcm
SwiftExplicitDependencyGeneratePcm arm64 /Users/admin/builder/spi-builder-workspace/.derivedData/SDKExplicitPrecompiledModules/_Builtin_stdint-8XMILLJZEGRN2XG7XZUXZ5RLX.pcm
SwiftExplicitDependencyGeneratePcm arm64 /Users/admin/builder/spi-builder-workspace/.derivedData/SDKExplicitPrecompiledModules/_DarwinFoundation3-B97LRG0E9GON2NUE65TVG81HU.pcm
SwiftExplicitDependencyGeneratePcm arm64 /Users/admin/builder/spi-builder-workspace/.derivedData/Build/Intermediates.noindex/SwiftExplicitPrecompiledModules/CImGui-4RDJATIC90KZ7TK8QIOPID0PC.pcm
SwiftExplicitDependencyGeneratePcm arm64_32 /Users/admin/builder/spi-builder-workspace/.derivedData/SDKExplicitPrecompiledModules/sys_types-8TLLMW08ZJWDGIIPKOYFGHHZW.pcm
SwiftExplicitDependencyGeneratePcm arm64_32 /Users/admin/builder/spi-builder-workspace/.derivedData/SDKExplicitPrecompiledModules/string_h-BFVLUQUSBZWYMLCU9QI7VZALW.pcm
SwiftExplicitDependencyGeneratePcm arm64_32 /Users/admin/builder/spi-builder-workspace/.derivedData/SDKExplicitPrecompiledModules/_Builtin_stdint-1HMXWI3V0V4TXHRWZOMZGZ80Y.pcm
SwiftExplicitDependencyGeneratePcm arm64_32 /Users/admin/builder/spi-builder-workspace/.derivedData/SDKExplicitPrecompiledModules/_DarwinFoundation3-3DUTYQDQSD9HUAAVY947NMWOI.pcm
SwiftExplicitDependencyGeneratePcm arm64_32 /Users/admin/builder/spi-builder-workspace/.derivedData/Build/Intermediates.noindex/SwiftExplicitPrecompiledModules/CImGui-PQ8ADGN4TQMWHMVMDDYX5KNT.pcm
Ld /Users/admin/builder/spi-builder-workspace/.derivedData/Build/Intermediates.noindex/ImGui.build/Debug-watchos/CImGui-t.build/Objects-normal/arm64/Binary/CImGui.o normal arm64 (in target 'CImGui' from project 'ImGui')
cd /Users/admin/builder/spi-builder-workspace
/Applications/Xcode-27.0.0-Release.Candidate.app/Contents/Developer/Toolchains/XcodeDefault.xctoolchain/usr/bin/clang++ -Xlinker -reproducible -target arm64-apple-watchos9.0 -r -isysroot /Applications/Xcode-27.0.0-Release.Candidate.app/Contents/Developer/Platforms/WatchOS.platform/Developer/SDKs/WatchOS27.0.sdk -O0 -Xlinker -no_warn_duplicate_libraries -F/Users/admin/builder/spi-builder-workspace/.derivedData/Build/Intermediates.noindex/EagerLinkingTBDs/Debug-watchos -F/Users/admin/builder/spi-builder-workspace/.derivedData/Build/Products/Debug-watchos -iframework /Applications/Xcode-27.0.0-Release.Candidate.app/Contents/Developer/Platforms/WatchOS.platform/Developer/Library/Frameworks -iframework /Applications/Xcode-27.0.0-Release.Candidate.app/Contents/Developer/Platforms/WatchOS.platform/Developer/SDKs/WatchOS27.0.sdk/Developer/Library/Frameworks -filelist /Users/admin/builder/spi-builder-workspace/.derivedData/Build/Intermediates.noindex/ImGui.build/Debug-watchos/CImGui-t.build/Objects-normal/arm64/CImGui.LinkFileList -nostdlib -Xlinker -object_path_lto -Xlinker /Users/admin/builder/spi-builder-workspace/.derivedData/Build/Intermediates.noindex/ImGui.build/Debug-watchos/CImGui-t.build/Objects-normal/arm64/CImGui_lto.o -Xlinker -no_deduplicate -Xlinker -debug_variant -Xlinker -dependency_info -Xlinker /Users/admin/builder/spi-builder-workspace/.derivedData/Build/Intermediates.noindex/ImGui.build/Debug-watchos/CImGui-t.build/Objects-normal/arm64/CImGui_dependency_info.dat -o /Users/admin/builder/spi-builder-workspace/.derivedData/Build/Intermediates.noindex/ImGui.build/Debug-watchos/CImGui-t.build/Objects-normal/arm64/Binary/CImGui.o
SwiftExplicitDependencyGeneratePcm arm64 /Users/admin/builder/spi-builder-workspace/.derivedData/SDKExplicitPrecompiledModules/_Builtin_inttypes-3UQSCM7WNM9EK4HZML8TY5J3D.pcm
SwiftEmitModule normal arm64 Emitting\ module\ for\ ImGui (in target 'ImGui' from project 'ImGui')
SwiftCompile normal arm64 (in target 'ImGui' from project 'ImGui')
cd /Users/admin/builder/spi-builder-workspace/.swiftpm/xcode
/Users/admin/builder/spi-builder-workspace/Sources/ImGui/ImVec+Extensions.swift:10:1: warning: extension declares a conformance of imported type 'ImVec1' to imported protocol 'Equatable'; this will not behave correctly if the owners of 'CImGui' introduce this conformance in the future
8 | import CImGui
9 |
10 | extension ImVec1: Equatable {
| |- warning: extension declares a conformance of imported type 'ImVec1' to imported protocol 'Equatable'; this will not behave correctly if the owners of 'CImGui' introduce this conformance in the future
| `- note: add '@retroactive' to silence this warning
11 | public static func == (lhs: ImVec1, rhs: ImVec1) -> Bool {
12 | lhs.x == rhs.x
/Users/admin/builder/spi-builder-workspace/Sources/ImGui/ImVec+Extensions.swift:16:1: warning: extension declares a conformance of imported type 'ImVec2' to imported protocol 'Equatable'; this will not behave correctly if the owners of 'CImGui' introduce this conformance in the future
14 | }
15 |
16 | extension ImVec2: Equatable {
| |- warning: extension declares a conformance of imported type 'ImVec2' to imported protocol 'Equatable'; this will not behave correctly if the owners of 'CImGui' introduce this conformance in the future
| `- note: add '@retroactive' to silence this warning
17 | public static func == (lhs: ImVec2, rhs: ImVec2) -> Bool {
18 | lhs.x == rhs.x &&
/Users/admin/builder/spi-builder-workspace/Sources/ImGui/ImVec+Extensions.swift:23:1: warning: extension declares a conformance of imported type 'ImVec4' to imported protocol 'Equatable'; this will not behave correctly if the owners of 'CImGui' introduce this conformance in the future
21 | }
22 |
23 | extension ImVec4: Equatable {
| |- warning: extension declares a conformance of imported type 'ImVec4' to imported protocol 'Equatable'; this will not behave correctly if the owners of 'CImGui' introduce this conformance in the future
| `- note: add '@retroactive' to silence this warning
24 | public static func == (lhs: ImVec4, rhs: ImVec4) -> Bool {
25 | lhs.x == rhs.x &&
SwiftCompile normal arm64 Compiling\ ImGui+Definitions.swift /Users/admin/builder/spi-builder-workspace/Sources/ImGui/ImGui+Definitions.swift (in target 'ImGui' from project 'ImGui')
SwiftCompile normal arm64 /Users/admin/builder/spi-builder-workspace/Sources/ImGui/ImGui+Definitions.swift (in target 'ImGui' from project 'ImGui')
cd /Users/admin/builder/spi-builder-workspace/.swiftpm/xcode
builtin-SwiftPerFileCompile ImGui+Definitions.swift
SwiftCompile normal arm64 Compiling\ Export.swift /Users/admin/builder/spi-builder-workspace/Sources/ImGui/Export.swift (in target 'ImGui' from project 'ImGui')
SwiftCompile normal arm64 /Users/admin/builder/spi-builder-workspace/Sources/ImGui/Export.swift (in target 'ImGui' from project 'ImGui')
cd /Users/admin/builder/spi-builder-workspace/.swiftpm/xcode
builtin-SwiftPerFileCompile Export.swift
SwiftCompile normal arm64 Compiling\ Helper.swift /Users/admin/builder/spi-builder-workspace/Sources/ImGui/Helper.swift (in target 'ImGui' from project 'ImGui')
SwiftCompile normal arm64 /Users/admin/builder/spi-builder-workspace/Sources/ImGui/Helper.swift (in target 'ImGui' from project 'ImGui')
cd /Users/admin/builder/spi-builder-workspace/.swiftpm/xcode
builtin-SwiftPerFileCompile Helper.swift
SwiftCompile normal arm64 Compiling\ ImVec+Extensions.swift /Users/admin/builder/spi-builder-workspace/Sources/ImGui/ImVec+Extensions.swift (in target 'ImGui' from project 'ImGui')
/Users/admin/builder/spi-builder-workspace/Sources/ImGui/ImVec+Extensions.swift:10:1: warning: extension declares a conformance of imported type 'ImVec1' to imported protocol 'Equatable'; this will not behave correctly if the owners of 'CImGui' introduce this conformance in the future
8 | import CImGui
9 |
10 | extension ImVec1: Equatable {
| |- warning: extension declares a conformance of imported type 'ImVec1' to imported protocol 'Equatable'; this will not behave correctly if the owners of 'CImGui' introduce this conformance in the future
| `- note: add '@retroactive' to silence this warning
11 | public static func == (lhs: ImVec1, rhs: ImVec1) -> Bool {
12 | lhs.x == rhs.x
/Users/admin/builder/spi-builder-workspace/Sources/ImGui/ImVec+Extensions.swift:16:1: warning: extension declares a conformance of imported type 'ImVec2' to imported protocol 'Equatable'; this will not behave correctly if the owners of 'CImGui' introduce this conformance in the future
14 | }
15 |
16 | extension ImVec2: Equatable {
| |- warning: extension declares a conformance of imported type 'ImVec2' to imported protocol 'Equatable'; this will not behave correctly if the owners of 'CImGui' introduce this conformance in the future
| `- note: add '@retroactive' to silence this warning
17 | public static func == (lhs: ImVec2, rhs: ImVec2) -> Bool {
18 | lhs.x == rhs.x &&
/Users/admin/builder/spi-builder-workspace/Sources/ImGui/ImVec+Extensions.swift:23:1: warning: extension declares a conformance of imported type 'ImVec4' to imported protocol 'Equatable'; this will not behave correctly if the owners of 'CImGui' introduce this conformance in the future
21 | }
22 |
23 | extension ImVec4: Equatable {
| |- warning: extension declares a conformance of imported type 'ImVec4' to imported protocol 'Equatable'; this will not behave correctly if the owners of 'CImGui' introduce this conformance in the future
| `- note: add '@retroactive' to silence this warning
24 | public static func == (lhs: ImVec4, rhs: ImVec4) -> Bool {
25 | lhs.x == rhs.x &&
SwiftCompile normal arm64 /Users/admin/builder/spi-builder-workspace/Sources/ImGui/ImVec+Extensions.swift (in target 'ImGui' from project 'ImGui')
cd /Users/admin/builder/spi-builder-workspace/.swiftpm/xcode
builtin-SwiftPerFileCompile ImVec+Extensions.swift
CreateUniversalBinary /Users/admin/builder/spi-builder-workspace/.derivedData/Build/Products/Debug-watchos/CImGui.o normal arm64\ arm64_32 (in target 'CImGui' from project 'ImGui')
cd /Users/admin/builder/spi-builder-workspace
/Applications/Xcode-27.0.0-Release.Candidate.app/Contents/Developer/Toolchains/XcodeDefault.xctoolchain/usr/bin/lipo -create /Users/admin/builder/spi-builder-workspace/.derivedData/Build/Intermediates.noindex/ImGui.build/Debug-watchos/CImGui-t.build/Objects-normal/arm64/Binary/CImGui.o /Users/admin/builder/spi-builder-workspace/.derivedData/Build/Intermediates.noindex/ImGui.build/Debug-watchos/CImGui-t.build/Objects-normal/arm64_32/Binary/CImGui.o -output /Users/admin/builder/spi-builder-workspace/.derivedData/Build/Products/Debug-watchos/CImGui.o
SwiftExplicitDependencyGeneratePcm arm64 /Users/admin/builder/spi-builder-workspace/.derivedData/SDKExplicitPrecompiledModules/Darwin-3984OXKFNSPE77NT743WK8SEX.pcm
SwiftExplicitDependencyGeneratePcm arm64_32 /Users/admin/builder/spi-builder-workspace/.derivedData/SDKExplicitPrecompiledModules/_Builtin_inttypes-D2KPCR4PEX9AQA33NGLUT5SBR.pcm
SwiftEmitModule normal arm64_32 Emitting\ module\ for\ ImGui (in target 'ImGui' from project 'ImGui')
/Users/admin/builder/spi-builder-workspace/Sources/ImGui/ImVec+Extensions.swift:10:1: warning: extension declares a conformance of imported type 'ImVec1' to imported protocol 'Equatable'; this will not behave correctly if the owners of 'CImGui' introduce this conformance in the future
8 | import CImGui
9 |
10 | extension ImVec1: Equatable {
| |- warning: extension declares a conformance of imported type 'ImVec1' to imported protocol 'Equatable'; this will not behave correctly if the owners of 'CImGui' introduce this conformance in the future
| `- note: add '@retroactive' to silence this warning
11 | public static func == (lhs: ImVec1, rhs: ImVec1) -> Bool {
12 | lhs.x == rhs.x
/Users/admin/builder/spi-builder-workspace/Sources/ImGui/ImVec+Extensions.swift:16:1: warning: extension declares a conformance of imported type 'ImVec2' to imported protocol 'Equatable'; this will not behave correctly if the owners of 'CImGui' introduce this conformance in the future
14 | }
15 |
16 | extension ImVec2: Equatable {
| |- warning: extension declares a conformance of imported type 'ImVec2' to imported protocol 'Equatable'; this will not behave correctly if the owners of 'CImGui' introduce this conformance in the future
| `- note: add '@retroactive' to silence this warning
17 | public static func == (lhs: ImVec2, rhs: ImVec2) -> Bool {
18 | lhs.x == rhs.x &&
/Users/admin/builder/spi-builder-workspace/Sources/ImGui/ImVec+Extensions.swift:23:1: warning: extension declares a conformance of imported type 'ImVec4' to imported protocol 'Equatable'; this will not behave correctly if the owners of 'CImGui' introduce this conformance in the future
21 | }
22 |
23 | extension ImVec4: Equatable {
| |- warning: extension declares a conformance of imported type 'ImVec4' to imported protocol 'Equatable'; this will not behave correctly if the owners of 'CImGui' introduce this conformance in the future
| `- note: add '@retroactive' to silence this warning
24 | public static func == (lhs: ImVec4, rhs: ImVec4) -> Bool {
25 | lhs.x == rhs.x &&
SwiftCompile normal arm64_32 (in target 'ImGui' from project 'ImGui')
cd /Users/admin/builder/spi-builder-workspace/.swiftpm/xcode
SwiftCompile normal arm64_32 Compiling\ Export.swift /Users/admin/builder/spi-builder-workspace/Sources/ImGui/Export.swift (in target 'ImGui' from project 'ImGui')
SwiftCompile normal arm64_32 /Users/admin/builder/spi-builder-workspace/Sources/ImGui/Export.swift (in target 'ImGui' from project 'ImGui')
cd /Users/admin/builder/spi-builder-workspace/.swiftpm/xcode
builtin-SwiftPerFileCompile Export.swift
SwiftCompile normal arm64_32 Compiling\ ImVec+Extensions.swift /Users/admin/builder/spi-builder-workspace/Sources/ImGui/ImVec+Extensions.swift (in target 'ImGui' from project 'ImGui')
/Users/admin/builder/spi-builder-workspace/Sources/ImGui/ImVec+Extensions.swift:10:1: warning: extension declares a conformance of imported type 'ImVec1' to imported protocol 'Equatable'; this will not behave correctly if the owners of 'CImGui' introduce this conformance in the future
8 | import CImGui
9 |
10 | extension ImVec1: Equatable {
| |- warning: extension declares a conformance of imported type 'ImVec1' to imported protocol 'Equatable'; this will not behave correctly if the owners of 'CImGui' introduce this conformance in the future
| `- note: add '@retroactive' to silence this warning
11 | public static func == (lhs: ImVec1, rhs: ImVec1) -> Bool {
12 | lhs.x == rhs.x
/Users/admin/builder/spi-builder-workspace/Sources/ImGui/ImVec+Extensions.swift:16:1: warning: extension declares a conformance of imported type 'ImVec2' to imported protocol 'Equatable'; this will not behave correctly if the owners of 'CImGui' introduce this conformance in the future
14 | }
15 |
16 | extension ImVec2: Equatable {
| |- warning: extension declares a conformance of imported type 'ImVec2' to imported protocol 'Equatable'; this will not behave correctly if the owners of 'CImGui' introduce this conformance in the future
| `- note: add '@retroactive' to silence this warning
17 | public static func == (lhs: ImVec2, rhs: ImVec2) -> Bool {
18 | lhs.x == rhs.x &&
/Users/admin/builder/spi-builder-workspace/Sources/ImGui/ImVec+Extensions.swift:23:1: warning: extension declares a conformance of imported type 'ImVec4' to imported protocol 'Equatable'; this will not behave correctly if the owners of 'CImGui' introduce this conformance in the future
21 | }
22 |
23 | extension ImVec4: Equatable {
| |- warning: extension declares a conformance of imported type 'ImVec4' to imported protocol 'Equatable'; this will not behave correctly if the owners of 'CImGui' introduce this conformance in the future
| `- note: add '@retroactive' to silence this warning
24 | public static func == (lhs: ImVec4, rhs: ImVec4) -> Bool {
25 | lhs.x == rhs.x &&
SwiftCompile normal arm64_32 /Users/admin/builder/spi-builder-workspace/Sources/ImGui/ImVec+Extensions.swift (in target 'ImGui' from project 'ImGui')
cd /Users/admin/builder/spi-builder-workspace/.swiftpm/xcode
builtin-SwiftPerFileCompile ImVec+Extensions.swift
SwiftCompile normal arm64_32 Compiling\ ImGui+Definitions.swift /Users/admin/builder/spi-builder-workspace/Sources/ImGui/ImGui+Definitions.swift (in target 'ImGui' from project 'ImGui')
SwiftCompile normal arm64_32 /Users/admin/builder/spi-builder-workspace/Sources/ImGui/ImGui+Definitions.swift (in target 'ImGui' from project 'ImGui')
cd /Users/admin/builder/spi-builder-workspace/.swiftpm/xcode
builtin-SwiftPerFileCompile ImGui+Definitions.swift
SwiftExplicitDependencyGeneratePcm arm64_32 /Users/admin/builder/spi-builder-workspace/.derivedData/SDKExplicitPrecompiledModules/Darwin-3FVT1SKLN2ZQ5RVOABMTQBB34.pcm
SwiftExplicitDependencyGeneratePcm arm64 /Users/admin/builder/spi-builder-workspace/.derivedData/SDKExplicitPrecompiledModules/ObjectiveC-72IVD3VS2RS8Q28D9PIMY0KQP.pcm
SwiftDriverJobDiscovery normal arm64 Emitting module for ImGui (in target 'ImGui' from project 'ImGui')
SwiftDriver\ Compilation\ Requirements ImGui normal arm64 com.apple.xcode.tools.swift.compiler (in target 'ImGui' from project 'ImGui')
cd /Users/admin/builder/spi-builder-workspace/.swiftpm/xcode
builtin-Swift-Compilation-Requirements -- /Applications/Xcode-27.0.0-Release.Candidate.app/Contents/Developer/Toolchains/XcodeDefault.xctoolchain/usr/bin/swiftc -parse-as-library -module-name ImGui -Onone @/Users/admin/builder/spi-builder-workspace/.derivedData/Build/Intermediates.noindex/ImGui.build/Debug-watchos/ImGui-t.build/Objects-normal/arm64/ImGui.SwiftFileList -DSWIFT_PACKAGE -DDEBUG -DSWIFT_MODULE_RESOURCE_BUNDLE_UNAVAILABLE -Xcc -fmodule-map-file\=/Users/admin/builder/spi-builder-workspace/.derivedData/Build/Intermediates.noindex/GeneratedModuleMaps-watchos/CImGui.modulemap -DXcode -plugin-path /Applications/Xcode-27.0.0-Release.Candidate.app/Contents/Developer/Toolchains/XcodeDefault.xctoolchain/usr/lib/swift/host/plugins/testing -enable-experimental-feature DebugDescriptionMacro -sdk /Applications/Xcode-27.0.0-Release.Candidate.app/Contents/Developer/Platforms/WatchOS.platform/Developer/SDKs/WatchOS27.0.sdk -target arm64-apple-watchos9.0 -g -module-cache-path /Users/admin/builder/spi-builder-workspace/.derivedData/ModuleCache.noindex -Xfrontend -serialize-debugging-options -profile-coverage-mapping -profile-generate -enable-testing -index-store-path /Users/admin/builder/spi-builder-workspace/.derivedData/Index.noindex/DataStore -Xcc -D_LIBCPP_HARDENING_MODE\=_LIBCPP_HARDENING_MODE_DEBUG -swift-version 5 -I /Users/admin/builder/spi-builder-workspace/.derivedData/Build/Products/Debug-watchos -Isystem /Applications/Xcode-27.0.0-Release.Candidate.app/Contents/Developer/Platforms/WatchOS.platform/Developer/usr/lib -F /Users/admin/builder/spi-builder-workspace/.derivedData/Build/Products/Debug-watchos/PackageFrameworks -F /Users/admin/builder/spi-builder-workspace/.derivedData/Build/Products/Debug-watchos -F /Applications/Xcode-27.0.0-Release.Candidate.app/Contents/Developer/Platforms/WatchOS.platform/Developer/Library/Frameworks -F /Applications/Xcode-27.0.0-Release.Candidate.app/Contents/Developer/Platforms/WatchOS.platform/Developer/SDKs/WatchOS27.0.sdk/Developer/Library/Frameworks -c -j10 -enable-batch-mode -incremental -Xcc -ivfsstatcache -Xcc /Users/admin/builder/spi-builder-workspace/.derivedData/SDKStatCaches.noindex/watchos27.0-24R360-e829b21a6f8c9b70876ba0858053c04477534ef55a1706bf4c1112bbb242f0a2.sdkstatcache -output-file-map /Users/admin/builder/spi-builder-workspace/.derivedData/Build/Intermediates.noindex/ImGui.build/Debug-watchos/ImGui-t.build/Objects-normal/arm64/ImGui-OutputFileMap.json -save-temps -no-color-diagnostics -explicit-module-build -module-cache-path /Users/admin/builder/spi-builder-workspace/.derivedData/Build/Intermediates.noindex/SwiftExplicitPrecompiledModules -clang-scanner-module-cache-path /Users/admin/builder/spi-builder-workspace/.derivedData/ModuleCache.noindex -sdk-module-cache-path /Users/admin/builder/spi-builder-workspace/.derivedData/SDKExplicitPrecompiledModules -emit-dependencies -emit-module -emit-module-path /Users/admin/builder/spi-builder-workspace/.derivedData/Build/Intermediates.noindex/ImGui.build/Debug-watchos/ImGui-t.build/Objects-normal/arm64/ImGui.swiftmodule -serialize-diagnostics -dependency-scan-serialize-diagnostics-path /Users/admin/builder/spi-builder-workspace/.derivedData/Build/Intermediates.noindex/ImGui.build/Debug-watchos/ImGui-t.build/Objects-normal/arm64/ImGui-dependency-scan.dia -validate-clang-modules-once -clang-build-session-file /Users/admin/builder/spi-builder-workspace/.derivedData/ModuleCache.noindex/Session.modulevalidation -Xcc -fmodules-prune-interval\=86400 -Xcc -fmodules-prune-after\=345600 -emit-const-values -const-gather-protocols-list /Users/admin/builder/spi-builder-workspace/.derivedData/Build/Intermediates.noindex/ImGui.build/Debug-watchos/ImGui-t.build/Objects-normal/arm64/ImGui_const_extract_protocols.json -Xcc -I/Users/admin/builder/spi-builder-workspace/Sources/CImGui/include -Xcc -I/Users/admin/builder/spi-builder-workspace/.derivedData/Build/Products/Debug-watchos/include -Xcc -I/Users/admin/builder/spi-builder-workspace/.derivedData/Build/Intermediates.noindex/ImGui.build/Debug-watchos/ImGui-t.build/DerivedSources-normal/arm64 -Xcc -I/Users/admin/builder/spi-builder-workspace/.derivedData/Build/Intermediates.noindex/ImGui.build/Debug-watchos/ImGui-t.build/DerivedSources/arm64 -Xcc -I/Users/admin/builder/spi-builder-workspace/.derivedData/Build/Intermediates.noindex/ImGui.build/Debug-watchos/ImGui-t.build/DerivedSources -Xcc -DSWIFT_PACKAGE -Xcc -DDEBUG\=1 -emit-objc-header -emit-objc-header-path /Users/admin/builder/spi-builder-workspace/.derivedData/Build/Intermediates.noindex/ImGui.build/Debug-watchos/ImGui-t.build/Objects-normal/arm64/ImGui-Swift.h -working-directory /Users/admin/builder/spi-builder-workspace/.swiftpm/xcode -experimental-emit-module-separately -disable-cmo
SwiftDriverJobDiscovery normal arm64 Compiling Export.swift (in target 'ImGui' from project 'ImGui')
SwiftCompile normal arm64_32 Compiling\ Helper.swift /Users/admin/builder/spi-builder-workspace/Sources/ImGui/Helper.swift (in target 'ImGui' from project 'ImGui')
SwiftCompile normal arm64_32 /Users/admin/builder/spi-builder-workspace/Sources/ImGui/Helper.swift (in target 'ImGui' from project 'ImGui')
cd /Users/admin/builder/spi-builder-workspace/.swiftpm/xcode
builtin-SwiftPerFileCompile Helper.swift
SwiftDriverJobDiscovery normal arm64 Compiling ImVec+Extensions.swift (in target 'ImGui' from project 'ImGui')
Copy /Users/admin/builder/spi-builder-workspace/.derivedData/Build/Products/Debug-watchos/ImGui.swiftmodule/arm64-apple-watchos.swiftmodule /Users/admin/builder/spi-builder-workspace/.derivedData/Build/Intermediates.noindex/ImGui.build/Debug-watchos/ImGui-t.build/Objects-normal/arm64/ImGui.swiftmodule (in target 'ImGui' from project 'ImGui')
cd /Users/admin/builder/spi-builder-workspace
builtin-copy -exclude .DS_Store -exclude CVS -exclude .svn -exclude .git -exclude .hg -resolve-src-symlinks -rename /Users/admin/builder/spi-builder-workspace/.derivedData/Build/Intermediates.noindex/ImGui.build/Debug-watchos/ImGui-t.build/Objects-normal/arm64/ImGui.swiftmodule /Users/admin/builder/spi-builder-workspace/.derivedData/Build/Products/Debug-watchos/ImGui.swiftmodule/arm64-apple-watchos.swiftmodule
Copy /Users/admin/builder/spi-builder-workspace/.derivedData/Build/Products/Debug-watchos/ImGui.swiftmodule/arm64-apple-watchos.swiftdoc /Users/admin/builder/spi-builder-workspace/.derivedData/Build/Intermediates.noindex/ImGui.build/Debug-watchos/ImGui-t.build/Objects-normal/arm64/ImGui.swiftdoc (in target 'ImGui' from project 'ImGui')
cd /Users/admin/builder/spi-builder-workspace
builtin-copy -exclude .DS_Store -exclude CVS -exclude .svn -exclude .git -exclude .hg -resolve-src-symlinks -rename /Users/admin/builder/spi-builder-workspace/.derivedData/Build/Intermediates.noindex/ImGui.build/Debug-watchos/ImGui-t.build/Objects-normal/arm64/ImGui.swiftdoc /Users/admin/builder/spi-builder-workspace/.derivedData/Build/Products/Debug-watchos/ImGui.swiftmodule/arm64-apple-watchos.swiftdoc
Copy /Users/admin/builder/spi-builder-workspace/.derivedData/Build/Products/Debug-watchos/ImGui.swiftmodule/arm64-apple-watchos.abi.json /Users/admin/builder/spi-builder-workspace/.derivedData/Build/Intermediates.noindex/ImGui.build/Debug-watchos/ImGui-t.build/Objects-normal/arm64/ImGui.abi.json (in target 'ImGui' from project 'ImGui')
cd /Users/admin/builder/spi-builder-workspace
builtin-copy -exclude .DS_Store -exclude CVS -exclude .svn -exclude .git -exclude .hg -resolve-src-symlinks -rename /Users/admin/builder/spi-builder-workspace/.derivedData/Build/Intermediates.noindex/ImGui.build/Debug-watchos/ImGui-t.build/Objects-normal/arm64/ImGui.abi.json /Users/admin/builder/spi-builder-workspace/.derivedData/Build/Products/Debug-watchos/ImGui.swiftmodule/arm64-apple-watchos.abi.json
Copy /Users/admin/builder/spi-builder-workspace/.derivedData/Build/Products/Debug-watchos/ImGui.swiftmodule/Project/arm64-apple-watchos.swiftsourceinfo /Users/admin/builder/spi-builder-workspace/.derivedData/Build/Intermediates.noindex/ImGui.build/Debug-watchos/ImGui-t.build/Objects-normal/arm64/ImGui.swiftsourceinfo (in target 'ImGui' from project 'ImGui')
cd /Users/admin/builder/spi-builder-workspace
builtin-copy -exclude .DS_Store -exclude CVS -exclude .svn -exclude .git -exclude .hg -resolve-src-symlinks -rename /Users/admin/builder/spi-builder-workspace/.derivedData/Build/Intermediates.noindex/ImGui.build/Debug-watchos/ImGui-t.build/Objects-normal/arm64/ImGui.swiftsourceinfo /Users/admin/builder/spi-builder-workspace/.derivedData/Build/Products/Debug-watchos/ImGui.swiftmodule/Project/arm64-apple-watchos.swiftsourceinfo
SwiftDriverJobDiscovery normal arm64 Compiling Helper.swift (in target 'ImGui' from project 'ImGui')
SwiftDriverJobDiscovery normal arm64_32 Compiling Export.swift (in target 'ImGui' from project 'ImGui')
SwiftDriverJobDiscovery normal arm64_32 Compiling ImVec+Extensions.swift (in target 'ImGui' from project 'ImGui')
SwiftExplicitDependencyGeneratePcm arm64 /Users/admin/builder/spi-builder-workspace/.derivedData/SDKExplicitPrecompiledModules/os_object-3SDKD7F87FTZ26OON37DRYT6O.pcm
SwiftDriverJobDiscovery normal arm64_32 Emitting module for ImGui (in target 'ImGui' from project 'ImGui')
SwiftDriver\ Compilation\ Requirements ImGui normal arm64_32 com.apple.xcode.tools.swift.compiler (in target 'ImGui' from project 'ImGui')
cd /Users/admin/builder/spi-builder-workspace/.swiftpm/xcode
builtin-Swift-Compilation-Requirements -- /Applications/Xcode-27.0.0-Release.Candidate.app/Contents/Developer/Toolchains/XcodeDefault.xctoolchain/usr/bin/swiftc -parse-as-library -module-name ImGui -Onone @/Users/admin/builder/spi-builder-workspace/.derivedData/Build/Intermediates.noindex/ImGui.build/Debug-watchos/ImGui-t.build/Objects-normal/arm64_32/ImGui.SwiftFileList -DSWIFT_PACKAGE -DDEBUG -DSWIFT_MODULE_RESOURCE_BUNDLE_UNAVAILABLE -Xcc -fmodule-map-file\=/Users/admin/builder/spi-builder-workspace/.derivedData/Build/Intermediates.noindex/GeneratedModuleMaps-watchos/CImGui.modulemap -DXcode -plugin-path /Applications/Xcode-27.0.0-Release.Candidate.app/Contents/Developer/Toolchains/XcodeDefault.xctoolchain/usr/lib/swift/host/plugins/testing -enable-experimental-feature DebugDescriptionMacro -sdk /Applications/Xcode-27.0.0-Release.Candidate.app/Contents/Developer/Platforms/WatchOS.platform/Developer/SDKs/WatchOS27.0.sdk -target arm64_32-apple-watchos9.0 -g -module-cache-path /Users/admin/builder/spi-builder-workspace/.derivedData/ModuleCache.noindex -Xfrontend -serialize-debugging-options -profile-coverage-mapping -profile-generate -enable-testing -index-store-path /Users/admin/builder/spi-builder-workspace/.derivedData/Index.noindex/DataStore -Xcc -D_LIBCPP_HARDENING_MODE\=_LIBCPP_HARDENING_MODE_DEBUG -swift-version 5 -I /Users/admin/builder/spi-builder-workspace/.derivedData/Build/Products/Debug-watchos -Isystem /Applications/Xcode-27.0.0-Release.Candidate.app/Contents/Developer/Platforms/WatchOS.platform/Developer/usr/lib -F /Users/admin/builder/spi-builder-workspace/.derivedData/Build/Products/Debug-watchos/PackageFrameworks -F /Users/admin/builder/spi-builder-workspace/.derivedData/Build/Products/Debug-watchos -F /Applications/Xcode-27.0.0-Release.Candidate.app/Contents/Developer/Platforms/WatchOS.platform/Developer/Library/Frameworks -F /Applications/Xcode-27.0.0-Release.Candidate.app/Contents/Developer/Platforms/WatchOS.platform/Developer/SDKs/WatchOS27.0.sdk/Developer/Library/Frameworks -c -j10 -enable-batch-mode -incremental -Xcc -ivfsstatcache -Xcc /Users/admin/builder/spi-builder-workspace/.derivedData/SDKStatCaches.noindex/watchos27.0-24R360-e829b21a6f8c9b70876ba0858053c04477534ef55a1706bf4c1112bbb242f0a2.sdkstatcache -output-file-map /Users/admin/builder/spi-builder-workspace/.derivedData/Build/Intermediates.noindex/ImGui.build/Debug-watchos/ImGui-t.build/Objects-normal/arm64_32/ImGui-OutputFileMap.json -save-temps -no-color-diagnostics -explicit-module-build -module-cache-path /Users/admin/builder/spi-builder-workspace/.derivedData/Build/Intermediates.noindex/SwiftExplicitPrecompiledModules -clang-scanner-module-cache-path /Users/admin/builder/spi-builder-workspace/.derivedData/ModuleCache.noindex -sdk-module-cache-path /Users/admin/builder/spi-builder-workspace/.derivedData/SDKExplicitPrecompiledModules -emit-dependencies -emit-module -emit-module-path /Users/admin/builder/spi-builder-workspace/.derivedData/Build/Intermediates.noindex/ImGui.build/Debug-watchos/ImGui-t.build/Objects-normal/arm64_32/ImGui.swiftmodule -serialize-diagnostics -dependency-scan-serialize-diagnostics-path /Users/admin/builder/spi-builder-workspace/.derivedData/Build/Intermediates.noindex/ImGui.build/Debug-watchos/ImGui-t.build/Objects-normal/arm64_32/ImGui-dependency-scan.dia -validate-clang-modules-once -clang-build-session-file /Users/admin/builder/spi-builder-workspace/.derivedData/ModuleCache.noindex/Session.modulevalidation -Xcc -fmodules-prune-interval\=86400 -Xcc -fmodules-prune-after\=345600 -emit-const-values -const-gather-protocols-list /Users/admin/builder/spi-builder-workspace/.derivedData/Build/Intermediates.noindex/ImGui.build/Debug-watchos/ImGui-t.build/Objects-normal/arm64_32/ImGui_const_extract_protocols.json -Xcc -I/Users/admin/builder/spi-builder-workspace/Sources/CImGui/include -Xcc -I/Users/admin/builder/spi-builder-workspace/.derivedData/Build/Products/Debug-watchos/include -Xcc -I/Users/admin/builder/spi-builder-workspace/.derivedData/Build/Intermediates.noindex/ImGui.build/Debug-watchos/ImGui-t.build/DerivedSources-normal/arm64_32 -Xcc -I/Users/admin/builder/spi-builder-workspace/.derivedData/Build/Intermediates.noindex/ImGui.build/Debug-watchos/ImGui-t.build/DerivedSources/arm64_32 -Xcc -I/Users/admin/builder/spi-builder-workspace/.derivedData/Build/Intermediates.noindex/ImGui.build/Debug-watchos/ImGui-t.build/DerivedSources -Xcc -DSWIFT_PACKAGE -Xcc -DDEBUG\=1 -emit-objc-header -emit-objc-header-path /Users/admin/builder/spi-builder-workspace/.derivedData/Build/Intermediates.noindex/ImGui.build/Debug-watchos/ImGui-t.build/Objects-normal/arm64_32/ImGui-Swift.h -working-directory /Users/admin/builder/spi-builder-workspace/.swiftpm/xcode -experimental-emit-module-separately -disable-cmo
SwiftMergeGeneratedHeaders /Users/admin/builder/spi-builder-workspace/.derivedData/Build/Intermediates.noindex/GeneratedModuleMaps-watchos/ImGui-Swift.h /Users/admin/builder/spi-builder-workspace/.derivedData/Build/Intermediates.noindex/ImGui.build/Debug-watchos/ImGui-t.build/Objects-normal/arm64/ImGui-Swift.h /Users/admin/builder/spi-builder-workspace/.derivedData/Build/Intermediates.noindex/ImGui.build/Debug-watchos/ImGui-t.build/Objects-normal/arm64_32/ImGui-Swift.h (in target 'ImGui' from project 'ImGui')
cd /Users/admin/builder/spi-builder-workspace
builtin-swiftHeaderTool -arch arm64 /Users/admin/builder/spi-builder-workspace/.derivedData/Build/Intermediates.noindex/ImGui.build/Debug-watchos/ImGui-t.build/Objects-normal/arm64/ImGui-Swift.h -arch arm64_32 /Users/admin/builder/spi-builder-workspace/.derivedData/Build/Intermediates.noindex/ImGui.build/Debug-watchos/ImGui-t.build/Objects-normal/arm64_32/ImGui-Swift.h -o /Users/admin/builder/spi-builder-workspace/.derivedData/Build/Intermediates.noindex/GeneratedModuleMaps-watchos/ImGui-Swift.h
Copy /Users/admin/builder/spi-builder-workspace/.derivedData/Build/Products/Debug-watchos/ImGui.swiftmodule/arm64_32-apple-watchos.swiftmodule /Users/admin/builder/spi-builder-workspace/.derivedData/Build/Intermediates.noindex/ImGui.build/Debug-watchos/ImGui-t.build/Objects-normal/arm64_32/ImGui.swiftmodule (in target 'ImGui' from project 'ImGui')
cd /Users/admin/builder/spi-builder-workspace
builtin-copy -exclude .DS_Store -exclude CVS -exclude .svn -exclude .git -exclude .hg -resolve-src-symlinks -rename /Users/admin/builder/spi-builder-workspace/.derivedData/Build/Intermediates.noindex/ImGui.build/Debug-watchos/ImGui-t.build/Objects-normal/arm64_32/ImGui.swiftmodule /Users/admin/builder/spi-builder-workspace/.derivedData/Build/Products/Debug-watchos/ImGui.swiftmodule/arm64_32-apple-watchos.swiftmodule
Copy /Users/admin/builder/spi-builder-workspace/.derivedData/Build/Products/Debug-watchos/ImGui.swiftmodule/arm64_32-apple-watchos.swiftdoc /Users/admin/builder/spi-builder-workspace/.derivedData/Build/Intermediates.noindex/ImGui.build/Debug-watchos/ImGui-t.build/Objects-normal/arm64_32/ImGui.swiftdoc (in target 'ImGui' from project 'ImGui')
cd /Users/admin/builder/spi-builder-workspace
builtin-copy -exclude .DS_Store -exclude CVS -exclude .svn -exclude .git -exclude .hg -resolve-src-symlinks -rename /Users/admin/builder/spi-builder-workspace/.derivedData/Build/Intermediates.noindex/ImGui.build/Debug-watchos/ImGui-t.build/Objects-normal/arm64_32/ImGui.swiftdoc /Users/admin/builder/spi-builder-workspace/.derivedData/Build/Products/Debug-watchos/ImGui.swiftmodule/arm64_32-apple-watchos.swiftdoc
Copy /Users/admin/builder/spi-builder-workspace/.derivedData/Build/Products/Debug-watchos/ImGui.swiftmodule/arm64_32-apple-watchos.abi.json /Users/admin/builder/spi-builder-workspace/.derivedData/Build/Intermediates.noindex/ImGui.build/Debug-watchos/ImGui-t.build/Objects-normal/arm64_32/ImGui.abi.json (in target 'ImGui' from project 'ImGui')
cd /Users/admin/builder/spi-builder-workspace
builtin-copy -exclude .DS_Store -exclude CVS -exclude .svn -exclude .git -exclude .hg -resolve-src-symlinks -rename /Users/admin/builder/spi-builder-workspace/.derivedData/Build/Intermediates.noindex/ImGui.build/Debug-watchos/ImGui-t.build/Objects-normal/arm64_32/ImGui.abi.json /Users/admin/builder/spi-builder-workspace/.derivedData/Build/Products/Debug-watchos/ImGui.swiftmodule/arm64_32-apple-watchos.abi.json
Copy /Users/admin/builder/spi-builder-workspace/.derivedData/Build/Products/Debug-watchos/ImGui.swiftmodule/Project/arm64_32-apple-watchos.swiftsourceinfo /Users/admin/builder/spi-builder-workspace/.derivedData/Build/Intermediates.noindex/ImGui.build/Debug-watchos/ImGui-t.build/Objects-normal/arm64_32/ImGui.swiftsourceinfo (in target 'ImGui' from project 'ImGui')
cd /Users/admin/builder/spi-builder-workspace
builtin-copy -exclude .DS_Store -exclude CVS -exclude .svn -exclude .git -exclude .hg -resolve-src-symlinks -rename /Users/admin/builder/spi-builder-workspace/.derivedData/Build/Intermediates.noindex/ImGui.build/Debug-watchos/ImGui-t.build/Objects-normal/arm64_32/ImGui.swiftsourceinfo /Users/admin/builder/spi-builder-workspace/.derivedData/Build/Products/Debug-watchos/ImGui.swiftmodule/Project/arm64_32-apple-watchos.swiftsourceinfo
SwiftDriver DemoMinimal normal arm64 com.apple.xcode.tools.swift.compiler (in target 'DemoMinimal-product' from project 'ImGui')
cd /Users/admin/builder/spi-builder-workspace/.swiftpm/xcode
builtin-SwiftDriver -- /Applications/Xcode-27.0.0-Release.Candidate.app/Contents/Developer/Toolchains/XcodeDefault.xctoolchain/usr/bin/swiftc -module-name DemoMinimal -Onone @/Users/admin/builder/spi-builder-workspace/.derivedData/Build/Intermediates.noindex/ImGui.build/Debug-watchos/DemoMinimal-p.build/Objects-normal/arm64/DemoMinimal.SwiftFileList -DSWIFT_PACKAGE -DDEBUG -Xcc -fmodule-map-file\=/Users/admin/builder/spi-builder-workspace/.derivedData/Build/Intermediates.noindex/GeneratedModuleMaps-watchos/CImGui.modulemap -DXcode -plugin-path /Applications/Xcode-27.0.0-Release.Candidate.app/Contents/Developer/Toolchains/XcodeDefault.xctoolchain/usr/lib/swift/host/plugins/testing -enable-experimental-feature DebugDescriptionMacro -sdk /Applications/Xcode-27.0.0-Release.Candidate.app/Contents/Developer/Platforms/WatchOS.platform/Developer/SDKs/WatchOS27.0.sdk -target arm64-apple-watchos9.0 -g -module-cache-path /Users/admin/builder/spi-builder-workspace/.derivedData/ModuleCache.noindex -Xfrontend -serialize-debugging-options -profile-coverage-mapping -profile-generate -enable-testing -index-store-path /Users/admin/builder/spi-builder-workspace/.derivedData/Index.noindex/DataStore -Xcc -D_LIBCPP_HARDENING_MODE\=_LIBCPP_HARDENING_MODE_DEBUG -swift-version 5 -I /Users/admin/builder/spi-builder-workspace/.derivedData/Build/Products/Debug-watchos -Isystem /Applications/Xcode-27.0.0-Release.Candidate.app/Contents/Developer/Platforms/WatchOS.platform/Developer/usr/lib -F /Users/admin/builder/spi-builder-workspace/.derivedData/Build/Products/Debug-watchos/PackageFrameworks -F /Users/admin/builder/spi-builder-workspace/.derivedData/Build/Products/Debug-watchos -F /Applications/Xcode-27.0.0-Release.Candidate.app/Contents/Developer/Platforms/WatchOS.platform/Developer/Library/Frameworks -F /Applications/Xcode-27.0.0-Release.Candidate.app/Contents/Developer/Platforms/WatchOS.platform/Developer/SDKs/WatchOS27.0.sdk/Developer/Library/Frameworks -c -j10 -enable-batch-mode -incremental -Xcc -ivfsstatcache -Xcc /Users/admin/builder/spi-builder-workspace/.derivedData/SDKStatCaches.noindex/watchos27.0-24R360-e829b21a6f8c9b70876ba0858053c04477534ef55a1706bf4c1112bbb242f0a2.sdkstatcache -output-file-map /Users/admin/builder/spi-builder-workspace/.derivedData/Build/Intermediates.noindex/ImGui.build/Debug-watchos/DemoMinimal-p.build/Objects-normal/arm64/DemoMinimal-OutputFileMap.json -save-temps -no-color-diagnostics -explicit-module-build -module-cache-path /Users/admin/builder/spi-builder-workspace/.derivedData/Build/Intermediates.noindex/SwiftExplicitPrecompiledModules -clang-scanner-module-cache-path /Users/admin/builder/spi-builder-workspace/.derivedData/ModuleCache.noindex -sdk-module-cache-path /Users/admin/builder/spi-builder-workspace/.derivedData/SDKExplicitPrecompiledModules -emit-dependencies -emit-module -emit-module-path /Users/admin/builder/spi-builder-workspace/.derivedData/Build/Intermediates.noindex/ImGui.build/Debug-watchos/DemoMinimal-p.build/Objects-normal/arm64/DemoMinimal.swiftmodule -serialize-diagnostics -dependency-scan-serialize-diagnostics-path /Users/admin/builder/spi-builder-workspace/.derivedData/Build/Intermediates.noindex/ImGui.build/Debug-watchos/DemoMinimal-p.build/Objects-normal/arm64/DemoMinimal-dependency-scan.dia -validate-clang-modules-once -clang-build-session-file /Users/admin/builder/spi-builder-workspace/.derivedData/ModuleCache.noindex/Session.modulevalidation -Xcc -fmodules-prune-interval\=86400 -Xcc -fmodules-prune-after\=345600 -emit-const-values -const-gather-protocols-list /Users/admin/builder/spi-builder-workspace/.derivedData/Build/Intermediates.noindex/ImGui.build/Debug-watchos/DemoMinimal-p.build/Objects-normal/arm64/DemoMinimal_const_extract_protocols.json -Xcc -I/Users/admin/builder/spi-builder-workspace/Sources/CImGui/include -Xcc -I/Users/admin/builder/spi-builder-workspace/.derivedData/Build/Products/Debug-watchos/include -Xcc -I/Users/admin/builder/spi-builder-workspace/.derivedData/Build/Intermediates.noindex/ImGui.build/Debug-watchos/DemoMinimal-p.build/DerivedSources-normal/arm64 -Xcc -I/Users/admin/builder/spi-builder-workspace/.derivedData/Build/Intermediates.noindex/ImGui.build/Debug-watchos/DemoMinimal-p.build/DerivedSources/arm64 -Xcc -I/Users/admin/builder/spi-builder-workspace/.derivedData/Build/Intermediates.noindex/ImGui.build/Debug-watchos/DemoMinimal-p.build/DerivedSources -Xcc -DSWIFT_PACKAGE -Xcc -DDEBUG\=1 -working-directory /Users/admin/builder/spi-builder-workspace/.swiftpm/xcode -experimental-emit-module-separately -disable-cmo
SwiftDriver DemoMinimal normal arm64_32 com.apple.xcode.tools.swift.compiler (in target 'DemoMinimal-product' from project 'ImGui')
cd /Users/admin/builder/spi-builder-workspace/.swiftpm/xcode
builtin-SwiftDriver -- /Applications/Xcode-27.0.0-Release.Candidate.app/Contents/Developer/Toolchains/XcodeDefault.xctoolchain/usr/bin/swiftc -module-name DemoMinimal -Onone @/Users/admin/builder/spi-builder-workspace/.derivedData/Build/Intermediates.noindex/ImGui.build/Debug-watchos/DemoMinimal-p.build/Objects-normal/arm64_32/DemoMinimal.SwiftFileList -DSWIFT_PACKAGE -DDEBUG -Xcc -fmodule-map-file\=/Users/admin/builder/spi-builder-workspace/.derivedData/Build/Intermediates.noindex/GeneratedModuleMaps-watchos/CImGui.modulemap -DXcode -plugin-path /Applications/Xcode-27.0.0-Release.Candidate.app/Contents/Developer/Toolchains/XcodeDefault.xctoolchain/usr/lib/swift/host/plugins/testing -enable-experimental-feature DebugDescriptionMacro -sdk /Applications/Xcode-27.0.0-Release.Candidate.app/Contents/Developer/Platforms/WatchOS.platform/Developer/SDKs/WatchOS27.0.sdk -target arm64_32-apple-watchos9.0 -g -module-cache-path /Users/admin/builder/spi-builder-workspace/.derivedData/ModuleCache.noindex -Xfrontend -serialize-debugging-options -profile-coverage-mapping -profile-generate -enable-testing -index-store-path /Users/admin/builder/spi-builder-workspace/.derivedData/Index.noindex/DataStore -Xcc -D_LIBCPP_HARDENING_MODE\=_LIBCPP_HARDENING_MODE_DEBUG -swift-version 5 -I /Users/admin/builder/spi-builder-workspace/.derivedData/Build/Products/Debug-watchos -Isystem /Applications/Xcode-27.0.0-Release.Candidate.app/Contents/Developer/Platforms/WatchOS.platform/Developer/usr/lib -F /Users/admin/builder/spi-builder-workspace/.derivedData/Build/Products/Debug-watchos/PackageFrameworks -F /Users/admin/builder/spi-builder-workspace/.derivedData/Build/Products/Debug-watchos -F /Applications/Xcode-27.0.0-Release.Candidate.app/Contents/Developer/Platforms/WatchOS.platform/Developer/Library/Frameworks -F /Applications/Xcode-27.0.0-Release.Candidate.app/Contents/Developer/Platforms/WatchOS.platform/Developer/SDKs/WatchOS27.0.sdk/Developer/Library/Frameworks -c -j10 -enable-batch-mode -incremental -Xcc -ivfsstatcache -Xcc /Users/admin/builder/spi-builder-workspace/.derivedData/SDKStatCaches.noindex/watchos27.0-24R360-e829b21a6f8c9b70876ba0858053c04477534ef55a1706bf4c1112bbb242f0a2.sdkstatcache -output-file-map /Users/admin/builder/spi-builder-workspace/.derivedData/Build/Intermediates.noindex/ImGui.build/Debug-watchos/DemoMinimal-p.build/Objects-normal/arm64_32/DemoMinimal-OutputFileMap.json -save-temps -no-color-diagnostics -explicit-module-build -module-cache-path /Users/admin/builder/spi-builder-workspace/.derivedData/Build/Intermediates.noindex/SwiftExplicitPrecompiledModules -clang-scanner-module-cache-path /Users/admin/builder/spi-builder-workspace/.derivedData/ModuleCache.noindex -sdk-module-cache-path /Users/admin/builder/spi-builder-workspace/.derivedData/SDKExplicitPrecompiledModules -emit-dependencies -emit-module -emit-module-path /Users/admin/builder/spi-builder-workspace/.derivedData/Build/Intermediates.noindex/ImGui.build/Debug-watchos/DemoMinimal-p.build/Objects-normal/arm64_32/DemoMinimal.swiftmodule -serialize-diagnostics -dependency-scan-serialize-diagnostics-path /Users/admin/builder/spi-builder-workspace/.derivedData/Build/Intermediates.noindex/ImGui.build/Debug-watchos/DemoMinimal-p.build/Objects-normal/arm64_32/DemoMinimal-dependency-scan.dia -validate-clang-modules-once -clang-build-session-file /Users/admin/builder/spi-builder-workspace/.derivedData/ModuleCache.noindex/Session.modulevalidation -Xcc -fmodules-prune-interval\=86400 -Xcc -fmodules-prune-after\=345600 -emit-const-values -const-gather-protocols-list /Users/admin/builder/spi-builder-workspace/.derivedData/Build/Intermediates.noindex/ImGui.build/Debug-watchos/DemoMinimal-p.build/Objects-normal/arm64_32/DemoMinimal_const_extract_protocols.json -Xcc -I/Users/admin/builder/spi-builder-workspace/Sources/CImGui/include -Xcc -I/Users/admin/builder/spi-builder-workspace/.derivedData/Build/Products/Debug-watchos/include -Xcc -I/Users/admin/builder/spi-builder-workspace/.derivedData/Build/Intermediates.noindex/ImGui.build/Debug-watchos/DemoMinimal-p.build/DerivedSources-normal/arm64_32 -Xcc -I/Users/admin/builder/spi-builder-workspace/.derivedData/Build/Intermediates.noindex/ImGui.build/Debug-watchos/DemoMinimal-p.build/DerivedSources/arm64_32 -Xcc -I/Users/admin/builder/spi-builder-workspace/.derivedData/Build/Intermediates.noindex/ImGui.build/Debug-watchos/DemoMinimal-p.build/DerivedSources -Xcc -DSWIFT_PACKAGE -Xcc -DDEBUG\=1 -working-directory /Users/admin/builder/spi-builder-workspace/.swiftpm/xcode -experimental-emit-module-separately -disable-cmo
SwiftDriver DemoMetal-macOS normal arm64 com.apple.xcode.tools.swift.compiler (in target 'DemoMetal-macOS-product' from project 'ImGui')
cd /Users/admin/builder/spi-builder-workspace/.swiftpm/xcode
builtin-SwiftDriver -- /Applications/Xcode-27.0.0-Release.Candidate.app/Contents/Developer/Toolchains/XcodeDefault.xctoolchain/usr/bin/swiftc -module-name DemoMetal -Onone @/Users/admin/builder/spi-builder-workspace/.derivedData/Build/Intermediates.noindex/ImGui.build/Debug-watchos/DemoMetal-macOS-p.build/Objects-normal/arm64/DemoMetal-macOS.SwiftFileList -DSWIFT_PACKAGE -DDEBUG -Xcc -fmodule-map-file\=/Users/admin/builder/spi-builder-workspace/.derivedData/Build/Intermediates.noindex/GeneratedModuleMaps-watchos/CImGui.modulemap -DXcode -plugin-path /Applications/Xcode-27.0.0-Release.Candidate.app/Contents/Developer/Toolchains/XcodeDefault.xctoolchain/usr/lib/swift/host/plugins/testing -enable-experimental-feature DebugDescriptionMacro -sdk /Applications/Xcode-27.0.0-Release.Candidate.app/Contents/Developer/Platforms/WatchOS.platform/Developer/SDKs/WatchOS27.0.sdk -target arm64-apple-watchos9.0 -g -module-cache-path /Users/admin/builder/spi-builder-workspace/.derivedData/ModuleCache.noindex -Xfrontend -serialize-debugging-options -profile-coverage-mapping -profile-generate -enable-testing -index-store-path /Users/admin/builder/spi-builder-workspace/.derivedData/Index.noindex/DataStore -Xcc -D_LIBCPP_HARDENING_MODE\=_LIBCPP_HARDENING_MODE_DEBUG -swift-version 5 -I /Users/admin/builder/spi-builder-workspace/.derivedData/Build/Products/Debug-watchos -Isystem /Applications/Xcode-27.0.0-Release.Candidate.app/Contents/Developer/Platforms/WatchOS.platform/Developer/usr/lib -F /Users/admin/builder/spi-builder-workspace/.derivedData/Build/Products/Debug-watchos/PackageFrameworks -F /Users/admin/builder/spi-builder-workspace/.derivedData/Build/Products/Debug-watchos -F /Applications/Xcode-27.0.0-Release.Candidate.app/Contents/Developer/Platforms/WatchOS.platform/Developer/Library/Frameworks -F /Applications/Xcode-27.0.0-Release.Candidate.app/Contents/Developer/Platforms/WatchOS.platform/Developer/SDKs/WatchOS27.0.sdk/Developer/Library/Frameworks -c -j10 -enable-batch-mode -incremental -Xcc -ivfsstatcache -Xcc /Users/admin/builder/spi-builder-workspace/.derivedData/SDKStatCaches.noindex/watchos27.0-24R360-e829b21a6f8c9b70876ba0858053c04477534ef55a1706bf4c1112bbb242f0a2.sdkstatcache -output-file-map /Users/admin/builder/spi-builder-workspace/.derivedData/Build/Intermediates.noindex/ImGui.build/Debug-watchos/DemoMetal-macOS-p.build/Objects-normal/arm64/DemoMetal-macOS-OutputFileMap.json -save-temps -no-color-diagnostics -explicit-module-build -module-cache-path /Users/admin/builder/spi-builder-workspace/.derivedData/Build/Intermediates.noindex/SwiftExplicitPrecompiledModules -clang-scanner-module-cache-path /Users/admin/builder/spi-builder-workspace/.derivedData/ModuleCache.noindex -sdk-module-cache-path /Users/admin/builder/spi-builder-workspace/.derivedData/SDKExplicitPrecompiledModules -emit-dependencies -emit-module -emit-module-path /Users/admin/builder/spi-builder-workspace/.derivedData/Build/Intermediates.noindex/ImGui.build/Debug-watchos/DemoMetal-macOS-p.build/Objects-normal/arm64/DemoMetal.swiftmodule -serialize-diagnostics -dependency-scan-serialize-diagnostics-path /Users/admin/builder/spi-builder-workspace/.derivedData/Build/Intermediates.noindex/ImGui.build/Debug-watchos/DemoMetal-macOS-p.build/Objects-normal/arm64/DemoMetal-dependency-scan.dia -validate-clang-modules-once -clang-build-session-file /Users/admin/builder/spi-builder-workspace/.derivedData/ModuleCache.noindex/Session.modulevalidation -Xcc -fmodules-prune-interval\=86400 -Xcc -fmodules-prune-after\=345600 -emit-const-values -const-gather-protocols-list /Users/admin/builder/spi-builder-workspace/.derivedData/Build/Intermediates.noindex/ImGui.build/Debug-watchos/DemoMetal-macOS-p.build/Objects-normal/arm64/DemoMetal-macOS_const_extract_protocols.json -Xcc -I/Users/admin/builder/spi-builder-workspace/Sources/CImGui/include -Xcc -I/Users/admin/builder/spi-builder-workspace/.derivedData/Build/Products/Debug-watchos/include -Xcc -I/Users/admin/builder/spi-builder-workspace/.derivedData/Build/Intermediates.noindex/ImGui.build/Debug-watchos/DemoMetal-macOS-p.build/DerivedSources-normal/arm64 -Xcc -I/Users/admin/builder/spi-builder-workspace/.derivedData/Build/Intermediates.noindex/ImGui.build/Debug-watchos/DemoMetal-macOS-p.build/DerivedSources/arm64 -Xcc -I/Users/admin/builder/spi-builder-workspace/.derivedData/Build/Intermediates.noindex/ImGui.build/Debug-watchos/DemoMetal-macOS-p.build/DerivedSources -Xcc -DSWIFT_PACKAGE -Xcc -DDEBUG\=1 -working-directory /Users/admin/builder/spi-builder-workspace/.swiftpm/xcode -experimental-emit-module-separately -disable-cmo
/Users/admin/builder/spi-builder-workspace/Sources/Demos/Metal/main.swift:8:8: error: Unable to resolve module dependency: 'AppKit' (in target 'DemoMetal-macOS-product' from project 'ImGui')
note: A dependency of main module 'DemoMetal'
/Users/admin/builder/spi-builder-workspace/Sources/Demos/Metal/ViewController.swift:8:8: note: Also imported here
/Users/admin/builder/spi-builder-workspace/Sources/Demos/Metal/imgui_impl_metal.swift:10:8: note: Also imported here
/Users/admin/builder/spi-builder-workspace/Sources/Demos/Metal/imgui_impl_osx.swift:9:8: note: Also imported here
/Users/admin/builder/spi-builder-workspace/Sources/Demos/Metal/AppDelegate.swift:8:8: error: Unable to resolve module dependency: 'Cocoa' (in target 'DemoMetal-macOS-product' from project 'ImGui')
note: A dependency of main module 'DemoMetal'
/Users/admin/builder/spi-builder-workspace/Sources/Demos/Metal/Renderer.swift:9:8: error: Unable to resolve module dependency: 'Metal' (in target 'DemoMetal-macOS-product' from project 'ImGui')
note: A dependency of main module 'DemoMetal'
/Users/admin/builder/spi-builder-workspace/Sources/Demos/Metal/ViewController.swift:9:8: note: Also imported here
/Users/admin/builder/spi-builder-workspace/Sources/Demos/Metal/imgui_impl_metal.swift:11:8: note: Also imported here
/Users/admin/builder/spi-builder-workspace/Sources/Demos/Metal/Renderer.swift:10:8: error: Unable to resolve module dependency: 'MetalKit' (in target 'DemoMetal-macOS-product' from project 'ImGui')
note: A dependency of main module 'DemoMetal'
/Users/admin/builder/spi-builder-workspace/Sources/Demos/Metal/ViewController.swift:10:8: note: Also imported here
/Users/admin/builder/spi-builder-workspace/Sources/Demos/Metal/imgui_impl_metal.swift:12:8: note: Also imported here
/Users/admin/builder/spi-builder-workspace/Sources/Demos/Metal/main.swift:8:8: note: A dependency of main module 'DemoMetal'
import AppKit
^ (in target 'DemoMetal-macOS-product' from project 'ImGui')
/Users/admin/builder/spi-builder-workspace/Sources/Demos/Metal/ViewController.swift:8:8: note: Also imported here
import AppKit
^ (in target 'DemoMetal-macOS-product' from project 'ImGui')
/Users/admin/builder/spi-builder-workspace/Sources/Demos/Metal/imgui_impl_metal.swift:10:8: note: Also imported here
import AppKit
^ (in target 'DemoMetal-macOS-product' from project 'ImGui')
/Users/admin/builder/spi-builder-workspace/Sources/Demos/Metal/imgui_impl_osx.swift:9:8: note: Also imported here
import AppKit
^ (in target 'DemoMetal-macOS-product' from project 'ImGui')
/Users/admin/builder/spi-builder-workspace/Sources/Demos/Metal/AppDelegate.swift:8:8: note: A dependency of main module 'DemoMetal'
import Cocoa
^ (in target 'DemoMetal-macOS-product' from project 'ImGui')
/Users/admin/builder/spi-builder-workspace/Sources/Demos/Metal/Renderer.swift:9:8: note: A dependency of main module 'DemoMetal'
import Metal
^ (in target 'DemoMetal-macOS-product' from project 'ImGui')
/Users/admin/builder/spi-builder-workspace/Sources/Demos/Metal/ViewController.swift:9:8: note: Also imported here
import Metal
^ (in target 'DemoMetal-macOS-product' from project 'ImGui')
/Users/admin/builder/spi-builder-workspace/Sources/Demos/Metal/imgui_impl_metal.swift:11:8: note: Also imported here
import Metal
^ (in target 'DemoMetal-macOS-product' from project 'ImGui')
/Users/admin/builder/spi-builder-workspace/Sources/Demos/Metal/Renderer.swift:10:8: note: A dependency of main module 'DemoMetal'
import MetalKit
^ (in target 'DemoMetal-macOS-product' from project 'ImGui')
/Users/admin/builder/spi-builder-workspace/Sources/Demos/Metal/ViewController.swift:10:8: note: Also imported here
import MetalKit
^ (in target 'DemoMetal-macOS-product' from project 'ImGui')
/Users/admin/builder/spi-builder-workspace/Sources/Demos/Metal/imgui_impl_metal.swift:12:8: note: Also imported here
import MetalKit
^ (in target 'DemoMetal-macOS-product' from project 'ImGui')
SwiftDriver DemoMetal-macOS normal arm64_32 com.apple.xcode.tools.swift.compiler (in target 'DemoMetal-macOS-product' from project 'ImGui')
cd /Users/admin/builder/spi-builder-workspace/.swiftpm/xcode
builtin-SwiftDriver -- /Applications/Xcode-27.0.0-Release.Candidate.app/Contents/Developer/Toolchains/XcodeDefault.xctoolchain/usr/bin/swiftc -module-name DemoMetal -Onone @/Users/admin/builder/spi-builder-workspace/.derivedData/Build/Intermediates.noindex/ImGui.build/Debug-watchos/DemoMetal-macOS-p.build/Objects-normal/arm64_32/DemoMetal-macOS.SwiftFileList -DSWIFT_PACKAGE -DDEBUG -Xcc -fmodule-map-file\=/Users/admin/builder/spi-builder-workspace/.derivedData/Build/Intermediates.noindex/GeneratedModuleMaps-watchos/CImGui.modulemap -DXcode -plugin-path /Applications/Xcode-27.0.0-Release.Candidate.app/Contents/Developer/Toolchains/XcodeDefault.xctoolchain/usr/lib/swift/host/plugins/testing -enable-experimental-feature DebugDescriptionMacro -sdk /Applications/Xcode-27.0.0-Release.Candidate.app/Contents/Developer/Platforms/WatchOS.platform/Developer/SDKs/WatchOS27.0.sdk -target arm64_32-apple-watchos9.0 -g -module-cache-path /Users/admin/builder/spi-builder-workspace/.derivedData/ModuleCache.noindex -Xfrontend -serialize-debugging-options -profile-coverage-mapping -profile-generate -enable-testing -index-store-path /Users/admin/builder/spi-builder-workspace/.derivedData/Index.noindex/DataStore -Xcc -D_LIBCPP_HARDENING_MODE\=_LIBCPP_HARDENING_MODE_DEBUG -swift-version 5 -I /Users/admin/builder/spi-builder-workspace/.derivedData/Build/Products/Debug-watchos -Isystem /Applications/Xcode-27.0.0-Release.Candidate.app/Contents/Developer/Platforms/WatchOS.platform/Developer/usr/lib -F /Users/admin/builder/spi-builder-workspace/.derivedData/Build/Products/Debug-watchos/PackageFrameworks -F /Users/admin/builder/spi-builder-workspace/.derivedData/Build/Products/Debug-watchos -F /Applications/Xcode-27.0.0-Release.Candidate.app/Contents/Developer/Platforms/WatchOS.platform/Developer/Library/Frameworks -F /Applications/Xcode-27.0.0-Release.Candidate.app/Contents/Developer/Platforms/WatchOS.platform/Developer/SDKs/WatchOS27.0.sdk/Developer/Library/Frameworks -c -j10 -enable-batch-mode -incremental -Xcc -ivfsstatcache -Xcc /Users/admin/builder/spi-builder-workspace/.derivedData/SDKStatCaches.noindex/watchos27.0-24R360-e829b21a6f8c9b70876ba0858053c04477534ef55a1706bf4c1112bbb242f0a2.sdkstatcache -output-file-map /Users/admin/builder/spi-builder-workspace/.derivedData/Build/Intermediates.noindex/ImGui.build/Debug-watchos/DemoMetal-macOS-p.build/Objects-normal/arm64_32/DemoMetal-macOS-OutputFileMap.json -save-temps -no-color-diagnostics -explicit-module-build -module-cache-path /Users/admin/builder/spi-builder-workspace/.derivedData/Build/Intermediates.noindex/SwiftExplicitPrecompiledModules -clang-scanner-module-cache-path /Users/admin/builder/spi-builder-workspace/.derivedData/ModuleCache.noindex -sdk-module-cache-path /Users/admin/builder/spi-builder-workspace/.derivedData/SDKExplicitPrecompiledModules -emit-dependencies -emit-module -emit-module-path /Users/admin/builder/spi-builder-workspace/.derivedData/Build/Intermediates.noindex/ImGui.build/Debug-watchos/DemoMetal-macOS-p.build/Objects-normal/arm64_32/DemoMetal.swiftmodule -serialize-diagnostics -dependency-scan-serialize-diagnostics-path /Users/admin/builder/spi-builder-workspace/.derivedData/Build/Intermediates.noindex/ImGui.build/Debug-watchos/DemoMetal-macOS-p.build/Objects-normal/arm64_32/DemoMetal-dependency-scan.dia -validate-clang-modules-once -clang-build-session-file /Users/admin/builder/spi-builder-workspace/.derivedData/ModuleCache.noindex/Session.modulevalidation -Xcc -fmodules-prune-interval\=86400 -Xcc -fmodules-prune-after\=345600 -emit-const-values -const-gather-protocols-list /Users/admin/builder/spi-builder-workspace/.derivedData/Build/Intermediates.noindex/ImGui.build/Debug-watchos/DemoMetal-macOS-p.build/Objects-normal/arm64_32/DemoMetal-macOS_const_extract_protocols.json -Xcc -I/Users/admin/builder/spi-builder-workspace/Sources/CImGui/include -Xcc -I/Users/admin/builder/spi-builder-workspace/.derivedData/Build/Products/Debug-watchos/include -Xcc -I/Users/admin/builder/spi-builder-workspace/.derivedData/Build/Intermediates.noindex/ImGui.build/Debug-watchos/DemoMetal-macOS-p.build/DerivedSources-normal/arm64_32 -Xcc -I/Users/admin/builder/spi-builder-workspace/.derivedData/Build/Intermediates.noindex/ImGui.build/Debug-watchos/DemoMetal-macOS-p.build/DerivedSources/arm64_32 -Xcc -I/Users/admin/builder/spi-builder-workspace/.derivedData/Build/Intermediates.noindex/ImGui.build/Debug-watchos/DemoMetal-macOS-p.build/DerivedSources -Xcc -DSWIFT_PACKAGE -Xcc -DDEBUG\=1 -working-directory /Users/admin/builder/spi-builder-workspace/.swiftpm/xcode -experimental-emit-module-separately -disable-cmo
/Users/admin/builder/spi-builder-workspace/Sources/Demos/Metal/main.swift:8:8: error: Unable to resolve module dependency: 'AppKit' (in target 'DemoMetal-macOS-product' from project 'ImGui')
note: A dependency of main module 'DemoMetal'
/Users/admin/builder/spi-builder-workspace/Sources/Demos/Metal/ViewController.swift:8:8: note: Also imported here
/Users/admin/builder/spi-builder-workspace/Sources/Demos/Metal/imgui_impl_metal.swift:10:8: note: Also imported here
/Users/admin/builder/spi-builder-workspace/Sources/Demos/Metal/imgui_impl_osx.swift:9:8: note: Also imported here
/Users/admin/builder/spi-builder-workspace/Sources/Demos/Metal/AppDelegate.swift:8:8: error: Unable to resolve module dependency: 'Cocoa' (in target 'DemoMetal-macOS-product' from project 'ImGui')
note: A dependency of main module 'DemoMetal'
/Users/admin/builder/spi-builder-workspace/Sources/Demos/Metal/Renderer.swift:9:8: error: Unable to resolve module dependency: 'Metal' (in target 'DemoMetal-macOS-product' from project 'ImGui')
note: A dependency of main module 'DemoMetal'
/Users/admin/builder/spi-builder-workspace/Sources/Demos/Metal/ViewController.swift:9:8: note: Also imported here
/Users/admin/builder/spi-builder-workspace/Sources/Demos/Metal/imgui_impl_metal.swift:11:8: note: Also imported here
/Users/admin/builder/spi-builder-workspace/Sources/Demos/Metal/Renderer.swift:10:8: error: Unable to resolve module dependency: 'MetalKit' (in target 'DemoMetal-macOS-product' from project 'ImGui')
note: A dependency of main module 'DemoMetal'
/Users/admin/builder/spi-builder-workspace/Sources/Demos/Metal/ViewController.swift:10:8: note: Also imported here
/Users/admin/builder/spi-builder-workspace/Sources/Demos/Metal/imgui_impl_metal.swift:12:8: note: Also imported here
/Users/admin/builder/spi-builder-workspace/Sources/Demos/Metal/main.swift:8:8: note: A dependency of main module 'DemoMetal'
import AppKit
^ (in target 'DemoMetal-macOS-product' from project 'ImGui')
/Users/admin/builder/spi-builder-workspace/Sources/Demos/Metal/ViewController.swift:8:8: note: Also imported here
import AppKit
^ (in target 'DemoMetal-macOS-product' from project 'ImGui')
/Users/admin/builder/spi-builder-workspace/Sources/Demos/Metal/imgui_impl_metal.swift:10:8: note: Also imported here
import AppKit
^ (in target 'DemoMetal-macOS-product' from project 'ImGui')
/Users/admin/builder/spi-builder-workspace/Sources/Demos/Metal/imgui_impl_osx.swift:9:8: note: Also imported here
import AppKit
^ (in target 'DemoMetal-macOS-product' from project 'ImGui')
/Users/admin/builder/spi-builder-workspace/Sources/Demos/Metal/AppDelegate.swift:8:8: note: A dependency of main module 'DemoMetal'
import Cocoa
^ (in target 'DemoMetal-macOS-product' from project 'ImGui')
/Users/admin/builder/spi-builder-workspace/Sources/Demos/Metal/Renderer.swift:9:8: note: A dependency of main module 'DemoMetal'
import Metal
^ (in target 'DemoMetal-macOS-product' from project 'ImGui')
/Users/admin/builder/spi-builder-workspace/Sources/Demos/Metal/ViewController.swift:9:8: note: Also imported here
import Metal
^ (in target 'DemoMetal-macOS-product' from project 'ImGui')
/Users/admin/builder/spi-builder-workspace/Sources/Demos/Metal/imgui_impl_metal.swift:11:8: note: Also imported here
import Metal
^ (in target 'DemoMetal-macOS-product' from project 'ImGui')
/Users/admin/builder/spi-builder-workspace/Sources/Demos/Metal/Renderer.swift:10:8: note: A dependency of main module 'DemoMetal'
import MetalKit
^ (in target 'DemoMetal-macOS-product' from project 'ImGui')
/Users/admin/builder/spi-builder-workspace/Sources/Demos/Metal/ViewController.swift:10:8: note: Also imported here
import MetalKit
^ (in target 'DemoMetal-macOS-product' from project 'ImGui')
/Users/admin/builder/spi-builder-workspace/Sources/Demos/Metal/imgui_impl_metal.swift:12:8: note: Also imported here
import MetalKit
^ (in target 'DemoMetal-macOS-product' from project 'ImGui')
SwiftExplicitDependencyGeneratePcm arm64 /Users/admin/builder/spi-builder-workspace/.derivedData/SDKExplicitPrecompiledModules/os_workgroup-89GG5G7YC2D0ZTK6AZXXQ20DH.pcm
SwiftExplicitDependencyGeneratePcm arm64_32 /Users/admin/builder/spi-builder-workspace/.derivedData/SDKExplicitPrecompiledModules/ObjectiveC-6IJNELR2E80E7LUKESVCP2KET.pcm
SwiftExplicitDependencyGeneratePcm arm64 /Users/admin/builder/spi-builder-workspace/.derivedData/SDKExplicitPrecompiledModules/Dispatch-1NLJOVAK60XP0DUB05XA59EIM.pcm
SwiftEmitModule normal arm64 Emitting\ module\ for\ DemoMinimal (in target 'DemoMinimal-product' from project 'ImGui')
SwiftCompile normal arm64 (in target 'DemoMinimal-product' from project 'ImGui')
cd /Users/admin/builder/spi-builder-workspace/.swiftpm/xcode
SwiftEmitModule normal arm64_32 Emitting\ module\ for\ DemoMinimal (in target 'DemoMinimal-product' from project 'ImGui')
SwiftCompile normal arm64_32 (in target 'DemoMinimal-product' from project 'ImGui')
cd /Users/admin/builder/spi-builder-workspace/.swiftpm/xcode
SwiftCompile normal arm64_32 Compiling\ main.swift /Users/admin/builder/spi-builder-workspace/Sources/Demos/Minimal/main.swift (in target 'DemoMinimal-product' from project 'ImGui')
SwiftCompile normal arm64_32 /Users/admin/builder/spi-builder-workspace/Sources/Demos/Minimal/main.swift (in target 'DemoMinimal-product' from project 'ImGui')
cd /Users/admin/builder/spi-builder-workspace/.swiftpm/xcode
builtin-SwiftPerFileCompile main.swift
SwiftCompile normal arm64 Compiling\ main.swift /Users/admin/builder/spi-builder-workspace/Sources/Demos/Minimal/main.swift (in target 'DemoMinimal-product' from project 'ImGui')
SwiftCompile normal arm64 /Users/admin/builder/spi-builder-workspace/Sources/Demos/Minimal/main.swift (in target 'DemoMinimal-product' from project 'ImGui')
cd /Users/admin/builder/spi-builder-workspace/.swiftpm/xcode
builtin-SwiftPerFileCompile main.swift
PruneExplicitPrecompiledModules /Users/admin/builder/spi-builder-workspace/.derivedData/Build/Intermediates.noindex/ExplicitPrecompiledModules
PruneExplicitPrecompiledModules /Users/admin/builder/spi-builder-workspace/.derivedData/Build/Intermediates.noindex/SwiftExplicitPrecompiledModules
PruneExplicitPrecompiledModules /Users/admin/builder/spi-builder-workspace/.derivedData/SDKExplicitPrecompiledModules
2026-09-19 23:45:55.092 xcodebuild[691:4448] [MT] IDERunDestination: Supported platforms for the buildables in the current scheme is empty.
** BUILD FAILED **
The following build commands failed:
SwiftDriver DemoMetal-macOS normal arm64 com.apple.xcode.tools.swift.compiler (in target 'DemoMetal-macOS-product' from project 'ImGui')
SwiftDriver DemoMetal-macOS normal arm64_32 com.apple.xcode.tools.swift.compiler (in target 'DemoMetal-macOS-product' from project 'ImGui')
Building workspace ImGui with scheme ImGui-Package
(3 failures)
Command line invocation:
/Applications/Xcode-27.0.0-Release.Candidate.app/Contents/Developer/usr/bin/xcodebuild -IDEClonedSourcePackagesDirPathOverride=/Users/admin/builder/spi-builder-workspace/.dependencies -resolvePackageDependencies
Resolve Package Graph
Resolved source packages:
ImGui: /Users/admin/builder/spi-builder-workspace
resolved source packages: ImGui
2026-09-19 23:46:00.132 xcodebuild[803:4938] [MT] IDERunDestination: Supported platforms for the buildables in the current scheme is empty.
{
"c_language_standard" : "c11",
"cxx_language_standard" : "c++11",
"dependencies" : [
],
"manifest_display_name" : "ImGui",
"name" : "ImGui",
"path" : "/Users/admin/builder/spi-builder-workspace",
"platforms" : [
],
"products" : [
{
"name" : "ImGui",
"targets" : [
"ImGui"
],
"type" : {
"library" : [
"automatic"
]
}
},
{
"name" : "DemoMinimal",
"targets" : [
"DemoMinimal"
],
"type" : {
"executable" : null
}
},
{
"name" : "DemoMetal-macOS",
"targets" : [
"DemoMetal"
],
"type" : {
"executable" : null
}
},
{
"name" : "AutoWrapper",
"targets" : [
"AutoWrapper"
],
"type" : {
"executable" : null
}
}
],
"targets" : [
{
"c99name" : "ImGuiTests",
"module_type" : "SwiftTarget",
"name" : "ImGuiTests",
"path" : "Tests/ImGuiTests",
"sources" : [
"ImGuiTests.swift",
"XCTestManifests.swift"
],
"target_dependencies" : [
"ImGui"
],
"type" : "test"
},
{
"c99name" : "ImGui",
"module_type" : "SwiftTarget",
"name" : "ImGui",
"path" : "Sources/ImGui",
"product_memberships" : [
"ImGui",
"DemoMinimal",
"DemoMetal-macOS"
],
"sources" : [
"Export.swift",
"Helper.swift",
"ImGui+Definitions.swift",
"ImVec+Extensions.swift"
],
"target_dependencies" : [
"CImGui"
],
"type" : "library"
},
{
"c99name" : "DemoMinimal",
"module_type" : "SwiftTarget",
"name" : "DemoMinimal",
"path" : "Sources/Demos/Minimal",
"product_memberships" : [
"DemoMinimal"
],
"sources" : [
"main.swift"
],
"target_dependencies" : [
"ImGui"
],
"type" : "executable"
},
{
"c99name" : "DemoMetal",
"module_type" : "SwiftTarget",
"name" : "DemoMetal",
"path" : "Sources/Demos/Metal",
"product_memberships" : [
"DemoMetal-macOS"
],
"sources" : [
"AppDelegate.swift",
"Renderer.swift",
"Shaders.swift",
"ViewController.swift",
"imgui_impl_metal.swift",
"imgui_impl_osx.swift",
"main.swift"
],
"target_dependencies" : [
"ImGui"
],
"type" : "executable"
},
{
"c99name" : "CImGui",
"module_type" : "ClangTarget",
"name" : "CImGui",
"path" : "Sources/CImGui",
"product_memberships" : [
"ImGui",
"DemoMinimal",
"DemoMetal-macOS"
],
"sources" : [
"cimgui.cpp",
"imgui/imgui.cpp",
"imgui/imgui_demo.cpp",
"imgui/imgui_draw.cpp",
"imgui/imgui_tables.cpp",
"imgui/imgui_widgets.cpp"
],
"type" : "library"
},
{
"c99name" : "AutoWrapper",
"module_type" : "SwiftTarget",
"name" : "AutoWrapper",
"path" : "Sources/AutoWrapper",
"product_memberships" : [
"AutoWrapper"
],
"resources" : [
{
"path" : "/Users/admin/builder/spi-builder-workspace/Sources/AutoWrapper/Assets/definitions.json",
"rule" : {
"copy" : {
}
}
}
],
"sources" : [
"ArgT.swift",
"Converter.swift",
"DataType.swift",
"Definitions.swift",
"Exceptions.swift",
"FunctionBodyRenderer.swift",
"SwiftKeywords.swift",
"main.swift"
],
"type" : "executable"
}
],
"tools_version" : "5.3"
}
{
"workspace" : {
"name" : "ImGui",
"schemes" : [
"AutoWrapper",
"DemoMetal-macOS",
"DemoMinimal",
"ImGui",
"ImGui-Package"
]
}
}
2026-09-19 23:46:01.479 xcodebuild[811:5004] [MT] IDERunDestination: Supported platforms for the buildables in the current scheme is empty.
Running build ...
env DEVELOPER_DIR=/Applications/Xcode-27.0.0-Release.Candidate.app xcrun xcodebuild -IDEClonedSourcePackagesDirPathOverride=$PWD/.dependencies -skipMacroValidation -skipPackagePluginValidation -derivedDataPath $PWD/.derivedData build -scheme ImGui-Package -destination generic/platform=watchOS
Command line invocation:
/Applications/Xcode-27.0.0-Release.Candidate.app/Contents/Developer/usr/bin/xcodebuild -IDEClonedSourcePackagesDirPathOverride=/Users/admin/builder/spi-builder-workspace/.dependencies -skipMacroValidation -skipPackagePluginValidation -derivedDataPath /Users/admin/builder/spi-builder-workspace/.derivedData build -scheme ImGui-Package -destination generic/platform=watchOS
Resolve Package Graph
Resolved source packages:
ImGui: /Users/admin/builder/spi-builder-workspace
ComputePackagePrebuildTargetDependencyGraph
Prepare packages
CreateBuildRequest
SendProjectDescription
CreateBuildOperation
ComputeTargetDependencyGraph
note: Building targets in dependency order
note: Target dependency graph (7 targets)
Target 'AutoWrapper-product' in project 'ImGui'
➜ Explicit dependency on target 'ImGui_AutoWrapper' in project 'ImGui'
Target 'ImGui_AutoWrapper' in project 'ImGui' (no dependencies)
Target 'DemoMetal-macOS-product' in project 'ImGui'
➜ Explicit dependency on target 'CImGui' in project 'ImGui'
➜ Explicit dependency on target 'ImGui' in project 'ImGui'
Target 'DemoMinimal-product' in project 'ImGui'
➜ Explicit dependency on target 'CImGui' in project 'ImGui'
➜ Explicit dependency on target 'ImGui' in project 'ImGui'
Target 'ImGui-product' in project 'ImGui'
➜ Explicit dependency on target 'ImGui' in project 'ImGui'
➜ Explicit dependency on target 'CImGui' in project 'ImGui'
Target 'ImGui' in project 'ImGui'
➜ Explicit dependency on target 'CImGui' in project 'ImGui'
Target 'CImGui' in project 'ImGui' (no dependencies)
GatherProvisioningInputs
CreateBuildDescription
ClangStatCache /Applications/Xcode-27.0.0-Release.Candidate.app/Contents/Developer/Toolchains/XcodeDefault.xctoolchain/usr/bin/clang-stat-cache /Applications/Xcode-27.0.0-Release.Candidate.app/Contents/Developer/Platforms/WatchOS.platform/Developer/SDKs/WatchOS27.0.sdk /Users/admin/builder/spi-builder-workspace/.derivedData/SDKStatCaches.noindex/watchos27.0-24R360-e829b21a6f8c9b70876ba0858053c04477534ef55a1706bf4c1112bbb242f0a2.sdkstatcache
cd /Users/admin/builder/spi-builder-workspace/.swiftpm/xcode
/Applications/Xcode-27.0.0-Release.Candidate.app/Contents/Developer/Toolchains/XcodeDefault.xctoolchain/usr/bin/clang-stat-cache /Applications/Xcode-27.0.0-Release.Candidate.app/Contents/Developer/Platforms/WatchOS.platform/Developer/SDKs/WatchOS27.0.sdk -o /Users/admin/builder/spi-builder-workspace/.derivedData/SDKStatCaches.noindex/watchos27.0-24R360-e829b21a6f8c9b70876ba0858053c04477534ef55a1706bf4c1112bbb242f0a2.sdkstatcache
SwiftDriver ImGui normal arm64_32 com.apple.xcode.tools.swift.compiler (in target 'ImGui' from project 'ImGui')
cd /Users/admin/builder/spi-builder-workspace/.swiftpm/xcode
builtin-SwiftDriver -- /Applications/Xcode-27.0.0-Release.Candidate.app/Contents/Developer/Toolchains/XcodeDefault.xctoolchain/usr/bin/swiftc -parse-as-library -module-name ImGui -Onone @/Users/admin/builder/spi-builder-workspace/.derivedData/Build/Intermediates.noindex/ImGui.build/Debug-watchos/ImGui-t.build/Objects-normal/arm64_32/ImGui.SwiftFileList -DSWIFT_PACKAGE -DDEBUG -DSWIFT_MODULE_RESOURCE_BUNDLE_UNAVAILABLE -Xcc -fmodule-map-file\=/Users/admin/builder/spi-builder-workspace/.derivedData/Build/Intermediates.noindex/GeneratedModuleMaps-watchos/CImGui.modulemap -DXcode -plugin-path /Applications/Xcode-27.0.0-Release.Candidate.app/Contents/Developer/Toolchains/XcodeDefault.xctoolchain/usr/lib/swift/host/plugins/testing -enable-experimental-feature DebugDescriptionMacro -sdk /Applications/Xcode-27.0.0-Release.Candidate.app/Contents/Developer/Platforms/WatchOS.platform/Developer/SDKs/WatchOS27.0.sdk -target arm64_32-apple-watchos9.0 -g -module-cache-path /Users/admin/builder/spi-builder-workspace/.derivedData/ModuleCache.noindex -Xfrontend -serialize-debugging-options -profile-coverage-mapping -profile-generate -enable-testing -index-store-path /Users/admin/builder/spi-builder-workspace/.derivedData/Index.noindex/DataStore -Xcc -D_LIBCPP_HARDENING_MODE\=_LIBCPP_HARDENING_MODE_DEBUG -swift-version 5 -I /Users/admin/builder/spi-builder-workspace/.derivedData/Build/Products/Debug-watchos -Isystem /Applications/Xcode-27.0.0-Release.Candidate.app/Contents/Developer/Platforms/WatchOS.platform/Developer/usr/lib -F /Users/admin/builder/spi-builder-workspace/.derivedData/Build/Products/Debug-watchos/PackageFrameworks -F /Users/admin/builder/spi-builder-workspace/.derivedData/Build/Products/Debug-watchos -F /Applications/Xcode-27.0.0-Release.Candidate.app/Contents/Developer/Platforms/WatchOS.platform/Developer/Library/Frameworks -F /Applications/Xcode-27.0.0-Release.Candidate.app/Contents/Developer/Platforms/WatchOS.platform/Developer/SDKs/WatchOS27.0.sdk/Developer/Library/Frameworks -c -j10 -enable-batch-mode -incremental -Xcc -ivfsstatcache -Xcc /Users/admin/builder/spi-builder-workspace/.derivedData/SDKStatCaches.noindex/watchos27.0-24R360-e829b21a6f8c9b70876ba0858053c04477534ef55a1706bf4c1112bbb242f0a2.sdkstatcache -output-file-map /Users/admin/builder/spi-builder-workspace/.derivedData/Build/Intermediates.noindex/ImGui.build/Debug-watchos/ImGui-t.build/Objects-normal/arm64_32/ImGui-OutputFileMap.json -save-temps -no-color-diagnostics -explicit-module-build -module-cache-path /Users/admin/builder/spi-builder-workspace/.derivedData/Build/Intermediates.noindex/SwiftExplicitPrecompiledModules -clang-scanner-module-cache-path /Users/admin/builder/spi-builder-workspace/.derivedData/ModuleCache.noindex -sdk-module-cache-path /Users/admin/builder/spi-builder-workspace/.derivedData/SDKExplicitPrecompiledModules -emit-dependencies -emit-module -emit-module-path /Users/admin/builder/spi-builder-workspace/.derivedData/Build/Intermediates.noindex/ImGui.build/Debug-watchos/ImGui-t.build/Objects-normal/arm64_32/ImGui.swiftmodule -serialize-diagnostics -dependency-scan-serialize-diagnostics-path /Users/admin/builder/spi-builder-workspace/.derivedData/Build/Intermediates.noindex/ImGui.build/Debug-watchos/ImGui-t.build/Objects-normal/arm64_32/ImGui-dependency-scan.dia -validate-clang-modules-once -clang-build-session-file /Users/admin/builder/spi-builder-workspace/.derivedData/ModuleCache.noindex/Session.modulevalidation -Xcc -fmodules-prune-interval\=86400 -Xcc -fmodules-prune-after\=345600 -emit-const-values -const-gather-protocols-list /Users/admin/builder/spi-builder-workspace/.derivedData/Build/Intermediates.noindex/ImGui.build/Debug-watchos/ImGui-t.build/Objects-normal/arm64_32/ImGui_const_extract_protocols.json -Xcc -I/Users/admin/builder/spi-builder-workspace/Sources/CImGui/include -Xcc -I/Users/admin/builder/spi-builder-workspace/.derivedData/Build/Products/Debug-watchos/include -Xcc -I/Users/admin/builder/spi-builder-workspace/.derivedData/Build/Intermediates.noindex/ImGui.build/Debug-watchos/ImGui-t.build/DerivedSources-normal/arm64_32 -Xcc -I/Users/admin/builder/spi-builder-workspace/.derivedData/Build/Intermediates.noindex/ImGui.build/Debug-watchos/ImGui-t.build/DerivedSources/arm64_32 -Xcc -I/Users/admin/builder/spi-builder-workspace/.derivedData/Build/Intermediates.noindex/ImGui.build/Debug-watchos/ImGui-t.build/DerivedSources -Xcc -DSWIFT_PACKAGE -Xcc -DDEBUG\=1 -emit-objc-header -emit-objc-header-path /Users/admin/builder/spi-builder-workspace/.derivedData/Build/Intermediates.noindex/ImGui.build/Debug-watchos/ImGui-t.build/Objects-normal/arm64_32/ImGui-Swift.h -working-directory /Users/admin/builder/spi-builder-workspace/.swiftpm/xcode -experimental-emit-module-separately -disable-cmo
SwiftDriver DemoMetal-macOS normal arm64 com.apple.xcode.tools.swift.compiler (in target 'DemoMetal-macOS-product' from project 'ImGui')
cd /Users/admin/builder/spi-builder-workspace/.swiftpm/xcode
builtin-SwiftDriver -- /Applications/Xcode-27.0.0-Release.Candidate.app/Contents/Developer/Toolchains/XcodeDefault.xctoolchain/usr/bin/swiftc -module-name DemoMetal -Onone @/Users/admin/builder/spi-builder-workspace/.derivedData/Build/Intermediates.noindex/ImGui.build/Debug-watchos/DemoMetal-macOS-p.build/Objects-normal/arm64/DemoMetal-macOS.SwiftFileList -DSWIFT_PACKAGE -DDEBUG -Xcc -fmodule-map-file\=/Users/admin/builder/spi-builder-workspace/.derivedData/Build/Intermediates.noindex/GeneratedModuleMaps-watchos/CImGui.modulemap -DXcode -plugin-path /Applications/Xcode-27.0.0-Release.Candidate.app/Contents/Developer/Toolchains/XcodeDefault.xctoolchain/usr/lib/swift/host/plugins/testing -enable-experimental-feature DebugDescriptionMacro -sdk /Applications/Xcode-27.0.0-Release.Candidate.app/Contents/Developer/Platforms/WatchOS.platform/Developer/SDKs/WatchOS27.0.sdk -target arm64-apple-watchos9.0 -g -module-cache-path /Users/admin/builder/spi-builder-workspace/.derivedData/ModuleCache.noindex -Xfrontend -serialize-debugging-options -profile-coverage-mapping -profile-generate -enable-testing -index-store-path /Users/admin/builder/spi-builder-workspace/.derivedData/Index.noindex/DataStore -Xcc -D_LIBCPP_HARDENING_MODE\=_LIBCPP_HARDENING_MODE_DEBUG -swift-version 5 -I /Users/admin/builder/spi-builder-workspace/.derivedData/Build/Products/Debug-watchos -Isystem /Applications/Xcode-27.0.0-Release.Candidate.app/Contents/Developer/Platforms/WatchOS.platform/Developer/usr/lib -F /Users/admin/builder/spi-builder-workspace/.derivedData/Build/Products/Debug-watchos/PackageFrameworks -F /Users/admin/builder/spi-builder-workspace/.derivedData/Build/Products/Debug-watchos -F /Applications/Xcode-27.0.0-Release.Candidate.app/Contents/Developer/Platforms/WatchOS.platform/Developer/Library/Frameworks -F /Applications/Xcode-27.0.0-Release.Candidate.app/Contents/Developer/Platforms/WatchOS.platform/Developer/SDKs/WatchOS27.0.sdk/Developer/Library/Frameworks -c -j10 -enable-batch-mode -incremental -Xcc -ivfsstatcache -Xcc /Users/admin/builder/spi-builder-workspace/.derivedData/SDKStatCaches.noindex/watchos27.0-24R360-e829b21a6f8c9b70876ba0858053c04477534ef55a1706bf4c1112bbb242f0a2.sdkstatcache -output-file-map /Users/admin/builder/spi-builder-workspace/.derivedData/Build/Intermediates.noindex/ImGui.build/Debug-watchos/DemoMetal-macOS-p.build/Objects-normal/arm64/DemoMetal-macOS-OutputFileMap.json -save-temps -no-color-diagnostics -explicit-module-build -module-cache-path /Users/admin/builder/spi-builder-workspace/.derivedData/Build/Intermediates.noindex/SwiftExplicitPrecompiledModules -clang-scanner-module-cache-path /Users/admin/builder/spi-builder-workspace/.derivedData/ModuleCache.noindex -sdk-module-cache-path /Users/admin/builder/spi-builder-workspace/.derivedData/SDKExplicitPrecompiledModules -emit-dependencies -emit-module -emit-module-path /Users/admin/builder/spi-builder-workspace/.derivedData/Build/Intermediates.noindex/ImGui.build/Debug-watchos/DemoMetal-macOS-p.build/Objects-normal/arm64/DemoMetal.swiftmodule -serialize-diagnostics -dependency-scan-serialize-diagnostics-path /Users/admin/builder/spi-builder-workspace/.derivedData/Build/Intermediates.noindex/ImGui.build/Debug-watchos/DemoMetal-macOS-p.build/Objects-normal/arm64/DemoMetal-dependency-scan.dia -validate-clang-modules-once -clang-build-session-file /Users/admin/builder/spi-builder-workspace/.derivedData/ModuleCache.noindex/Session.modulevalidation -Xcc -fmodules-prune-interval\=86400 -Xcc -fmodules-prune-after\=345600 -emit-const-values -const-gather-protocols-list /Users/admin/builder/spi-builder-workspace/.derivedData/Build/Intermediates.noindex/ImGui.build/Debug-watchos/DemoMetal-macOS-p.build/Objects-normal/arm64/DemoMetal-macOS_const_extract_protocols.json -Xcc -I/Users/admin/builder/spi-builder-workspace/Sources/CImGui/include -Xcc -I/Users/admin/builder/spi-builder-workspace/.derivedData/Build/Products/Debug-watchos/include -Xcc -I/Users/admin/builder/spi-builder-workspace/.derivedData/Build/Intermediates.noindex/ImGui.build/Debug-watchos/DemoMetal-macOS-p.build/DerivedSources-normal/arm64 -Xcc -I/Users/admin/builder/spi-builder-workspace/.derivedData/Build/Intermediates.noindex/ImGui.build/Debug-watchos/DemoMetal-macOS-p.build/DerivedSources/arm64 -Xcc -I/Users/admin/builder/spi-builder-workspace/.derivedData/Build/Intermediates.noindex/ImGui.build/Debug-watchos/DemoMetal-macOS-p.build/DerivedSources -Xcc -DSWIFT_PACKAGE -Xcc -DDEBUG\=1 -working-directory /Users/admin/builder/spi-builder-workspace/.swiftpm/xcode -experimental-emit-module-separately -disable-cmo
/Users/admin/builder/spi-builder-workspace/Sources/Demos/Metal/main.swift:8:8: error: Unable to resolve module dependency: 'AppKit' (in target 'DemoMetal-macOS-product' from project 'ImGui')
note: A dependency of main module 'DemoMetal'
/Users/admin/builder/spi-builder-workspace/Sources/Demos/Metal/ViewController.swift:8:8: note: Also imported here
/Users/admin/builder/spi-builder-workspace/Sources/Demos/Metal/imgui_impl_metal.swift:10:8: note: Also imported here
/Users/admin/builder/spi-builder-workspace/Sources/Demos/Metal/imgui_impl_osx.swift:9:8: note: Also imported here
/Users/admin/builder/spi-builder-workspace/Sources/Demos/Metal/AppDelegate.swift:8:8: error: Unable to resolve module dependency: 'Cocoa' (in target 'DemoMetal-macOS-product' from project 'ImGui')
note: A dependency of main module 'DemoMetal'
/Users/admin/builder/spi-builder-workspace/Sources/Demos/Metal/Renderer.swift:9:8: error: Unable to resolve module dependency: 'Metal' (in target 'DemoMetal-macOS-product' from project 'ImGui')
note: A dependency of main module 'DemoMetal'
/Users/admin/builder/spi-builder-workspace/Sources/Demos/Metal/ViewController.swift:9:8: note: Also imported here
/Users/admin/builder/spi-builder-workspace/Sources/Demos/Metal/imgui_impl_metal.swift:11:8: note: Also imported here
/Users/admin/builder/spi-builder-workspace/Sources/Demos/Metal/Renderer.swift:10:8: error: Unable to resolve module dependency: 'MetalKit' (in target 'DemoMetal-macOS-product' from project 'ImGui')
note: A dependency of main module 'DemoMetal'
/Users/admin/builder/spi-builder-workspace/Sources/Demos/Metal/ViewController.swift:10:8: note: Also imported here
/Users/admin/builder/spi-builder-workspace/Sources/Demos/Metal/imgui_impl_metal.swift:12:8: note: Also imported here
/Users/admin/builder/spi-builder-workspace/Sources/Demos/Metal/main.swift:8:8: note: A dependency of main module 'DemoMetal'
import AppKit
^ (in target 'DemoMetal-macOS-product' from project 'ImGui')
/Users/admin/builder/spi-builder-workspace/Sources/Demos/Metal/ViewController.swift:8:8: note: Also imported here
import AppKit
^ (in target 'DemoMetal-macOS-product' from project 'ImGui')
/Users/admin/builder/spi-builder-workspace/Sources/Demos/Metal/imgui_impl_metal.swift:10:8: note: Also imported here
import AppKit
^ (in target 'DemoMetal-macOS-product' from project 'ImGui')
/Users/admin/builder/spi-builder-workspace/Sources/Demos/Metal/imgui_impl_osx.swift:9:8: note: Also imported here
import AppKit
^ (in target 'DemoMetal-macOS-product' from project 'ImGui')
/Users/admin/builder/spi-builder-workspace/Sources/Demos/Metal/AppDelegate.swift:8:8: note: A dependency of main module 'DemoMetal'
import Cocoa
^ (in target 'DemoMetal-macOS-product' from project 'ImGui')
/Users/admin/builder/spi-builder-workspace/Sources/Demos/Metal/Renderer.swift:9:8: note: A dependency of main module 'DemoMetal'
import Metal
^ (in target 'DemoMetal-macOS-product' from project 'ImGui')
/Users/admin/builder/spi-builder-workspace/Sources/Demos/Metal/ViewController.swift:9:8: note: Also imported here
import Metal
^ (in target 'DemoMetal-macOS-product' from project 'ImGui')
/Users/admin/builder/spi-builder-workspace/Sources/Demos/Metal/imgui_impl_metal.swift:11:8: note: Also imported here
import Metal
^ (in target 'DemoMetal-macOS-product' from project 'ImGui')
/Users/admin/builder/spi-builder-workspace/Sources/Demos/Metal/Renderer.swift:10:8: note: A dependency of main module 'DemoMetal'
import MetalKit
^ (in target 'DemoMetal-macOS-product' from project 'ImGui')
/Users/admin/builder/spi-builder-workspace/Sources/Demos/Metal/ViewController.swift:10:8: note: Also imported here
import MetalKit
^ (in target 'DemoMetal-macOS-product' from project 'ImGui')
/Users/admin/builder/spi-builder-workspace/Sources/Demos/Metal/imgui_impl_metal.swift:12:8: note: Also imported here
import MetalKit
^ (in target 'DemoMetal-macOS-product' from project 'ImGui')
SwiftDriver DemoMinimal normal arm64_32 com.apple.xcode.tools.swift.compiler (in target 'DemoMinimal-product' from project 'ImGui')
cd /Users/admin/builder/spi-builder-workspace/.swiftpm/xcode
builtin-SwiftDriver -- /Applications/Xcode-27.0.0-Release.Candidate.app/Contents/Developer/Toolchains/XcodeDefault.xctoolchain/usr/bin/swiftc -module-name DemoMinimal -Onone @/Users/admin/builder/spi-builder-workspace/.derivedData/Build/Intermediates.noindex/ImGui.build/Debug-watchos/DemoMinimal-p.build/Objects-normal/arm64_32/DemoMinimal.SwiftFileList -DSWIFT_PACKAGE -DDEBUG -Xcc -fmodule-map-file\=/Users/admin/builder/spi-builder-workspace/.derivedData/Build/Intermediates.noindex/GeneratedModuleMaps-watchos/CImGui.modulemap -DXcode -plugin-path /Applications/Xcode-27.0.0-Release.Candidate.app/Contents/Developer/Toolchains/XcodeDefault.xctoolchain/usr/lib/swift/host/plugins/testing -enable-experimental-feature DebugDescriptionMacro -sdk /Applications/Xcode-27.0.0-Release.Candidate.app/Contents/Developer/Platforms/WatchOS.platform/Developer/SDKs/WatchOS27.0.sdk -target arm64_32-apple-watchos9.0 -g -module-cache-path /Users/admin/builder/spi-builder-workspace/.derivedData/ModuleCache.noindex -Xfrontend -serialize-debugging-options -profile-coverage-mapping -profile-generate -enable-testing -index-store-path /Users/admin/builder/spi-builder-workspace/.derivedData/Index.noindex/DataStore -Xcc -D_LIBCPP_HARDENING_MODE\=_LIBCPP_HARDENING_MODE_DEBUG -swift-version 5 -I /Users/admin/builder/spi-builder-workspace/.derivedData/Build/Products/Debug-watchos -Isystem /Applications/Xcode-27.0.0-Release.Candidate.app/Contents/Developer/Platforms/WatchOS.platform/Developer/usr/lib -F /Users/admin/builder/spi-builder-workspace/.derivedData/Build/Products/Debug-watchos/PackageFrameworks -F /Users/admin/builder/spi-builder-workspace/.derivedData/Build/Products/Debug-watchos -F /Applications/Xcode-27.0.0-Release.Candidate.app/Contents/Developer/Platforms/WatchOS.platform/Developer/Library/Frameworks -F /Applications/Xcode-27.0.0-Release.Candidate.app/Contents/Developer/Platforms/WatchOS.platform/Developer/SDKs/WatchOS27.0.sdk/Developer/Library/Frameworks -c -j10 -enable-batch-mode -incremental -Xcc -ivfsstatcache -Xcc /Users/admin/builder/spi-builder-workspace/.derivedData/SDKStatCaches.noindex/watchos27.0-24R360-e829b21a6f8c9b70876ba0858053c04477534ef55a1706bf4c1112bbb242f0a2.sdkstatcache -output-file-map /Users/admin/builder/spi-builder-workspace/.derivedData/Build/Intermediates.noindex/ImGui.build/Debug-watchos/DemoMinimal-p.build/Objects-normal/arm64_32/DemoMinimal-OutputFileMap.json -save-temps -no-color-diagnostics -explicit-module-build -module-cache-path /Users/admin/builder/spi-builder-workspace/.derivedData/Build/Intermediates.noindex/SwiftExplicitPrecompiledModules -clang-scanner-module-cache-path /Users/admin/builder/spi-builder-workspace/.derivedData/ModuleCache.noindex -sdk-module-cache-path /Users/admin/builder/spi-builder-workspace/.derivedData/SDKExplicitPrecompiledModules -emit-dependencies -emit-module -emit-module-path /Users/admin/builder/spi-builder-workspace/.derivedData/Build/Intermediates.noindex/ImGui.build/Debug-watchos/DemoMinimal-p.build/Objects-normal/arm64_32/DemoMinimal.swiftmodule -serialize-diagnostics -dependency-scan-serialize-diagnostics-path /Users/admin/builder/spi-builder-workspace/.derivedData/Build/Intermediates.noindex/ImGui.build/Debug-watchos/DemoMinimal-p.build/Objects-normal/arm64_32/DemoMinimal-dependency-scan.dia -validate-clang-modules-once -clang-build-session-file /Users/admin/builder/spi-builder-workspace/.derivedData/ModuleCache.noindex/Session.modulevalidation -Xcc -fmodules-prune-interval\=86400 -Xcc -fmodules-prune-after\=345600 -emit-const-values -const-gather-protocols-list /Users/admin/builder/spi-builder-workspace/.derivedData/Build/Intermediates.noindex/ImGui.build/Debug-watchos/DemoMinimal-p.build/Objects-normal/arm64_32/DemoMinimal_const_extract_protocols.json -Xcc -I/Users/admin/builder/spi-builder-workspace/Sources/CImGui/include -Xcc -I/Users/admin/builder/spi-builder-workspace/.derivedData/Build/Products/Debug-watchos/include -Xcc -I/Users/admin/builder/spi-builder-workspace/.derivedData/Build/Intermediates.noindex/ImGui.build/Debug-watchos/DemoMinimal-p.build/DerivedSources-normal/arm64_32 -Xcc -I/Users/admin/builder/spi-builder-workspace/.derivedData/Build/Intermediates.noindex/ImGui.build/Debug-watchos/DemoMinimal-p.build/DerivedSources/arm64_32 -Xcc -I/Users/admin/builder/spi-builder-workspace/.derivedData/Build/Intermediates.noindex/ImGui.build/Debug-watchos/DemoMinimal-p.build/DerivedSources -Xcc -DSWIFT_PACKAGE -Xcc -DDEBUG\=1 -working-directory /Users/admin/builder/spi-builder-workspace/.swiftpm/xcode -experimental-emit-module-separately -disable-cmo
SwiftDriver DemoMinimal normal arm64 com.apple.xcode.tools.swift.compiler (in target 'DemoMinimal-product' from project 'ImGui')
cd /Users/admin/builder/spi-builder-workspace/.swiftpm/xcode
builtin-SwiftDriver -- /Applications/Xcode-27.0.0-Release.Candidate.app/Contents/Developer/Toolchains/XcodeDefault.xctoolchain/usr/bin/swiftc -module-name DemoMinimal -Onone @/Users/admin/builder/spi-builder-workspace/.derivedData/Build/Intermediates.noindex/ImGui.build/Debug-watchos/DemoMinimal-p.build/Objects-normal/arm64/DemoMinimal.SwiftFileList -DSWIFT_PACKAGE -DDEBUG -Xcc -fmodule-map-file\=/Users/admin/builder/spi-builder-workspace/.derivedData/Build/Intermediates.noindex/GeneratedModuleMaps-watchos/CImGui.modulemap -DXcode -plugin-path /Applications/Xcode-27.0.0-Release.Candidate.app/Contents/Developer/Toolchains/XcodeDefault.xctoolchain/usr/lib/swift/host/plugins/testing -enable-experimental-feature DebugDescriptionMacro -sdk /Applications/Xcode-27.0.0-Release.Candidate.app/Contents/Developer/Platforms/WatchOS.platform/Developer/SDKs/WatchOS27.0.sdk -target arm64-apple-watchos9.0 -g -module-cache-path /Users/admin/builder/spi-builder-workspace/.derivedData/ModuleCache.noindex -Xfrontend -serialize-debugging-options -profile-coverage-mapping -profile-generate -enable-testing -index-store-path /Users/admin/builder/spi-builder-workspace/.derivedData/Index.noindex/DataStore -Xcc -D_LIBCPP_HARDENING_MODE\=_LIBCPP_HARDENING_MODE_DEBUG -swift-version 5 -I /Users/admin/builder/spi-builder-workspace/.derivedData/Build/Products/Debug-watchos -Isystem /Applications/Xcode-27.0.0-Release.Candidate.app/Contents/Developer/Platforms/WatchOS.platform/Developer/usr/lib -F /Users/admin/builder/spi-builder-workspace/.derivedData/Build/Products/Debug-watchos/PackageFrameworks -F /Users/admin/builder/spi-builder-workspace/.derivedData/Build/Products/Debug-watchos -F /Applications/Xcode-27.0.0-Release.Candidate.app/Contents/Developer/Platforms/WatchOS.platform/Developer/Library/Frameworks -F /Applications/Xcode-27.0.0-Release.Candidate.app/Contents/Developer/Platforms/WatchOS.platform/Developer/SDKs/WatchOS27.0.sdk/Developer/Library/Frameworks -c -j10 -enable-batch-mode -incremental -Xcc -ivfsstatcache -Xcc /Users/admin/builder/spi-builder-workspace/.derivedData/SDKStatCaches.noindex/watchos27.0-24R360-e829b21a6f8c9b70876ba0858053c04477534ef55a1706bf4c1112bbb242f0a2.sdkstatcache -output-file-map /Users/admin/builder/spi-builder-workspace/.derivedData/Build/Intermediates.noindex/ImGui.build/Debug-watchos/DemoMinimal-p.build/Objects-normal/arm64/DemoMinimal-OutputFileMap.json -save-temps -no-color-diagnostics -explicit-module-build -module-cache-path /Users/admin/builder/spi-builder-workspace/.derivedData/Build/Intermediates.noindex/SwiftExplicitPrecompiledModules -clang-scanner-module-cache-path /Users/admin/builder/spi-builder-workspace/.derivedData/ModuleCache.noindex -sdk-module-cache-path /Users/admin/builder/spi-builder-workspace/.derivedData/SDKExplicitPrecompiledModules -emit-dependencies -emit-module -emit-module-path /Users/admin/builder/spi-builder-workspace/.derivedData/Build/Intermediates.noindex/ImGui.build/Debug-watchos/DemoMinimal-p.build/Objects-normal/arm64/DemoMinimal.swiftmodule -serialize-diagnostics -dependency-scan-serialize-diagnostics-path /Users/admin/builder/spi-builder-workspace/.derivedData/Build/Intermediates.noindex/ImGui.build/Debug-watchos/DemoMinimal-p.build/Objects-normal/arm64/DemoMinimal-dependency-scan.dia -validate-clang-modules-once -clang-build-session-file /Users/admin/builder/spi-builder-workspace/.derivedData/ModuleCache.noindex/Session.modulevalidation -Xcc -fmodules-prune-interval\=86400 -Xcc -fmodules-prune-after\=345600 -emit-const-values -const-gather-protocols-list /Users/admin/builder/spi-builder-workspace/.derivedData/Build/Intermediates.noindex/ImGui.build/Debug-watchos/DemoMinimal-p.build/Objects-normal/arm64/DemoMinimal_const_extract_protocols.json -Xcc -I/Users/admin/builder/spi-builder-workspace/Sources/CImGui/include -Xcc -I/Users/admin/builder/spi-builder-workspace/.derivedData/Build/Products/Debug-watchos/include -Xcc -I/Users/admin/builder/spi-builder-workspace/.derivedData/Build/Intermediates.noindex/ImGui.build/Debug-watchos/DemoMinimal-p.build/DerivedSources-normal/arm64 -Xcc -I/Users/admin/builder/spi-builder-workspace/.derivedData/Build/Intermediates.noindex/ImGui.build/Debug-watchos/DemoMinimal-p.build/DerivedSources/arm64 -Xcc -I/Users/admin/builder/spi-builder-workspace/.derivedData/Build/Intermediates.noindex/ImGui.build/Debug-watchos/DemoMinimal-p.build/DerivedSources -Xcc -DSWIFT_PACKAGE -Xcc -DDEBUG\=1 -working-directory /Users/admin/builder/spi-builder-workspace/.swiftpm/xcode -experimental-emit-module-separately -disable-cmo
SwiftDriver DemoMetal-macOS normal arm64_32 com.apple.xcode.tools.swift.compiler (in target 'DemoMetal-macOS-product' from project 'ImGui')
cd /Users/admin/builder/spi-builder-workspace/.swiftpm/xcode
builtin-SwiftDriver -- /Applications/Xcode-27.0.0-Release.Candidate.app/Contents/Developer/Toolchains/XcodeDefault.xctoolchain/usr/bin/swiftc -module-name DemoMetal -Onone @/Users/admin/builder/spi-builder-workspace/.derivedData/Build/Intermediates.noindex/ImGui.build/Debug-watchos/DemoMetal-macOS-p.build/Objects-normal/arm64_32/DemoMetal-macOS.SwiftFileList -DSWIFT_PACKAGE -DDEBUG -Xcc -fmodule-map-file\=/Users/admin/builder/spi-builder-workspace/.derivedData/Build/Intermediates.noindex/GeneratedModuleMaps-watchos/CImGui.modulemap -DXcode -plugin-path /Applications/Xcode-27.0.0-Release.Candidate.app/Contents/Developer/Toolchains/XcodeDefault.xctoolchain/usr/lib/swift/host/plugins/testing -enable-experimental-feature DebugDescriptionMacro -sdk /Applications/Xcode-27.0.0-Release.Candidate.app/Contents/Developer/Platforms/WatchOS.platform/Developer/SDKs/WatchOS27.0.sdk -target arm64_32-apple-watchos9.0 -g -module-cache-path /Users/admin/builder/spi-builder-workspace/.derivedData/ModuleCache.noindex -Xfrontend -serialize-debugging-options -profile-coverage-mapping -profile-generate -enable-testing -index-store-path /Users/admin/builder/spi-builder-workspace/.derivedData/Index.noindex/DataStore -Xcc -D_LIBCPP_HARDENING_MODE\=_LIBCPP_HARDENING_MODE_DEBUG -swift-version 5 -I /Users/admin/builder/spi-builder-workspace/.derivedData/Build/Products/Debug-watchos -Isystem /Applications/Xcode-27.0.0-Release.Candidate.app/Contents/Developer/Platforms/WatchOS.platform/Developer/usr/lib -F /Users/admin/builder/spi-builder-workspace/.derivedData/Build/Products/Debug-watchos/PackageFrameworks -F /Users/admin/builder/spi-builder-workspace/.derivedData/Build/Products/Debug-watchos -F /Applications/Xcode-27.0.0-Release.Candidate.app/Contents/Developer/Platforms/WatchOS.platform/Developer/Library/Frameworks -F /Applications/Xcode-27.0.0-Release.Candidate.app/Contents/Developer/Platforms/WatchOS.platform/Developer/SDKs/WatchOS27.0.sdk/Developer/Library/Frameworks -c -j10 -enable-batch-mode -incremental -Xcc -ivfsstatcache -Xcc /Users/admin/builder/spi-builder-workspace/.derivedData/SDKStatCaches.noindex/watchos27.0-24R360-e829b21a6f8c9b70876ba0858053c04477534ef55a1706bf4c1112bbb242f0a2.sdkstatcache -output-file-map /Users/admin/builder/spi-builder-workspace/.derivedData/Build/Intermediates.noindex/ImGui.build/Debug-watchos/DemoMetal-macOS-p.build/Objects-normal/arm64_32/DemoMetal-macOS-OutputFileMap.json -save-temps -no-color-diagnostics -explicit-module-build -module-cache-path /Users/admin/builder/spi-builder-workspace/.derivedData/Build/Intermediates.noindex/SwiftExplicitPrecompiledModules -clang-scanner-module-cache-path /Users/admin/builder/spi-builder-workspace/.derivedData/ModuleCache.noindex -sdk-module-cache-path /Users/admin/builder/spi-builder-workspace/.derivedData/SDKExplicitPrecompiledModules -emit-dependencies -emit-module -emit-module-path /Users/admin/builder/spi-builder-workspace/.derivedData/Build/Intermediates.noindex/ImGui.build/Debug-watchos/DemoMetal-macOS-p.build/Objects-normal/arm64_32/DemoMetal.swiftmodule -serialize-diagnostics -dependency-scan-serialize-diagnostics-path /Users/admin/builder/spi-builder-workspace/.derivedData/Build/Intermediates.noindex/ImGui.build/Debug-watchos/DemoMetal-macOS-p.build/Objects-normal/arm64_32/DemoMetal-dependency-scan.dia -validate-clang-modules-once -clang-build-session-file /Users/admin/builder/spi-builder-workspace/.derivedData/ModuleCache.noindex/Session.modulevalidation -Xcc -fmodules-prune-interval\=86400 -Xcc -fmodules-prune-after\=345600 -emit-const-values -const-gather-protocols-list /Users/admin/builder/spi-builder-workspace/.derivedData/Build/Intermediates.noindex/ImGui.build/Debug-watchos/DemoMetal-macOS-p.build/Objects-normal/arm64_32/DemoMetal-macOS_const_extract_protocols.json -Xcc -I/Users/admin/builder/spi-builder-workspace/Sources/CImGui/include -Xcc -I/Users/admin/builder/spi-builder-workspace/.derivedData/Build/Products/Debug-watchos/include -Xcc -I/Users/admin/builder/spi-builder-workspace/.derivedData/Build/Intermediates.noindex/ImGui.build/Debug-watchos/DemoMetal-macOS-p.build/DerivedSources-normal/arm64_32 -Xcc -I/Users/admin/builder/spi-builder-workspace/.derivedData/Build/Intermediates.noindex/ImGui.build/Debug-watchos/DemoMetal-macOS-p.build/DerivedSources/arm64_32 -Xcc -I/Users/admin/builder/spi-builder-workspace/.derivedData/Build/Intermediates.noindex/ImGui.build/Debug-watchos/DemoMetal-macOS-p.build/DerivedSources -Xcc -DSWIFT_PACKAGE -Xcc -DDEBUG\=1 -working-directory /Users/admin/builder/spi-builder-workspace/.swiftpm/xcode -experimental-emit-module-separately -disable-cmo
/Users/admin/builder/spi-builder-workspace/Sources/Demos/Metal/main.swift:8:8: error: Unable to resolve module dependency: 'AppKit' (in target 'DemoMetal-macOS-product' from project 'ImGui')
note: A dependency of main module 'DemoMetal'
/Users/admin/builder/spi-builder-workspace/Sources/Demos/Metal/ViewController.swift:8:8: note: Also imported here
/Users/admin/builder/spi-builder-workspace/Sources/Demos/Metal/imgui_impl_metal.swift:10:8: note: Also imported here
/Users/admin/builder/spi-builder-workspace/Sources/Demos/Metal/imgui_impl_osx.swift:9:8: note: Also imported here
/Users/admin/builder/spi-builder-workspace/Sources/Demos/Metal/AppDelegate.swift:8:8: error: Unable to resolve module dependency: 'Cocoa' (in target 'DemoMetal-macOS-product' from project 'ImGui')
note: A dependency of main module 'DemoMetal'
/Users/admin/builder/spi-builder-workspace/Sources/Demos/Metal/Renderer.swift:9:8: error: Unable to resolve module dependency: 'Metal' (in target 'DemoMetal-macOS-product' from project 'ImGui')
note: A dependency of main module 'DemoMetal'
/Users/admin/builder/spi-builder-workspace/Sources/Demos/Metal/ViewController.swift:9:8: note: Also imported here
/Users/admin/builder/spi-builder-workspace/Sources/Demos/Metal/imgui_impl_metal.swift:11:8: note: Also imported here
/Users/admin/builder/spi-builder-workspace/Sources/Demos/Metal/Renderer.swift:10:8: error: Unable to resolve module dependency: 'MetalKit' (in target 'DemoMetal-macOS-product' from project 'ImGui')
note: A dependency of main module 'DemoMetal'
/Users/admin/builder/spi-builder-workspace/Sources/Demos/Metal/ViewController.swift:10:8: note: Also imported here
/Users/admin/builder/spi-builder-workspace/Sources/Demos/Metal/imgui_impl_metal.swift:12:8: note: Also imported here
/Users/admin/builder/spi-builder-workspace/Sources/Demos/Metal/main.swift:8:8: note: A dependency of main module 'DemoMetal'
import AppKit
^ (in target 'DemoMetal-macOS-product' from project 'ImGui')
/Users/admin/builder/spi-builder-workspace/Sources/Demos/Metal/ViewController.swift:8:8: note: Also imported here
import AppKit
^ (in target 'DemoMetal-macOS-product' from project 'ImGui')
/Users/admin/builder/spi-builder-workspace/Sources/Demos/Metal/imgui_impl_metal.swift:10:8: note: Also imported here
import AppKit
^ (in target 'DemoMetal-macOS-product' from project 'ImGui')
/Users/admin/builder/spi-builder-workspace/Sources/Demos/Metal/imgui_impl_osx.swift:9:8: note: Also imported here
import AppKit
^ (in target 'DemoMetal-macOS-product' from project 'ImGui')
/Users/admin/builder/spi-builder-workspace/Sources/Demos/Metal/AppDelegate.swift:8:8: note: A dependency of main module 'DemoMetal'
import Cocoa
^ (in target 'DemoMetal-macOS-product' from project 'ImGui')
/Users/admin/builder/spi-builder-workspace/Sources/Demos/Metal/Renderer.swift:9:8: note: A dependency of main module 'DemoMetal'
import Metal
^ (in target 'DemoMetal-macOS-product' from project 'ImGui')
/Users/admin/builder/spi-builder-workspace/Sources/Demos/Metal/ViewController.swift:9:8: note: Also imported here
import Metal
^ (in target 'DemoMetal-macOS-product' from project 'ImGui')
/Users/admin/builder/spi-builder-workspace/Sources/Demos/Metal/imgui_impl_metal.swift:11:8: note: Also imported here
import Metal
^ (in target 'DemoMetal-macOS-product' from project 'ImGui')
/Users/admin/builder/spi-builder-workspace/Sources/Demos/Metal/Renderer.swift:10:8: note: A dependency of main module 'DemoMetal'
import MetalKit
^ (in target 'DemoMetal-macOS-product' from project 'ImGui')
/Users/admin/builder/spi-builder-workspace/Sources/Demos/Metal/ViewController.swift:10:8: note: Also imported here
import MetalKit
^ (in target 'DemoMetal-macOS-product' from project 'ImGui')
/Users/admin/builder/spi-builder-workspace/Sources/Demos/Metal/imgui_impl_metal.swift:12:8: note: Also imported here
import MetalKit
^ (in target 'DemoMetal-macOS-product' from project 'ImGui')
SwiftDriver AutoWrapper normal arm64_32 com.apple.xcode.tools.swift.compiler (in target 'AutoWrapper-product' from project 'ImGui')
cd /Users/admin/builder/spi-builder-workspace/.swiftpm/xcode
builtin-SwiftDriver -- /Applications/Xcode-27.0.0-Release.Candidate.app/Contents/Developer/Toolchains/XcodeDefault.xctoolchain/usr/bin/swiftc -module-name AutoWrapper -Onone @/Users/admin/builder/spi-builder-workspace/.derivedData/Build/Intermediates.noindex/ImGui.build/Debug-watchos/AutoWrapper-p.build/Objects-normal/arm64_32/AutoWrapper.SwiftFileList -DSWIFT_PACKAGE -DDEBUG -DSWIFT_MODULE_RESOURCE_BUNDLE_AVAILABLE -DXcode -plugin-path /Applications/Xcode-27.0.0-Release.Candidate.app/Contents/Developer/Toolchains/XcodeDefault.xctoolchain/usr/lib/swift/host/plugins/testing -enable-experimental-feature DebugDescriptionMacro -sdk /Applications/Xcode-27.0.0-Release.Candidate.app/Contents/Developer/Platforms/WatchOS.platform/Developer/SDKs/WatchOS27.0.sdk -target arm64_32-apple-watchos9.0 -g -module-cache-path /Users/admin/builder/spi-builder-workspace/.derivedData/ModuleCache.noindex -Xfrontend -serialize-debugging-options -profile-coverage-mapping -profile-generate -enable-testing -index-store-path /Users/admin/builder/spi-builder-workspace/.derivedData/Index.noindex/DataStore -Xcc -D_LIBCPP_HARDENING_MODE\=_LIBCPP_HARDENING_MODE_DEBUG -swift-version 5 -I /Users/admin/builder/spi-builder-workspace/.derivedData/Build/Products/Debug-watchos -Isystem /Applications/Xcode-27.0.0-Release.Candidate.app/Contents/Developer/Platforms/WatchOS.platform/Developer/usr/lib -F /Users/admin/builder/spi-builder-workspace/.derivedData/Build/Products/Debug-watchos -F /Applications/Xcode-27.0.0-Release.Candidate.app/Contents/Developer/Platforms/WatchOS.platform/Developer/Library/Frameworks -F /Applications/Xcode-27.0.0-Release.Candidate.app/Contents/Developer/Platforms/WatchOS.platform/Developer/SDKs/WatchOS27.0.sdk/Developer/Library/Frameworks -c -j10 -enable-batch-mode -incremental -Xcc -ivfsstatcache -Xcc /Users/admin/builder/spi-builder-workspace/.derivedData/SDKStatCaches.noindex/watchos27.0-24R360-e829b21a6f8c9b70876ba0858053c04477534ef55a1706bf4c1112bbb242f0a2.sdkstatcache -output-file-map /Users/admin/builder/spi-builder-workspace/.derivedData/Build/Intermediates.noindex/ImGui.build/Debug-watchos/AutoWrapper-p.build/Objects-normal/arm64_32/AutoWrapper-OutputFileMap.json -save-temps -no-color-diagnostics -explicit-module-build -module-cache-path /Users/admin/builder/spi-builder-workspace/.derivedData/Build/Intermediates.noindex/SwiftExplicitPrecompiledModules -clang-scanner-module-cache-path /Users/admin/builder/spi-builder-workspace/.derivedData/ModuleCache.noindex -sdk-module-cache-path /Users/admin/builder/spi-builder-workspace/.derivedData/SDKExplicitPrecompiledModules -emit-dependencies -emit-module -emit-module-path /Users/admin/builder/spi-builder-workspace/.derivedData/Build/Intermediates.noindex/ImGui.build/Debug-watchos/AutoWrapper-p.build/Objects-normal/arm64_32/AutoWrapper.swiftmodule -serialize-diagnostics -dependency-scan-serialize-diagnostics-path /Users/admin/builder/spi-builder-workspace/.derivedData/Build/Intermediates.noindex/ImGui.build/Debug-watchos/AutoWrapper-p.build/Objects-normal/arm64_32/AutoWrapper-dependency-scan.dia -validate-clang-modules-once -clang-build-session-file /Users/admin/builder/spi-builder-workspace/.derivedData/ModuleCache.noindex/Session.modulevalidation -Xcc -fmodules-prune-interval\=86400 -Xcc -fmodules-prune-after\=345600 -emit-const-values -const-gather-protocols-list /Users/admin/builder/spi-builder-workspace/.derivedData/Build/Intermediates.noindex/ImGui.build/Debug-watchos/AutoWrapper-p.build/Objects-normal/arm64_32/AutoWrapper_const_extract_protocols.json -Xcc -I/Users/admin/builder/spi-builder-workspace/.derivedData/Build/Products/Debug-watchos/include -Xcc -I/Users/admin/builder/spi-builder-workspace/.derivedData/Build/Intermediates.noindex/ImGui.build/Debug-watchos/AutoWrapper-p.build/DerivedSources-normal/arm64_32 -Xcc -I/Users/admin/builder/spi-builder-workspace/.derivedData/Build/Intermediates.noindex/ImGui.build/Debug-watchos/AutoWrapper-p.build/DerivedSources/arm64_32 -Xcc -I/Users/admin/builder/spi-builder-workspace/.derivedData/Build/Intermediates.noindex/ImGui.build/Debug-watchos/AutoWrapper-p.build/DerivedSources -Xcc -DSWIFT_PACKAGE -Xcc -DDEBUG\=1 -working-directory /Users/admin/builder/spi-builder-workspace/.swiftpm/xcode -experimental-emit-module-separately -disable-cmo
SwiftDriver ImGui normal arm64 com.apple.xcode.tools.swift.compiler (in target 'ImGui' from project 'ImGui')
cd /Users/admin/builder/spi-builder-workspace/.swiftpm/xcode
builtin-SwiftDriver -- /Applications/Xcode-27.0.0-Release.Candidate.app/Contents/Developer/Toolchains/XcodeDefault.xctoolchain/usr/bin/swiftc -parse-as-library -module-name ImGui -Onone @/Users/admin/builder/spi-builder-workspace/.derivedData/Build/Intermediates.noindex/ImGui.build/Debug-watchos/ImGui-t.build/Objects-normal/arm64/ImGui.SwiftFileList -DSWIFT_PACKAGE -DDEBUG -DSWIFT_MODULE_RESOURCE_BUNDLE_UNAVAILABLE -Xcc -fmodule-map-file\=/Users/admin/builder/spi-builder-workspace/.derivedData/Build/Intermediates.noindex/GeneratedModuleMaps-watchos/CImGui.modulemap -DXcode -plugin-path /Applications/Xcode-27.0.0-Release.Candidate.app/Contents/Developer/Toolchains/XcodeDefault.xctoolchain/usr/lib/swift/host/plugins/testing -enable-experimental-feature DebugDescriptionMacro -sdk /Applications/Xcode-27.0.0-Release.Candidate.app/Contents/Developer/Platforms/WatchOS.platform/Developer/SDKs/WatchOS27.0.sdk -target arm64-apple-watchos9.0 -g -module-cache-path /Users/admin/builder/spi-builder-workspace/.derivedData/ModuleCache.noindex -Xfrontend -serialize-debugging-options -profile-coverage-mapping -profile-generate -enable-testing -index-store-path /Users/admin/builder/spi-builder-workspace/.derivedData/Index.noindex/DataStore -Xcc -D_LIBCPP_HARDENING_MODE\=_LIBCPP_HARDENING_MODE_DEBUG -swift-version 5 -I /Users/admin/builder/spi-builder-workspace/.derivedData/Build/Products/Debug-watchos -Isystem /Applications/Xcode-27.0.0-Release.Candidate.app/Contents/Developer/Platforms/WatchOS.platform/Developer/usr/lib -F /Users/admin/builder/spi-builder-workspace/.derivedData/Build/Products/Debug-watchos/PackageFrameworks -F /Users/admin/builder/spi-builder-workspace/.derivedData/Build/Products/Debug-watchos -F /Applications/Xcode-27.0.0-Release.Candidate.app/Contents/Developer/Platforms/WatchOS.platform/Developer/Library/Frameworks -F /Applications/Xcode-27.0.0-Release.Candidate.app/Contents/Developer/Platforms/WatchOS.platform/Developer/SDKs/WatchOS27.0.sdk/Developer/Library/Frameworks -c -j10 -enable-batch-mode -incremental -Xcc -ivfsstatcache -Xcc /Users/admin/builder/spi-builder-workspace/.derivedData/SDKStatCaches.noindex/watchos27.0-24R360-e829b21a6f8c9b70876ba0858053c04477534ef55a1706bf4c1112bbb242f0a2.sdkstatcache -output-file-map /Users/admin/builder/spi-builder-workspace/.derivedData/Build/Intermediates.noindex/ImGui.build/Debug-watchos/ImGui-t.build/Objects-normal/arm64/ImGui-OutputFileMap.json -save-temps -no-color-diagnostics -explicit-module-build -module-cache-path /Users/admin/builder/spi-builder-workspace/.derivedData/Build/Intermediates.noindex/SwiftExplicitPrecompiledModules -clang-scanner-module-cache-path /Users/admin/builder/spi-builder-workspace/.derivedData/ModuleCache.noindex -sdk-module-cache-path /Users/admin/builder/spi-builder-workspace/.derivedData/SDKExplicitPrecompiledModules -emit-dependencies -emit-module -emit-module-path /Users/admin/builder/spi-builder-workspace/.derivedData/Build/Intermediates.noindex/ImGui.build/Debug-watchos/ImGui-t.build/Objects-normal/arm64/ImGui.swiftmodule -serialize-diagnostics -dependency-scan-serialize-diagnostics-path /Users/admin/builder/spi-builder-workspace/.derivedData/Build/Intermediates.noindex/ImGui.build/Debug-watchos/ImGui-t.build/Objects-normal/arm64/ImGui-dependency-scan.dia -validate-clang-modules-once -clang-build-session-file /Users/admin/builder/spi-builder-workspace/.derivedData/ModuleCache.noindex/Session.modulevalidation -Xcc -fmodules-prune-interval\=86400 -Xcc -fmodules-prune-after\=345600 -emit-const-values -const-gather-protocols-list /Users/admin/builder/spi-builder-workspace/.derivedData/Build/Intermediates.noindex/ImGui.build/Debug-watchos/ImGui-t.build/Objects-normal/arm64/ImGui_const_extract_protocols.json -Xcc -I/Users/admin/builder/spi-builder-workspace/Sources/CImGui/include -Xcc -I/Users/admin/builder/spi-builder-workspace/.derivedData/Build/Products/Debug-watchos/include -Xcc -I/Users/admin/builder/spi-builder-workspace/.derivedData/Build/Intermediates.noindex/ImGui.build/Debug-watchos/ImGui-t.build/DerivedSources-normal/arm64 -Xcc -I/Users/admin/builder/spi-builder-workspace/.derivedData/Build/Intermediates.noindex/ImGui.build/Debug-watchos/ImGui-t.build/DerivedSources/arm64 -Xcc -I/Users/admin/builder/spi-builder-workspace/.derivedData/Build/Intermediates.noindex/ImGui.build/Debug-watchos/ImGui-t.build/DerivedSources -Xcc -DSWIFT_PACKAGE -Xcc -DDEBUG\=1 -emit-objc-header -emit-objc-header-path /Users/admin/builder/spi-builder-workspace/.derivedData/Build/Intermediates.noindex/ImGui.build/Debug-watchos/ImGui-t.build/Objects-normal/arm64/ImGui-Swift.h -working-directory /Users/admin/builder/spi-builder-workspace/.swiftpm/xcode -experimental-emit-module-separately -disable-cmo
SwiftDriver AutoWrapper normal arm64 com.apple.xcode.tools.swift.compiler (in target 'AutoWrapper-product' from project 'ImGui')
cd /Users/admin/builder/spi-builder-workspace/.swiftpm/xcode
builtin-SwiftDriver -- /Applications/Xcode-27.0.0-Release.Candidate.app/Contents/Developer/Toolchains/XcodeDefault.xctoolchain/usr/bin/swiftc -module-name AutoWrapper -Onone @/Users/admin/builder/spi-builder-workspace/.derivedData/Build/Intermediates.noindex/ImGui.build/Debug-watchos/AutoWrapper-p.build/Objects-normal/arm64/AutoWrapper.SwiftFileList -DSWIFT_PACKAGE -DDEBUG -DSWIFT_MODULE_RESOURCE_BUNDLE_AVAILABLE -DXcode -plugin-path /Applications/Xcode-27.0.0-Release.Candidate.app/Contents/Developer/Toolchains/XcodeDefault.xctoolchain/usr/lib/swift/host/plugins/testing -enable-experimental-feature DebugDescriptionMacro -sdk /Applications/Xcode-27.0.0-Release.Candidate.app/Contents/Developer/Platforms/WatchOS.platform/Developer/SDKs/WatchOS27.0.sdk -target arm64-apple-watchos9.0 -g -module-cache-path /Users/admin/builder/spi-builder-workspace/.derivedData/ModuleCache.noindex -Xfrontend -serialize-debugging-options -profile-coverage-mapping -profile-generate -enable-testing -index-store-path /Users/admin/builder/spi-builder-workspace/.derivedData/Index.noindex/DataStore -Xcc -D_LIBCPP_HARDENING_MODE\=_LIBCPP_HARDENING_MODE_DEBUG -swift-version 5 -I /Users/admin/builder/spi-builder-workspace/.derivedData/Build/Products/Debug-watchos -Isystem /Applications/Xcode-27.0.0-Release.Candidate.app/Contents/Developer/Platforms/WatchOS.platform/Developer/usr/lib -F /Users/admin/builder/spi-builder-workspace/.derivedData/Build/Products/Debug-watchos -F /Applications/Xcode-27.0.0-Release.Candidate.app/Contents/Developer/Platforms/WatchOS.platform/Developer/Library/Frameworks -F /Applications/Xcode-27.0.0-Release.Candidate.app/Contents/Developer/Platforms/WatchOS.platform/Developer/SDKs/WatchOS27.0.sdk/Developer/Library/Frameworks -c -j10 -enable-batch-mode -incremental -Xcc -ivfsstatcache -Xcc /Users/admin/builder/spi-builder-workspace/.derivedData/SDKStatCaches.noindex/watchos27.0-24R360-e829b21a6f8c9b70876ba0858053c04477534ef55a1706bf4c1112bbb242f0a2.sdkstatcache -output-file-map /Users/admin/builder/spi-builder-workspace/.derivedData/Build/Intermediates.noindex/ImGui.build/Debug-watchos/AutoWrapper-p.build/Objects-normal/arm64/AutoWrapper-OutputFileMap.json -save-temps -no-color-diagnostics -explicit-module-build -module-cache-path /Users/admin/builder/spi-builder-workspace/.derivedData/Build/Intermediates.noindex/SwiftExplicitPrecompiledModules -clang-scanner-module-cache-path /Users/admin/builder/spi-builder-workspace/.derivedData/ModuleCache.noindex -sdk-module-cache-path /Users/admin/builder/spi-builder-workspace/.derivedData/SDKExplicitPrecompiledModules -emit-dependencies -emit-module -emit-module-path /Users/admin/builder/spi-builder-workspace/.derivedData/Build/Intermediates.noindex/ImGui.build/Debug-watchos/AutoWrapper-p.build/Objects-normal/arm64/AutoWrapper.swiftmodule -serialize-diagnostics -dependency-scan-serialize-diagnostics-path /Users/admin/builder/spi-builder-workspace/.derivedData/Build/Intermediates.noindex/ImGui.build/Debug-watchos/AutoWrapper-p.build/Objects-normal/arm64/AutoWrapper-dependency-scan.dia -validate-clang-modules-once -clang-build-session-file /Users/admin/builder/spi-builder-workspace/.derivedData/ModuleCache.noindex/Session.modulevalidation -Xcc -fmodules-prune-interval\=86400 -Xcc -fmodules-prune-after\=345600 -emit-const-values -const-gather-protocols-list /Users/admin/builder/spi-builder-workspace/.derivedData/Build/Intermediates.noindex/ImGui.build/Debug-watchos/AutoWrapper-p.build/Objects-normal/arm64/AutoWrapper_const_extract_protocols.json -Xcc -I/Users/admin/builder/spi-builder-workspace/.derivedData/Build/Products/Debug-watchos/include -Xcc -I/Users/admin/builder/spi-builder-workspace/.derivedData/Build/Intermediates.noindex/ImGui.build/Debug-watchos/AutoWrapper-p.build/DerivedSources-normal/arm64 -Xcc -I/Users/admin/builder/spi-builder-workspace/.derivedData/Build/Intermediates.noindex/ImGui.build/Debug-watchos/AutoWrapper-p.build/DerivedSources/arm64 -Xcc -I/Users/admin/builder/spi-builder-workspace/.derivedData/Build/Intermediates.noindex/ImGui.build/Debug-watchos/AutoWrapper-p.build/DerivedSources -Xcc -DSWIFT_PACKAGE -Xcc -DDEBUG\=1 -working-directory /Users/admin/builder/spi-builder-workspace/.swiftpm/xcode -experimental-emit-module-separately -disable-cmo
SwiftEmitModule normal arm64_32 Emitting\ module\ for\ DemoMinimal (in target 'DemoMinimal-product' from project 'ImGui')
SwiftCompile normal arm64_32 (in target 'DemoMinimal-product' from project 'ImGui')
cd /Users/admin/builder/spi-builder-workspace/.swiftpm/xcode
SwiftCompile normal arm64_32 Compiling\ main.swift /Users/admin/builder/spi-builder-workspace/Sources/Demos/Minimal/main.swift (in target 'DemoMinimal-product' from project 'ImGui')
SwiftCompile normal arm64_32 /Users/admin/builder/spi-builder-workspace/Sources/Demos/Minimal/main.swift (in target 'DemoMinimal-product' from project 'ImGui')
cd /Users/admin/builder/spi-builder-workspace/.swiftpm/xcode
builtin-SwiftPerFileCompile main.swift
SwiftEmitModule normal arm64 Emitting\ module\ for\ DemoMinimal (in target 'DemoMinimal-product' from project 'ImGui')
SwiftCompile normal arm64 (in target 'DemoMinimal-product' from project 'ImGui')
cd /Users/admin/builder/spi-builder-workspace/.swiftpm/xcode
SwiftCompile normal arm64 Compiling\ main.swift /Users/admin/builder/spi-builder-workspace/Sources/Demos/Minimal/main.swift (in target 'DemoMinimal-product' from project 'ImGui')
SwiftCompile normal arm64 /Users/admin/builder/spi-builder-workspace/Sources/Demos/Minimal/main.swift (in target 'DemoMinimal-product' from project 'ImGui')
cd /Users/admin/builder/spi-builder-workspace/.swiftpm/xcode
builtin-SwiftPerFileCompile main.swift
SwiftEmitModule normal arm64_32 Emitting\ module\ for\ ImGui (in target 'ImGui' from project 'ImGui')
SwiftCompile normal arm64_32 (in target 'ImGui' from project 'ImGui')
cd /Users/admin/builder/spi-builder-workspace/.swiftpm/xcode
SwiftCompile normal arm64_32 Compiling\ ImGui+Definitions.swift /Users/admin/builder/spi-builder-workspace/Sources/ImGui/ImGui+Definitions.swift (in target 'ImGui' from project 'ImGui')
SwiftCompile normal arm64_32 /Users/admin/builder/spi-builder-workspace/Sources/ImGui/ImGui+Definitions.swift (in target 'ImGui' from project 'ImGui')
cd /Users/admin/builder/spi-builder-workspace/.swiftpm/xcode
builtin-SwiftPerFileCompile ImGui+Definitions.swift
SwiftEmitModule normal arm64 Emitting\ module\ for\ ImGui (in target 'ImGui' from project 'ImGui')
SwiftCompile normal arm64 (in target 'ImGui' from project 'ImGui')
cd /Users/admin/builder/spi-builder-workspace/.swiftpm/xcode
PruneExplicitPrecompiledModules /Users/admin/builder/spi-builder-workspace/.derivedData/Build/Intermediates.noindex/ExplicitPrecompiledModules
PruneExplicitPrecompiledModules /Users/admin/builder/spi-builder-workspace/.derivedData/Build/Intermediates.noindex/SwiftExplicitPrecompiledModules
PruneExplicitPrecompiledModules /Users/admin/builder/spi-builder-workspace/.derivedData/SDKExplicitPrecompiledModules
2026-09-19 23:46:02.478 xcodebuild[812:5028] [MT] IDERunDestination: Supported platforms for the buildables in the current scheme is empty.
** BUILD FAILED **
The following build commands failed:
SwiftDriver DemoMetal-macOS normal arm64 com.apple.xcode.tools.swift.compiler (in target 'DemoMetal-macOS-product' from project 'ImGui')
SwiftDriver DemoMetal-macOS normal arm64_32 com.apple.xcode.tools.swift.compiler (in target 'DemoMetal-macOS-product' from project 'ImGui')
Building workspace ImGui with scheme ImGui-Package
(3 failures)
BUILD FAILURE 6.4 watchOS