The Swift Package Index logo.Swift Package Index

Build Information

Failed to build ATProtoKit, reference 0.34.1 (263f09), with Swift 6.4 for Wasm on 26 Sep 2026 07:46:16 UTC.

Build Command

bash -c docker run --pull=always --rm -v "checkouts-54344844-0":/host -w "$PWD" -e JAVA_HOME="/root/.sdkman/candidates/java/current" -e SPI_BUILD="1" -e SPI_PROCESSING="1" registry.gitlab.com/saguaro1/spi-images:wasm-6.4-latest swift build --swift-sdk swift-6.4.x-DEVELOPMENT-SNAPSHOT-2026-09-04-a_wasm 2>&1

Build Log

========================================
RunAll
========================================
Builder version: 5.1.0
Interrupt handler set up.
========================================
Checkout
========================================
Clone URL: https://github.com/MasterJ93/ATProtoKit.git
Reference: 0.34.1
Initialized empty Git repository in /host/spi-builder-workspace/.git/
hint: Using 'master' as the name for the initial branch. This default branch name
hint: is subject to change. To configure the initial branch name to use in all
hint: of your new repositories, which will suppress this warning, call:
hint:
hint: 	git config --global init.defaultBranch <name>
hint:
hint: Names commonly chosen instead of 'master' are 'main', 'trunk' and
hint: 'development'. The just-created branch can be renamed via this command:
hint:
hint: 	git branch -m <name>
From https://github.com/MasterJ93/ATProtoKit
 * tag               0.34.1     -> FETCH_HEAD
HEAD is now at 263f093 Fix broken links in DocC
Cloned https://github.com/MasterJ93/ATProtoKit.git
Revision (git rev-parse @):
263f093f211d4c68ee7c77f3dc5b4dab1530cc5c
SPI manifest file found: $PWD/.spi.yml
SUCCESS checkout https://github.com/MasterJ93/ATProtoKit.git at 0.34.1
========================================
Build
========================================
Selected platform:         wasm
Swift version:             6.4
Building package at path:  $PWD
https://github.com/MasterJ93/ATProtoKit.git
Running build ...
bash -c docker run --pull=always --rm -v "checkouts-54344844-0":/host -w "$PWD" -e JAVA_HOME="/root/.sdkman/candidates/java/current" -e SPI_BUILD="1" -e SPI_PROCESSING="1" registry.gitlab.com/saguaro1/spi-images:wasm-6.4-latest swift build --swift-sdk swift-6.4.x-DEVELOPMENT-SNAPSHOT-2026-09-04-a_wasm 2>&1
wasm-6.4-latest: Pulling from saguaro1/spi-images
Digest: sha256:4328fdb43c680d205c1d6761b1e3267aa38277eefdda9ddfb17b6a0f1a77857a
Status: Image is up to date for registry.gitlab.com/saguaro1/spi-images:wasm-6.4-latest
Fetching https://github.com/apple/swift-log.git
Fetching https://github.com/swiftlang/swift-docc-plugin.git
[1/8165] Fetching swift-log
[7268/10510] Fetching swift-log, swift-docc-plugin
Fetched https://github.com/apple/swift-log.git (0.50s)
[516/2345] Fetching swift-docc-plugin
Fetched https://github.com/swiftlang/swift-docc-plugin.git (0.54s)
Computing version for https://github.com/swiftlang/swift-docc-plugin.git
Computed https://github.com/swiftlang/swift-docc-plugin.git at 1.5.0 (1.63s)
Fetching https://github.com/swiftlang/swift-docc-symbolkit
[1/3830] Fetching swift-docc-symbolkit
Fetched https://github.com/swiftlang/swift-docc-symbolkit (0.59s)
Computing version for https://github.com/swiftlang/swift-docc-symbolkit
Computed https://github.com/swiftlang/swift-docc-symbolkit at 1.0.0 (0.83s)
Computing version for https://github.com/apple/swift-log.git
Computed https://github.com/apple/swift-log.git at 1.15.1 (0.21s)
Creating working copy for https://github.com/swiftlang/swift-docc-plugin.git
Working copy of https://github.com/swiftlang/swift-docc-plugin.git resolved at 1.5.0
Creating working copy for https://github.com/apple/swift-log.git
Working copy of https://github.com/apple/swift-log.git resolved at 1.15.1
Creating working copy for https://github.com/swiftlang/swift-docc-symbolkit
Working copy of https://github.com/swiftlang/swift-docc-symbolkit resolved at 1.0.0
Building for debugging...
[Pre-planning 1 / 125]
[Planning deferred tasks]
[29 / 44] Logging
[38 / 53] Logging
[44 / 54]
[44 / 54] Logging
[47 / 55] ATProtoKit
error: SwiftCompile normal wasm32 /host/spi-builder-workspace/Sources/ATProtoKit/APIReference/AdminAndModeratorAPI/AddMemberAsAdmin.swift failed with a nonzero exit code. Command line:     cd /host
    builtin-SwiftPerFileCompile AddMemberAsAdmin.swift
/host/spi-builder-workspace/Sources/ATProtoKit/Utilities/APIClientService.swift:134:10: error: cannot find type 'URLRequest' in scope
132 |         proxyValue: String? = nil,
133 |         isRelatedToBskyChat: Bool = false
134 |     ) -> URLRequest {
    |          `- error: cannot find type 'URLRequest' in scope
135 |         var request = URLRequest(url: requestURL)
136 |         request.httpMethod = httpMethod.rawValue
/host/spi-builder-workspace/Sources/ATProtoKit/Utilities/APIClientService.swift:210:54: error: cannot find type 'URLRequest' in scope
208 |     ///   - decodeTo: The type to decode the response into.
209 |     /// - Returns: An instance of the specified `Decodable` type.
210 |     public func sendRequest<T: Decodable>(_ request: URLRequest, withEncodingBody body: (Encodable & Sendable)? = nil, decodeTo: T.Type) async throws -> T {
    |                                                      `- error: cannot find type 'URLRequest' in scope
211 |         let data = try await self.performRequest(request, withEncodingBody: body)
212 |
/host/spi-builder-workspace/Sources/ATProtoKit/Utilities/APIClientService.swift:234:40: error: cannot find type 'URLRequest' in scope
232 |     ///   - body: An optional `Encodable` body to be encoded and attached to the request.
233 |     /// - Returns: A `Data` object that contains the blob.
234 |     public func sendRequest(_ request: URLRequest, withEncodingBody body: (Encodable & Sendable)? = nil) async throws -> Data {
    |                                        `- error: cannot find type 'URLRequest' in scope
235 |         let data = try await self.performRequest(request, withEncodingBody: body)
236 |         return data
/host/spi-builder-workspace/Sources/ATProtoKit/Utilities/APIClientService.swift:246:54: error: cannot find type 'URLRequest' in scope
244 |     ///   - decodeTo: The type to decode the response into.
245 |     /// - Returns: An instance of the specified `Decodable` type.
246 |     public func sendRequest<T: Decodable>(_ request: URLRequest, withDataBody data: Data, decodeTo: T.Type) async throws -> T {
    |                                                      `- error: cannot find type 'URLRequest' in scope
247 |         var urlRequest = request
248 |         urlRequest.httpBody = data
Failed frontend command:
/usr/bin/swift-frontend -frontend -c -filelist /host/spi-builder-workspace/.build/out/Intermediates.noindex/ATProtoKit.build/Debug-webassembly-wasm32/ATProtoKit-t.build/Objects-normal/wasm32/sources-1 -primary-file /host/spi-builder-workspace/Sources/ATProtoKit/APIReference/ATProtoBlueskyAPI/StarterPackRecord/CreateStarterPackRecord.swift -primary-file /host/spi-builder-workspace/Sources/ATProtoKit/APIReference/ATProtoBlueskyAPI/StarterPackRecord/RemoveFeedFromStarterPackRecord.swift -primary-file /host/spi-builder-workspace/Sources/ATProtoKit/APIReference/ATProtoBlueskyAPI/StarterPackRecord/UpdateStarterPackRecord.swift -primary-file /host/spi-builder-workspace/Sources/ATProtoKit/APIReference/ATProtoBlueskyAPI/StatusRecord/CreateStatusRecord.swift -primary-file /host/spi-builder-workspace/Sources/ATProtoKit/APIReference/ATProtoBlueskyAPI/ThreadgateRecord/CreateThreadgateRecord.swift -primary-file /host/spi-builder-workspace/Sources/ATProtoKit/APIReference/ATProtoBlueskyAPI/ThreadgateRecord/UpdateThreadgateRecord.swift -primary-file /host/spi-builder-workspace/Sources/ATProtoKit/APIReference/AdminAndModeratorAPI/AddMemberAsAdmin.swift -primary-file /host/spi-builder-workspace/Sources/ATProtoKit/APIReference/AdminAndModeratorAPI/AddValuesAsAdmin.swift -primary-file /host/spi-builder-workspace/Sources/ATProtoKit/APIReference/AdminAndModeratorAPI/AdminSearchAccountsAsAdmin.swift -primary-file /host/spi-builder-workspace/Sources/ATProtoKit/APIReference/AdminAndModeratorAPI/CreateCommunicationTemplateAsAdmin.swift -primary-file /host/spi-builder-workspace/Sources/ATProtoKit/APIReference/AdminAndModeratorAPI/DeleteAccountAsAdmin.swift -primary-file /host/spi-builder-workspace/Sources/ATProtoKit/APIReference/AdminAndModeratorAPI/DeleteCommunicationTemplateAsAdmin.swift -primary-file /host/spi-builder-workspace/Sources/ATProtoKit/APIReference/AdminAndModeratorAPI/DeleteMemberAsAdmin.swift -primary-file /host/spi-builder-workspace/Sources/ATProtoKit/APIReference/AdminAndModeratorAPI/DeleteSetAsAdmin.swift -primary-file /host/spi-builder-workspace/Sources/ATProtoKit/APIReference/AdminAndModeratorAPI/DeleteValuesAsAdmin.swift -primary-file /host/spi-builder-workspace/Sources/ATProtoKit/APIReference/AdminAndModeratorAPI/DisableAccountInvitesAsAdmin.swift -primary-file /host/spi-builder-workspace/Sources/ATProtoKit/APIReference/AdminAndModeratorAPI/DisableInviteCodesAsAdmin.swift -primary-file /host/spi-builder-workspace/Sources/ATProtoKit/APIReference/AdminAndModeratorAPI/EmitEventAsAdmin.swift -primary-file /host/spi-builder-workspace/Sources/ATProtoKit/APIReference/AdminAndModeratorAPI/EnableAccountInvitesAsAdmin.swift -primary-file /host/spi-builder-workspace/Sources/ATProtoKit/APIReference/AdminAndModeratorAPI/FindCorrelationAsAdmin.swift -primary-file /host/spi-builder-workspace/Sources/ATProtoKit/APIReference/AdminAndModeratorAPI/FindRelatedAccountsAsAdmin.swift -primary-file /host/spi-builder-workspace/Sources/ATProtoKit/APIReference/AdminAndModeratorAPI/GetAccountInfoAsAdmin.swift -primary-file /host/spi-builder-workspace/Sources/ATProtoKit/APIReference/AdminAndModeratorAPI/GetAccountInfosAsAdmin.swift -primary-file /host/spi-builder-workspace/Sources/ATProtoKit/APIReference/AdminAndModeratorAPI/GetConfigAsAdmin.swift -primary-file /host/spi-builder-workspace/Sources/ATProtoKit/APIReference/AdminAndModeratorAPI/GetInviteCodesAsAdmin.swift -supplementary-output-file-map /host/spi-builder-workspace/.build/out/Intermediates.noindex/ATProtoKit.build/Debug-webassembly-wasm32/ATProtoKit-t.build/Objects-normal/wasm32/supplementaryOutputs-2 -target wasm32-unknown-wasip1 -disable-objc-interop -sdk /root/.swiftpm/swift-sdks/swift-6.4.x-DEVELOPMENT-SNAPSHOT-2026-09-04-a_wasm.artifactbundle/swift-6.4.x-DEVELOPMENT-SNAPSHOT-2026-09-04-a_wasm/wasm32-unknown-wasip1/WASI.sdk -sysroot /root/.swiftpm/swift-sdks/swift-6.4.x-DEVELOPMENT-SNAPSHOT-2026-09-04-a_wasm.artifactbundle/swift-6.4.x-DEVELOPMENT-SNAPSHOT-2026-09-04-a_wasm/wasm32-unknown-wasip1/WASI.sdk -I /host/spi-builder-workspace/.build/out/Products/Debug-webassembly-wasm32 -module-cache-path /host/spi-builder-workspace/.build/out/ModuleCache.noindex -color-diagnostics -Xcc -fcolor-diagnostics -enable-testing -g -debug-info-format\=dwarf -dwarf-version\=4 -swift-version 5 -Onone -D SWIFT_PACKAGE -D DEBUG -D SWIFT_MODULE_RESOURCE_BUNDLE_AVAILABLE -D Xcode -serialize-debugging-options -enable-experimental-feature StrictConcurrency -enable-upcoming-feature DisableOutwardActorInference -enable-upcoming-feature GlobalActorIsolatedTypesUsability -enable-upcoming-feature InferSendableFromCaptures -enable-experimental-feature DebugDescriptionMacro -empty-abi-descriptor -external-plugin-path /usr/lib/swift/host/plugins/testing\#/usr/bin/swift-plugin-server -validate-clang-modules-once -clang-build-session-file /host/spi-builder-workspace/.build/out/ModuleCache.noindex/Session.modulevalidation -Xcc -working-directory -Xcc /host -resource-dir /root/.swiftpm/swift-sdks/swift-6.4.x-DEVELOPMENT-SNAPSHOT-2026-09-04-a_wasm.artifactbundle/swift-6.4.x-DEVELOPMENT-SNAPSHOT-2026-09-04-a_wasm/wasm32-unknown-wasip1/swift.xctoolchain/usr/lib/swift_static -use-static-resource-dir -enable-anonymous-context-mangled-names -file-compilation-dir /host -Xcc -resource-dir -Xcc /root/.swiftpm/swift-sdks/swift-6.4.x-DEVELOPMENT-SNAPSHOT-2026-09-04-a_wasm.artifactbundle/swift-6.4.x-DEVELOPMENT-SNAPSHOT-2026-09-04-a_wasm/wasm32-unknown-wasip1/swift.xctoolchain/usr/lib/swift_static/clang -Xcc -D_LIBCPP_HARDENING_MODE\=_LIBCPP_HARDENING_MODE_DEBUG -Xcc -fmodules-prune-interval\=86400 -Xcc -fmodules-prune-after\=345600 -Xcc -I/host/spi-builder-workspace/.build/out/Products/Debug-webassembly-wasm32/include -Xcc -I/host/spi-builder-workspace/.build/out/Intermediates.noindex/ATProtoKit.build/Debug-webassembly-wasm32/ATProtoKit-t.build/DerivedSources-normal/wasm32 -Xcc -I/host/spi-builder-workspace/.build/out/Intermediates.noindex/ATProtoKit.build/Debug-webassembly-wasm32/ATProtoKit-t.build/DerivedSources/wasm32 -Xcc -I/host/spi-builder-workspace/.build/out/Intermediates.noindex/ATProtoKit.build/Debug-webassembly-wasm32/ATProtoKit-t.build/DerivedSources -Xcc -DSWIFT_PACKAGE -Xcc -DDEBUG\=1 -no-auto-bridging-header-chaining -module-name ATProtoKit -package-name spi_builder_workspace -const-gather-protocols-file /host/spi-builder-workspace/.build/out/Intermediates.noindex/ATProtoKit.build/Debug-webassembly-wasm32/ATProtoKit-t.build/Objects-normal/wasm32/ATProtoKit_const_extract_protocols.json -in-process-plugin-server-path /usr/lib/swift/host/libSwiftInProcPluginServer.so -plugin-path /usr/lib/swift/host/plugins -plugin-path /usr/local/lib/swift/host/plugins -parse-as-library -o /host/spi-builder-workspace/.build/out/Intermediates.noindex/ATProtoKit.build/Debug-webassembly-wasm32/ATProtoKit-t.build/Objects-normal/wasm32/CreateStarterPackRecord.o -o /host/spi-builder-workspace/.build/out/Intermediates.noindex/ATProtoKit.build/Debug-webassembly-wasm32/ATProtoKit-t.build/Objects-normal/wasm32/RemoveFeedFromStarterPackRecord.o -o /host/spi-builder-workspace/.build/out/Intermediates.noindex/ATProtoKit.build/Debug-webassembly-wasm32/ATProtoKit-t.build/Objects-normal/wasm32/UpdateStarterPackRecord.o -o /host/spi-builder-workspace/.build/out/Intermediates.noindex/ATProtoKit.build/Debug-webassembly-wasm32/ATProtoKit-t.build/Objects-normal/wasm32/CreateStatusRecord.o -o /host/spi-builder-workspace/.build/out/Intermediates.noindex/ATProtoKit.build/Debug-webassembly-wasm32/ATProtoKit-t.build/Objects-normal/wasm32/CreateThreadgateRecord.o -o /host/spi-builder-workspace/.build/out/Intermediates.noindex/ATProtoKit.build/Debug-webassembly-wasm32/ATProtoKit-t.build/Objects-normal/wasm32/UpdateThreadgateRecord.o -o /host/spi-builder-workspace/.build/out/Intermediates.noindex/ATProtoKit.build/Debug-webassembly-wasm32/ATProtoKit-t.build/Objects-normal/wasm32/AddMemberAsAdmin.o -o /host/spi-builder-workspace/.build/out/Intermediates.noindex/ATProtoKit.build/Debug-webassembly-wasm32/ATProtoKit-t.build/Objects-normal/wasm32/AddValuesAsAdmin.o -o /host/spi-builder-workspace/.build/out/Intermediates.noindex/ATProtoKit.build/Debug-webassembly-wasm32/ATProtoKit-t.build/Objects-normal/wasm32/AdminSearchAccountsAsAdmin.o -o /host/spi-builder-workspace/.build/out/Intermediates.noindex/ATProtoKit.build/Debug-webassembly-wasm32/ATProtoKit-t.build/Objects-normal/wasm32/CreateCommunicationTemplateAsAdmin.o -o /host/spi-builder-workspace/.build/out/Intermediates.noindex/ATProtoKit.build/Debug-webassembly-wasm32/ATProtoKit-t.build/Objects-normal/wasm32/DeleteAccountAsAdmin.o -o /host/spi-builder-workspace/.build/out/Intermediates.noindex/ATProtoKit.build/Debug-webassembly-wasm32/ATProtoKit-t.build/Objects-normal/wasm32/DeleteCommunicationTemplateAsAdmin.o -o /host/spi-builder-workspace/.build/out/Intermediates.noindex/ATProtoKit.build/Debug-webassembly-wasm32/ATProtoKit-t.build/Objects-normal/wasm32/DeleteMemberAsAdmin.o -o /host/spi-builder-workspace/.build/out/Intermediates.noindex/ATProtoKit.build/Debug-webassembly-wasm32/ATProtoKit-t.build/Objects-normal/wasm32/DeleteSetAsAdmin.o -o /host/spi-builder-workspace/.build/out/Intermediates.noindex/ATProtoKit.build/Debug-webassembly-wasm32/ATProtoKit-t.build/Objects-normal/wasm32/DeleteValuesAsAdmin.o -o /host/spi-builder-workspace/.build/out/Intermediates.noindex/ATProtoKit.build/Debug-webassembly-wasm32/ATProtoKit-t.build/Objects-normal/wasm32/DisableAccountInvitesAsAdmin.o -o /host/spi-builder-workspace/.build/out/Intermediates.noindex/ATProtoKit.build/Debug-webassembly-wasm32/ATProtoKit-t.build/Objects-normal/wasm32/DisableInviteCodesAsAdmin.o -o /host/spi-builder-workspace/.build/out/Intermediates.noindex/ATProtoKit.build/Debug-webassembly-wasm32/ATProtoKit-t.build/Objects-normal/wasm32/EmitEventAsAdmin.o -o /host/spi-builder-workspace/.build/out/Intermediates.noindex/ATProtoKit.build/Debug-webassembly-wasm32/ATProtoKit-t.build/Objects-normal/wasm32/EnableAccountInvitesAsAdmin.o -o /host/spi-builder-workspace/.build/out/Intermediates.noindex/ATProtoKit.build/Debug-webassembly-wasm32/ATProtoKit-t.build/Objects-normal/wasm32/FindCorrelationAsAdmin.o -o /host/spi-builder-workspace/.build/out/Intermediates.noindex/ATProtoKit.build/Debug-webassembly-wasm32/ATProtoKit-t.build/Objects-normal/wasm32/FindRelatedAccountsAsAdmin.o -o /host/spi-builder-workspace/.build/out/Intermediates.noindex/ATProtoKit.build/Debug-webassembly-wasm32/ATProtoKit-t.build/Objects-normal/wasm32/GetAccountInfoAsAdmin.o -o /host/spi-builder-workspace/.build/out/Intermediates.noindex/ATProtoKit.build/Debug-webassembly-wasm32/ATProtoKit-t.build/Objects-normal/wasm32/GetAccountInfosAsAdmin.o -o /host/spi-builder-workspace/.build/out/Intermediates.noindex/ATProtoKit.build/Debug-webassembly-wasm32/ATProtoKit-t.build/Objects-normal/wasm32/GetConfigAsAdmin.o -o /host/spi-builder-workspace/.build/out/Intermediates.noindex/ATProtoKit.build/Debug-webassembly-wasm32/ATProtoKit-t.build/Objects-normal/wasm32/GetInviteCodesAsAdmin.o -index-unit-output-path /ATProtoKit.build/Debug-webassembly-wasm32/ATProtoKit-t.build/Objects-normal/wasm32/CreateStarterPackRecord.o -index-unit-output-path /ATProtoKit.build/Debug-webassembly-wasm32/ATProtoKit-t.build/Objects-normal/wasm32/RemoveFeedFromStarterPackRecord.o -index-unit-output-path /ATProtoKit.build/Debug-webassembly-wasm32/ATProtoKit-t.build/Objects-normal/wasm32/UpdateStarterPackRecord.o -index-unit-output-path /ATProtoKit.build/Debug-webassembly-wasm32/ATProtoKit-t.build/Objects-normal/wasm32/CreateStatusRecord.o -index-unit-output-path /ATProtoKit.build/Debug-webassembly-wasm32/ATProtoKit-t.build/Objects-normal/wasm32/CreateThreadgateRecord.o -index-unit-output-path /ATProtoKit.build/Debug-webassembly-wasm32/ATProtoKit-t.build/Objects-normal/wasm32/UpdateThreadgateRecord.o -index-unit-output-path /ATProtoKit.build/Debug-webassembly-wasm32/ATProtoKit-t.build/Objects-normal/wasm32/AddMemberAsAdmin.o -index-unit-output-path /ATProtoKit.build/Debug-webassembly-wasm32/ATProtoKit-t.build/Objects-normal/wasm32/AddValuesAsAdmin.o -index-unit-output-path /ATProtoKit.build/Debug-webassembly-wasm32/ATProtoKit-t.build/Objects-normal/wasm32/AdminSearchAccountsAsAdmin.o -index-unit-output-path /ATProtoKit.build/Debug-webassembly-wasm32/ATProtoKit-t.build/Objects-normal/wasm32/CreateCommunicationTemplateAsAdmin.o -index-unit-output-path /ATProtoKit.build/Debug-webassembly-wasm32/ATProtoKit-t.build/Objects-normal/wasm32/DeleteAccountAsAdmin.o -index-unit-output-path /ATProtoKit.build/Debug-webassembly-wasm32/ATProtoKit-t.build/Objects-normal/wasm32/DeleteCommunicationTemplateAsAdmin.o -index-unit-output-path /ATProtoKit.build/Debug-webassembly-wasm32/ATProtoKit-t.build/Objects-normal/wasm32/DeleteMemberAsAdmin.o -index-unit-output-path /ATProtoKit.build/Debug-webassembly-wasm32/ATProtoKit-t.build/Objects-normal/wasm32/DeleteSetAsAdmin.o -index-unit-output-path /ATProtoKit.build/Debug-webassembly-wasm32/ATProtoKit-t.build/Objects-normal/wasm32/DeleteValuesAsAdmin.o -index-unit-output-path /ATProtoKit.build/Debug-webassembly-wasm32/ATProtoKit-t.build/Objects-normal/wasm32/DisableAccountInvitesAsAdmin.o -index-unit-output-path /ATProtoKit.build/Debug-webassembly-wasm32/ATProtoKit-t.build/Objects-normal/wasm32/DisableInviteCodesAsAdmin.o -index-unit-output-path /ATProtoKit.build/Debug-webassembly-wasm32/ATProtoKit-t.build/Objects-normal/wasm32/EmitEventAsAdmin.o -index-unit-output-path /ATProtoKit.build/Debug-webassembly-wasm32/ATProtoKit-t.build/Objects-normal/wasm32/EnableAccountInvitesAsAdmin.o -index-unit-output-path /ATProtoKit.build/Debug-webassembly-wasm32/ATProtoKit-t.build/Objects-normal/wasm32/FindCorrelationAsAdmin.o -index-unit-output-path /ATProtoKit.build/Debug-webassembly-wasm32/ATProtoKit-t.build/Objects-normal/wasm32/FindRelatedAccountsAsAdmin.o -index-unit-output-path /ATProtoKit.build/Debug-webassembly-wasm32/ATProtoKit-t.build/Objects-normal/wasm32/GetAccountInfoAsAdmin.o -index-unit-output-path /ATProtoKit.build/Debug-webassembly-wasm32/ATProtoKit-t.build/Objects-normal/wasm32/GetAccountInfosAsAdmin.o -index-unit-output-path /ATProtoKit.build/Debug-webassembly-wasm32/ATProtoKit-t.build/Objects-normal/wasm32/GetConfigAsAdmin.o -index-unit-output-path /ATProtoKit.build/Debug-webassembly-wasm32/ATProtoKit-t.build/Objects-normal/wasm32/GetInviteCodesAsAdmin.o -index-store-path /host/spi-builder-workspace/.build/out -index-system-modules
error: SwiftCompile normal wasm32 /host/spi-builder-workspace/Sources/ATProtoKit/APIReference/AppBskyAPI/AppBskyFeedSearchPostsMethod.swift failed with a nonzero exit code. Command line:     cd /host
    builtin-SwiftPerFileCompile AppBskyFeedSearchPostsMethod.swift
/host/spi-builder-workspace/Sources/ATProtoKit/Utilities/APIClientService.swift:134:10: error: cannot find type 'URLRequest' in scope
132 |         proxyValue: String? = nil,
133 |         isRelatedToBskyChat: Bool = false
134 |     ) -> URLRequest {
    |          `- error: cannot find type 'URLRequest' in scope
135 |         var request = URLRequest(url: requestURL)
136 |         request.httpMethod = httpMethod.rawValue
/host/spi-builder-workspace/Sources/ATProtoKit/Utilities/APIClientService.swift:210:54: error: cannot find type 'URLRequest' in scope
208 |     ///   - decodeTo: The type to decode the response into.
209 |     /// - Returns: An instance of the specified `Decodable` type.
210 |     public func sendRequest<T: Decodable>(_ request: URLRequest, withEncodingBody body: (Encodable & Sendable)? = nil, decodeTo: T.Type) async throws -> T {
    |                                                      `- error: cannot find type 'URLRequest' in scope
211 |         let data = try await self.performRequest(request, withEncodingBody: body)
212 |
/host/spi-builder-workspace/Sources/ATProtoKit/Utilities/APIClientService.swift:234:40: error: cannot find type 'URLRequest' in scope
232 |     ///   - body: An optional `Encodable` body to be encoded and attached to the request.
233 |     /// - Returns: A `Data` object that contains the blob.
234 |     public func sendRequest(_ request: URLRequest, withEncodingBody body: (Encodable & Sendable)? = nil) async throws -> Data {
    |                                        `- error: cannot find type 'URLRequest' in scope
235 |         let data = try await self.performRequest(request, withEncodingBody: body)
236 |         return data
/host/spi-builder-workspace/Sources/ATProtoKit/Utilities/APIClientService.swift:246:54: error: cannot find type 'URLRequest' in scope
244 |     ///   - decodeTo: The type to decode the response into.
245 |     /// - Returns: An instance of the specified `Decodable` type.
246 |     public func sendRequest<T: Decodable>(_ request: URLRequest, withDataBody data: Data, decodeTo: T.Type) async throws -> T {
    |                                                      `- error: cannot find type 'URLRequest' in scope
247 |         var urlRequest = request
248 |         urlRequest.httpBody = data
Failed frontend command:
/usr/bin/swift-frontend -frontend -c -filelist /host/spi-builder-workspace/.build/out/Intermediates.noindex/ATProtoKit.build/Debug-webassembly-wasm32/ATProtoKit-t.build/Objects-normal/wasm32/sources-1 -primary-file /host/spi-builder-workspace/Sources/ATProtoKit/APIReference/AppBskyAPI/AppBskyFeedSearchPostsMethod.swift -primary-file /host/spi-builder-workspace/Sources/ATProtoKit/APIReference/AppBskyAPI/AppBskyFeedSearchPostsV2Method.swift -primary-file /host/spi-builder-workspace/Sources/ATProtoKit/APIReference/AppBskyAPI/AppBskyFeedSendInteractionsMethod.swift -primary-file /host/spi-builder-workspace/Sources/ATProtoKit/APIReference/AppBskyAPI/AppBskyGraphGetActorStarterPacksMethod.swift -primary-file /host/spi-builder-workspace/Sources/ATProtoKit/APIReference/AppBskyAPI/AppBskyGraphGetBlocksMethod.swift -primary-file /host/spi-builder-workspace/Sources/ATProtoKit/APIReference/AppBskyAPI/AppBskyGraphGetFollowersMethod.swift -primary-file /host/spi-builder-workspace/Sources/ATProtoKit/APIReference/AppBskyAPI/AppBskyGraphGetFollowsMethod.swift -primary-file /host/spi-builder-workspace/Sources/ATProtoKit/APIReference/AppBskyAPI/AppBskyGraphGetKnownFollowersMethod.swift -primary-file /host/spi-builder-workspace/Sources/ATProtoKit/APIReference/AppBskyAPI/AppBskyGraphGetListBlocksMethod.swift -primary-file /host/spi-builder-workspace/Sources/ATProtoKit/APIReference/AppBskyAPI/AppBskyGraphGetListMethod.swift -primary-file /host/spi-builder-workspace/Sources/ATProtoKit/APIReference/AppBskyAPI/AppBskyGraphGetListMutesMethod.swift -primary-file /host/spi-builder-workspace/Sources/ATProtoKit/APIReference/AppBskyAPI/AppBskyGraphGetListsMethod.swift -primary-file /host/spi-builder-workspace/Sources/ATProtoKit/APIReference/AppBskyAPI/AppBskyGraphGetListsWithMembershipMethod.swift -primary-file /host/spi-builder-workspace/Sources/ATProtoKit/APIReference/AppBskyAPI/AppBskyGraphGetMutesMethod.swift -primary-file /host/spi-builder-workspace/Sources/ATProtoKit/APIReference/AppBskyAPI/AppBskyGraphGetRelationshipsMethod.swift -primary-file /host/spi-builder-workspace/Sources/ATProtoKit/APIReference/AppBskyAPI/AppBskyGraphGetStarterPackMethod.swift -primary-file /host/spi-builder-workspace/Sources/ATProtoKit/APIReference/AppBskyAPI/AppBskyGraphGetStarterPacksMethod.swift -primary-file /host/spi-builder-workspace/Sources/ATProtoKit/APIReference/AppBskyAPI/AppBskyGraphGetStarterPacksWithMembershipMethod.swift -primary-file /host/spi-builder-workspace/Sources/ATProtoKit/APIReference/AppBskyAPI/AppBskyGraphGetSuggestedFollowsByActorMethod.swift -primary-file /host/spi-builder-workspace/Sources/ATProtoKit/APIReference/AppBskyAPI/AppBskyGraphMuteActorListMethod.swift -primary-file /host/spi-builder-workspace/Sources/ATProtoKit/APIReference/AppBskyAPI/AppBskyGraphMuteActorMethod.swift -primary-file /host/spi-builder-workspace/Sources/ATProtoKit/APIReference/AppBskyAPI/AppBskyGraphMuteThreadMethod.swift -primary-file /host/spi-builder-workspace/Sources/ATProtoKit/APIReference/AppBskyAPI/AppBskyGraphSearchStarterPacksMethod.swift -primary-file /host/spi-builder-workspace/Sources/ATProtoKit/APIReference/AppBskyAPI/AppBskyGraphUnmuteActorListMethod.swift -primary-file /host/spi-builder-workspace/Sources/ATProtoKit/APIReference/AppBskyAPI/AppBskyGraphUnmuteActorMethod.swift -supplementary-output-file-map /host/spi-builder-workspace/.build/out/Intermediates.noindex/ATProtoKit.build/Debug-webassembly-wasm32/ATProtoKit-t.build/Objects-normal/wasm32/supplementaryOutputs-7 -target wasm32-unknown-wasip1 -disable-objc-interop -sdk /root/.swiftpm/swift-sdks/swift-6.4.x-DEVELOPMENT-SNAPSHOT-2026-09-04-a_wasm.artifactbundle/swift-6.4.x-DEVELOPMENT-SNAPSHOT-2026-09-04-a_wasm/wasm32-unknown-wasip1/WASI.sdk -sysroot /root/.swiftpm/swift-sdks/swift-6.4.x-DEVELOPMENT-SNAPSHOT-2026-09-04-a_wasm.artifactbundle/swift-6.4.x-DEVELOPMENT-SNAPSHOT-2026-09-04-a_wasm/wasm32-unknown-wasip1/WASI.sdk -I /host/spi-builder-workspace/.build/out/Products/Debug-webassembly-wasm32 -module-cache-path /host/spi-builder-workspace/.build/out/ModuleCache.noindex -color-diagnostics -Xcc -fcolor-diagnostics -enable-testing -g -debug-info-format\=dwarf -dwarf-version\=4 -swift-version 5 -Onone -D SWIFT_PACKAGE -D DEBUG -D SWIFT_MODULE_RESOURCE_BUNDLE_AVAILABLE -D Xcode -serialize-debugging-options -enable-experimental-feature StrictConcurrency -enable-upcoming-feature DisableOutwardActorInference -enable-upcoming-feature GlobalActorIsolatedTypesUsability -enable-upcoming-feature InferSendableFromCaptures -enable-experimental-feature DebugDescriptionMacro -empty-abi-descriptor -external-plugin-path /usr/lib/swift/host/plugins/testing\#/usr/bin/swift-plugin-server -validate-clang-modules-once -clang-build-session-file /host/spi-builder-workspace/.build/out/ModuleCache.noindex/Session.modulevalidation -Xcc -working-directory -Xcc /host -resource-dir /root/.swiftpm/swift-sdks/swift-6.4.x-DEVELOPMENT-SNAPSHOT-2026-09-04-a_wasm.artifactbundle/swift-6.4.x-DEVELOPMENT-SNAPSHOT-2026-09-04-a_wasm/wasm32-unknown-wasip1/swift.xctoolchain/usr/lib/swift_static -use-static-resource-dir -enable-anonymous-context-mangled-names -file-compilation-dir /host -Xcc -resource-dir -Xcc /root/.swiftpm/swift-sdks/swift-6.4.x-DEVELOPMENT-SNAPSHOT-2026-09-04-a_wasm.artifactbundle/swift-6.4.x-DEVELOPMENT-SNAPSHOT-2026-09-04-a_wasm/wasm32-unknown-wasip1/swift.xctoolchain/usr/lib/swift_static/clang -Xcc -D_LIBCPP_HARDENING_MODE\=_LIBCPP_HARDENING_MODE_DEBUG -Xcc -fmodules-prune-interval\=86400 -Xcc -fmodules-prune-after\=345600 -Xcc -I/host/spi-builder-workspace/.build/out/Products/Debug-webassembly-wasm32/include -Xcc -I/host/spi-builder-workspace/.build/out/Intermediates.noindex/ATProtoKit.build/Debug-webassembly-wasm32/ATProtoKit-t.build/DerivedSources-normal/wasm32 -Xcc -I/host/spi-builder-workspace/.build/out/Intermediates.noindex/ATProtoKit.build/Debug-webassembly-wasm32/ATProtoKit-t.build/DerivedSources/wasm32 -Xcc -I/host/spi-builder-workspace/.build/out/Intermediates.noindex/ATProtoKit.build/Debug-webassembly-wasm32/ATProtoKit-t.build/DerivedSources -Xcc -DSWIFT_PACKAGE -Xcc -DDEBUG\=1 -no-auto-bridging-header-chaining -module-name ATProtoKit -package-name spi_builder_workspace -const-gather-protocols-file /host/spi-builder-workspace/.build/out/Intermediates.noindex/ATProtoKit.build/Debug-webassembly-wasm32/ATProtoKit-t.build/Objects-normal/wasm32/ATProtoKit_const_extract_protocols.json -in-process-plugin-server-path /usr/lib/swift/host/libSwiftInProcPluginServer.so -plugin-path /usr/lib/swift/host/plugins -plugin-path /usr/local/lib/swift/host/plugins -parse-as-library -o /host/spi-builder-workspace/.build/out/Intermediates.noindex/ATProtoKit.build/Debug-webassembly-wasm32/ATProtoKit-t.build/Objects-normal/wasm32/AppBskyFeedSearchPostsMethod.o -o /host/spi-builder-workspace/.build/out/Intermediates.noindex/ATProtoKit.build/Debug-webassembly-wasm32/ATProtoKit-t.build/Objects-normal/wasm32/AppBskyFeedSearchPostsV2Method.o -o /host/spi-builder-workspace/.build/out/Intermediates.noindex/ATProtoKit.build/Debug-webassembly-wasm32/ATProtoKit-t.build/Objects-normal/wasm32/AppBskyFeedSendInteractionsMethod.o -o /host/spi-builder-workspace/.build/out/Intermediates.noindex/ATProtoKit.build/Debug-webassembly-wasm32/ATProtoKit-t.build/Objects-normal/wasm32/AppBskyGraphGetActorStarterPacksMethod.o -o /host/spi-builder-workspace/.build/out/Intermediates.noindex/ATProtoKit.build/Debug-webassembly-wasm32/ATProtoKit-t.build/Objects-normal/wasm32/AppBskyGraphGetBlocksMethod.o -o /host/spi-builder-workspace/.build/out/Intermediates.noindex/ATProtoKit.build/Debug-webassembly-wasm32/ATProtoKit-t.build/Objects-normal/wasm32/AppBskyGraphGetFollowersMethod.o -o /host/spi-builder-workspace/.build/out/Intermediates.noindex/ATProtoKit.build/Debug-webassembly-wasm32/ATProtoKit-t.build/Objects-normal/wasm32/AppBskyGraphGetFollowsMethod.o -o /host/spi-builder-workspace/.build/out/Intermediates.noindex/ATProtoKit.build/Debug-webassembly-wasm32/ATProtoKit-t.build/Objects-normal/wasm32/AppBskyGraphGetKnownFollowersMethod.o -o /host/spi-builder-workspace/.build/out/Intermediates.noindex/ATProtoKit.build/Debug-webassembly-wasm32/ATProtoKit-t.build/Objects-normal/wasm32/AppBskyGraphGetListBlocksMethod.o -o /host/spi-builder-workspace/.build/out/Intermediates.noindex/ATProtoKit.build/Debug-webassembly-wasm32/ATProtoKit-t.build/Objects-normal/wasm32/AppBskyGraphGetListMethod.o -o /host/spi-builder-workspace/.build/out/Intermediates.noindex/ATProtoKit.build/Debug-webassembly-wasm32/ATProtoKit-t.build/Objects-normal/wasm32/AppBskyGraphGetListMutesMethod.o -o /host/spi-builder-workspace/.build/out/Intermediates.noindex/ATProtoKit.build/Debug-webassembly-wasm32/ATProtoKit-t.build/Objects-normal/wasm32/AppBskyGraphGetListsMethod.o -o /host/spi-builder-workspace/.build/out/Intermediates.noindex/ATProtoKit.build/Debug-webassembly-wasm32/ATProtoKit-t.build/Objects-normal/wasm32/AppBskyGraphGetListsWithMembershipMethod.o -o /host/spi-builder-workspace/.build/out/Intermediates.noindex/ATProtoKit.build/Debug-webassembly-wasm32/ATProtoKit-t.build/Objects-normal/wasm32/AppBskyGraphGetMutesMethod.o -o /host/spi-builder-workspace/.build/out/Intermediates.noindex/ATProtoKit.build/Debug-webassembly-wasm32/ATProtoKit-t.build/Objects-normal/wasm32/AppBskyGraphGetRelationshipsMethod.o -o /host/spi-builder-workspace/.build/out/Intermediates.noindex/ATProtoKit.build/Debug-webassembly-wasm32/ATProtoKit-t.build/Objects-normal/wasm32/AppBskyGraphGetStarterPackMethod.o -o /host/spi-builder-workspace/.build/out/Intermediates.noindex/ATProtoKit.build/Debug-webassembly-wasm32/ATProtoKit-t.build/Objects-normal/wasm32/AppBskyGraphGetStarterPacksMethod.o -o /host/spi-builder-workspace/.build/out/Intermediates.noindex/ATProtoKit.build/Debug-webassembly-wasm32/ATProtoKit-t.build/Objects-normal/wasm32/AppBskyGraphGetStarterPacksWithMembershipMethod.o -o /host/spi-builder-workspace/.build/out/Intermediates.noindex/ATProtoKit.build/Debug-webassembly-wasm32/ATProtoKit-t.build/Objects-normal/wasm32/AppBskyGraphGetSuggestedFollowsByActorMethod.o -o /host/spi-builder-workspace/.build/out/Intermediates.noindex/ATProtoKit.build/Debug-webassembly-wasm32/ATProtoKit-t.build/Objects-normal/wasm32/AppBskyGraphMuteActorListMethod.o -o /host/spi-builder-workspace/.build/out/Intermediates.noindex/ATProtoKit.build/Debug-webassembly-wasm32/ATProtoKit-t.build/Objects-normal/wasm32/AppBskyGraphMuteActorMethod.o -o /host/spi-builder-workspace/.build/out/Intermediates.noindex/ATProtoKit.build/Debug-webassembly-wasm32/ATProtoKit-t.build/Objects-normal/wasm32/AppBskyGraphMuteThreadMethod.o -o /host/spi-builder-workspace/.build/out/Intermediates.noindex/ATProtoKit.build/Debug-webassembly-wasm32/ATProtoKit-t.build/Objects-normal/wasm32/AppBskyGraphSearchStarterPacksMethod.o -o /host/spi-builder-workspace/.build/out/Intermediates.noindex/ATProtoKit.build/Debug-webassembly-wasm32/ATProtoKit-t.build/Objects-normal/wasm32/AppBskyGraphUnmuteActorListMethod.o -o /host/spi-builder-workspace/.build/out/Intermediates.noindex/ATProtoKit.build/Debug-webassembly-wasm32/ATProtoKit-t.build/Objects-normal/wasm32/AppBskyGraphUnmuteActorMethod.o -index-unit-output-path /ATProtoKit.build/Debug-webassembly-wasm32/ATProtoKit-t.build/Objects-normal/wasm32/AppBskyFeedSearchPostsMethod.o -index-unit-output-path /ATProtoKit.build/Debug-webassembly-wasm32/ATProtoKit-t.build/Objects-normal/wasm32/AppBskyFeedSearchPostsV2Method.o -index-unit-output-path /ATProtoKit.build/Debug-webassembly-wasm32/ATProtoKit-t.build/Objects-normal/wasm32/AppBskyFeedSendInteractionsMethod.o -index-unit-output-path /ATProtoKit.build/Debug-webassembly-wasm32/ATProtoKit-t.build/Objects-normal/wasm32/AppBskyGraphGetActorStarterPacksMethod.o -index-unit-output-path /ATProtoKit.build/Debug-webassembly-wasm32/ATProtoKit-t.build/Objects-normal/wasm32/AppBskyGraphGetBlocksMethod.o -index-unit-output-path /ATProtoKit.build/Debug-webassembly-wasm32/ATProtoKit-t.build/Objects-normal/wasm32/AppBskyGraphGetFollowersMethod.o -index-unit-output-path /ATProtoKit.build/Debug-webassembly-wasm32/ATProtoKit-t.build/Objects-normal/wasm32/AppBskyGraphGetFollowsMethod.o -index-unit-output-path /ATProtoKit.build/Debug-webassembly-wasm32/ATProtoKit-t.build/Objects-normal/wasm32/AppBskyGraphGetKnownFollowersMethod.o -index-unit-output-path /ATProtoKit.build/Debug-webassembly-wasm32/ATProtoKit-t.build/Objects-normal/wasm32/AppBskyGraphGetListBlocksMethod.o -index-unit-output-path /ATProtoKit.build/Debug-webassembly-wasm32/ATProtoKit-t.build/Objects-normal/wasm32/AppBskyGraphGetListMethod.o -index-unit-output-path /ATProtoKit.build/Debug-webassembly-wasm32/ATProtoKit-t.build/Objects-normal/wasm32/AppBskyGraphGetListMutesMethod.o -index-unit-output-path /ATProtoKit.build/Debug-webassembly-wasm32/ATProtoKit-t.build/Objects-normal/wasm32/AppBskyGraphGetListsMethod.o -index-unit-output-path /ATProtoKit.build/Debug-webassembly-wasm32/ATProtoKit-t.build/Objects-normal/wasm32/AppBskyGraphGetListsWithMembershipMethod.o -index-unit-output-path /ATProtoKit.build/Debug-webassembly-wasm32/ATProtoKit-t.build/Objects-normal/wasm32/AppBskyGraphGetMutesMethod.o -index-unit-output-path /ATProtoKit.build/Debug-webassembly-wasm32/ATProtoKit-t.build/Objects-normal/wasm32/AppBskyGraphGetRelationshipsMethod.o -index-unit-output-path /ATProtoKit.build/Debug-webassembly-wasm32/ATProtoKit-t.build/Objects-normal/wasm32/AppBskyGraphGetStarterPackMethod.o -index-unit-output-path /ATProtoKit.build/Debug-webassembly-wasm32/ATProtoKit-t.build/Objects-normal/wasm32/AppBskyGraphGetStarterPacksMethod.o -index-unit-output-path /ATProtoKit.build/Debug-webassembly-wasm32/ATProtoKit-t.build/Objects-normal/wasm32/AppBskyGraphGetStarterPacksWithMembershipMethod.o -index-unit-output-path /ATProtoKit.build/Debug-webassembly-wasm32/ATProtoKit-t.build/Objects-normal/wasm32/AppBskyGraphGetSuggestedFollowsByActorMethod.o -index-unit-output-path /ATProtoKit.build/Debug-webassembly-wasm32/ATProtoKit-t.build/Objects-normal/wasm32/AppBskyGraphMuteActorListMethod.o -index-unit-output-path /ATProtoKit.build/Debug-webassembly-wasm32/ATProtoKit-t.build/Objects-normal/wasm32/AppBskyGraphMuteActorMethod.o -index-unit-output-path /ATProtoKit.build/Debug-webassembly-wasm32/ATProtoKit-t.build/Objects-normal/wasm32/AppBskyGraphMuteThreadMethod.o -index-unit-output-path /ATProtoKit.build/Debug-webassembly-wasm32/ATProtoKit-t.build/Objects-normal/wasm32/AppBskyGraphSearchStarterPacksMethod.o -index-unit-output-path /ATProtoKit.build/Debug-webassembly-wasm32/ATProtoKit-t.build/Objects-normal/wasm32/AppBskyGraphUnmuteActorListMethod.o -index-unit-output-path /ATProtoKit.build/Debug-webassembly-wasm32/ATProtoKit-t.build/Objects-normal/wasm32/AppBskyGraphUnmuteActorMethod.o -index-store-path /host/spi-builder-workspace/.build/out -index-system-modules
error: SwiftCompile normal wasm32 /host/spi-builder-workspace/Sources/ATProtoKit/APIReference/AdminAndModeratorAPI/ToolsOzoneQueueDeleteQueueMethod.swift failed with a nonzero exit code. Command line:     cd /host
    builtin-SwiftPerFileCompile ToolsOzoneQueueDeleteQueueMethod.swift
/host/spi-builder-workspace/Sources/ATProtoKit/Utilities/APIClientService.swift:134:10: error: cannot find type 'URLRequest' in scope
132 |         proxyValue: String? = nil,
133 |         isRelatedToBskyChat: Bool = false
134 |     ) -> URLRequest {
    |          `- error: cannot find type 'URLRequest' in scope
135 |         var request = URLRequest(url: requestURL)
136 |         request.httpMethod = httpMethod.rawValue
/host/spi-builder-workspace/Sources/ATProtoKit/Utilities/APIClientService.swift:210:54: error: cannot find type 'URLRequest' in scope
208 |     ///   - decodeTo: The type to decode the response into.
209 |     /// - Returns: An instance of the specified `Decodable` type.
210 |     public func sendRequest<T: Decodable>(_ request: URLRequest, withEncodingBody body: (Encodable & Sendable)? = nil, decodeTo: T.Type) async throws -> T {
    |                                                      `- error: cannot find type 'URLRequest' in scope
211 |         let data = try await self.performRequest(request, withEncodingBody: body)
212 |
/host/spi-builder-workspace/Sources/ATProtoKit/Utilities/APIClientService.swift:234:40: error: cannot find type 'URLRequest' in scope
232 |     ///   - body: An optional `Encodable` body to be encoded and attached to the request.
233 |     /// - Returns: A `Data` object that contains the blob.
234 |     public func sendRequest(_ request: URLRequest, withEncodingBody body: (Encodable & Sendable)? = nil) async throws -> Data {
    |                                        `- error: cannot find type 'URLRequest' in scope
235 |         let data = try await self.performRequest(request, withEncodingBody: body)
236 |         return data
/host/spi-builder-workspace/Sources/ATProtoKit/Utilities/APIClientService.swift:246:54: error: cannot find type 'URLRequest' in scope
244 |     ///   - decodeTo: The type to decode the response into.
245 |     /// - Returns: An instance of the specified `Decodable` type.
246 |     public func sendRequest<T: Decodable>(_ request: URLRequest, withDataBody data: Data, decodeTo: T.Type) async throws -> T {
    |                                                      `- error: cannot find type 'URLRequest' in scope
247 |         var urlRequest = request
248 |         urlRequest.httpBody = data
Failed frontend command:
/usr/bin/swift-frontend -frontend -c -filelist /host/spi-builder-workspace/.build/out/Intermediates.noindex/ATProtoKit.build/Debug-webassembly-wasm32/ATProtoKit-t.build/Objects-normal/wasm32/sources-1 -primary-file /host/spi-builder-workspace/Sources/ATProtoKit/APIReference/AdminAndModeratorAPI/ToolsOzoneQueueDeleteQueueMethod.swift -primary-file /host/spi-builder-workspace/Sources/ATProtoKit/APIReference/AdminAndModeratorAPI/ToolsOzoneQueueGetAssignmentsMethod.swift -primary-file /host/spi-builder-workspace/Sources/ATProtoKit/APIReference/AdminAndModeratorAPI/ToolsOzoneQueueListQueuesMethod.swift -primary-file /host/spi-builder-workspace/Sources/ATProtoKit/APIReference/AdminAndModeratorAPI/ToolsOzoneQueueRouteReportsMethod.swift -primary-file /host/spi-builder-workspace/Sources/ATProtoKit/APIReference/AdminAndModeratorAPI/ToolsOzoneQueueUnassignModeratorMethod.swift -primary-file /host/spi-builder-workspace/Sources/ATProtoKit/APIReference/AdminAndModeratorAPI/ToolsOzoneQueueUpdateQueueMethod.swift -primary-file /host/spi-builder-workspace/Sources/ATProtoKit/APIReference/AdminAndModeratorAPI/ToolsOzoneReportAssignModeratorMethod.swift -primary-file /host/spi-builder-workspace/Sources/ATProtoKit/APIReference/AdminAndModeratorAPI/ToolsOzoneReportCloseReportsMethod.swift -primary-file /host/spi-builder-workspace/Sources/ATProtoKit/APIReference/AdminAndModeratorAPI/ToolsOzoneReportCreateActivityMethod.swift -primary-file /host/spi-builder-workspace/Sources/ATProtoKit/APIReference/AdminAndModeratorAPI/ToolsOzoneReportGetAssignmentsMethod.swift -primary-file /host/spi-builder-workspace/Sources/ATProtoKit/APIReference/AdminAndModeratorAPI/ToolsOzoneReportGetHistoricalStatsMethod.swift -primary-file /host/spi-builder-workspace/Sources/ATProtoKit/APIReference/AdminAndModeratorAPI/ToolsOzoneReportGetLatestReportMethod.swift -primary-file /host/spi-builder-workspace/Sources/ATProtoKit/APIReference/AdminAndModeratorAPI/ToolsOzoneReportGetLiveStatsMethod.swift -primary-file /host/spi-builder-workspace/Sources/ATProtoKit/APIReference/AdminAndModeratorAPI/ToolsOzoneReportGetReportMethod.swift -primary-file /host/spi-builder-workspace/Sources/ATProtoKit/APIReference/AdminAndModeratorAPI/ToolsOzoneReportListActivitiesMethod.swift -primary-file /host/spi-builder-workspace/Sources/ATProtoKit/APIReference/AdminAndModeratorAPI/ToolsOzoneReportQueryActivitiesMethod.swift -primary-file /host/spi-builder-workspace/Sources/ATProtoKit/APIReference/AdminAndModeratorAPI/ToolsOzoneReportQueryReportsMethod.swift -primary-file /host/spi-builder-workspace/Sources/ATProtoKit/APIReference/AdminAndModeratorAPI/ToolsOzoneReportReassignQueueMethod.swift -primary-file /host/spi-builder-workspace/Sources/ATProtoKit/APIReference/AdminAndModeratorAPI/ToolsOzoneReportRefreshStatsMethod.swift -primary-file /host/spi-builder-workspace/Sources/ATProtoKit/APIReference/AdminAndModeratorAPI/ToolsOzoneReportUnassignModeratorMethod.swift -primary-file /host/spi-builder-workspace/Sources/ATProtoKit/APIReference/AdminAndModeratorAPI/ToolsOzoneSafelinkAddRuleMethod.swift -primary-file /host/spi-builder-workspace/Sources/ATProtoKit/APIReference/AdminAndModeratorAPI/ToolsOzoneSafelinkQueryEventsMethod.swift -primary-file /host/spi-builder-workspace/Sources/ATProtoKit/APIReference/AdminAndModeratorAPI/ToolsOzoneSafelinkQueryRulesMethod.swift -primary-file /host/spi-builder-workspace/Sources/ATProtoKit/APIReference/AdminAndModeratorAPI/ToolsOzoneSafelinkRemoveRuleMethod.swift -primary-file /host/spi-builder-workspace/Sources/ATProtoKit/APIReference/AdminAndModeratorAPI/ToolsOzoneSafelinkUpdateRuleMethod.swift -supplementary-output-file-map /host/spi-builder-workspace/.build/out/Intermediates.noindex/ATProtoKit.build/Debug-webassembly-wasm32/ATProtoKit-t.build/Objects-normal/wasm32/supplementaryOutputs-4 -target wasm32-unknown-wasip1 -disable-objc-interop -sdk /root/.swiftpm/swift-sdks/swift-6.4.x-DEVELOPMENT-SNAPSHOT-2026-09-04-a_wasm.artifactbundle/swift-6.4.x-DEVELOPMENT-SNAPSHOT-2026-09-04-a_wasm/wasm32-unknown-wasip1/WASI.sdk -sysroot /root/.swiftpm/swift-sdks/swift-6.4.x-DEVELOPMENT-SNAPSHOT-2026-09-04-a_wasm.artifactbundle/swift-6.4.x-DEVELOPMENT-SNAPSHOT-2026-09-04-a_wasm/wasm32-unknown-wasip1/WASI.sdk -I /host/spi-builder-workspace/.build/out/Products/Debug-webassembly-wasm32 -module-cache-path /host/spi-builder-workspace/.build/out/ModuleCache.noindex -color-diagnostics -Xcc -fcolor-diagnostics -enable-testing -g -debug-info-format\=dwarf -dwarf-version\=4 -swift-version 5 -Onone -D SWIFT_PACKAGE -D DEBUG -D SWIFT_MODULE_RESOURCE_BUNDLE_AVAILABLE -D Xcode -serialize-debugging-options -enable-experimental-feature StrictConcurrency -enable-upcoming-feature DisableOutwardActorInference -enable-upcoming-feature GlobalActorIsolatedTypesUsability -enable-upcoming-feature InferSendableFromCaptures -enable-experimental-feature DebugDescriptionMacro -empty-abi-descriptor -external-plugin-path /usr/lib/swift/host/plugins/testing\#/usr/bin/swift-plugin-server -validate-clang-modules-once -clang-build-session-file /host/spi-builder-workspace/.build/out/ModuleCache.noindex/Session.modulevalidation -Xcc -working-directory -Xcc /host -resource-dir /root/.swiftpm/swift-sdks/swift-6.4.x-DEVELOPMENT-SNAPSHOT-2026-09-04-a_wasm.artifactbundle/swift-6.4.x-DEVELOPMENT-SNAPSHOT-2026-09-04-a_wasm/wasm32-unknown-wasip1/swift.xctoolchain/usr/lib/swift_static -use-static-resource-dir -enable-anonymous-context-mangled-names -file-compilation-dir /host -Xcc -resource-dir -Xcc /root/.swiftpm/swift-sdks/swift-6.4.x-DEVELOPMENT-SNAPSHOT-2026-09-04-a_wasm.artifactbundle/swift-6.4.x-DEVELOPMENT-SNAPSHOT-2026-09-04-a_wasm/wasm32-unknown-wasip1/swift.xctoolchain/usr/lib/swift_static/clang -Xcc -D_LIBCPP_HARDENING_MODE\=_LIBCPP_HARDENING_MODE_DEBUG -Xcc -fmodules-prune-interval\=86400 -Xcc -fmodules-prune-after\=345600 -Xcc -I/host/spi-builder-workspace/.build/out/Products/Debug-webassembly-wasm32/include -Xcc -I/host/spi-builder-workspace/.build/out/Intermediates.noindex/ATProtoKit.build/Debug-webassembly-wasm32/ATProtoKit-t.build/DerivedSources-normal/wasm32 -Xcc -I/host/spi-builder-workspace/.build/out/Intermediates.noindex/ATProtoKit.build/Debug-webassembly-wasm32/ATProtoKit-t.build/DerivedSources/wasm32 -Xcc -I/host/spi-builder-workspace/.build/out/Intermediates.noindex/ATProtoKit.build/Debug-webassembly-wasm32/ATProtoKit-t.build/DerivedSources -Xcc -DSWIFT_PACKAGE -Xcc -DDEBUG\=1 -no-auto-bridging-header-chaining -module-name ATProtoKit -package-name spi_builder_workspace -const-gather-protocols-file /host/spi-builder-workspace/.build/out/Intermediates.noindex/ATProtoKit.build/Debug-webassembly-wasm32/ATProtoKit-t.build/Objects-normal/wasm32/ATProtoKit_const_extract_protocols.json -in-process-plugin-server-path /usr/lib/swift/host/libSwiftInProcPluginServer.so -plugin-path /usr/lib/swift/host/plugins -plugin-path /usr/local/lib/swift/host/plugins -parse-as-library -o /host/spi-builder-workspace/.build/out/Intermediates.noindex/ATProtoKit.build/Debug-webassembly-wasm32/ATProtoKit-t.build/Objects-normal/wasm32/ToolsOzoneQueueDeleteQueueMethod.o -o /host/spi-builder-workspace/.build/out/Intermediates.noindex/ATProtoKit.build/Debug-webassembly-wasm32/ATProtoKit-t.build/Objects-normal/wasm32/ToolsOzoneQueueGetAssignmentsMethod.o -o /host/spi-builder-workspace/.build/out/Intermediates.noindex/ATProtoKit.build/Debug-webassembly-wasm32/ATProtoKit-t.build/Objects-normal/wasm32/ToolsOzoneQueueListQueuesMethod.o -o /host/spi-builder-workspace/.build/out/Intermediates.noindex/ATProtoKit.build/Debug-webassembly-wasm32/ATProtoKit-t.build/Objects-normal/wasm32/ToolsOzoneQueueRouteReportsMethod.o -o /host/spi-builder-workspace/.build/out/Intermediates.noindex/ATProtoKit.build/Debug-webassembly-wasm32/ATProtoKit-t.build/Objects-normal/wasm32/ToolsOzoneQueueUnassignModeratorMethod.o -o /host/spi-builder-workspace/.build/out/Intermediates.noindex/ATProtoKit.build/Debug-webassembly-wasm32/ATProtoKit-t.build/Objects-normal/wasm32/ToolsOzoneQueueUpdateQueueMethod.o -o /host/spi-builder-workspace/.build/out/Intermediates.noindex/ATProtoKit.build/Debug-webassembly-wasm32/ATProtoKit-t.build/Objects-normal/wasm32/ToolsOzoneReportAssignModeratorMethod.o -o /host/spi-builder-workspace/.build/out/Intermediates.noindex/ATProtoKit.build/Debug-webassembly-wasm32/ATProtoKit-t.build/Objects-normal/wasm32/ToolsOzoneReportCloseReportsMethod.o -o /host/spi-builder-workspace/.build/out/Intermediates.noindex/ATProtoKit.build/Debug-webassembly-wasm32/ATProtoKit-t.build/Objects-normal/wasm32/ToolsOzoneReportCreateActivityMethod.o -o /host/spi-builder-workspace/.build/out/Intermediates.noindex/ATProtoKit.build/Debug-webassembly-wasm32/ATProtoKit-t.build/Objects-normal/wasm32/ToolsOzoneReportGetAssignmentsMethod.o -o /host/spi-builder-workspace/.build/out/Intermediates.noindex/ATProtoKit.build/Debug-webassembly-wasm32/ATProtoKit-t.build/Objects-normal/wasm32/ToolsOzoneReportGetHistoricalStatsMethod.o -o /host/spi-builder-workspace/.build/out/Intermediates.noindex/ATProtoKit.build/Debug-webassembly-wasm32/ATProtoKit-t.build/Objects-normal/wasm32/ToolsOzoneReportGetLatestReportMethod.o -o /host/spi-builder-workspace/.build/out/Intermediates.noindex/ATProtoKit.build/Debug-webassembly-wasm32/ATProtoKit-t.build/Objects-normal/wasm32/ToolsOzoneReportGetLiveStatsMethod.o -o /host/spi-builder-workspace/.build/out/Intermediates.noindex/ATProtoKit.build/Debug-webassembly-wasm32/ATProtoKit-t.build/Objects-normal/wasm32/ToolsOzoneReportGetReportMethod.o -o /host/spi-builder-workspace/.build/out/Intermediates.noindex/ATProtoKit.build/Debug-webassembly-wasm32/ATProtoKit-t.build/Objects-normal/wasm32/ToolsOzoneReportListActivitiesMethod.o -o /host/spi-builder-workspace/.build/out/Intermediates.noindex/ATProtoKit.build/Debug-webassembly-wasm32/ATProtoKit-t.build/Objects-normal/wasm32/ToolsOzoneReportQueryActivitiesMethod.o -o /host/spi-builder-workspace/.build/out/Intermediates.noindex/ATProtoKit.build/Debug-webassembly-wasm32/ATProtoKit-t.build/Objects-normal/wasm32/ToolsOzoneReportQueryReportsMethod.o -o /host/spi-builder-workspace/.build/out/Intermediates.noindex/ATProtoKit.build/Debug-webassembly-wasm32/ATProtoKit-t.build/Objects-normal/wasm32/ToolsOzoneReportReassignQueueMethod.o -o /host/spi-builder-workspace/.build/out/Intermediates.noindex/ATProtoKit.build/Debug-webassembly-wasm32/ATProtoKit-t.build/Objects-normal/wasm32/ToolsOzoneReportRefreshStatsMethod.o -o /host/spi-builder-workspace/.build/out/Intermediates.noindex/ATProtoKit.build/Debug-webassembly-wasm32/ATProtoKit-t.build/Objects-normal/wasm32/ToolsOzoneReportUnassignModeratorMethod.o -o /host/spi-builder-workspace/.build/out/Intermediates.noindex/ATProtoKit.build/Debug-webassembly-wasm32/ATProtoKit-t.build/Objects-normal/wasm32/ToolsOzoneSafelinkAddRuleMethod.o -o /host/spi-builder-workspace/.build/out/Intermediates.noindex/ATProtoKit.build/Debug-webassembly-wasm32/ATProtoKit-t.build/Objects-normal/wasm32/ToolsOzoneSafelinkQueryEventsMethod.o -o /host/spi-builder-workspace/.build/out/Intermediates.noindex/ATProtoKit.build/Debug-webassembly-wasm32/ATProtoKit-t.build/Objects-normal/wasm32/ToolsOzoneSafelinkQueryRulesMethod.o -o /host/spi-builder-workspace/.build/out/Intermediates.noindex/ATProtoKit.build/Debug-webassembly-wasm32/ATProtoKit-t.build/Objects-normal/wasm32/ToolsOzoneSafelinkRemoveRuleMethod.o -o /host/spi-builder-workspace/.build/out/Intermediates.noindex/ATProtoKit.build/Debug-webassembly-wasm32/ATProtoKit-t.build/Objects-normal/wasm32/ToolsOzoneSafelinkUpdateRuleMethod.o -index-unit-output-path /ATProtoKit.build/Debug-webassembly-wasm32/ATProtoKit-t.build/Objects-normal/wasm32/ToolsOzoneQueueDeleteQueueMethod.o -index-unit-output-path /ATProtoKit.build/Debug-webassembly-wasm32/ATProtoKit-t.build/Objects-normal/wasm32/ToolsOzoneQueueGetAssignmentsMethod.o -index-unit-output-path /ATProtoKit.build/Debug-webassembly-wasm32/ATProtoKit-t.build/Objects-normal/wasm32/ToolsOzoneQueueListQueuesMethod.o -index-unit-output-path /ATProtoKit.build/Debug-webassembly-wasm32/ATProtoKit-t.build/Objects-normal/wasm32/ToolsOzoneQueueRouteReportsMethod.o -index-unit-output-path /ATProtoKit.build/Debug-webassembly-wasm32/ATProtoKit-t.build/Objects-normal/wasm32/ToolsOzoneQueueUnassignModeratorMethod.o -index-unit-output-path /ATProtoKit.build/Debug-webassembly-wasm32/ATProtoKit-t.build/Objects-normal/wasm32/ToolsOzoneQueueUpdateQueueMethod.o -index-unit-output-path /ATProtoKit.build/Debug-webassembly-wasm32/ATProtoKit-t.build/Objects-normal/wasm32/ToolsOzoneReportAssignModeratorMethod.o -index-unit-output-path /ATProtoKit.build/Debug-webassembly-wasm32/ATProtoKit-t.build/Objects-normal/wasm32/ToolsOzoneReportCloseReportsMethod.o -index-unit-output-path /ATProtoKit.build/Debug-webassembly-wasm32/ATProtoKit-t.build/Objects-normal/wasm32/ToolsOzoneReportCreateActivityMethod.o -index-unit-output-path /ATProtoKit.build/Debug-webassembly-wasm32/ATProtoKit-t.build/Objects-normal/wasm32/ToolsOzoneReportGetAssignmentsMethod.o -index-unit-output-path /ATProtoKit.build/Debug-webassembly-wasm32/ATProtoKit-t.build/Objects-normal/wasm32/ToolsOzoneReportGetHistoricalStatsMethod.o -index-unit-output-path /ATProtoKit.build/Debug-webassembly-wasm32/ATProtoKit-t.build/Objects-normal/wasm32/ToolsOzoneReportGetLatestReportMethod.o -index-unit-output-path /ATProtoKit.build/Debug-webassembly-wasm32/ATProtoKit-t.build/Objects-normal/wasm32/ToolsOzoneReportGetLiveStatsMethod.o -index-unit-output-path /ATProtoKit.build/Debug-webassembly-wasm32/ATProtoKit-t.build/Objects-normal/wasm32/ToolsOzoneReportGetReportMethod.o -index-unit-output-path /ATProtoKit.build/Debug-webassembly-wasm32/ATProtoKit-t.build/Objects-normal/wasm32/ToolsOzoneReportListActivitiesMethod.o -index-unit-output-path /ATProtoKit.build/Debug-webassembly-wasm32/ATProtoKit-t.build/Objects-normal/wasm32/ToolsOzoneReportQueryActivitiesMethod.o -index-unit-output-path /ATProtoKit.build/Debug-webassembly-wasm32/ATProtoKit-t.build/Objects-normal/wasm32/ToolsOzoneReportQueryReportsMethod.o -index-unit-output-path /ATProtoKit.build/Debug-webassembly-wasm32/ATProtoKit-t.build/Objects-normal/wasm32/ToolsOzoneReportReassignQueueMethod.o -index-unit-output-path /ATProtoKit.build/Debug-webassembly-wasm32/ATProtoKit-t.build/Objects-normal/wasm32/ToolsOzoneReportRefreshStatsMethod.o -index-unit-output-path /ATProtoKit.build/Debug-webassembly-wasm32/ATProtoKit-t.build/Objects-normal/wasm32/ToolsOzoneReportUnassignModeratorMethod.o -index-unit-output-path /ATProtoKit.build/Debug-webassembly-wasm32/ATProtoKit-t.build/Objects-normal/wasm32/ToolsOzoneSafelinkAddRuleMethod.o -index-unit-output-path /ATProtoKit.build/Debug-webassembly-wasm32/ATProtoKit-t.build/Objects-normal/wasm32/ToolsOzoneSafelinkQueryEventsMethod.o -index-unit-output-path /ATProtoKit.build/Debug-webassembly-wasm32/ATProtoKit-t.build/Objects-normal/wasm32/ToolsOzoneSafelinkQueryRulesMethod.o -index-unit-output-path /ATProtoKit.build/Debug-webassembly-wasm32/ATProtoKit-t.build/Objects-normal/wasm32/ToolsOzoneSafelinkRemoveRuleMethod.o -index-unit-output-path /ATProtoKit.build/Debug-webassembly-wasm32/ATProtoKit-t.build/Objects-normal/wasm32/ToolsOzoneSafelinkUpdateRuleMethod.o -index-store-path /host/spi-builder-workspace/.build/out -index-system-modules
error: Build failed
BUILD FAILURE 6.4 wasm