Build Information
Failed to build SynheartAuth, reference main (bc97db), with Swift 6.1 for watchOS using Xcode 16.3 on 9 Oct 2026 10:37:59 UTC.
Build Command
env DEVELOPER_DIR=/Applications/Xcode-16.3.0.app xcrun xcodebuild -IDEClonedSourcePackagesDirPathOverride=$PWD/.dependencies -skipMacroValidation -skipPackagePluginValidation -derivedDataPath $PWD/.derivedData build -scheme SynheartAuth -destination generic/platform=watchOSBuild Log
========================================
RunAll
========================================
Builder version: 5.1.1
Interrupt handler set up.
========================================
Checkout
========================================
Clone URL: https://github.com/synheart-ai/synheart-auth-swift.git
Reference: main
Initialized empty Git repository in /Users/admin/builder/spi-builder-workspace/.git/
From https://github.com/synheart-ai/synheart-auth-swift
* branch main -> FETCH_HEAD
* [new branch] main -> origin/main
HEAD is now at bc97dbe Merge pull request #9 from synheart-ai/fix/auth-registration-recovery
Cloned https://github.com/synheart-ai/synheart-auth-swift.git
Revision (git rev-parse @):
bc97dbe99ddbaaab95f82f71190655d40fa98370
SUCCESS checkout https://github.com/synheart-ai/synheart-auth-swift.git at main
========================================
Build
========================================
Selected platform: watchOS
Swift version: 6.1
Building package at path: $PWD
https://github.com/synheart-ai/synheart-auth-swift.git
https://github.com/synheart-ai/synheart-auth-swift.git
{
"dependencies" : [
],
"manifest_display_name" : "SynheartAuth",
"name" : "SynheartAuth",
"path" : "/Users/admin/builder/spi-builder-workspace",
"platforms" : [
{
"name" : "ios",
"version" : "15.0"
},
{
"name" : "macos",
"version" : "13.0"
}
],
"products" : [
{
"name" : "SynheartAuth",
"targets" : [
"SynheartAuth"
],
"type" : {
"library" : [
"automatic"
]
}
}
],
"targets" : [
{
"c99name" : "SynheartAuthTests",
"module_type" : "SwiftTarget",
"name" : "SynheartAuthTests",
"path" : "Tests/SynheartAuthTests",
"sources" : [
"AuthStateTests.swift",
"ClockSkewTrackerTests.swift",
"DeviceRegistrarTests.swift",
"KeyManagerTests.swift",
"KeychainReadOutcomeTests.swift",
"RegistrationRecoveryTests.swift",
"RequestSignerTests.swift",
"StorageManagerTests.swift",
"SynheartAuthTests.swift"
],
"target_dependencies" : [
"SynheartAuth"
],
"type" : "test"
},
{
"c99name" : "SynheartAuth",
"module_type" : "SwiftTarget",
"name" : "SynheartAuth",
"path" : "Sources/SynheartAuth",
"product_memberships" : [
"SynheartAuth"
],
"sources" : [
"Crypto/KeyManager.swift",
"Crypto/RequestSigner.swift",
"FFI/SynheartNativeCrypto.swift",
"Internal/AuthLogger.swift",
"Internal/ClockSkewTracker.swift",
"Models/AuthError.swift",
"Models/AuthModels.swift",
"Models/AuthState.swift",
"Network/AuthNetworkClient.swift",
"Network/NetworkModels.swift",
"Registration/DeviceRegistrar.swift",
"Registration/OperationClaims.swift",
"Storage/StorageManager.swift",
"SynheartAuth.swift"
],
"type" : "library"
}
],
"tools_version" : "5.9"
}
Command line invocation:
/Applications/Xcode-16.3.0.app/Contents/Developer/usr/bin/xcodebuild -IDEClonedSourcePackagesDirPathOverride=/Users/admin/builder/spi-builder-workspace/.dependencies -resolvePackageDependencies
Resolve Package Graph
Resolve Package Graph
Resolved source packages:
SynheartAuth: /Users/admin/builder/spi-builder-workspace
resolved source packages: SynheartAuth
{
"dependencies" : [
],
"manifest_display_name" : "SynheartAuth",
"name" : "SynheartAuth",
"path" : "/Users/admin/builder/spi-builder-workspace",
"platforms" : [
{
"name" : "ios",
"version" : "15.0"
},
{
"name" : "macos",
"version" : "13.0"
}
],
"products" : [
{
"name" : "SynheartAuth",
"targets" : [
"SynheartAuth"
],
"type" : {
"library" : [
"automatic"
]
}
}
],
"targets" : [
{
"c99name" : "SynheartAuthTests",
"module_type" : "SwiftTarget",
"name" : "SynheartAuthTests",
"path" : "Tests/SynheartAuthTests",
"sources" : [
"AuthStateTests.swift",
"ClockSkewTrackerTests.swift",
"DeviceRegistrarTests.swift",
"KeyManagerTests.swift",
"KeychainReadOutcomeTests.swift",
"RegistrationRecoveryTests.swift",
"RequestSignerTests.swift",
"StorageManagerTests.swift",
"SynheartAuthTests.swift"
],
"target_dependencies" : [
"SynheartAuth"
],
"type" : "test"
},
{
"c99name" : "SynheartAuth",
"module_type" : "SwiftTarget",
"name" : "SynheartAuth",
"path" : "Sources/SynheartAuth",
"product_memberships" : [
"SynheartAuth"
],
"sources" : [
"Crypto/KeyManager.swift",
"Crypto/RequestSigner.swift",
"FFI/SynheartNativeCrypto.swift",
"Internal/AuthLogger.swift",
"Internal/ClockSkewTracker.swift",
"Models/AuthError.swift",
"Models/AuthModels.swift",
"Models/AuthState.swift",
"Network/AuthNetworkClient.swift",
"Network/NetworkModels.swift",
"Registration/DeviceRegistrar.swift",
"Registration/OperationClaims.swift",
"Storage/StorageManager.swift",
"SynheartAuth.swift"
],
"type" : "library"
}
],
"tools_version" : "5.9"
}
{
"workspace" : {
"name" : "spi-builder-workspace",
"schemes" : [
"SynheartAuth"
]
}
}
Running build ...
env DEVELOPER_DIR=/Applications/Xcode-16.3.0.app xcrun xcodebuild -IDEClonedSourcePackagesDirPathOverride=$PWD/.dependencies -skipMacroValidation -skipPackagePluginValidation -derivedDataPath $PWD/.derivedData build -scheme SynheartAuth -destination generic/platform=watchOS OTHER_SWIFT_FLAGS=-stats-output-dir .stats -strict-concurrency=complete -enable-upcoming-feature StrictConcurrency -enable-upcoming-feature DisableOutwardActorInference -enable-upcoming-feature GlobalActorIsolatedTypesUsability -enable-upcoming-feature InferSendableFromCaptures
Command line invocation:
/Applications/Xcode-16.3.0.app/Contents/Developer/usr/bin/xcodebuild -IDEClonedSourcePackagesDirPathOverride=/Users/admin/builder/spi-builder-workspace/.dependencies -skipMacroValidation -skipPackagePluginValidation -derivedDataPath /Users/admin/builder/spi-builder-workspace/.derivedData build -scheme SynheartAuth -destination generic/platform=watchOS "OTHER_SWIFT_FLAGS=-stats-output-dir .stats -strict-concurrency=complete -enable-upcoming-feature StrictConcurrency -enable-upcoming-feature DisableOutwardActorInference -enable-upcoming-feature GlobalActorIsolatedTypesUsability -enable-upcoming-feature InferSendableFromCaptures"
Build settings from command line:
OTHER_SWIFT_FLAGS = -stats-output-dir .stats -strict-concurrency=complete -enable-upcoming-feature StrictConcurrency -enable-upcoming-feature DisableOutwardActorInference -enable-upcoming-feature GlobalActorIsolatedTypesUsability -enable-upcoming-feature InferSendableFromCaptures
Resolve Package Graph
Resolved source packages:
SynheartAuth: /Users/admin/builder/spi-builder-workspace
ComputePackagePrebuildTargetDependencyGraph
Prepare packages
CreateBuildRequest
SendProjectDescription
CreateBuildOperation
ComputeTargetDependencyGraph
note: Building targets in dependency order
note: Target dependency graph (2 targets)
Target 'SynheartAuth' in project 'SynheartAuth'
➜ Explicit dependency on target 'SynheartAuth' in project 'SynheartAuth'
Target 'SynheartAuth' in project 'SynheartAuth' (no dependencies)
GatherProvisioningInputs
CreateBuildDescription
ExecuteExternalTool /Applications/Xcode-16.3.0.app/Contents/Developer/Toolchains/XcodeDefault.xctoolchain/usr/bin/clang -v -E -dM -isysroot /Applications/Xcode-16.3.0.app/Contents/Developer/Platforms/WatchOS.platform/Developer/SDKs/WatchOS11.4.sdk -x c -c /dev/null
ExecuteExternalTool /Applications/Xcode-16.3.0.app/Contents/Developer/Toolchains/XcodeDefault.xctoolchain/usr/bin/swiftc --version
ExecuteExternalTool /Applications/Xcode-16.3.0.app/Contents/Developer/Toolchains/XcodeDefault.xctoolchain/usr/bin/ld -version_details
Build description signature: 2ac034ee2e1980f1725e9a0dea0df77e
Build description path: /Users/admin/builder/spi-builder-workspace/.derivedData/Build/Intermediates.noindex/XCBuildData/2ac034ee2e1980f1725e9a0dea0df77e.xcbuilddata
ClangStatCache /Applications/Xcode-16.3.0.app/Contents/Developer/Toolchains/XcodeDefault.xctoolchain/usr/bin/clang-stat-cache /Applications/Xcode-16.3.0.app/Contents/Developer/Platforms/WatchOS.platform/Developer/SDKs/WatchOS11.4.sdk /Users/admin/builder/spi-builder-workspace/.derivedData/SDKStatCaches.noindex/watchos11.4-22T246-43efb940ff07ba2497b70ec94253f576.sdkstatcache
cd /Users/admin/builder/spi-builder-workspace/.swiftpm/xcode
/Applications/Xcode-16.3.0.app/Contents/Developer/Toolchains/XcodeDefault.xctoolchain/usr/bin/clang-stat-cache /Applications/Xcode-16.3.0.app/Contents/Developer/Platforms/WatchOS.platform/Developer/SDKs/WatchOS11.4.sdk -o /Users/admin/builder/spi-builder-workspace/.derivedData/SDKStatCaches.noindex/watchos11.4-22T246-43efb940ff07ba2497b70ec94253f576.sdkstatcache
CreateBuildDirectory /Users/admin/builder/spi-builder-workspace/.derivedData/Build/Products
cd /Users/admin/builder/spi-builder-workspace/.swiftpm/xcode
builtin-create-build-directory /Users/admin/builder/spi-builder-workspace/.derivedData/Build/Products
CreateBuildDirectory /Users/admin/builder/spi-builder-workspace/.derivedData/Build/Intermediates.noindex
cd /Users/admin/builder/spi-builder-workspace/.swiftpm/xcode
builtin-create-build-directory /Users/admin/builder/spi-builder-workspace/.derivedData/Build/Intermediates.noindex
CreateBuildDirectory /Users/admin/builder/spi-builder-workspace/.derivedData/Build/Intermediates.noindex/EagerLinkingTBDs/Debug-watchos
cd /Users/admin/builder/spi-builder-workspace/.swiftpm/xcode
builtin-create-build-directory /Users/admin/builder/spi-builder-workspace/.derivedData/Build/Intermediates.noindex/EagerLinkingTBDs/Debug-watchos
CreateBuildDirectory /Users/admin/builder/spi-builder-workspace/.derivedData/Build/Products/Debug-watchos
cd /Users/admin/builder/spi-builder-workspace/.swiftpm/xcode
builtin-create-build-directory /Users/admin/builder/spi-builder-workspace/.derivedData/Build/Products/Debug-watchos
CreateBuildDirectory /Users/admin/builder/spi-builder-workspace/.derivedData/Build/Products/Debug-watchos/PackageFrameworks
cd /Users/admin/builder/spi-builder-workspace/.swiftpm/xcode
builtin-create-build-directory /Users/admin/builder/spi-builder-workspace/.derivedData/Build/Products/Debug-watchos/PackageFrameworks
WriteAuxiliaryFile /Users/admin/builder/spi-builder-workspace/.derivedData/Build/Intermediates.noindex/SynheartAuth.build/Debug-watchos/SynheartAuth.build/SynheartAuth.DependencyMetadataFileList (in target 'SynheartAuth' from project 'SynheartAuth')
cd /Users/admin/builder/spi-builder-workspace
write-file /Users/admin/builder/spi-builder-workspace/.derivedData/Build/Intermediates.noindex/SynheartAuth.build/Debug-watchos/SynheartAuth.build/SynheartAuth.DependencyMetadataFileList
WriteAuxiliaryFile /Users/admin/builder/spi-builder-workspace/.derivedData/Build/Intermediates.noindex/SynheartAuth.build/Debug-watchos/SynheartAuth.build/SynheartAuth.modulemap (in target 'SynheartAuth' from project 'SynheartAuth')
cd /Users/admin/builder/spi-builder-workspace
write-file /Users/admin/builder/spi-builder-workspace/.derivedData/Build/Intermediates.noindex/SynheartAuth.build/Debug-watchos/SynheartAuth.build/SynheartAuth.modulemap
WriteAuxiliaryFile /Users/admin/builder/spi-builder-workspace/.derivedData/Build/Intermediates.noindex/SynheartAuth.build/Debug-watchos/SynheartAuth.build/SynheartAuth.DependencyStaticMetadataFileList (in target 'SynheartAuth' from project 'SynheartAuth')
cd /Users/admin/builder/spi-builder-workspace
write-file /Users/admin/builder/spi-builder-workspace/.derivedData/Build/Intermediates.noindex/SynheartAuth.build/Debug-watchos/SynheartAuth.build/SynheartAuth.DependencyStaticMetadataFileList
WriteAuxiliaryFile /Users/admin/builder/spi-builder-workspace/.derivedData/Build/Intermediates.noindex/SynheartAuth.build/Debug-watchos/SynheartAuth.build/Objects-normal/armv7k/SynheartAuth.LinkFileList (in target 'SynheartAuth' from project 'SynheartAuth')
cd /Users/admin/builder/spi-builder-workspace
write-file /Users/admin/builder/spi-builder-workspace/.derivedData/Build/Intermediates.noindex/SynheartAuth.build/Debug-watchos/SynheartAuth.build/Objects-normal/armv7k/SynheartAuth.LinkFileList
WriteAuxiliaryFile /Users/admin/builder/spi-builder-workspace/.derivedData/Build/Intermediates.noindex/SynheartAuth.build/Debug-watchos/SynheartAuth.build/Objects-normal/armv7k/SynheartAuth-OutputFileMap.json (in target 'SynheartAuth' from project 'SynheartAuth')
cd /Users/admin/builder/spi-builder-workspace
write-file /Users/admin/builder/spi-builder-workspace/.derivedData/Build/Intermediates.noindex/SynheartAuth.build/Debug-watchos/SynheartAuth.build/Objects-normal/armv7k/SynheartAuth-OutputFileMap.json
WriteAuxiliaryFile /Users/admin/builder/spi-builder-workspace/.derivedData/Build/Intermediates.noindex/SynheartAuth.build/Debug-watchos/SynheartAuth.build/Objects-normal/armv7k/SynheartAuth_const_extract_protocols.json (in target 'SynheartAuth' from project 'SynheartAuth')
cd /Users/admin/builder/spi-builder-workspace
write-file /Users/admin/builder/spi-builder-workspace/.derivedData/Build/Intermediates.noindex/SynheartAuth.build/Debug-watchos/SynheartAuth.build/Objects-normal/armv7k/SynheartAuth_const_extract_protocols.json
WriteAuxiliaryFile /Users/admin/builder/spi-builder-workspace/.derivedData/Build/Intermediates.noindex/SynheartAuth.build/Debug-watchos/SynheartAuth.build/Objects-normal/armv7k/SynheartAuth.SwiftFileList (in target 'SynheartAuth' from project 'SynheartAuth')
cd /Users/admin/builder/spi-builder-workspace
write-file /Users/admin/builder/spi-builder-workspace/.derivedData/Build/Intermediates.noindex/SynheartAuth.build/Debug-watchos/SynheartAuth.build/Objects-normal/armv7k/SynheartAuth.SwiftFileList
WriteAuxiliaryFile /Users/admin/builder/spi-builder-workspace/.derivedData/Build/Intermediates.noindex/SynheartAuth.build/Debug-watchos/SynheartAuth.build/Objects-normal/arm64_32/SynheartAuth.SwiftFileList (in target 'SynheartAuth' from project 'SynheartAuth')
cd /Users/admin/builder/spi-builder-workspace
write-file /Users/admin/builder/spi-builder-workspace/.derivedData/Build/Intermediates.noindex/SynheartAuth.build/Debug-watchos/SynheartAuth.build/Objects-normal/arm64_32/SynheartAuth.SwiftFileList
WriteAuxiliaryFile /Users/admin/builder/spi-builder-workspace/.derivedData/Build/Intermediates.noindex/SynheartAuth.build/Debug-watchos/SynheartAuth.build/Objects-normal/arm64_32/SynheartAuth_const_extract_protocols.json (in target 'SynheartAuth' from project 'SynheartAuth')
cd /Users/admin/builder/spi-builder-workspace
write-file /Users/admin/builder/spi-builder-workspace/.derivedData/Build/Intermediates.noindex/SynheartAuth.build/Debug-watchos/SynheartAuth.build/Objects-normal/arm64_32/SynheartAuth_const_extract_protocols.json
WriteAuxiliaryFile /Users/admin/builder/spi-builder-workspace/.derivedData/Build/Intermediates.noindex/SynheartAuth.build/Debug-watchos/SynheartAuth.build/Objects-normal/armv7k/SynheartAuth.SwiftConstValuesFileList (in target 'SynheartAuth' from project 'SynheartAuth')
cd /Users/admin/builder/spi-builder-workspace
write-file /Users/admin/builder/spi-builder-workspace/.derivedData/Build/Intermediates.noindex/SynheartAuth.build/Debug-watchos/SynheartAuth.build/Objects-normal/armv7k/SynheartAuth.SwiftConstValuesFileList
WriteAuxiliaryFile /Users/admin/builder/spi-builder-workspace/.derivedData/Build/Intermediates.noindex/SynheartAuth.build/Debug-watchos/SynheartAuth.build/Objects-normal/arm64_32/SynheartAuth.SwiftConstValuesFileList (in target 'SynheartAuth' from project 'SynheartAuth')
cd /Users/admin/builder/spi-builder-workspace
write-file /Users/admin/builder/spi-builder-workspace/.derivedData/Build/Intermediates.noindex/SynheartAuth.build/Debug-watchos/SynheartAuth.build/Objects-normal/arm64_32/SynheartAuth.SwiftConstValuesFileList
WriteAuxiliaryFile /Users/admin/builder/spi-builder-workspace/.derivedData/Build/Intermediates.noindex/SynheartAuth.build/Debug-watchos/SynheartAuth.build/Objects-normal/arm64_32/SynheartAuth.LinkFileList (in target 'SynheartAuth' from project 'SynheartAuth')
cd /Users/admin/builder/spi-builder-workspace
write-file /Users/admin/builder/spi-builder-workspace/.derivedData/Build/Intermediates.noindex/SynheartAuth.build/Debug-watchos/SynheartAuth.build/Objects-normal/arm64_32/SynheartAuth.LinkFileList
WriteAuxiliaryFile /Users/admin/builder/spi-builder-workspace/.derivedData/Build/Intermediates.noindex/SynheartAuth.build/Debug-watchos/SynheartAuth.build/Objects-normal/arm64_32/SynheartAuth-OutputFileMap.json (in target 'SynheartAuth' from project 'SynheartAuth')
cd /Users/admin/builder/spi-builder-workspace
write-file /Users/admin/builder/spi-builder-workspace/.derivedData/Build/Intermediates.noindex/SynheartAuth.build/Debug-watchos/SynheartAuth.build/Objects-normal/arm64_32/SynheartAuth-OutputFileMap.json
WriteAuxiliaryFile /Users/admin/builder/spi-builder-workspace/.derivedData/Build/Intermediates.noindex/SynheartAuth.build/Debug-watchos/SynheartAuth.build/Objects-normal/arm64/SynheartAuth.SwiftFileList (in target 'SynheartAuth' from project 'SynheartAuth')
cd /Users/admin/builder/spi-builder-workspace
write-file /Users/admin/builder/spi-builder-workspace/.derivedData/Build/Intermediates.noindex/SynheartAuth.build/Debug-watchos/SynheartAuth.build/Objects-normal/arm64/SynheartAuth.SwiftFileList
WriteAuxiliaryFile /Users/admin/builder/spi-builder-workspace/.derivedData/Build/Intermediates.noindex/SynheartAuth.build/Debug-watchos/SynheartAuth.build/Objects-normal/arm64/SynheartAuth_const_extract_protocols.json (in target 'SynheartAuth' from project 'SynheartAuth')
cd /Users/admin/builder/spi-builder-workspace
write-file /Users/admin/builder/spi-builder-workspace/.derivedData/Build/Intermediates.noindex/SynheartAuth.build/Debug-watchos/SynheartAuth.build/Objects-normal/arm64/SynheartAuth_const_extract_protocols.json
WriteAuxiliaryFile /Users/admin/builder/spi-builder-workspace/.derivedData/Build/Intermediates.noindex/SynheartAuth.build/Debug-watchos/SynheartAuth.build/Objects-normal/arm64/SynheartAuth.SwiftConstValuesFileList (in target 'SynheartAuth' from project 'SynheartAuth')
cd /Users/admin/builder/spi-builder-workspace
write-file /Users/admin/builder/spi-builder-workspace/.derivedData/Build/Intermediates.noindex/SynheartAuth.build/Debug-watchos/SynheartAuth.build/Objects-normal/arm64/SynheartAuth.SwiftConstValuesFileList
WriteAuxiliaryFile /Users/admin/builder/spi-builder-workspace/.derivedData/Build/Intermediates.noindex/SynheartAuth.build/Debug-watchos/SynheartAuth.build/Objects-normal/arm64/SynheartAuth.LinkFileList (in target 'SynheartAuth' from project 'SynheartAuth')
cd /Users/admin/builder/spi-builder-workspace
write-file /Users/admin/builder/spi-builder-workspace/.derivedData/Build/Intermediates.noindex/SynheartAuth.build/Debug-watchos/SynheartAuth.build/Objects-normal/arm64/SynheartAuth.LinkFileList
WriteAuxiliaryFile /Users/admin/builder/spi-builder-workspace/.derivedData/Build/Intermediates.noindex/SynheartAuth.build/Debug-watchos/SynheartAuth.build/Objects-normal/arm64/SynheartAuth-OutputFileMap.json (in target 'SynheartAuth' from project 'SynheartAuth')
cd /Users/admin/builder/spi-builder-workspace
write-file /Users/admin/builder/spi-builder-workspace/.derivedData/Build/Intermediates.noindex/SynheartAuth.build/Debug-watchos/SynheartAuth.build/Objects-normal/arm64/SynheartAuth-OutputFileMap.json
Copy /Users/admin/builder/spi-builder-workspace/.derivedData/Build/Intermediates.noindex/GeneratedModuleMaps-watchos/SynheartAuth.modulemap /Users/admin/builder/spi-builder-workspace/.derivedData/Build/Intermediates.noindex/SynheartAuth.build/Debug-watchos/SynheartAuth.build/SynheartAuth.modulemap (in target 'SynheartAuth' from project 'SynheartAuth')
cd /Users/admin/builder/spi-builder-workspace
builtin-copy -exclude .DS_Store -exclude CVS -exclude .svn -exclude .git -exclude .hg -resolve-src-symlinks /Users/admin/builder/spi-builder-workspace/.derivedData/Build/Intermediates.noindex/SynheartAuth.build/Debug-watchos/SynheartAuth.build/SynheartAuth.modulemap /Users/admin/builder/spi-builder-workspace/.derivedData/Build/Intermediates.noindex/GeneratedModuleMaps-watchos
SwiftDriver SynheartAuth normal arm64_32 com.apple.xcode.tools.swift.compiler (in target 'SynheartAuth' from project 'SynheartAuth')
cd /Users/admin/builder/spi-builder-workspace/.swiftpm/xcode
builtin-SwiftDriver -- /Applications/Xcode-16.3.0.app/Contents/Developer/Toolchains/XcodeDefault.xctoolchain/usr/bin/swiftc -module-name SynheartAuth -Onone -enforce-exclusivity\=checked @/Users/admin/builder/spi-builder-workspace/.derivedData/Build/Intermediates.noindex/SynheartAuth.build/Debug-watchos/SynheartAuth.build/Objects-normal/arm64_32/SynheartAuth.SwiftFileList -DSWIFT_PACKAGE -DDEBUG -stats-output-dir .stats -strict-concurrency\=complete -enable-upcoming-feature StrictConcurrency -enable-upcoming-feature DisableOutwardActorInference -enable-upcoming-feature GlobalActorIsolatedTypesUsability -enable-upcoming-feature InferSendableFromCaptures -plugin-path /Applications/Xcode-16.3.0.app/Contents/Developer/Toolchains/XcodeDefault.xctoolchain/usr/lib/swift/host/plugins/testing -enable-experimental-feature DebugDescriptionMacro -sdk /Applications/Xcode-16.3.0.app/Contents/Developer/Platforms/WatchOS.platform/Developer/SDKs/WatchOS11.4.sdk -target arm64_32-apple-watchos8.0 -g -module-cache-path /Users/admin/builder/spi-builder-workspace/.derivedData/ModuleCache.noindex -Xfrontend -serialize-debugging-options -profile-coverage-mapping -profile-generate -enable-testing -index-store-path /Users/admin/builder/spi-builder-workspace/.derivedData/Index.noindex/DataStore -swift-version 5 -I /Users/admin/builder/spi-builder-workspace/.derivedData/Build/Products/Debug-watchos -I /Applications/Xcode-16.3.0.app/Contents/Developer/Platforms/WatchOS.platform/Developer/usr/lib -F /Users/admin/builder/spi-builder-workspace/.derivedData/Build/Products/Debug-watchos -F /Applications/Xcode-16.3.0.app/Contents/Developer/Platforms/WatchOS.platform/Developer/Library/Frameworks -F /Applications/Xcode-16.3.0.app/Contents/Developer/Platforms/WatchOS.platform/Developer/SDKs/WatchOS11.4.sdk/Developer/Library/Frameworks -c -j10 -enable-batch-mode -incremental -Xcc -ivfsstatcache -Xcc /Users/admin/builder/spi-builder-workspace/.derivedData/SDKStatCaches.noindex/watchos11.4-22T246-43efb940ff07ba2497b70ec94253f576.sdkstatcache -output-file-map /Users/admin/builder/spi-builder-workspace/.derivedData/Build/Intermediates.noindex/SynheartAuth.build/Debug-watchos/SynheartAuth.build/Objects-normal/arm64_32/SynheartAuth-OutputFileMap.json -use-frontend-parseable-output -save-temps -no-color-diagnostics -serialize-diagnostics -emit-dependencies -emit-module -emit-module-path /Users/admin/builder/spi-builder-workspace/.derivedData/Build/Intermediates.noindex/SynheartAuth.build/Debug-watchos/SynheartAuth.build/Objects-normal/arm64_32/SynheartAuth.swiftmodule -validate-clang-modules-once -clang-build-session-file /Users/admin/builder/spi-builder-workspace/.derivedData/ModuleCache.noindex/Session.modulevalidation -package-name spi_builder_workspace -Xcc -I/Users/admin/builder/spi-builder-workspace/.derivedData/Build/Intermediates.noindex/SynheartAuth.build/Debug-watchos/SynheartAuth.build/swift-overrides.hmap -emit-const-values -Xfrontend -const-gather-protocols-file -Xfrontend /Users/admin/builder/spi-builder-workspace/.derivedData/Build/Intermediates.noindex/SynheartAuth.build/Debug-watchos/SynheartAuth.build/Objects-normal/arm64_32/SynheartAuth_const_extract_protocols.json -Xcc -I/Users/admin/builder/spi-builder-workspace/.derivedData/Build/Products/Debug-watchos/include -Xcc -I/Users/admin/builder/spi-builder-workspace/.derivedData/Build/Intermediates.noindex/SynheartAuth.build/Debug-watchos/SynheartAuth.build/DerivedSources-normal/arm64_32 -Xcc -I/Users/admin/builder/spi-builder-workspace/.derivedData/Build/Intermediates.noindex/SynheartAuth.build/Debug-watchos/SynheartAuth.build/DerivedSources/arm64_32 -Xcc -I/Users/admin/builder/spi-builder-workspace/.derivedData/Build/Intermediates.noindex/SynheartAuth.build/Debug-watchos/SynheartAuth.build/DerivedSources -Xcc -DSWIFT_PACKAGE -Xcc -DDEBUG\=1 -emit-objc-header -emit-objc-header-path /Users/admin/builder/spi-builder-workspace/.derivedData/Build/Intermediates.noindex/SynheartAuth.build/Debug-watchos/SynheartAuth.build/Objects-normal/arm64_32/SynheartAuth-Swift.h -working-directory /Users/admin/builder/spi-builder-workspace/.swiftpm/xcode -experimental-emit-module-separately -disable-cmo
SwiftDriver SynheartAuth normal armv7k com.apple.xcode.tools.swift.compiler (in target 'SynheartAuth' from project 'SynheartAuth')
cd /Users/admin/builder/spi-builder-workspace/.swiftpm/xcode
builtin-SwiftDriver -- /Applications/Xcode-16.3.0.app/Contents/Developer/Toolchains/XcodeDefault.xctoolchain/usr/bin/swiftc -module-name SynheartAuth -Onone -enforce-exclusivity\=checked @/Users/admin/builder/spi-builder-workspace/.derivedData/Build/Intermediates.noindex/SynheartAuth.build/Debug-watchos/SynheartAuth.build/Objects-normal/armv7k/SynheartAuth.SwiftFileList -DSWIFT_PACKAGE -DDEBUG -stats-output-dir .stats -strict-concurrency\=complete -enable-upcoming-feature StrictConcurrency -enable-upcoming-feature DisableOutwardActorInference -enable-upcoming-feature GlobalActorIsolatedTypesUsability -enable-upcoming-feature InferSendableFromCaptures -plugin-path /Applications/Xcode-16.3.0.app/Contents/Developer/Toolchains/XcodeDefault.xctoolchain/usr/lib/swift/host/plugins/testing -enable-experimental-feature DebugDescriptionMacro -sdk /Applications/Xcode-16.3.0.app/Contents/Developer/Platforms/WatchOS.platform/Developer/SDKs/WatchOS11.4.sdk -target armv7k-apple-watchos8.0 -g -module-cache-path /Users/admin/builder/spi-builder-workspace/.derivedData/ModuleCache.noindex -Xfrontend -serialize-debugging-options -profile-coverage-mapping -profile-generate -enable-testing -index-store-path /Users/admin/builder/spi-builder-workspace/.derivedData/Index.noindex/DataStore -swift-version 5 -I /Users/admin/builder/spi-builder-workspace/.derivedData/Build/Products/Debug-watchos -I /Applications/Xcode-16.3.0.app/Contents/Developer/Platforms/WatchOS.platform/Developer/usr/lib -F /Users/admin/builder/spi-builder-workspace/.derivedData/Build/Products/Debug-watchos -F /Applications/Xcode-16.3.0.app/Contents/Developer/Platforms/WatchOS.platform/Developer/Library/Frameworks -F /Applications/Xcode-16.3.0.app/Contents/Developer/Platforms/WatchOS.platform/Developer/SDKs/WatchOS11.4.sdk/Developer/Library/Frameworks -c -j10 -enable-batch-mode -incremental -Xcc -ivfsstatcache -Xcc /Users/admin/builder/spi-builder-workspace/.derivedData/SDKStatCaches.noindex/watchos11.4-22T246-43efb940ff07ba2497b70ec94253f576.sdkstatcache -output-file-map /Users/admin/builder/spi-builder-workspace/.derivedData/Build/Intermediates.noindex/SynheartAuth.build/Debug-watchos/SynheartAuth.build/Objects-normal/armv7k/SynheartAuth-OutputFileMap.json -use-frontend-parseable-output -save-temps -no-color-diagnostics -serialize-diagnostics -emit-dependencies -emit-module -emit-module-path /Users/admin/builder/spi-builder-workspace/.derivedData/Build/Intermediates.noindex/SynheartAuth.build/Debug-watchos/SynheartAuth.build/Objects-normal/armv7k/SynheartAuth.swiftmodule -validate-clang-modules-once -clang-build-session-file /Users/admin/builder/spi-builder-workspace/.derivedData/ModuleCache.noindex/Session.modulevalidation -package-name spi_builder_workspace -Xcc -I/Users/admin/builder/spi-builder-workspace/.derivedData/Build/Intermediates.noindex/SynheartAuth.build/Debug-watchos/SynheartAuth.build/swift-overrides.hmap -emit-const-values -Xfrontend -const-gather-protocols-file -Xfrontend /Users/admin/builder/spi-builder-workspace/.derivedData/Build/Intermediates.noindex/SynheartAuth.build/Debug-watchos/SynheartAuth.build/Objects-normal/armv7k/SynheartAuth_const_extract_protocols.json -Xcc -I/Users/admin/builder/spi-builder-workspace/.derivedData/Build/Products/Debug-watchos/include -Xcc -I/Users/admin/builder/spi-builder-workspace/.derivedData/Build/Intermediates.noindex/SynheartAuth.build/Debug-watchos/SynheartAuth.build/DerivedSources-normal/armv7k -Xcc -I/Users/admin/builder/spi-builder-workspace/.derivedData/Build/Intermediates.noindex/SynheartAuth.build/Debug-watchos/SynheartAuth.build/DerivedSources/armv7k -Xcc -I/Users/admin/builder/spi-builder-workspace/.derivedData/Build/Intermediates.noindex/SynheartAuth.build/Debug-watchos/SynheartAuth.build/DerivedSources -Xcc -DSWIFT_PACKAGE -Xcc -DDEBUG\=1 -emit-objc-header -emit-objc-header-path /Users/admin/builder/spi-builder-workspace/.derivedData/Build/Intermediates.noindex/SynheartAuth.build/Debug-watchos/SynheartAuth.build/Objects-normal/armv7k/SynheartAuth-Swift.h -working-directory /Users/admin/builder/spi-builder-workspace/.swiftpm/xcode -experimental-emit-module-separately -disable-cmo
SwiftDriver SynheartAuth normal arm64 com.apple.xcode.tools.swift.compiler (in target 'SynheartAuth' from project 'SynheartAuth')
cd /Users/admin/builder/spi-builder-workspace/.swiftpm/xcode
builtin-SwiftDriver -- /Applications/Xcode-16.3.0.app/Contents/Developer/Toolchains/XcodeDefault.xctoolchain/usr/bin/swiftc -module-name SynheartAuth -Onone -enforce-exclusivity\=checked @/Users/admin/builder/spi-builder-workspace/.derivedData/Build/Intermediates.noindex/SynheartAuth.build/Debug-watchos/SynheartAuth.build/Objects-normal/arm64/SynheartAuth.SwiftFileList -DSWIFT_PACKAGE -DDEBUG -stats-output-dir .stats -strict-concurrency\=complete -enable-upcoming-feature StrictConcurrency -enable-upcoming-feature DisableOutwardActorInference -enable-upcoming-feature GlobalActorIsolatedTypesUsability -enable-upcoming-feature InferSendableFromCaptures -plugin-path /Applications/Xcode-16.3.0.app/Contents/Developer/Toolchains/XcodeDefault.xctoolchain/usr/lib/swift/host/plugins/testing -enable-experimental-feature DebugDescriptionMacro -sdk /Applications/Xcode-16.3.0.app/Contents/Developer/Platforms/WatchOS.platform/Developer/SDKs/WatchOS11.4.sdk -target arm64-apple-watchos8.0 -g -module-cache-path /Users/admin/builder/spi-builder-workspace/.derivedData/ModuleCache.noindex -Xfrontend -serialize-debugging-options -profile-coverage-mapping -profile-generate -enable-testing -index-store-path /Users/admin/builder/spi-builder-workspace/.derivedData/Index.noindex/DataStore -swift-version 5 -I /Users/admin/builder/spi-builder-workspace/.derivedData/Build/Products/Debug-watchos -I /Applications/Xcode-16.3.0.app/Contents/Developer/Platforms/WatchOS.platform/Developer/usr/lib -F /Users/admin/builder/spi-builder-workspace/.derivedData/Build/Products/Debug-watchos -F /Applications/Xcode-16.3.0.app/Contents/Developer/Platforms/WatchOS.platform/Developer/Library/Frameworks -F /Applications/Xcode-16.3.0.app/Contents/Developer/Platforms/WatchOS.platform/Developer/SDKs/WatchOS11.4.sdk/Developer/Library/Frameworks -c -j10 -enable-batch-mode -incremental -Xcc -ivfsstatcache -Xcc /Users/admin/builder/spi-builder-workspace/.derivedData/SDKStatCaches.noindex/watchos11.4-22T246-43efb940ff07ba2497b70ec94253f576.sdkstatcache -output-file-map /Users/admin/builder/spi-builder-workspace/.derivedData/Build/Intermediates.noindex/SynheartAuth.build/Debug-watchos/SynheartAuth.build/Objects-normal/arm64/SynheartAuth-OutputFileMap.json -use-frontend-parseable-output -save-temps -no-color-diagnostics -serialize-diagnostics -emit-dependencies -emit-module -emit-module-path /Users/admin/builder/spi-builder-workspace/.derivedData/Build/Intermediates.noindex/SynheartAuth.build/Debug-watchos/SynheartAuth.build/Objects-normal/arm64/SynheartAuth.swiftmodule -validate-clang-modules-once -clang-build-session-file /Users/admin/builder/spi-builder-workspace/.derivedData/ModuleCache.noindex/Session.modulevalidation -package-name spi_builder_workspace -Xcc -I/Users/admin/builder/spi-builder-workspace/.derivedData/Build/Intermediates.noindex/SynheartAuth.build/Debug-watchos/SynheartAuth.build/swift-overrides.hmap -emit-const-values -Xfrontend -const-gather-protocols-file -Xfrontend /Users/admin/builder/spi-builder-workspace/.derivedData/Build/Intermediates.noindex/SynheartAuth.build/Debug-watchos/SynheartAuth.build/Objects-normal/arm64/SynheartAuth_const_extract_protocols.json -Xcc -I/Users/admin/builder/spi-builder-workspace/.derivedData/Build/Products/Debug-watchos/include -Xcc -I/Users/admin/builder/spi-builder-workspace/.derivedData/Build/Intermediates.noindex/SynheartAuth.build/Debug-watchos/SynheartAuth.build/DerivedSources-normal/arm64 -Xcc -I/Users/admin/builder/spi-builder-workspace/.derivedData/Build/Intermediates.noindex/SynheartAuth.build/Debug-watchos/SynheartAuth.build/DerivedSources/arm64 -Xcc -I/Users/admin/builder/spi-builder-workspace/.derivedData/Build/Intermediates.noindex/SynheartAuth.build/Debug-watchos/SynheartAuth.build/DerivedSources -Xcc -DSWIFT_PACKAGE -Xcc -DDEBUG\=1 -emit-objc-header -emit-objc-header-path /Users/admin/builder/spi-builder-workspace/.derivedData/Build/Intermediates.noindex/SynheartAuth.build/Debug-watchos/SynheartAuth.build/Objects-normal/arm64/SynheartAuth-Swift.h -working-directory /Users/admin/builder/spi-builder-workspace/.swiftpm/xcode -experimental-emit-module-separately -disable-cmo
SwiftEmitModule normal armv7k Emitting\ module\ for\ SynheartAuth (in target 'SynheartAuth' from project 'SynheartAuth')
EmitSwiftModule normal armv7k (in target 'SynheartAuth' from project 'SynheartAuth')
cd /Users/admin/builder/spi-builder-workspace/.swiftpm/xcode
/Users/admin/builder/spi-builder-workspace/Sources/SynheartAuth/FFI/SynheartNativeCrypto.swift:450:23: warning: static property 'all' is not concurrency-safe because non-'Sendable' type '[Any]' may have shared mutable state; this is an error in the Swift 6 language mode
public static let all: [Any] = [
^
/Users/admin/builder/spi-builder-workspace/Sources/SynheartAuth/FFI/SynheartNativeCrypto.swift:450:23: note: add '@MainActor' to make static property 'all' part of global actor 'MainActor'
public static let all: [Any] = [
^
@MainActor
/Users/admin/builder/spi-builder-workspace/Sources/SynheartAuth/FFI/SynheartNativeCrypto.swift:450:23: note: disable concurrency-safety checks if accesses are protected by an external synchronization mechanism
public static let all: [Any] = [
^
nonisolated(unsafe)
/Users/admin/builder/spi-builder-workspace/Sources/SynheartAuth/Registration/OperationClaims.swift:18:24: warning: static property 'inFlight' is not concurrency-safe because it is nonisolated global shared mutable state; this is an error in the Swift 6 language mode
private static var inFlight: Set<String> = []
^
/Users/admin/builder/spi-builder-workspace/Sources/SynheartAuth/Registration/OperationClaims.swift:18:24: note: convert 'inFlight' to a 'let' constant to make 'Sendable' shared state immutable
private static var inFlight: Set<String> = []
~~~ ^
let
/Users/admin/builder/spi-builder-workspace/Sources/SynheartAuth/Registration/OperationClaims.swift:18:24: note: add '@MainActor' to make static property 'inFlight' part of global actor 'MainActor'
private static var inFlight: Set<String> = []
^
@MainActor
/Users/admin/builder/spi-builder-workspace/Sources/SynheartAuth/Registration/OperationClaims.swift:18:24: note: disable concurrency-safety checks if accesses are protected by an external synchronization mechanism
private static var inFlight: Set<String> = []
^
nonisolated(unsafe)
SwiftCompile normal armv7k Compiling\ SynheartNativeCrypto.swift,\ AuthLogger.swift /Users/admin/builder/spi-builder-workspace/Sources/SynheartAuth/FFI/SynheartNativeCrypto.swift /Users/admin/builder/spi-builder-workspace/Sources/SynheartAuth/Internal/AuthLogger.swift (in target 'SynheartAuth' from project 'SynheartAuth')
SwiftCompile normal armv7k /Users/admin/builder/spi-builder-workspace/Sources/SynheartAuth/FFI/SynheartNativeCrypto.swift (in target 'SynheartAuth' from project 'SynheartAuth')
cd /Users/admin/builder/spi-builder-workspace/.swiftpm/xcode
/Users/admin/builder/spi-builder-workspace/Sources/SynheartAuth/FFI/SynheartNativeCrypto.swift:450:23: warning: static property 'all' is not concurrency-safe because non-'Sendable' type '[Any]' may have shared mutable state; this is an error in the Swift 6 language mode
public static let all: [Any] = [
^
/Users/admin/builder/spi-builder-workspace/Sources/SynheartAuth/FFI/SynheartNativeCrypto.swift:450:23: note: add '@MainActor' to make static property 'all' part of global actor 'MainActor'
public static let all: [Any] = [
^
@MainActor
/Users/admin/builder/spi-builder-workspace/Sources/SynheartAuth/FFI/SynheartNativeCrypto.swift:450:23: note: disable concurrency-safety checks if accesses are protected by an external synchronization mechanism
public static let all: [Any] = [
^
nonisolated(unsafe)
/Users/admin/builder/spi-builder-workspace/Sources/SynheartAuth/FFI/SynheartNativeCrypto.swift:295:11: error: 'DCAppAttestService' is only available in watchOS 9.0 or newer
guard DCAppAttestService.shared.isSupported else { return nil }
^
/Users/admin/builder/spi-builder-workspace/Sources/SynheartAuth/FFI/SynheartNativeCrypto.swift:295:11: note: add 'if #available' version check
guard DCAppAttestService.shared.isSupported else { return nil }
^
/Users/admin/builder/spi-builder-workspace/Sources/SynheartAuth/FFI/SynheartNativeCrypto.swift:285:13: note: add @available attribute to enclosing global function
public func synheart_native_get_attestation(
^
/Users/admin/builder/spi-builder-workspace/Sources/SynheartAuth/FFI/SynheartNativeCrypto.swift:311:35: error: 'DCAppAttestService' is only available in watchOS 9.0 or newer
keyId = try await DCAppAttestService.shared.generateKey()
^
/Users/admin/builder/spi-builder-workspace/Sources/SynheartAuth/FFI/SynheartNativeCrypto.swift:311:35: note: add 'if #available' version check
keyId = try await DCAppAttestService.shared.generateKey()
^
/Users/admin/builder/spi-builder-workspace/Sources/SynheartAuth/FFI/SynheartNativeCrypto.swift:285:13: note: add @available attribute to enclosing global function
public func synheart_native_get_attestation(
^
/Users/admin/builder/spi-builder-workspace/Sources/SynheartAuth/FFI/SynheartNativeCrypto.swift:313:33: error: 'DCAppAttestService' is only available in watchOS 9.0 or newer
let att = try await DCAppAttestService.shared.attestKey(keyId, clientDataHash: clientDataHash)
^
/Users/admin/builder/spi-builder-workspace/Sources/SynheartAuth/FFI/SynheartNativeCrypto.swift:313:33: note: add 'if #available' version check
let att = try await DCAppAttestService.shared.attestKey(keyId, clientDataHash: clientDataHash)
^
/Users/admin/builder/spi-builder-workspace/Sources/SynheartAuth/FFI/SynheartNativeCrypto.swift:285:13: note: add @available attribute to enclosing global function
public func synheart_native_get_attestation(
^
SwiftCompile normal armv7k /Users/admin/builder/spi-builder-workspace/Sources/SynheartAuth/Internal/AuthLogger.swift (in target 'SynheartAuth' from project 'SynheartAuth')
cd /Users/admin/builder/spi-builder-workspace/.swiftpm/xcode
Failed frontend command:
/Applications/Xcode-16.3.0.app/Contents/Developer/Toolchains/XcodeDefault.xctoolchain/usr/bin/swift-frontend -frontend -c /Users/admin/builder/spi-builder-workspace/Sources/SynheartAuth/Crypto/KeyManager.swift /Users/admin/builder/spi-builder-workspace/Sources/SynheartAuth/Crypto/RequestSigner.swift -primary-file /Users/admin/builder/spi-builder-workspace/Sources/SynheartAuth/FFI/SynheartNativeCrypto.swift -primary-file /Users/admin/builder/spi-builder-workspace/Sources/SynheartAuth/Internal/AuthLogger.swift /Users/admin/builder/spi-builder-workspace/Sources/SynheartAuth/Internal/ClockSkewTracker.swift /Users/admin/builder/spi-builder-workspace/Sources/SynheartAuth/Models/AuthError.swift /Users/admin/builder/spi-builder-workspace/Sources/SynheartAuth/Models/AuthModels.swift /Users/admin/builder/spi-builder-workspace/Sources/SynheartAuth/Models/AuthState.swift /Users/admin/builder/spi-builder-workspace/Sources/SynheartAuth/Network/AuthNetworkClient.swift /Users/admin/builder/spi-builder-workspace/Sources/SynheartAuth/Network/NetworkModels.swift /Users/admin/builder/spi-builder-workspace/Sources/SynheartAuth/Registration/DeviceRegistrar.swift /Users/admin/builder/spi-builder-workspace/Sources/SynheartAuth/Registration/OperationClaims.swift /Users/admin/builder/spi-builder-workspace/Sources/SynheartAuth/Storage/StorageManager.swift /Users/admin/builder/spi-builder-workspace/Sources/SynheartAuth/SynheartAuth.swift -emit-dependencies-path /Users/admin/builder/spi-builder-workspace/.derivedData/Build/Intermediates.noindex/SynheartAuth.build/Debug-watchos/SynheartAuth.build/Objects-normal/armv7k/SynheartNativeCrypto.d -emit-const-values-path /Users/admin/builder/spi-builder-workspace/.derivedData/Build/Intermediates.noindex/SynheartAuth.build/Debug-watchos/SynheartAuth.build/Objects-normal/armv7k/SynheartNativeCrypto.swiftconstvalues -emit-reference-dependencies-path /Users/admin/builder/spi-builder-workspace/.derivedData/Build/Intermediates.noindex/SynheartAuth.build/Debug-watchos/SynheartAuth.build/Objects-normal/armv7k/SynheartNativeCrypto.swiftdeps -serialize-diagnostics-path /Users/admin/builder/spi-builder-workspace/.derivedData/Build/Intermediates.noindex/SynheartAuth.build/Debug-watchos/SynheartAuth.build/Objects-normal/armv7k/SynheartNativeCrypto.dia -emit-dependencies-path /Users/admin/builder/spi-builder-workspace/.derivedData/Build/Intermediates.noindex/SynheartAuth.build/Debug-watchos/SynheartAuth.build/Objects-normal/armv7k/AuthLogger.d -emit-const-values-path /Users/admin/builder/spi-builder-workspace/.derivedData/Build/Intermediates.noindex/SynheartAuth.build/Debug-watchos/SynheartAuth.build/Objects-normal/armv7k/AuthLogger.swiftconstvalues -emit-reference-dependencies-path /Users/admin/builder/spi-builder-workspace/.derivedData/Build/Intermediates.noindex/SynheartAuth.build/Debug-watchos/SynheartAuth.build/Objects-normal/armv7k/AuthLogger.swiftdeps -serialize-diagnostics-path /Users/admin/builder/spi-builder-workspace/.derivedData/Build/Intermediates.noindex/SynheartAuth.build/Debug-watchos/SynheartAuth.build/Objects-normal/armv7k/AuthLogger.dia -target armv7k-apple-watchos8.0 -enable-objc-interop -stack-check -sdk /Applications/Xcode-16.3.0.app/Contents/Developer/Platforms/WatchOS.platform/Developer/SDKs/WatchOS11.4.sdk -I /Users/admin/builder/spi-builder-workspace/.derivedData/Build/Products/Debug-watchos -I /Applications/Xcode-16.3.0.app/Contents/Developer/Platforms/WatchOS.platform/Developer/usr/lib -F /Users/admin/builder/spi-builder-workspace/.derivedData/Build/Products/Debug-watchos -F /Applications/Xcode-16.3.0.app/Contents/Developer/Platforms/WatchOS.platform/Developer/Library/Frameworks -F /Applications/Xcode-16.3.0.app/Contents/Developer/Platforms/WatchOS.platform/Developer/SDKs/WatchOS11.4.sdk/Developer/Library/Frameworks -no-color-diagnostics -enable-testing -g -debug-info-format\=dwarf -dwarf-version\=4 -module-cache-path /Users/admin/builder/spi-builder-workspace/.derivedData/ModuleCache.noindex -profile-generate -profile-coverage-mapping -swift-version 5 -enforce-exclusivity\=checked -stats-output-dir /Users/admin/builder/spi-builder-workspace/.swiftpm/xcode/.stats -Onone -D SWIFT_PACKAGE -D DEBUG -serialize-debugging-options -const-gather-protocols-file /Users/admin/builder/spi-builder-workspace/.derivedData/Build/Intermediates.noindex/SynheartAuth.build/Debug-watchos/SynheartAuth.build/Objects-normal/armv7k/SynheartAuth_const_extract_protocols.json -enable-upcoming-feature StrictConcurrency -enable-upcoming-feature DisableOutwardActorInference -enable-upcoming-feature GlobalActorIsolatedTypesUsability -enable-upcoming-feature InferSendableFromCaptures -enable-experimental-feature DebugDescriptionMacro -strict-concurrency\=complete -empty-abi-descriptor -plugin-path /Applications/Xcode-16.3.0.app/Contents/Developer/Toolchains/XcodeDefault.xctoolchain/usr/lib/swift/host/plugins/testing -validate-clang-modules-once -clang-build-session-file /Users/admin/builder/spi-builder-workspace/.derivedData/ModuleCache.noindex/Session.modulevalidation -Xcc -working-directory -Xcc /Users/admin/builder/spi-builder-workspace/.swiftpm/xcode -resource-dir /Applications/Xcode-16.3.0.app/Contents/Developer/Toolchains/XcodeDefault.xctoolchain/usr/lib/swift -enable-anonymous-context-mangled-names -file-compilation-dir /Users/admin/builder/spi-builder-workspace/.swiftpm/xcode -Xcc -ivfsstatcache -Xcc /Users/admin/builder/spi-builder-workspace/.derivedData/SDKStatCaches.noindex/watchos11.4-22T246-43efb940ff07ba2497b70ec94253f576.sdkstatcache -Xcc -I/Users/admin/builder/spi-builder-workspace/.derivedData/Build/Intermediates.noindex/SynheartAuth.build/Debug-watchos/SynheartAuth.build/swift-overrides.hmap -Xcc -I/Users/admin/builder/spi-builder-workspace/.derivedData/Build/Products/Debug-watchos/include -Xcc -I/Users/admin/builder/spi-builder-workspace/.derivedData/Build/Intermediates.noindex/SynheartAuth.build/Debug-watchos/SynheartAuth.build/DerivedSources-normal/armv7k -Xcc -I/Users/admin/builder/spi-builder-workspace/.derivedData/Build/Intermediates.noindex/SynheartAuth.build/Debug-watchos/SynheartAuth.build/DerivedSources/armv7k -Xcc -I/Users/admin/builder/spi-builder-workspace/.derivedData/Build/Intermediates.noindex/SynheartAuth.build/Debug-watchos/SynheartAuth.build/DerivedSources -Xcc -DSWIFT_PACKAGE -Xcc -DDEBUG\=1 -module-name SynheartAuth -package-name spi_builder_workspace -frontend-parseable-output -disable-clang-spi -target-sdk-version 11.4 -target-sdk-name watchos11.4 -external-plugin-path /Applications/Xcode-16.3.0.app/Contents/Developer/Platforms/WatchOS.platform/Developer/usr/lib/swift/host/plugins\#/Applications/Xcode-16.3.0.app/Contents/Developer/Platforms/WatchOS.platform/Developer/usr/bin/swift-plugin-server -external-plugin-path /Applications/Xcode-16.3.0.app/Contents/Developer/Platforms/WatchOS.platform/Developer/usr/local/lib/swift/host/plugins\#/Applications/Xcode-16.3.0.app/Contents/Developer/Platforms/WatchOS.platform/Developer/usr/bin/swift-plugin-server -in-process-plugin-server-path /Applications/Xcode-16.3.0.app/Contents/Developer/Toolchains/XcodeDefault.xctoolchain/usr/lib/swift/host/libSwiftInProcPluginServer.dylib -plugin-path /Applications/Xcode-16.3.0.app/Contents/Developer/Toolchains/XcodeDefault.xctoolchain/usr/lib/swift/host/plugins -plugin-path /Applications/Xcode-16.3.0.app/Contents/Developer/Toolchains/XcodeDefault.xctoolchain/usr/local/lib/swift/host/plugins -o /Users/admin/builder/spi-builder-workspace/.derivedData/Build/Intermediates.noindex/SynheartAuth.build/Debug-watchos/SynheartAuth.build/Objects-normal/armv7k/SynheartNativeCrypto.o -o /Users/admin/builder/spi-builder-workspace/.derivedData/Build/Intermediates.noindex/SynheartAuth.build/Debug-watchos/SynheartAuth.build/Objects-normal/armv7k/AuthLogger.o -index-unit-output-path /SynheartAuth.build/Debug-watchos/SynheartAuth.build/Objects-normal/armv7k/SynheartNativeCrypto.o -index-unit-output-path /SynheartAuth.build/Debug-watchos/SynheartAuth.build/Objects-normal/armv7k/AuthLogger.o -index-store-path /Users/admin/builder/spi-builder-workspace/.derivedData/Index.noindex/DataStore -index-system-modules
SwiftCompile normal armv7k Compiling\ ClockSkewTracker.swift,\ AuthError.swift /Users/admin/builder/spi-builder-workspace/Sources/SynheartAuth/Internal/ClockSkewTracker.swift /Users/admin/builder/spi-builder-workspace/Sources/SynheartAuth/Models/AuthError.swift (in target 'SynheartAuth' from project 'SynheartAuth')
SwiftCompile normal armv7k /Users/admin/builder/spi-builder-workspace/Sources/SynheartAuth/Internal/ClockSkewTracker.swift (in target 'SynheartAuth' from project 'SynheartAuth')
cd /Users/admin/builder/spi-builder-workspace/.swiftpm/xcode
SwiftCompile normal armv7k /Users/admin/builder/spi-builder-workspace/Sources/SynheartAuth/Models/AuthError.swift (in target 'SynheartAuth' from project 'SynheartAuth')
cd /Users/admin/builder/spi-builder-workspace/.swiftpm/xcode
SwiftCompile normal armv7k Compiling\ AuthNetworkClient.swift /Users/admin/builder/spi-builder-workspace/Sources/SynheartAuth/Network/AuthNetworkClient.swift (in target 'SynheartAuth' from project 'SynheartAuth')
SwiftCompile normal armv7k /Users/admin/builder/spi-builder-workspace/Sources/SynheartAuth/Network/AuthNetworkClient.swift (in target 'SynheartAuth' from project 'SynheartAuth')
cd /Users/admin/builder/spi-builder-workspace/.swiftpm/xcode
SwiftEmitModule normal arm64_32 Emitting\ module\ for\ SynheartAuth (in target 'SynheartAuth' from project 'SynheartAuth')
EmitSwiftModule normal arm64_32 (in target 'SynheartAuth' from project 'SynheartAuth')
cd /Users/admin/builder/spi-builder-workspace/.swiftpm/xcode
/Users/admin/builder/spi-builder-workspace/Sources/SynheartAuth/FFI/SynheartNativeCrypto.swift:450:23: warning: static property 'all' is not concurrency-safe because non-'Sendable' type '[Any]' may have shared mutable state; this is an error in the Swift 6 language mode
public static let all: [Any] = [
^
/Users/admin/builder/spi-builder-workspace/Sources/SynheartAuth/FFI/SynheartNativeCrypto.swift:450:23: note: add '@MainActor' to make static property 'all' part of global actor 'MainActor'
public static let all: [Any] = [
^
@MainActor
/Users/admin/builder/spi-builder-workspace/Sources/SynheartAuth/FFI/SynheartNativeCrypto.swift:450:23: note: disable concurrency-safety checks if accesses are protected by an external synchronization mechanism
public static let all: [Any] = [
^
nonisolated(unsafe)
/Users/admin/builder/spi-builder-workspace/Sources/SynheartAuth/Registration/OperationClaims.swift:18:24: warning: static property 'inFlight' is not concurrency-safe because it is nonisolated global shared mutable state; this is an error in the Swift 6 language mode
private static var inFlight: Set<String> = []
^
/Users/admin/builder/spi-builder-workspace/Sources/SynheartAuth/Registration/OperationClaims.swift:18:24: note: convert 'inFlight' to a 'let' constant to make 'Sendable' shared state immutable
private static var inFlight: Set<String> = []
~~~ ^
let
/Users/admin/builder/spi-builder-workspace/Sources/SynheartAuth/Registration/OperationClaims.swift:18:24: note: add '@MainActor' to make static property 'inFlight' part of global actor 'MainActor'
private static var inFlight: Set<String> = []
^
@MainActor
/Users/admin/builder/spi-builder-workspace/Sources/SynheartAuth/Registration/OperationClaims.swift:18:24: note: disable concurrency-safety checks if accesses are protected by an external synchronization mechanism
private static var inFlight: Set<String> = []
^
nonisolated(unsafe)
SwiftCompile normal armv7k Compiling\ KeyManager.swift,\ RequestSigner.swift /Users/admin/builder/spi-builder-workspace/Sources/SynheartAuth/Crypto/KeyManager.swift /Users/admin/builder/spi-builder-workspace/Sources/SynheartAuth/Crypto/RequestSigner.swift (in target 'SynheartAuth' from project 'SynheartAuth')
SwiftCompile normal armv7k /Users/admin/builder/spi-builder-workspace/Sources/SynheartAuth/Crypto/KeyManager.swift (in target 'SynheartAuth' from project 'SynheartAuth')
cd /Users/admin/builder/spi-builder-workspace/.swiftpm/xcode
SwiftCompile normal armv7k /Users/admin/builder/spi-builder-workspace/Sources/SynheartAuth/Crypto/RequestSigner.swift (in target 'SynheartAuth' from project 'SynheartAuth')
cd /Users/admin/builder/spi-builder-workspace/.swiftpm/xcode
SwiftCompile normal arm64_32 Compiling\ NetworkModels.swift /Users/admin/builder/spi-builder-workspace/Sources/SynheartAuth/Network/NetworkModels.swift (in target 'SynheartAuth' from project 'SynheartAuth')
SwiftCompile normal arm64_32 /Users/admin/builder/spi-builder-workspace/Sources/SynheartAuth/Network/NetworkModels.swift (in target 'SynheartAuth' from project 'SynheartAuth')
cd /Users/admin/builder/spi-builder-workspace/.swiftpm/xcode
SwiftEmitModule normal arm64 Emitting\ module\ for\ SynheartAuth (in target 'SynheartAuth' from project 'SynheartAuth')
EmitSwiftModule normal arm64 (in target 'SynheartAuth' from project 'SynheartAuth')
cd /Users/admin/builder/spi-builder-workspace/.swiftpm/xcode
/Users/admin/builder/spi-builder-workspace/Sources/SynheartAuth/FFI/SynheartNativeCrypto.swift:450:23: warning: static property 'all' is not concurrency-safe because non-'Sendable' type '[Any]' may have shared mutable state; this is an error in the Swift 6 language mode
public static let all: [Any] = [
^
/Users/admin/builder/spi-builder-workspace/Sources/SynheartAuth/FFI/SynheartNativeCrypto.swift:450:23: note: add '@MainActor' to make static property 'all' part of global actor 'MainActor'
public static let all: [Any] = [
^
@MainActor
/Users/admin/builder/spi-builder-workspace/Sources/SynheartAuth/FFI/SynheartNativeCrypto.swift:450:23: note: disable concurrency-safety checks if accesses are protected by an external synchronization mechanism
public static let all: [Any] = [
^
nonisolated(unsafe)
/Users/admin/builder/spi-builder-workspace/Sources/SynheartAuth/Registration/OperationClaims.swift:18:24: warning: static property 'inFlight' is not concurrency-safe because it is nonisolated global shared mutable state; this is an error in the Swift 6 language mode
private static var inFlight: Set<String> = []
^
/Users/admin/builder/spi-builder-workspace/Sources/SynheartAuth/Registration/OperationClaims.swift:18:24: note: convert 'inFlight' to a 'let' constant to make 'Sendable' shared state immutable
private static var inFlight: Set<String> = []
~~~ ^
let
/Users/admin/builder/spi-builder-workspace/Sources/SynheartAuth/Registration/OperationClaims.swift:18:24: note: add '@MainActor' to make static property 'inFlight' part of global actor 'MainActor'
private static var inFlight: Set<String> = []
^
@MainActor
/Users/admin/builder/spi-builder-workspace/Sources/SynheartAuth/Registration/OperationClaims.swift:18:24: note: disable concurrency-safety checks if accesses are protected by an external synchronization mechanism
private static var inFlight: Set<String> = []
^
nonisolated(unsafe)
SwiftCompile normal arm64_32 Compiling\ AuthModels.swift,\ AuthState.swift /Users/admin/builder/spi-builder-workspace/Sources/SynheartAuth/Models/AuthModels.swift /Users/admin/builder/spi-builder-workspace/Sources/SynheartAuth/Models/AuthState.swift (in target 'SynheartAuth' from project 'SynheartAuth')
SwiftCompile normal arm64_32 /Users/admin/builder/spi-builder-workspace/Sources/SynheartAuth/Models/AuthModels.swift (in target 'SynheartAuth' from project 'SynheartAuth')
cd /Users/admin/builder/spi-builder-workspace/.swiftpm/xcode
SwiftCompile normal arm64_32 /Users/admin/builder/spi-builder-workspace/Sources/SynheartAuth/Models/AuthState.swift (in target 'SynheartAuth' from project 'SynheartAuth')
cd /Users/admin/builder/spi-builder-workspace/.swiftpm/xcode
SwiftCompile normal arm64_32 Compiling\ ClockSkewTracker.swift,\ AuthError.swift /Users/admin/builder/spi-builder-workspace/Sources/SynheartAuth/Internal/ClockSkewTracker.swift /Users/admin/builder/spi-builder-workspace/Sources/SynheartAuth/Models/AuthError.swift (in target 'SynheartAuth' from project 'SynheartAuth')
SwiftCompile normal arm64_32 /Users/admin/builder/spi-builder-workspace/Sources/SynheartAuth/Internal/ClockSkewTracker.swift (in target 'SynheartAuth' from project 'SynheartAuth')
cd /Users/admin/builder/spi-builder-workspace/.swiftpm/xcode
SwiftCompile normal arm64_32 /Users/admin/builder/spi-builder-workspace/Sources/SynheartAuth/Models/AuthError.swift (in target 'SynheartAuth' from project 'SynheartAuth')
cd /Users/admin/builder/spi-builder-workspace/.swiftpm/xcode
SwiftCompile normal arm64_32 Compiling\ AuthNetworkClient.swift /Users/admin/builder/spi-builder-workspace/Sources/SynheartAuth/Network/AuthNetworkClient.swift (in target 'SynheartAuth' from project 'SynheartAuth')
SwiftCompile normal arm64_32 /Users/admin/builder/spi-builder-workspace/Sources/SynheartAuth/Network/AuthNetworkClient.swift (in target 'SynheartAuth' from project 'SynheartAuth')
cd /Users/admin/builder/spi-builder-workspace/.swiftpm/xcode
SwiftDriverJobDiscovery normal armv7k Emitting module for SynheartAuth (in target 'SynheartAuth' from project 'SynheartAuth')
SwiftCompile normal armv7k Compiling\ StorageManager.swift /Users/admin/builder/spi-builder-workspace/Sources/SynheartAuth/Storage/StorageManager.swift (in target 'SynheartAuth' from project 'SynheartAuth')
SwiftCompile normal armv7k /Users/admin/builder/spi-builder-workspace/Sources/SynheartAuth/Storage/StorageManager.swift (in target 'SynheartAuth' from project 'SynheartAuth')
cd /Users/admin/builder/spi-builder-workspace/.swiftpm/xcode
SwiftDriverJobDiscovery normal arm64 Emitting module for SynheartAuth (in target 'SynheartAuth' from project 'SynheartAuth')
SwiftDriver\ Compilation\ Requirements SynheartAuth normal armv7k com.apple.xcode.tools.swift.compiler (in target 'SynheartAuth' from project 'SynheartAuth')
cd /Users/admin/builder/spi-builder-workspace/.swiftpm/xcode
builtin-Swift-Compilation-Requirements -- /Applications/Xcode-16.3.0.app/Contents/Developer/Toolchains/XcodeDefault.xctoolchain/usr/bin/swiftc -module-name SynheartAuth -Onone -enforce-exclusivity\=checked @/Users/admin/builder/spi-builder-workspace/.derivedData/Build/Intermediates.noindex/SynheartAuth.build/Debug-watchos/SynheartAuth.build/Objects-normal/armv7k/SynheartAuth.SwiftFileList -DSWIFT_PACKAGE -DDEBUG -stats-output-dir .stats -strict-concurrency\=complete -enable-upcoming-feature StrictConcurrency -enable-upcoming-feature DisableOutwardActorInference -enable-upcoming-feature GlobalActorIsolatedTypesUsability -enable-upcoming-feature InferSendableFromCaptures -plugin-path /Applications/Xcode-16.3.0.app/Contents/Developer/Toolchains/XcodeDefault.xctoolchain/usr/lib/swift/host/plugins/testing -enable-experimental-feature DebugDescriptionMacro -sdk /Applications/Xcode-16.3.0.app/Contents/Developer/Platforms/WatchOS.platform/Developer/SDKs/WatchOS11.4.sdk -target armv7k-apple-watchos8.0 -g -module-cache-path /Users/admin/builder/spi-builder-workspace/.derivedData/ModuleCache.noindex -Xfrontend -serialize-debugging-options -profile-coverage-mapping -profile-generate -enable-testing -index-store-path /Users/admin/builder/spi-builder-workspace/.derivedData/Index.noindex/DataStore -swift-version 5 -I /Users/admin/builder/spi-builder-workspace/.derivedData/Build/Products/Debug-watchos -I /Applications/Xcode-16.3.0.app/Contents/Developer/Platforms/WatchOS.platform/Developer/usr/lib -F /Users/admin/builder/spi-builder-workspace/.derivedData/Build/Products/Debug-watchos -F /Applications/Xcode-16.3.0.app/Contents/Developer/Platforms/WatchOS.platform/Developer/Library/Frameworks -F /Applications/Xcode-16.3.0.app/Contents/Developer/Platforms/WatchOS.platform/Developer/SDKs/WatchOS11.4.sdk/Developer/Library/Frameworks -c -j10 -enable-batch-mode -incremental -Xcc -ivfsstatcache -Xcc /Users/admin/builder/spi-builder-workspace/.derivedData/SDKStatCaches.noindex/watchos11.4-22T246-43efb940ff07ba2497b70ec94253f576.sdkstatcache -output-file-map /Users/admin/builder/spi-builder-workspace/.derivedData/Build/Intermediates.noindex/SynheartAuth.build/Debug-watchos/SynheartAuth.build/Objects-normal/armv7k/SynheartAuth-OutputFileMap.json -use-frontend-parseable-output -save-temps -no-color-diagnostics -serialize-diagnostics -emit-dependencies -emit-module -emit-module-path /Users/admin/builder/spi-builder-workspace/.derivedData/Build/Intermediates.noindex/SynheartAuth.build/Debug-watchos/SynheartAuth.build/Objects-normal/armv7k/SynheartAuth.swiftmodule -validate-clang-modules-once -clang-build-session-file /Users/admin/builder/spi-builder-workspace/.derivedData/ModuleCache.noindex/Session.modulevalidation -package-name spi_builder_workspace -Xcc -I/Users/admin/builder/spi-builder-workspace/.derivedData/Build/Intermediates.noindex/SynheartAuth.build/Debug-watchos/SynheartAuth.build/swift-overrides.hmap -emit-const-values -Xfrontend -const-gather-protocols-file -Xfrontend /Users/admin/builder/spi-builder-workspace/.derivedData/Build/Intermediates.noindex/SynheartAuth.build/Debug-watchos/SynheartAuth.build/Objects-normal/armv7k/SynheartAuth_const_extract_protocols.json -Xcc -I/Users/admin/builder/spi-builder-workspace/.derivedData/Build/Products/Debug-watchos/include -Xcc -I/Users/admin/builder/spi-builder-workspace/.derivedData/Build/Intermediates.noindex/SynheartAuth.build/Debug-watchos/SynheartAuth.build/DerivedSources-normal/armv7k -Xcc -I/Users/admin/builder/spi-builder-workspace/.derivedData/Build/Intermediates.noindex/SynheartAuth.build/Debug-watchos/SynheartAuth.build/DerivedSources/armv7k -Xcc -I/Users/admin/builder/spi-builder-workspace/.derivedData/Build/Intermediates.noindex/SynheartAuth.build/Debug-watchos/SynheartAuth.build/DerivedSources -Xcc -DSWIFT_PACKAGE -Xcc -DDEBUG\=1 -emit-objc-header -emit-objc-header-path /Users/admin/builder/spi-builder-workspace/.derivedData/Build/Intermediates.noindex/SynheartAuth.build/Debug-watchos/SynheartAuth.build/Objects-normal/armv7k/SynheartAuth-Swift.h -working-directory /Users/admin/builder/spi-builder-workspace/.swiftpm/xcode -experimental-emit-module-separately -disable-cmo
SwiftDriverJobDiscovery normal arm64_32 Emitting module for SynheartAuth (in target 'SynheartAuth' from project 'SynheartAuth')
SwiftDriver\ Compilation\ Requirements SynheartAuth normal arm64 com.apple.xcode.tools.swift.compiler (in target 'SynheartAuth' from project 'SynheartAuth')
cd /Users/admin/builder/spi-builder-workspace/.swiftpm/xcode
builtin-Swift-Compilation-Requirements -- /Applications/Xcode-16.3.0.app/Contents/Developer/Toolchains/XcodeDefault.xctoolchain/usr/bin/swiftc -module-name SynheartAuth -Onone -enforce-exclusivity\=checked @/Users/admin/builder/spi-builder-workspace/.derivedData/Build/Intermediates.noindex/SynheartAuth.build/Debug-watchos/SynheartAuth.build/Objects-normal/arm64/SynheartAuth.SwiftFileList -DSWIFT_PACKAGE -DDEBUG -stats-output-dir .stats -strict-concurrency\=complete -enable-upcoming-feature StrictConcurrency -enable-upcoming-feature DisableOutwardActorInference -enable-upcoming-feature GlobalActorIsolatedTypesUsability -enable-upcoming-feature InferSendableFromCaptures -plugin-path /Applications/Xcode-16.3.0.app/Contents/Developer/Toolchains/XcodeDefault.xctoolchain/usr/lib/swift/host/plugins/testing -enable-experimental-feature DebugDescriptionMacro -sdk /Applications/Xcode-16.3.0.app/Contents/Developer/Platforms/WatchOS.platform/Developer/SDKs/WatchOS11.4.sdk -target arm64-apple-watchos8.0 -g -module-cache-path /Users/admin/builder/spi-builder-workspace/.derivedData/ModuleCache.noindex -Xfrontend -serialize-debugging-options -profile-coverage-mapping -profile-generate -enable-testing -index-store-path /Users/admin/builder/spi-builder-workspace/.derivedData/Index.noindex/DataStore -swift-version 5 -I /Users/admin/builder/spi-builder-workspace/.derivedData/Build/Products/Debug-watchos -I /Applications/Xcode-16.3.0.app/Contents/Developer/Platforms/WatchOS.platform/Developer/usr/lib -F /Users/admin/builder/spi-builder-workspace/.derivedData/Build/Products/Debug-watchos -F /Applications/Xcode-16.3.0.app/Contents/Developer/Platforms/WatchOS.platform/Developer/Library/Frameworks -F /Applications/Xcode-16.3.0.app/Contents/Developer/Platforms/WatchOS.platform/Developer/SDKs/WatchOS11.4.sdk/Developer/Library/Frameworks -c -j10 -enable-batch-mode -incremental -Xcc -ivfsstatcache -Xcc /Users/admin/builder/spi-builder-workspace/.derivedData/SDKStatCaches.noindex/watchos11.4-22T246-43efb940ff07ba2497b70ec94253f576.sdkstatcache -output-file-map /Users/admin/builder/spi-builder-workspace/.derivedData/Build/Intermediates.noindex/SynheartAuth.build/Debug-watchos/SynheartAuth.build/Objects-normal/arm64/SynheartAuth-OutputFileMap.json -use-frontend-parseable-output -save-temps -no-color-diagnostics -serialize-diagnostics -emit-dependencies -emit-module -emit-module-path /Users/admin/builder/spi-builder-workspace/.derivedData/Build/Intermediates.noindex/SynheartAuth.build/Debug-watchos/SynheartAuth.build/Objects-normal/arm64/SynheartAuth.swiftmodule -validate-clang-modules-once -clang-build-session-file /Users/admin/builder/spi-builder-workspace/.derivedData/ModuleCache.noindex/Session.modulevalidation -package-name spi_builder_workspace -Xcc -I/Users/admin/builder/spi-builder-workspace/.derivedData/Build/Intermediates.noindex/SynheartAuth.build/Debug-watchos/SynheartAuth.build/swift-overrides.hmap -emit-const-values -Xfrontend -const-gather-protocols-file -Xfrontend /Users/admin/builder/spi-builder-workspace/.derivedData/Build/Intermediates.noindex/SynheartAuth.build/Debug-watchos/SynheartAuth.build/Objects-normal/arm64/SynheartAuth_const_extract_protocols.json -Xcc -I/Users/admin/builder/spi-builder-workspace/.derivedData/Build/Products/Debug-watchos/include -Xcc -I/Users/admin/builder/spi-builder-workspace/.derivedData/Build/Intermediates.noindex/SynheartAuth.build/Debug-watchos/SynheartAuth.build/DerivedSources-normal/arm64 -Xcc -I/Users/admin/builder/spi-builder-workspace/.derivedData/Build/Intermediates.noindex/SynheartAuth.build/Debug-watchos/SynheartAuth.build/DerivedSources/arm64 -Xcc -I/Users/admin/builder/spi-builder-workspace/.derivedData/Build/Intermediates.noindex/SynheartAuth.build/Debug-watchos/SynheartAuth.build/DerivedSources -Xcc -DSWIFT_PACKAGE -Xcc -DDEBUG\=1 -emit-objc-header -emit-objc-header-path /Users/admin/builder/spi-builder-workspace/.derivedData/Build/Intermediates.noindex/SynheartAuth.build/Debug-watchos/SynheartAuth.build/Objects-normal/arm64/SynheartAuth-Swift.h -working-directory /Users/admin/builder/spi-builder-workspace/.swiftpm/xcode -experimental-emit-module-separately -disable-cmo
SwiftDriver\ Compilation\ Requirements SynheartAuth normal arm64_32 com.apple.xcode.tools.swift.compiler (in target 'SynheartAuth' from project 'SynheartAuth')
cd /Users/admin/builder/spi-builder-workspace/.swiftpm/xcode
builtin-Swift-Compilation-Requirements -- /Applications/Xcode-16.3.0.app/Contents/Developer/Toolchains/XcodeDefault.xctoolchain/usr/bin/swiftc -module-name SynheartAuth -Onone -enforce-exclusivity\=checked @/Users/admin/builder/spi-builder-workspace/.derivedData/Build/Intermediates.noindex/SynheartAuth.build/Debug-watchos/SynheartAuth.build/Objects-normal/arm64_32/SynheartAuth.SwiftFileList -DSWIFT_PACKAGE -DDEBUG -stats-output-dir .stats -strict-concurrency\=complete -enable-upcoming-feature StrictConcurrency -enable-upcoming-feature DisableOutwardActorInference -enable-upcoming-feature GlobalActorIsolatedTypesUsability -enable-upcoming-feature InferSendableFromCaptures -plugin-path /Applications/Xcode-16.3.0.app/Contents/Developer/Toolchains/XcodeDefault.xctoolchain/usr/lib/swift/host/plugins/testing -enable-experimental-feature DebugDescriptionMacro -sdk /Applications/Xcode-16.3.0.app/Contents/Developer/Platforms/WatchOS.platform/Developer/SDKs/WatchOS11.4.sdk -target arm64_32-apple-watchos8.0 -g -module-cache-path /Users/admin/builder/spi-builder-workspace/.derivedData/ModuleCache.noindex -Xfrontend -serialize-debugging-options -profile-coverage-mapping -profile-generate -enable-testing -index-store-path /Users/admin/builder/spi-builder-workspace/.derivedData/Index.noindex/DataStore -swift-version 5 -I /Users/admin/builder/spi-builder-workspace/.derivedData/Build/Products/Debug-watchos -I /Applications/Xcode-16.3.0.app/Contents/Developer/Platforms/WatchOS.platform/Developer/usr/lib -F /Users/admin/builder/spi-builder-workspace/.derivedData/Build/Products/Debug-watchos -F /Applications/Xcode-16.3.0.app/Contents/Developer/Platforms/WatchOS.platform/Developer/Library/Frameworks -F /Applications/Xcode-16.3.0.app/Contents/Developer/Platforms/WatchOS.platform/Developer/SDKs/WatchOS11.4.sdk/Developer/Library/Frameworks -c -j10 -enable-batch-mode -incremental -Xcc -ivfsstatcache -Xcc /Users/admin/builder/spi-builder-workspace/.derivedData/SDKStatCaches.noindex/watchos11.4-22T246-43efb940ff07ba2497b70ec94253f576.sdkstatcache -output-file-map /Users/admin/builder/spi-builder-workspace/.derivedData/Build/Intermediates.noindex/SynheartAuth.build/Debug-watchos/SynheartAuth.build/Objects-normal/arm64_32/SynheartAuth-OutputFileMap.json -use-frontend-parseable-output -save-temps -no-color-diagnostics -serialize-diagnostics -emit-dependencies -emit-module -emit-module-path /Users/admin/builder/spi-builder-workspace/.derivedData/Build/Intermediates.noindex/SynheartAuth.build/Debug-watchos/SynheartAuth.build/Objects-normal/arm64_32/SynheartAuth.swiftmodule -validate-clang-modules-once -clang-build-session-file /Users/admin/builder/spi-builder-workspace/.derivedData/ModuleCache.noindex/Session.modulevalidation -package-name spi_builder_workspace -Xcc -I/Users/admin/builder/spi-builder-workspace/.derivedData/Build/Intermediates.noindex/SynheartAuth.build/Debug-watchos/SynheartAuth.build/swift-overrides.hmap -emit-const-values -Xfrontend -const-gather-protocols-file -Xfrontend /Users/admin/builder/spi-builder-workspace/.derivedData/Build/Intermediates.noindex/SynheartAuth.build/Debug-watchos/SynheartAuth.build/Objects-normal/arm64_32/SynheartAuth_const_extract_protocols.json -Xcc -I/Users/admin/builder/spi-builder-workspace/.derivedData/Build/Products/Debug-watchos/include -Xcc -I/Users/admin/builder/spi-builder-workspace/.derivedData/Build/Intermediates.noindex/SynheartAuth.build/Debug-watchos/SynheartAuth.build/DerivedSources-normal/arm64_32 -Xcc -I/Users/admin/builder/spi-builder-workspace/.derivedData/Build/Intermediates.noindex/SynheartAuth.build/Debug-watchos/SynheartAuth.build/DerivedSources/arm64_32 -Xcc -I/Users/admin/builder/spi-builder-workspace/.derivedData/Build/Intermediates.noindex/SynheartAuth.build/Debug-watchos/SynheartAuth.build/DerivedSources -Xcc -DSWIFT_PACKAGE -Xcc -DDEBUG\=1 -emit-objc-header -emit-objc-header-path /Users/admin/builder/spi-builder-workspace/.derivedData/Build/Intermediates.noindex/SynheartAuth.build/Debug-watchos/SynheartAuth.build/Objects-normal/arm64_32/SynheartAuth-Swift.h -working-directory /Users/admin/builder/spi-builder-workspace/.swiftpm/xcode -experimental-emit-module-separately -disable-cmo
Copy /Users/admin/builder/spi-builder-workspace/.derivedData/Build/Products/Debug-watchos/SynheartAuth.swiftmodule/armv7k-apple-watchos.swiftmodule /Users/admin/builder/spi-builder-workspace/.derivedData/Build/Intermediates.noindex/SynheartAuth.build/Debug-watchos/SynheartAuth.build/Objects-normal/armv7k/SynheartAuth.swiftmodule (in target 'SynheartAuth' from project 'SynheartAuth')
cd /Users/admin/builder/spi-builder-workspace
builtin-copy -exclude .DS_Store -exclude CVS -exclude .svn -exclude .git -exclude .hg -resolve-src-symlinks -rename /Users/admin/builder/spi-builder-workspace/.derivedData/Build/Intermediates.noindex/SynheartAuth.build/Debug-watchos/SynheartAuth.build/Objects-normal/armv7k/SynheartAuth.swiftmodule /Users/admin/builder/spi-builder-workspace/.derivedData/Build/Products/Debug-watchos/SynheartAuth.swiftmodule/armv7k-apple-watchos.swiftmodule
SwiftMergeGeneratedHeaders /Users/admin/builder/spi-builder-workspace/.derivedData/Build/Intermediates.noindex/GeneratedModuleMaps-watchos/SynheartAuth-Swift.h /Users/admin/builder/spi-builder-workspace/.derivedData/Build/Intermediates.noindex/SynheartAuth.build/Debug-watchos/SynheartAuth.build/Objects-normal/arm64/SynheartAuth-Swift.h /Users/admin/builder/spi-builder-workspace/.derivedData/Build/Intermediates.noindex/SynheartAuth.build/Debug-watchos/SynheartAuth.build/Objects-normal/arm64_32/SynheartAuth-Swift.h /Users/admin/builder/spi-builder-workspace/.derivedData/Build/Intermediates.noindex/SynheartAuth.build/Debug-watchos/SynheartAuth.build/Objects-normal/armv7k/SynheartAuth-Swift.h (in target 'SynheartAuth' from project 'SynheartAuth')
cd /Users/admin/builder/spi-builder-workspace
builtin-swiftHeaderTool -arch arm64 /Users/admin/builder/spi-builder-workspace/.derivedData/Build/Intermediates.noindex/SynheartAuth.build/Debug-watchos/SynheartAuth.build/Objects-normal/arm64/SynheartAuth-Swift.h -arch arm64_32 /Users/admin/builder/spi-builder-workspace/.derivedData/Build/Intermediates.noindex/SynheartAuth.build/Debug-watchos/SynheartAuth.build/Objects-normal/arm64_32/SynheartAuth-Swift.h -arch armv7k /Users/admin/builder/spi-builder-workspace/.derivedData/Build/Intermediates.noindex/SynheartAuth.build/Debug-watchos/SynheartAuth.build/Objects-normal/armv7k/SynheartAuth-Swift.h -o /Users/admin/builder/spi-builder-workspace/.derivedData/Build/Intermediates.noindex/GeneratedModuleMaps-watchos/SynheartAuth-Swift.h
Copy /Users/admin/builder/spi-builder-workspace/.derivedData/Build/Products/Debug-watchos/SynheartAuth.swiftmodule/armv7k-apple-watchos.swiftdoc /Users/admin/builder/spi-builder-workspace/.derivedData/Build/Intermediates.noindex/SynheartAuth.build/Debug-watchos/SynheartAuth.build/Objects-normal/armv7k/SynheartAuth.swiftdoc (in target 'SynheartAuth' from project 'SynheartAuth')
cd /Users/admin/builder/spi-builder-workspace
builtin-copy -exclude .DS_Store -exclude CVS -exclude .svn -exclude .git -exclude .hg -resolve-src-symlinks -rename /Users/admin/builder/spi-builder-workspace/.derivedData/Build/Intermediates.noindex/SynheartAuth.build/Debug-watchos/SynheartAuth.build/Objects-normal/armv7k/SynheartAuth.swiftdoc /Users/admin/builder/spi-builder-workspace/.derivedData/Build/Products/Debug-watchos/SynheartAuth.swiftmodule/armv7k-apple-watchos.swiftdoc
Copy /Users/admin/builder/spi-builder-workspace/.derivedData/Build/Products/Debug-watchos/SynheartAuth.swiftmodule/armv7k-apple-watchos.abi.json /Users/admin/builder/spi-builder-workspace/.derivedData/Build/Intermediates.noindex/SynheartAuth.build/Debug-watchos/SynheartAuth.build/Objects-normal/armv7k/SynheartAuth.abi.json (in target 'SynheartAuth' from project 'SynheartAuth')
cd /Users/admin/builder/spi-builder-workspace
builtin-copy -exclude .DS_Store -exclude CVS -exclude .svn -exclude .git -exclude .hg -resolve-src-symlinks -rename /Users/admin/builder/spi-builder-workspace/.derivedData/Build/Intermediates.noindex/SynheartAuth.build/Debug-watchos/SynheartAuth.build/Objects-normal/armv7k/SynheartAuth.abi.json /Users/admin/builder/spi-builder-workspace/.derivedData/Build/Products/Debug-watchos/SynheartAuth.swiftmodule/armv7k-apple-watchos.abi.json
Copy /Users/admin/builder/spi-builder-workspace/.derivedData/Build/Products/Debug-watchos/SynheartAuth.swiftmodule/arm64_32-apple-watchos.swiftmodule /Users/admin/builder/spi-builder-workspace/.derivedData/Build/Intermediates.noindex/SynheartAuth.build/Debug-watchos/SynheartAuth.build/Objects-normal/arm64_32/SynheartAuth.swiftmodule (in target 'SynheartAuth' from project 'SynheartAuth')
cd /Users/admin/builder/spi-builder-workspace
builtin-copy -exclude .DS_Store -exclude CVS -exclude .svn -exclude .git -exclude .hg -resolve-src-symlinks -rename /Users/admin/builder/spi-builder-workspace/.derivedData/Build/Intermediates.noindex/SynheartAuth.build/Debug-watchos/SynheartAuth.build/Objects-normal/arm64_32/SynheartAuth.swiftmodule /Users/admin/builder/spi-builder-workspace/.derivedData/Build/Products/Debug-watchos/SynheartAuth.swiftmodule/arm64_32-apple-watchos.swiftmodule
Copy /Users/admin/builder/spi-builder-workspace/.derivedData/Build/Products/Debug-watchos/SynheartAuth.swiftmodule/arm64_32-apple-watchos.swiftdoc /Users/admin/builder/spi-builder-workspace/.derivedData/Build/Intermediates.noindex/SynheartAuth.build/Debug-watchos/SynheartAuth.build/Objects-normal/arm64_32/SynheartAuth.swiftdoc (in target 'SynheartAuth' from project 'SynheartAuth')
cd /Users/admin/builder/spi-builder-workspace
builtin-copy -exclude .DS_Store -exclude CVS -exclude .svn -exclude .git -exclude .hg -resolve-src-symlinks -rename /Users/admin/builder/spi-builder-workspace/.derivedData/Build/Intermediates.noindex/SynheartAuth.build/Debug-watchos/SynheartAuth.build/Objects-normal/arm64_32/SynheartAuth.swiftdoc /Users/admin/builder/spi-builder-workspace/.derivedData/Build/Products/Debug-watchos/SynheartAuth.swiftmodule/arm64_32-apple-watchos.swiftdoc
Copy /Users/admin/builder/spi-builder-workspace/.derivedData/Build/Products/Debug-watchos/SynheartAuth.swiftmodule/arm64_32-apple-watchos.abi.json /Users/admin/builder/spi-builder-workspace/.derivedData/Build/Intermediates.noindex/SynheartAuth.build/Debug-watchos/SynheartAuth.build/Objects-normal/arm64_32/SynheartAuth.abi.json (in target 'SynheartAuth' from project 'SynheartAuth')
cd /Users/admin/builder/spi-builder-workspace
builtin-copy -exclude .DS_Store -exclude CVS -exclude .svn -exclude .git -exclude .hg -resolve-src-symlinks -rename /Users/admin/builder/spi-builder-workspace/.derivedData/Build/Intermediates.noindex/SynheartAuth.build/Debug-watchos/SynheartAuth.build/Objects-normal/arm64_32/SynheartAuth.abi.json /Users/admin/builder/spi-builder-workspace/.derivedData/Build/Products/Debug-watchos/SynheartAuth.swiftmodule/arm64_32-apple-watchos.abi.json
Copy /Users/admin/builder/spi-builder-workspace/.derivedData/Build/Products/Debug-watchos/SynheartAuth.swiftmodule/arm64-apple-watchos.swiftmodule /Users/admin/builder/spi-builder-workspace/.derivedData/Build/Intermediates.noindex/SynheartAuth.build/Debug-watchos/SynheartAuth.build/Objects-normal/arm64/SynheartAuth.swiftmodule (in target 'SynheartAuth' from project 'SynheartAuth')
cd /Users/admin/builder/spi-builder-workspace
builtin-copy -exclude .DS_Store -exclude CVS -exclude .svn -exclude .git -exclude .hg -resolve-src-symlinks -rename /Users/admin/builder/spi-builder-workspace/.derivedData/Build/Intermediates.noindex/SynheartAuth.build/Debug-watchos/SynheartAuth.build/Objects-normal/arm64/SynheartAuth.swiftmodule /Users/admin/builder/spi-builder-workspace/.derivedData/Build/Products/Debug-watchos/SynheartAuth.swiftmodule/arm64-apple-watchos.swiftmodule
Copy /Users/admin/builder/spi-builder-workspace/.derivedData/Build/Products/Debug-watchos/SynheartAuth.swiftmodule/arm64-apple-watchos.swiftdoc /Users/admin/builder/spi-builder-workspace/.derivedData/Build/Intermediates.noindex/SynheartAuth.build/Debug-watchos/SynheartAuth.build/Objects-normal/arm64/SynheartAuth.swiftdoc (in target 'SynheartAuth' from project 'SynheartAuth')
cd /Users/admin/builder/spi-builder-workspace
builtin-copy -exclude .DS_Store -exclude CVS -exclude .svn -exclude .git -exclude .hg -resolve-src-symlinks -rename /Users/admin/builder/spi-builder-workspace/.derivedData/Build/Intermediates.noindex/SynheartAuth.build/Debug-watchos/SynheartAuth.build/Objects-normal/arm64/SynheartAuth.swiftdoc /Users/admin/builder/spi-builder-workspace/.derivedData/Build/Products/Debug-watchos/SynheartAuth.swiftmodule/arm64-apple-watchos.swiftdoc
Copy /Users/admin/builder/spi-builder-workspace/.derivedData/Build/Products/Debug-watchos/SynheartAuth.swiftmodule/arm64-apple-watchos.abi.json /Users/admin/builder/spi-builder-workspace/.derivedData/Build/Intermediates.noindex/SynheartAuth.build/Debug-watchos/SynheartAuth.build/Objects-normal/arm64/SynheartAuth.abi.json (in target 'SynheartAuth' from project 'SynheartAuth')
cd /Users/admin/builder/spi-builder-workspace
builtin-copy -exclude .DS_Store -exclude CVS -exclude .svn -exclude .git -exclude .hg -resolve-src-symlinks -rename /Users/admin/builder/spi-builder-workspace/.derivedData/Build/Intermediates.noindex/SynheartAuth.build/Debug-watchos/SynheartAuth.build/Objects-normal/arm64/SynheartAuth.abi.json /Users/admin/builder/spi-builder-workspace/.derivedData/Build/Products/Debug-watchos/SynheartAuth.swiftmodule/arm64-apple-watchos.abi.json
Copy /Users/admin/builder/spi-builder-workspace/.derivedData/Build/Products/Debug-watchos/SynheartAuth.swiftmodule/Project/armv7k-apple-watchos.swiftsourceinfo /Users/admin/builder/spi-builder-workspace/.derivedData/Build/Intermediates.noindex/SynheartAuth.build/Debug-watchos/SynheartAuth.build/Objects-normal/armv7k/SynheartAuth.swiftsourceinfo (in target 'SynheartAuth' from project 'SynheartAuth')
cd /Users/admin/builder/spi-builder-workspace
builtin-copy -exclude .DS_Store -exclude CVS -exclude .svn -exclude .git -exclude .hg -resolve-src-symlinks -rename /Users/admin/builder/spi-builder-workspace/.derivedData/Build/Intermediates.noindex/SynheartAuth.build/Debug-watchos/SynheartAuth.build/Objects-normal/armv7k/SynheartAuth.swiftsourceinfo /Users/admin/builder/spi-builder-workspace/.derivedData/Build/Products/Debug-watchos/SynheartAuth.swiftmodule/Project/armv7k-apple-watchos.swiftsourceinfo
Copy /Users/admin/builder/spi-builder-workspace/.derivedData/Build/Products/Debug-watchos/SynheartAuth.swiftmodule/Project/arm64_32-apple-watchos.swiftsourceinfo /Users/admin/builder/spi-builder-workspace/.derivedData/Build/Intermediates.noindex/SynheartAuth.build/Debug-watchos/SynheartAuth.build/Objects-normal/arm64_32/SynheartAuth.swiftsourceinfo (in target 'SynheartAuth' from project 'SynheartAuth')
cd /Users/admin/builder/spi-builder-workspace
builtin-copy -exclude .DS_Store -exclude CVS -exclude .svn -exclude .git -exclude .hg -resolve-src-symlinks -rename /Users/admin/builder/spi-builder-workspace/.derivedData/Build/Intermediates.noindex/SynheartAuth.build/Debug-watchos/SynheartAuth.build/Objects-normal/arm64_32/SynheartAuth.swiftsourceinfo /Users/admin/builder/spi-builder-workspace/.derivedData/Build/Products/Debug-watchos/SynheartAuth.swiftmodule/Project/arm64_32-apple-watchos.swiftsourceinfo
Copy /Users/admin/builder/spi-builder-workspace/.derivedData/Build/Products/Debug-watchos/SynheartAuth.swiftmodule/Project/arm64-apple-watchos.swiftsourceinfo /Users/admin/builder/spi-builder-workspace/.derivedData/Build/Intermediates.noindex/SynheartAuth.build/Debug-watchos/SynheartAuth.build/Objects-normal/arm64/SynheartAuth.swiftsourceinfo (in target 'SynheartAuth' from project 'SynheartAuth')
cd /Users/admin/builder/spi-builder-workspace
builtin-copy -exclude .DS_Store -exclude CVS -exclude .svn -exclude .git -exclude .hg -resolve-src-symlinks -rename /Users/admin/builder/spi-builder-workspace/.derivedData/Build/Intermediates.noindex/SynheartAuth.build/Debug-watchos/SynheartAuth.build/Objects-normal/arm64/SynheartAuth.swiftsourceinfo /Users/admin/builder/spi-builder-workspace/.derivedData/Build/Products/Debug-watchos/SynheartAuth.swiftmodule/Project/arm64-apple-watchos.swiftsourceinfo
SwiftCompile normal armv7k Compiling\ OperationClaims.swift /Users/admin/builder/spi-builder-workspace/Sources/SynheartAuth/Registration/OperationClaims.swift (in target 'SynheartAuth' from project 'SynheartAuth')
SwiftCompile normal armv7k /Users/admin/builder/spi-builder-workspace/Sources/SynheartAuth/Registration/OperationClaims.swift (in target 'SynheartAuth' from project 'SynheartAuth')
cd /Users/admin/builder/spi-builder-workspace/.swiftpm/xcode
/Users/admin/builder/spi-builder-workspace/Sources/SynheartAuth/Registration/OperationClaims.swift:18:24: warning: static property 'inFlight' is not concurrency-safe because it is nonisolated global shared mutable state; this is an error in the Swift 6 language mode
private static var inFlight: Set<String> = []
^
/Users/admin/builder/spi-builder-workspace/Sources/SynheartAuth/Registration/OperationClaims.swift:18:24: note: convert 'inFlight' to a 'let' constant to make 'Sendable' shared state immutable
private static var inFlight: Set<String> = []
~~~ ^
let
/Users/admin/builder/spi-builder-workspace/Sources/SynheartAuth/Registration/OperationClaims.swift:18:24: note: add '@MainActor' to make static property 'inFlight' part of global actor 'MainActor'
private static var inFlight: Set<String> = []
^
@MainActor
/Users/admin/builder/spi-builder-workspace/Sources/SynheartAuth/Registration/OperationClaims.swift:18:24: note: disable concurrency-safety checks if accesses are protected by an external synchronization mechanism
private static var inFlight: Set<String> = []
^
nonisolated(unsafe)
SwiftCompile normal arm64 Compiling\ SynheartNativeCrypto.swift,\ AuthLogger.swift /Users/admin/builder/spi-builder-workspace/Sources/SynheartAuth/FFI/SynheartNativeCrypto.swift /Users/admin/builder/spi-builder-workspace/Sources/SynheartAuth/Internal/AuthLogger.swift (in target 'SynheartAuth' from project 'SynheartAuth')
SwiftCompile normal arm64 /Users/admin/builder/spi-builder-workspace/Sources/SynheartAuth/FFI/SynheartNativeCrypto.swift (in target 'SynheartAuth' from project 'SynheartAuth')
cd /Users/admin/builder/spi-builder-workspace/.swiftpm/xcode
SwiftCompile normal arm64 /Users/admin/builder/spi-builder-workspace/Sources/SynheartAuth/Internal/AuthLogger.swift (in target 'SynheartAuth' from project 'SynheartAuth')
cd /Users/admin/builder/spi-builder-workspace/.swiftpm/xcode
SwiftDriverJobDiscovery normal armv7k Compiling OperationClaims.swift (in target 'SynheartAuth' from project 'SynheartAuth')
SwiftCompile normal arm64_32 Compiling\ SynheartAuth.swift /Users/admin/builder/spi-builder-workspace/Sources/SynheartAuth/SynheartAuth.swift (in target 'SynheartAuth' from project 'SynheartAuth')
SwiftCompile normal arm64_32 /Users/admin/builder/spi-builder-workspace/Sources/SynheartAuth/SynheartAuth.swift (in target 'SynheartAuth' from project 'SynheartAuth')
cd /Users/admin/builder/spi-builder-workspace/.swiftpm/xcode
SwiftDriverJobDiscovery normal armv7k Compiling StorageManager.swift (in target 'SynheartAuth' from project 'SynheartAuth')
SwiftCompile normal arm64 Compiling\ DeviceRegistrar.swift /Users/admin/builder/spi-builder-workspace/Sources/SynheartAuth/Registration/DeviceRegistrar.swift (in target 'SynheartAuth' from project 'SynheartAuth')
SwiftCompile normal arm64 /Users/admin/builder/spi-builder-workspace/Sources/SynheartAuth/Registration/DeviceRegistrar.swift (in target 'SynheartAuth' from project 'SynheartAuth')
cd /Users/admin/builder/spi-builder-workspace/.swiftpm/xcode
SwiftDriverJobDiscovery normal arm64_32 Compiling AuthNetworkClient.swift (in target 'SynheartAuth' from project 'SynheartAuth')
SwiftCompile normal arm64_32 Compiling\ StorageManager.swift /Users/admin/builder/spi-builder-workspace/Sources/SynheartAuth/Storage/StorageManager.swift (in target 'SynheartAuth' from project 'SynheartAuth')
SwiftDriverJobDiscovery normal arm64_32 Compiling ClockSkewTracker.swift, AuthError.swift (in target 'SynheartAuth' from project 'SynheartAuth')
SwiftCompile normal arm64 Compiling\ AuthNetworkClient.swift /Users/admin/builder/spi-builder-workspace/Sources/SynheartAuth/Network/AuthNetworkClient.swift (in target 'SynheartAuth' from project 'SynheartAuth')
SwiftDriverJobDiscovery normal armv7k Compiling ClockSkewTracker.swift, AuthError.swift (in target 'SynheartAuth' from project 'SynheartAuth')
SwiftCompile normal arm64_32 Compiling\ SynheartNativeCrypto.swift,\ AuthLogger.swift /Users/admin/builder/spi-builder-workspace/Sources/SynheartAuth/FFI/SynheartNativeCrypto.swift /Users/admin/builder/spi-builder-workspace/Sources/SynheartAuth/Internal/AuthLogger.swift (in target 'SynheartAuth' from project 'SynheartAuth')
SwiftDriverJobDiscovery normal arm64_32 Compiling NetworkModels.swift (in target 'SynheartAuth' from project 'SynheartAuth')
SwiftCompile normal arm64_32 Compiling\ KeyManager.swift,\ RequestSigner.swift /Users/admin/builder/spi-builder-workspace/Sources/SynheartAuth/Crypto/KeyManager.swift /Users/admin/builder/spi-builder-workspace/Sources/SynheartAuth/Crypto/RequestSigner.swift (in target 'SynheartAuth' from project 'SynheartAuth')
SwiftCompile normal arm64 Compiling\ SynheartAuth.swift /Users/admin/builder/spi-builder-workspace/Sources/SynheartAuth/SynheartAuth.swift (in target 'SynheartAuth' from project 'SynheartAuth')
SwiftDriverJobDiscovery normal arm64_32 Compiling AuthModels.swift, AuthState.swift (in target 'SynheartAuth' from project 'SynheartAuth')
SwiftCompile normal arm64 Compiling\ StorageManager.swift /Users/admin/builder/spi-builder-workspace/Sources/SynheartAuth/Storage/StorageManager.swift (in target 'SynheartAuth' from project 'SynheartAuth')
Command SwiftCompile failed with a nonzero exit code
SwiftDriverJobDiscovery normal armv7k Compiling AuthNetworkClient.swift (in target 'SynheartAuth' from project 'SynheartAuth')
** BUILD FAILED **
The following build commands failed:
SwiftCompile normal armv7k /Users/admin/builder/spi-builder-workspace/Sources/SynheartAuth/FFI/SynheartNativeCrypto.swift (in target 'SynheartAuth' from project 'SynheartAuth')
SwiftCompile normal armv7k Compiling\ SynheartNativeCrypto.swift,\ AuthLogger.swift /Users/admin/builder/spi-builder-workspace/Sources/SynheartAuth/FFI/SynheartNativeCrypto.swift /Users/admin/builder/spi-builder-workspace/Sources/SynheartAuth/Internal/AuthLogger.swift (in target 'SynheartAuth' from project 'SynheartAuth')
SwiftCompile normal arm64 Compiling\ StorageManager.swift /Users/admin/builder/spi-builder-workspace/Sources/SynheartAuth/Storage/StorageManager.swift (in target 'SynheartAuth' from project 'SynheartAuth')
Building workspace spi-builder-workspace with scheme SynheartAuth
(4 failures)
Command line invocation:
/Applications/Xcode-16.3.0.app/Contents/Developer/usr/bin/xcodebuild -IDEClonedSourcePackagesDirPathOverride=/Users/admin/builder/spi-builder-workspace/.dependencies -resolvePackageDependencies
Resolve Package Graph
Resolved source packages:
SynheartAuth: /Users/admin/builder/spi-builder-workspace
resolved source packages: SynheartAuth
{
"dependencies" : [
],
"manifest_display_name" : "SynheartAuth",
"name" : "SynheartAuth",
"path" : "/Users/admin/builder/spi-builder-workspace",
"platforms" : [
{
"name" : "ios",
"version" : "15.0"
},
{
"name" : "macos",
"version" : "13.0"
}
],
"products" : [
{
"name" : "SynheartAuth",
"targets" : [
"SynheartAuth"
],
"type" : {
"library" : [
"automatic"
]
}
}
],
"targets" : [
{
"c99name" : "SynheartAuthTests",
"module_type" : "SwiftTarget",
"name" : "SynheartAuthTests",
"path" : "Tests/SynheartAuthTests",
"sources" : [
"AuthStateTests.swift",
"ClockSkewTrackerTests.swift",
"DeviceRegistrarTests.swift",
"KeyManagerTests.swift",
"KeychainReadOutcomeTests.swift",
"RegistrationRecoveryTests.swift",
"RequestSignerTests.swift",
"StorageManagerTests.swift",
"SynheartAuthTests.swift"
],
"target_dependencies" : [
"SynheartAuth"
],
"type" : "test"
},
{
"c99name" : "SynheartAuth",
"module_type" : "SwiftTarget",
"name" : "SynheartAuth",
"path" : "Sources/SynheartAuth",
"product_memberships" : [
"SynheartAuth"
],
"sources" : [
"Crypto/KeyManager.swift",
"Crypto/RequestSigner.swift",
"FFI/SynheartNativeCrypto.swift",
"Internal/AuthLogger.swift",
"Internal/ClockSkewTracker.swift",
"Models/AuthError.swift",
"Models/AuthModels.swift",
"Models/AuthState.swift",
"Network/AuthNetworkClient.swift",
"Network/NetworkModels.swift",
"Registration/DeviceRegistrar.swift",
"Registration/OperationClaims.swift",
"Storage/StorageManager.swift",
"SynheartAuth.swift"
],
"type" : "library"
}
],
"tools_version" : "5.9"
}
{
"workspace" : {
"name" : "spi-builder-workspace",
"schemes" : [
"SynheartAuth"
]
}
}
Running build ...
env DEVELOPER_DIR=/Applications/Xcode-16.3.0.app xcrun xcodebuild -IDEClonedSourcePackagesDirPathOverride=$PWD/.dependencies -skipMacroValidation -skipPackagePluginValidation -derivedDataPath $PWD/.derivedData build -scheme SynheartAuth -destination generic/platform=watchOS
Command line invocation:
/Applications/Xcode-16.3.0.app/Contents/Developer/usr/bin/xcodebuild -IDEClonedSourcePackagesDirPathOverride=/Users/admin/builder/spi-builder-workspace/.dependencies -skipMacroValidation -skipPackagePluginValidation -derivedDataPath /Users/admin/builder/spi-builder-workspace/.derivedData build -scheme SynheartAuth -destination generic/platform=watchOS
Resolve Package Graph
Resolved source packages:
SynheartAuth: /Users/admin/builder/spi-builder-workspace
ComputePackagePrebuildTargetDependencyGraph
Prepare packages
CreateBuildRequest
SendProjectDescription
CreateBuildOperation
ComputeTargetDependencyGraph
note: Building targets in dependency order
note: Target dependency graph (2 targets)
Target 'SynheartAuth' in project 'SynheartAuth'
➜ Explicit dependency on target 'SynheartAuth' in project 'SynheartAuth'
Target 'SynheartAuth' in project 'SynheartAuth' (no dependencies)
GatherProvisioningInputs
CreateBuildDescription
ExecuteExternalTool /Applications/Xcode-16.3.0.app/Contents/Developer/Toolchains/XcodeDefault.xctoolchain/usr/bin/clang -v -E -dM -isysroot /Applications/Xcode-16.3.0.app/Contents/Developer/Platforms/WatchOS.platform/Developer/SDKs/WatchOS11.4.sdk -x c -c /dev/null
ExecuteExternalTool /Applications/Xcode-16.3.0.app/Contents/Developer/Toolchains/XcodeDefault.xctoolchain/usr/bin/swiftc --version
ExecuteExternalTool /Applications/Xcode-16.3.0.app/Contents/Developer/Toolchains/XcodeDefault.xctoolchain/usr/bin/ld -version_details
Build description signature: e1b6b306336be33f3ed01667d7a6aefa
Build description path: /Users/admin/builder/spi-builder-workspace/.derivedData/Build/Intermediates.noindex/XCBuildData/e1b6b306336be33f3ed01667d7a6aefa.xcbuilddata
ClangStatCache /Applications/Xcode-16.3.0.app/Contents/Developer/Toolchains/XcodeDefault.xctoolchain/usr/bin/clang-stat-cache /Applications/Xcode-16.3.0.app/Contents/Developer/Platforms/WatchOS.platform/Developer/SDKs/WatchOS11.4.sdk /Users/admin/builder/spi-builder-workspace/.derivedData/SDKStatCaches.noindex/watchos11.4-22T246-43efb940ff07ba2497b70ec94253f576.sdkstatcache
cd /Users/admin/builder/spi-builder-workspace/.swiftpm/xcode
/Applications/Xcode-16.3.0.app/Contents/Developer/Toolchains/XcodeDefault.xctoolchain/usr/bin/clang-stat-cache /Applications/Xcode-16.3.0.app/Contents/Developer/Platforms/WatchOS.platform/Developer/SDKs/WatchOS11.4.sdk -o /Users/admin/builder/spi-builder-workspace/.derivedData/SDKStatCaches.noindex/watchos11.4-22T246-43efb940ff07ba2497b70ec94253f576.sdkstatcache
SwiftDriver SynheartAuth normal arm64_32 com.apple.xcode.tools.swift.compiler (in target 'SynheartAuth' from project 'SynheartAuth')
cd /Users/admin/builder/spi-builder-workspace/.swiftpm/xcode
builtin-SwiftDriver -- /Applications/Xcode-16.3.0.app/Contents/Developer/Toolchains/XcodeDefault.xctoolchain/usr/bin/swiftc -module-name SynheartAuth -Onone -enforce-exclusivity\=checked @/Users/admin/builder/spi-builder-workspace/.derivedData/Build/Intermediates.noindex/SynheartAuth.build/Debug-watchos/SynheartAuth.build/Objects-normal/arm64_32/SynheartAuth.SwiftFileList -DSWIFT_PACKAGE -DDEBUG -DXcode -plugin-path /Applications/Xcode-16.3.0.app/Contents/Developer/Toolchains/XcodeDefault.xctoolchain/usr/lib/swift/host/plugins/testing -enable-experimental-feature DebugDescriptionMacro -sdk /Applications/Xcode-16.3.0.app/Contents/Developer/Platforms/WatchOS.platform/Developer/SDKs/WatchOS11.4.sdk -target arm64_32-apple-watchos8.0 -g -module-cache-path /Users/admin/builder/spi-builder-workspace/.derivedData/ModuleCache.noindex -Xfrontend -serialize-debugging-options -profile-coverage-mapping -profile-generate -enable-testing -index-store-path /Users/admin/builder/spi-builder-workspace/.derivedData/Index.noindex/DataStore -swift-version 5 -I /Users/admin/builder/spi-builder-workspace/.derivedData/Build/Products/Debug-watchos -I /Applications/Xcode-16.3.0.app/Contents/Developer/Platforms/WatchOS.platform/Developer/usr/lib -F /Users/admin/builder/spi-builder-workspace/.derivedData/Build/Products/Debug-watchos -F /Applications/Xcode-16.3.0.app/Contents/Developer/Platforms/WatchOS.platform/Developer/Library/Frameworks -F /Applications/Xcode-16.3.0.app/Contents/Developer/Platforms/WatchOS.platform/Developer/SDKs/WatchOS11.4.sdk/Developer/Library/Frameworks -c -j10 -enable-batch-mode -incremental -Xcc -ivfsstatcache -Xcc /Users/admin/builder/spi-builder-workspace/.derivedData/SDKStatCaches.noindex/watchos11.4-22T246-43efb940ff07ba2497b70ec94253f576.sdkstatcache -output-file-map /Users/admin/builder/spi-builder-workspace/.derivedData/Build/Intermediates.noindex/SynheartAuth.build/Debug-watchos/SynheartAuth.build/Objects-normal/arm64_32/SynheartAuth-OutputFileMap.json -use-frontend-parseable-output -save-temps -no-color-diagnostics -serialize-diagnostics -emit-dependencies -emit-module -emit-module-path /Users/admin/builder/spi-builder-workspace/.derivedData/Build/Intermediates.noindex/SynheartAuth.build/Debug-watchos/SynheartAuth.build/Objects-normal/arm64_32/SynheartAuth.swiftmodule -validate-clang-modules-once -clang-build-session-file /Users/admin/builder/spi-builder-workspace/.derivedData/ModuleCache.noindex/Session.modulevalidation -package-name spi_builder_workspace -Xcc -I/Users/admin/builder/spi-builder-workspace/.derivedData/Build/Intermediates.noindex/SynheartAuth.build/Debug-watchos/SynheartAuth.build/swift-overrides.hmap -emit-const-values -Xfrontend -const-gather-protocols-file -Xfrontend /Users/admin/builder/spi-builder-workspace/.derivedData/Build/Intermediates.noindex/SynheartAuth.build/Debug-watchos/SynheartAuth.build/Objects-normal/arm64_32/SynheartAuth_const_extract_protocols.json -Xcc -I/Users/admin/builder/spi-builder-workspace/.derivedData/Build/Products/Debug-watchos/include -Xcc -I/Users/admin/builder/spi-builder-workspace/.derivedData/Build/Intermediates.noindex/SynheartAuth.build/Debug-watchos/SynheartAuth.build/DerivedSources-normal/arm64_32 -Xcc -I/Users/admin/builder/spi-builder-workspace/.derivedData/Build/Intermediates.noindex/SynheartAuth.build/Debug-watchos/SynheartAuth.build/DerivedSources/arm64_32 -Xcc -I/Users/admin/builder/spi-builder-workspace/.derivedData/Build/Intermediates.noindex/SynheartAuth.build/Debug-watchos/SynheartAuth.build/DerivedSources -Xcc -DSWIFT_PACKAGE -Xcc -DDEBUG\=1 -emit-objc-header -emit-objc-header-path /Users/admin/builder/spi-builder-workspace/.derivedData/Build/Intermediates.noindex/SynheartAuth.build/Debug-watchos/SynheartAuth.build/Objects-normal/arm64_32/SynheartAuth-Swift.h -working-directory /Users/admin/builder/spi-builder-workspace/.swiftpm/xcode -experimental-emit-module-separately -disable-cmo
SwiftDriver SynheartAuth normal armv7k com.apple.xcode.tools.swift.compiler (in target 'SynheartAuth' from project 'SynheartAuth')
cd /Users/admin/builder/spi-builder-workspace/.swiftpm/xcode
builtin-SwiftDriver -- /Applications/Xcode-16.3.0.app/Contents/Developer/Toolchains/XcodeDefault.xctoolchain/usr/bin/swiftc -module-name SynheartAuth -Onone -enforce-exclusivity\=checked @/Users/admin/builder/spi-builder-workspace/.derivedData/Build/Intermediates.noindex/SynheartAuth.build/Debug-watchos/SynheartAuth.build/Objects-normal/armv7k/SynheartAuth.SwiftFileList -DSWIFT_PACKAGE -DDEBUG -DXcode -plugin-path /Applications/Xcode-16.3.0.app/Contents/Developer/Toolchains/XcodeDefault.xctoolchain/usr/lib/swift/host/plugins/testing -enable-experimental-feature DebugDescriptionMacro -sdk /Applications/Xcode-16.3.0.app/Contents/Developer/Platforms/WatchOS.platform/Developer/SDKs/WatchOS11.4.sdk -target armv7k-apple-watchos8.0 -g -module-cache-path /Users/admin/builder/spi-builder-workspace/.derivedData/ModuleCache.noindex -Xfrontend -serialize-debugging-options -profile-coverage-mapping -profile-generate -enable-testing -index-store-path /Users/admin/builder/spi-builder-workspace/.derivedData/Index.noindex/DataStore -swift-version 5 -I /Users/admin/builder/spi-builder-workspace/.derivedData/Build/Products/Debug-watchos -I /Applications/Xcode-16.3.0.app/Contents/Developer/Platforms/WatchOS.platform/Developer/usr/lib -F /Users/admin/builder/spi-builder-workspace/.derivedData/Build/Products/Debug-watchos -F /Applications/Xcode-16.3.0.app/Contents/Developer/Platforms/WatchOS.platform/Developer/Library/Frameworks -F /Applications/Xcode-16.3.0.app/Contents/Developer/Platforms/WatchOS.platform/Developer/SDKs/WatchOS11.4.sdk/Developer/Library/Frameworks -c -j10 -enable-batch-mode -incremental -Xcc -ivfsstatcache -Xcc /Users/admin/builder/spi-builder-workspace/.derivedData/SDKStatCaches.noindex/watchos11.4-22T246-43efb940ff07ba2497b70ec94253f576.sdkstatcache -output-file-map /Users/admin/builder/spi-builder-workspace/.derivedData/Build/Intermediates.noindex/SynheartAuth.build/Debug-watchos/SynheartAuth.build/Objects-normal/armv7k/SynheartAuth-OutputFileMap.json -use-frontend-parseable-output -save-temps -no-color-diagnostics -serialize-diagnostics -emit-dependencies -emit-module -emit-module-path /Users/admin/builder/spi-builder-workspace/.derivedData/Build/Intermediates.noindex/SynheartAuth.build/Debug-watchos/SynheartAuth.build/Objects-normal/armv7k/SynheartAuth.swiftmodule -validate-clang-modules-once -clang-build-session-file /Users/admin/builder/spi-builder-workspace/.derivedData/ModuleCache.noindex/Session.modulevalidation -package-name spi_builder_workspace -Xcc -I/Users/admin/builder/spi-builder-workspace/.derivedData/Build/Intermediates.noindex/SynheartAuth.build/Debug-watchos/SynheartAuth.build/swift-overrides.hmap -emit-const-values -Xfrontend -const-gather-protocols-file -Xfrontend /Users/admin/builder/spi-builder-workspace/.derivedData/Build/Intermediates.noindex/SynheartAuth.build/Debug-watchos/SynheartAuth.build/Objects-normal/armv7k/SynheartAuth_const_extract_protocols.json -Xcc -I/Users/admin/builder/spi-builder-workspace/.derivedData/Build/Products/Debug-watchos/include -Xcc -I/Users/admin/builder/spi-builder-workspace/.derivedData/Build/Intermediates.noindex/SynheartAuth.build/Debug-watchos/SynheartAuth.build/DerivedSources-normal/armv7k -Xcc -I/Users/admin/builder/spi-builder-workspace/.derivedData/Build/Intermediates.noindex/SynheartAuth.build/Debug-watchos/SynheartAuth.build/DerivedSources/armv7k -Xcc -I/Users/admin/builder/spi-builder-workspace/.derivedData/Build/Intermediates.noindex/SynheartAuth.build/Debug-watchos/SynheartAuth.build/DerivedSources -Xcc -DSWIFT_PACKAGE -Xcc -DDEBUG\=1 -emit-objc-header -emit-objc-header-path /Users/admin/builder/spi-builder-workspace/.derivedData/Build/Intermediates.noindex/SynheartAuth.build/Debug-watchos/SynheartAuth.build/Objects-normal/armv7k/SynheartAuth-Swift.h -working-directory /Users/admin/builder/spi-builder-workspace/.swiftpm/xcode -experimental-emit-module-separately -disable-cmo
SwiftDriver SynheartAuth normal arm64 com.apple.xcode.tools.swift.compiler (in target 'SynheartAuth' from project 'SynheartAuth')
cd /Users/admin/builder/spi-builder-workspace/.swiftpm/xcode
builtin-SwiftDriver -- /Applications/Xcode-16.3.0.app/Contents/Developer/Toolchains/XcodeDefault.xctoolchain/usr/bin/swiftc -module-name SynheartAuth -Onone -enforce-exclusivity\=checked @/Users/admin/builder/spi-builder-workspace/.derivedData/Build/Intermediates.noindex/SynheartAuth.build/Debug-watchos/SynheartAuth.build/Objects-normal/arm64/SynheartAuth.SwiftFileList -DSWIFT_PACKAGE -DDEBUG -DXcode -plugin-path /Applications/Xcode-16.3.0.app/Contents/Developer/Toolchains/XcodeDefault.xctoolchain/usr/lib/swift/host/plugins/testing -enable-experimental-feature DebugDescriptionMacro -sdk /Applications/Xcode-16.3.0.app/Contents/Developer/Platforms/WatchOS.platform/Developer/SDKs/WatchOS11.4.sdk -target arm64-apple-watchos8.0 -g -module-cache-path /Users/admin/builder/spi-builder-workspace/.derivedData/ModuleCache.noindex -Xfrontend -serialize-debugging-options -profile-coverage-mapping -profile-generate -enable-testing -index-store-path /Users/admin/builder/spi-builder-workspace/.derivedData/Index.noindex/DataStore -swift-version 5 -I /Users/admin/builder/spi-builder-workspace/.derivedData/Build/Products/Debug-watchos -I /Applications/Xcode-16.3.0.app/Contents/Developer/Platforms/WatchOS.platform/Developer/usr/lib -F /Users/admin/builder/spi-builder-workspace/.derivedData/Build/Products/Debug-watchos -F /Applications/Xcode-16.3.0.app/Contents/Developer/Platforms/WatchOS.platform/Developer/Library/Frameworks -F /Applications/Xcode-16.3.0.app/Contents/Developer/Platforms/WatchOS.platform/Developer/SDKs/WatchOS11.4.sdk/Developer/Library/Frameworks -c -j10 -enable-batch-mode -incremental -Xcc -ivfsstatcache -Xcc /Users/admin/builder/spi-builder-workspace/.derivedData/SDKStatCaches.noindex/watchos11.4-22T246-43efb940ff07ba2497b70ec94253f576.sdkstatcache -output-file-map /Users/admin/builder/spi-builder-workspace/.derivedData/Build/Intermediates.noindex/SynheartAuth.build/Debug-watchos/SynheartAuth.build/Objects-normal/arm64/SynheartAuth-OutputFileMap.json -use-frontend-parseable-output -save-temps -no-color-diagnostics -serialize-diagnostics -emit-dependencies -emit-module -emit-module-path /Users/admin/builder/spi-builder-workspace/.derivedData/Build/Intermediates.noindex/SynheartAuth.build/Debug-watchos/SynheartAuth.build/Objects-normal/arm64/SynheartAuth.swiftmodule -validate-clang-modules-once -clang-build-session-file /Users/admin/builder/spi-builder-workspace/.derivedData/ModuleCache.noindex/Session.modulevalidation -package-name spi_builder_workspace -Xcc -I/Users/admin/builder/spi-builder-workspace/.derivedData/Build/Intermediates.noindex/SynheartAuth.build/Debug-watchos/SynheartAuth.build/swift-overrides.hmap -emit-const-values -Xfrontend -const-gather-protocols-file -Xfrontend /Users/admin/builder/spi-builder-workspace/.derivedData/Build/Intermediates.noindex/SynheartAuth.build/Debug-watchos/SynheartAuth.build/Objects-normal/arm64/SynheartAuth_const_extract_protocols.json -Xcc -I/Users/admin/builder/spi-builder-workspace/.derivedData/Build/Products/Debug-watchos/include -Xcc -I/Users/admin/builder/spi-builder-workspace/.derivedData/Build/Intermediates.noindex/SynheartAuth.build/Debug-watchos/SynheartAuth.build/DerivedSources-normal/arm64 -Xcc -I/Users/admin/builder/spi-builder-workspace/.derivedData/Build/Intermediates.noindex/SynheartAuth.build/Debug-watchos/SynheartAuth.build/DerivedSources/arm64 -Xcc -I/Users/admin/builder/spi-builder-workspace/.derivedData/Build/Intermediates.noindex/SynheartAuth.build/Debug-watchos/SynheartAuth.build/DerivedSources -Xcc -DSWIFT_PACKAGE -Xcc -DDEBUG\=1 -emit-objc-header -emit-objc-header-path /Users/admin/builder/spi-builder-workspace/.derivedData/Build/Intermediates.noindex/SynheartAuth.build/Debug-watchos/SynheartAuth.build/Objects-normal/arm64/SynheartAuth-Swift.h -working-directory /Users/admin/builder/spi-builder-workspace/.swiftpm/xcode -experimental-emit-module-separately -disable-cmo
SwiftCompile normal arm64 Compiling\ ClockSkewTracker.swift,\ AuthError.swift /Users/admin/builder/spi-builder-workspace/Sources/SynheartAuth/Internal/ClockSkewTracker.swift /Users/admin/builder/spi-builder-workspace/Sources/SynheartAuth/Models/AuthError.swift (in target 'SynheartAuth' from project 'SynheartAuth')
SwiftCompile normal arm64 /Users/admin/builder/spi-builder-workspace/Sources/SynheartAuth/Internal/ClockSkewTracker.swift (in target 'SynheartAuth' from project 'SynheartAuth')
cd /Users/admin/builder/spi-builder-workspace/.swiftpm/xcode
SwiftCompile normal arm64 /Users/admin/builder/spi-builder-workspace/Sources/SynheartAuth/Models/AuthError.swift (in target 'SynheartAuth' from project 'SynheartAuth')
cd /Users/admin/builder/spi-builder-workspace/.swiftpm/xcode
SwiftCompile normal arm64 Compiling\ AuthNetworkClient.swift /Users/admin/builder/spi-builder-workspace/Sources/SynheartAuth/Network/AuthNetworkClient.swift (in target 'SynheartAuth' from project 'SynheartAuth')
SwiftCompile normal arm64 /Users/admin/builder/spi-builder-workspace/Sources/SynheartAuth/Network/AuthNetworkClient.swift (in target 'SynheartAuth' from project 'SynheartAuth')
cd /Users/admin/builder/spi-builder-workspace/.swiftpm/xcode
SwiftCompile normal arm64 Compiling\ DeviceRegistrar.swift /Users/admin/builder/spi-builder-workspace/Sources/SynheartAuth/Registration/DeviceRegistrar.swift (in target 'SynheartAuth' from project 'SynheartAuth')
SwiftCompile normal arm64 /Users/admin/builder/spi-builder-workspace/Sources/SynheartAuth/Registration/DeviceRegistrar.swift (in target 'SynheartAuth' from project 'SynheartAuth')
cd /Users/admin/builder/spi-builder-workspace/.swiftpm/xcode
SwiftCompile normal arm64 Compiling\ SynheartNativeCrypto.swift,\ AuthLogger.swift /Users/admin/builder/spi-builder-workspace/Sources/SynheartAuth/FFI/SynheartNativeCrypto.swift /Users/admin/builder/spi-builder-workspace/Sources/SynheartAuth/Internal/AuthLogger.swift (in target 'SynheartAuth' from project 'SynheartAuth')
Failed frontend command:
/Applications/Xcode-16.3.0.app/Contents/Developer/Toolchains/XcodeDefault.xctoolchain/usr/bin/swift-frontend -frontend -c /Users/admin/builder/spi-builder-workspace/Sources/SynheartAuth/Crypto/KeyManager.swift /Users/admin/builder/spi-builder-workspace/Sources/SynheartAuth/Crypto/RequestSigner.swift -primary-file /Users/admin/builder/spi-builder-workspace/Sources/SynheartAuth/FFI/SynheartNativeCrypto.swift -primary-file /Users/admin/builder/spi-builder-workspace/Sources/SynheartAuth/Internal/AuthLogger.swift /Users/admin/builder/spi-builder-workspace/Sources/SynheartAuth/Internal/ClockSkewTracker.swift /Users/admin/builder/spi-builder-workspace/Sources/SynheartAuth/Models/AuthError.swift /Users/admin/builder/spi-builder-workspace/Sources/SynheartAuth/Models/AuthModels.swift /Users/admin/builder/spi-builder-workspace/Sources/SynheartAuth/Models/AuthState.swift /Users/admin/builder/spi-builder-workspace/Sources/SynheartAuth/Network/AuthNetworkClient.swift /Users/admin/builder/spi-builder-workspace/Sources/SynheartAuth/Network/NetworkModels.swift /Users/admin/builder/spi-builder-workspace/Sources/SynheartAuth/Registration/DeviceRegistrar.swift /Users/admin/builder/spi-builder-workspace/Sources/SynheartAuth/Registration/OperationClaims.swift /Users/admin/builder/spi-builder-workspace/Sources/SynheartAuth/Storage/StorageManager.swift /Users/admin/builder/spi-builder-workspace/Sources/SynheartAuth/SynheartAuth.swift -emit-dependencies-path /Users/admin/builder/spi-builder-workspace/.derivedData/Build/Intermediates.noindex/SynheartAuth.build/Debug-watchos/SynheartAuth.build/Objects-normal/arm64/SynheartNativeCrypto.d -emit-const-values-path /Users/admin/builder/spi-builder-workspace/.derivedData/Build/Intermediates.noindex/SynheartAuth.build/Debug-watchos/SynheartAuth.build/Objects-normal/arm64/SynheartNativeCrypto.swiftconstvalues -emit-reference-dependencies-path /Users/admin/builder/spi-builder-workspace/.derivedData/Build/Intermediates.noindex/SynheartAuth.build/Debug-watchos/SynheartAuth.build/Objects-normal/arm64/SynheartNativeCrypto.swiftdeps -serialize-diagnostics-path /Users/admin/builder/spi-builder-workspace/.derivedData/Build/Intermediates.noindex/SynheartAuth.build/Debug-watchos/SynheartAuth.build/Objects-normal/arm64/SynheartNativeCrypto.dia -emit-dependencies-path /Users/admin/builder/spi-builder-workspace/.derivedData/Build/Intermediates.noindex/SynheartAuth.build/Debug-watchos/SynheartAuth.build/Objects-normal/arm64/AuthLogger.d -emit-const-values-path /Users/admin/builder/spi-builder-workspace/.derivedData/Build/Intermediates.noindex/SynheartAuth.build/Debug-watchos/SynheartAuth.build/Objects-normal/arm64/AuthLogger.swiftconstvalues -emit-reference-dependencies-path /Users/admin/builder/spi-builder-workspace/.derivedData/Build/Intermediates.noindex/SynheartAuth.build/Debug-watchos/SynheartAuth.build/Objects-normal/arm64/AuthLogger.swiftdeps -serialize-diagnostics-path /Users/admin/builder/spi-builder-workspace/.derivedData/Build/Intermediates.noindex/SynheartAuth.build/Debug-watchos/SynheartAuth.build/Objects-normal/arm64/AuthLogger.dia -target arm64-apple-watchos8.0 -Xllvm -aarch64-use-tbi -enable-objc-interop -stack-check -sdk /Applications/Xcode-16.3.0.app/Contents/Developer/Platforms/WatchOS.platform/Developer/SDKs/WatchOS11.4.sdk -I /Users/admin/builder/spi-builder-workspace/.derivedData/Build/Products/Debug-watchos -I /Applications/Xcode-16.3.0.app/Contents/Developer/Platforms/WatchOS.platform/Developer/usr/lib -F /Users/admin/builder/spi-builder-workspace/.derivedData/Build/Products/Debug-watchos -F /Applications/Xcode-16.3.0.app/Contents/Developer/Platforms/WatchOS.platform/Developer/Library/Frameworks -F /Applications/Xcode-16.3.0.app/Contents/Developer/Platforms/WatchOS.platform/Developer/SDKs/WatchOS11.4.sdk/Developer/Library/Frameworks -no-color-diagnostics -enable-testing -g -debug-info-format\=dwarf -dwarf-version\=4 -module-cache-path /Users/admin/builder/spi-builder-workspace/.derivedData/ModuleCache.noindex -profile-generate -profile-coverage-mapping -swift-version 5 -enforce-exclusivity\=checked -Onone -D SWIFT_PACKAGE -D DEBUG -D Xcode -serialize-debugging-options -const-gather-protocols-file /Users/admin/builder/spi-builder-workspace/.derivedData/Build/Intermediates.noindex/SynheartAuth.build/Debug-watchos/SynheartAuth.build/Objects-normal/arm64/SynheartAuth_const_extract_protocols.json -enable-experimental-feature DebugDescriptionMacro -empty-abi-descriptor -plugin-path /Applications/Xcode-16.3.0.app/Contents/Developer/Toolchains/XcodeDefault.xctoolchain/usr/lib/swift/host/plugins/testing -validate-clang-modules-once -clang-build-session-file /Users/admin/builder/spi-builder-workspace/.derivedData/ModuleCache.noindex/Session.modulevalidation -Xcc -working-directory -Xcc /Users/admin/builder/spi-builder-workspace/.swiftpm/xcode -resource-dir /Applications/Xcode-16.3.0.app/Contents/Developer/Toolchains/XcodeDefault.xctoolchain/usr/lib/swift -enable-anonymous-context-mangled-names -file-compilation-dir /Users/admin/builder/spi-builder-workspace/.swiftpm/xcode -Xcc -ivfsstatcache -Xcc /Users/admin/builder/spi-builder-workspace/.derivedData/SDKStatCaches.noindex/watchos11.4-22T246-43efb940ff07ba2497b70ec94253f576.sdkstatcache -Xcc -I/Users/admin/builder/spi-builder-workspace/.derivedData/Build/Intermediates.noindex/SynheartAuth.build/Debug-watchos/SynheartAuth.build/swift-overrides.hmap -Xcc -I/Users/admin/builder/spi-builder-workspace/.derivedData/Build/Products/Debug-watchos/include -Xcc -I/Users/admin/builder/spi-builder-workspace/.derivedData/Build/Intermediates.noindex/SynheartAuth.build/Debug-watchos/SynheartAuth.build/DerivedSources-normal/arm64 -Xcc -I/Users/admin/builder/spi-builder-workspace/.derivedData/Build/Intermediates.noindex/SynheartAuth.build/Debug-watchos/SynheartAuth.build/DerivedSources/arm64 -Xcc -I/Users/admin/builder/spi-builder-workspace/.derivedData/Build/Intermediates.noindex/SynheartAuth.build/Debug-watchos/SynheartAuth.build/DerivedSources -Xcc -DSWIFT_PACKAGE -Xcc -DDEBUG\=1 -module-name SynheartAuth -package-name spi_builder_workspace -frontend-parseable-output -disable-clang-spi -target-sdk-version 11.4 -target-sdk-name watchos11.4 -external-plugin-path /Applications/Xcode-16.3.0.app/Contents/Developer/Platforms/WatchOS.platform/Developer/usr/lib/swift/host/plugins\#/Applications/Xcode-16.3.0.app/Contents/Developer/Platforms/WatchOS.platform/Developer/usr/bin/swift-plugin-server -external-plugin-path /Applications/Xcode-16.3.0.app/Contents/Developer/Platforms/WatchOS.platform/Developer/usr/local/lib/swift/host/plugins\#/Applications/Xcode-16.3.0.app/Contents/Developer/Platforms/WatchOS.platform/Developer/usr/bin/swift-plugin-server -in-process-plugin-server-path /Applications/Xcode-16.3.0.app/Contents/Developer/Toolchains/XcodeDefault.xctoolchain/usr/lib/swift/host/libSwiftInProcPluginServer.dylib -plugin-path /Applications/Xcode-16.3.0.app/Contents/Developer/Toolchains/XcodeDefault.xctoolchain/usr/lib/swift/host/plugins -plugin-path /Applications/Xcode-16.3.0.app/Contents/Developer/Toolchains/XcodeDefault.xctoolchain/usr/local/lib/swift/host/plugins -o /Users/admin/builder/spi-builder-workspace/.derivedData/Build/Intermediates.noindex/SynheartAuth.build/Debug-watchos/SynheartAuth.build/Objects-normal/arm64/SynheartNativeCrypto.o -o /Users/admin/builder/spi-builder-workspace/.derivedData/Build/Intermediates.noindex/SynheartAuth.build/Debug-watchos/SynheartAuth.build/Objects-normal/arm64/AuthLogger.o -index-unit-output-path /SynheartAuth.build/Debug-watchos/SynheartAuth.build/Objects-normal/arm64/SynheartNativeCrypto.o -index-unit-output-path /SynheartAuth.build/Debug-watchos/SynheartAuth.build/Objects-normal/arm64/AuthLogger.o -index-store-path /Users/admin/builder/spi-builder-workspace/.derivedData/Index.noindex/DataStore -index-system-modules
SwiftCompile normal arm64 /Users/admin/builder/spi-builder-workspace/Sources/SynheartAuth/FFI/SynheartNativeCrypto.swift (in target 'SynheartAuth' from project 'SynheartAuth')
cd /Users/admin/builder/spi-builder-workspace/.swiftpm/xcode
/Users/admin/builder/spi-builder-workspace/Sources/SynheartAuth/FFI/SynheartNativeCrypto.swift:295:11: error: 'DCAppAttestService' is only available in watchOS 9.0 or newer
guard DCAppAttestService.shared.isSupported else { return nil }
^
/Users/admin/builder/spi-builder-workspace/Sources/SynheartAuth/FFI/SynheartNativeCrypto.swift:295:11: note: add 'if #available' version check
guard DCAppAttestService.shared.isSupported else { return nil }
^
/Users/admin/builder/spi-builder-workspace/Sources/SynheartAuth/FFI/SynheartNativeCrypto.swift:285:13: note: add @available attribute to enclosing global function
public func synheart_native_get_attestation(
^
/Users/admin/builder/spi-builder-workspace/Sources/SynheartAuth/FFI/SynheartNativeCrypto.swift:311:35: error: 'DCAppAttestService' is only available in watchOS 9.0 or newer
keyId = try await DCAppAttestService.shared.generateKey()
^
/Users/admin/builder/spi-builder-workspace/Sources/SynheartAuth/FFI/SynheartNativeCrypto.swift:311:35: note: add 'if #available' version check
keyId = try await DCAppAttestService.shared.generateKey()
^
/Users/admin/builder/spi-builder-workspace/Sources/SynheartAuth/FFI/SynheartNativeCrypto.swift:285:13: note: add @available attribute to enclosing global function
public func synheart_native_get_attestation(
^
/Users/admin/builder/spi-builder-workspace/Sources/SynheartAuth/FFI/SynheartNativeCrypto.swift:313:33: error: 'DCAppAttestService' is only available in watchOS 9.0 or newer
let att = try await DCAppAttestService.shared.attestKey(keyId, clientDataHash: clientDataHash)
^
/Users/admin/builder/spi-builder-workspace/Sources/SynheartAuth/FFI/SynheartNativeCrypto.swift:313:33: note: add 'if #available' version check
let att = try await DCAppAttestService.shared.attestKey(keyId, clientDataHash: clientDataHash)
^
/Users/admin/builder/spi-builder-workspace/Sources/SynheartAuth/FFI/SynheartNativeCrypto.swift:285:13: note: add @available attribute to enclosing global function
public func synheart_native_get_attestation(
^
SwiftCompile normal arm64 /Users/admin/builder/spi-builder-workspace/Sources/SynheartAuth/Internal/AuthLogger.swift (in target 'SynheartAuth' from project 'SynheartAuth')
cd /Users/admin/builder/spi-builder-workspace/.swiftpm/xcode
SwiftCompile normal arm64 Compiling\ NetworkModels.swift /Users/admin/builder/spi-builder-workspace/Sources/SynheartAuth/Network/NetworkModels.swift (in target 'SynheartAuth' from project 'SynheartAuth')
SwiftCompile normal arm64 /Users/admin/builder/spi-builder-workspace/Sources/SynheartAuth/Network/NetworkModels.swift (in target 'SynheartAuth' from project 'SynheartAuth')
cd /Users/admin/builder/spi-builder-workspace/.swiftpm/xcode
SwiftCompile normal arm64 Compiling\ AuthModels.swift,\ AuthState.swift /Users/admin/builder/spi-builder-workspace/Sources/SynheartAuth/Models/AuthModels.swift /Users/admin/builder/spi-builder-workspace/Sources/SynheartAuth/Models/AuthState.swift (in target 'SynheartAuth' from project 'SynheartAuth')
SwiftCompile normal arm64 /Users/admin/builder/spi-builder-workspace/Sources/SynheartAuth/Models/AuthModels.swift (in target 'SynheartAuth' from project 'SynheartAuth')
cd /Users/admin/builder/spi-builder-workspace/.swiftpm/xcode
SwiftCompile normal arm64 /Users/admin/builder/spi-builder-workspace/Sources/SynheartAuth/Models/AuthState.swift (in target 'SynheartAuth' from project 'SynheartAuth')
cd /Users/admin/builder/spi-builder-workspace/.swiftpm/xcode
SwiftCompile normal arm64 Compiling\ OperationClaims.swift /Users/admin/builder/spi-builder-workspace/Sources/SynheartAuth/Registration/OperationClaims.swift (in target 'SynheartAuth' from project 'SynheartAuth')
SwiftCompile normal arm64 /Users/admin/builder/spi-builder-workspace/Sources/SynheartAuth/Registration/OperationClaims.swift (in target 'SynheartAuth' from project 'SynheartAuth')
cd /Users/admin/builder/spi-builder-workspace/.swiftpm/xcode
SwiftCompile normal arm64 Compiling\ KeyManager.swift,\ RequestSigner.swift /Users/admin/builder/spi-builder-workspace/Sources/SynheartAuth/Crypto/KeyManager.swift /Users/admin/builder/spi-builder-workspace/Sources/SynheartAuth/Crypto/RequestSigner.swift (in target 'SynheartAuth' from project 'SynheartAuth')
SwiftCompile normal arm64 /Users/admin/builder/spi-builder-workspace/Sources/SynheartAuth/Crypto/KeyManager.swift (in target 'SynheartAuth' from project 'SynheartAuth')
cd /Users/admin/builder/spi-builder-workspace/.swiftpm/xcode
SwiftCompile normal arm64 /Users/admin/builder/spi-builder-workspace/Sources/SynheartAuth/Crypto/RequestSigner.swift (in target 'SynheartAuth' from project 'SynheartAuth')
cd /Users/admin/builder/spi-builder-workspace/.swiftpm/xcode
SwiftEmitModule normal arm64 Emitting\ module\ for\ SynheartAuth (in target 'SynheartAuth' from project 'SynheartAuth')
EmitSwiftModule normal arm64 (in target 'SynheartAuth' from project 'SynheartAuth')
cd /Users/admin/builder/spi-builder-workspace/.swiftpm/xcode
SwiftCompile normal arm64 Compiling\ SynheartAuth.swift /Users/admin/builder/spi-builder-workspace/Sources/SynheartAuth/SynheartAuth.swift (in target 'SynheartAuth' from project 'SynheartAuth')
SwiftCompile normal arm64 /Users/admin/builder/spi-builder-workspace/Sources/SynheartAuth/SynheartAuth.swift (in target 'SynheartAuth' from project 'SynheartAuth')
cd /Users/admin/builder/spi-builder-workspace/.swiftpm/xcode
SwiftEmitModule normal armv7k Emitting\ module\ for\ SynheartAuth (in target 'SynheartAuth' from project 'SynheartAuth')
EmitSwiftModule normal armv7k (in target 'SynheartAuth' from project 'SynheartAuth')
cd /Users/admin/builder/spi-builder-workspace/.swiftpm/xcode
SwiftDriverJobDiscovery normal arm64 Emitting module for SynheartAuth (in target 'SynheartAuth' from project 'SynheartAuth')
SwiftDriver\ Compilation\ Requirements SynheartAuth normal arm64 com.apple.xcode.tools.swift.compiler (in target 'SynheartAuth' from project 'SynheartAuth')
cd /Users/admin/builder/spi-builder-workspace/.swiftpm/xcode
builtin-Swift-Compilation-Requirements -- /Applications/Xcode-16.3.0.app/Contents/Developer/Toolchains/XcodeDefault.xctoolchain/usr/bin/swiftc -module-name SynheartAuth -Onone -enforce-exclusivity\=checked @/Users/admin/builder/spi-builder-workspace/.derivedData/Build/Intermediates.noindex/SynheartAuth.build/Debug-watchos/SynheartAuth.build/Objects-normal/arm64/SynheartAuth.SwiftFileList -DSWIFT_PACKAGE -DDEBUG -DXcode -plugin-path /Applications/Xcode-16.3.0.app/Contents/Developer/Toolchains/XcodeDefault.xctoolchain/usr/lib/swift/host/plugins/testing -enable-experimental-feature DebugDescriptionMacro -sdk /Applications/Xcode-16.3.0.app/Contents/Developer/Platforms/WatchOS.platform/Developer/SDKs/WatchOS11.4.sdk -target arm64-apple-watchos8.0 -g -module-cache-path /Users/admin/builder/spi-builder-workspace/.derivedData/ModuleCache.noindex -Xfrontend -serialize-debugging-options -profile-coverage-mapping -profile-generate -enable-testing -index-store-path /Users/admin/builder/spi-builder-workspace/.derivedData/Index.noindex/DataStore -swift-version 5 -I /Users/admin/builder/spi-builder-workspace/.derivedData/Build/Products/Debug-watchos -I /Applications/Xcode-16.3.0.app/Contents/Developer/Platforms/WatchOS.platform/Developer/usr/lib -F /Users/admin/builder/spi-builder-workspace/.derivedData/Build/Products/Debug-watchos -F /Applications/Xcode-16.3.0.app/Contents/Developer/Platforms/WatchOS.platform/Developer/Library/Frameworks -F /Applications/Xcode-16.3.0.app/Contents/Developer/Platforms/WatchOS.platform/Developer/SDKs/WatchOS11.4.sdk/Developer/Library/Frameworks -c -j10 -enable-batch-mode -incremental -Xcc -ivfsstatcache -Xcc /Users/admin/builder/spi-builder-workspace/.derivedData/SDKStatCaches.noindex/watchos11.4-22T246-43efb940ff07ba2497b70ec94253f576.sdkstatcache -output-file-map /Users/admin/builder/spi-builder-workspace/.derivedData/Build/Intermediates.noindex/SynheartAuth.build/Debug-watchos/SynheartAuth.build/Objects-normal/arm64/SynheartAuth-OutputFileMap.json -use-frontend-parseable-output -save-temps -no-color-diagnostics -serialize-diagnostics -emit-dependencies -emit-module -emit-module-path /Users/admin/builder/spi-builder-workspace/.derivedData/Build/Intermediates.noindex/SynheartAuth.build/Debug-watchos/SynheartAuth.build/Objects-normal/arm64/SynheartAuth.swiftmodule -validate-clang-modules-once -clang-build-session-file /Users/admin/builder/spi-builder-workspace/.derivedData/ModuleCache.noindex/Session.modulevalidation -package-name spi_builder_workspace -Xcc -I/Users/admin/builder/spi-builder-workspace/.derivedData/Build/Intermediates.noindex/SynheartAuth.build/Debug-watchos/SynheartAuth.build/swift-overrides.hmap -emit-const-values -Xfrontend -const-gather-protocols-file -Xfrontend /Users/admin/builder/spi-builder-workspace/.derivedData/Build/Intermediates.noindex/SynheartAuth.build/Debug-watchos/SynheartAuth.build/Objects-normal/arm64/SynheartAuth_const_extract_protocols.json -Xcc -I/Users/admin/builder/spi-builder-workspace/.derivedData/Build/Products/Debug-watchos/include -Xcc -I/Users/admin/builder/spi-builder-workspace/.derivedData/Build/Intermediates.noindex/SynheartAuth.build/Debug-watchos/SynheartAuth.build/DerivedSources-normal/arm64 -Xcc -I/Users/admin/builder/spi-builder-workspace/.derivedData/Build/Intermediates.noindex/SynheartAuth.build/Debug-watchos/SynheartAuth.build/DerivedSources/arm64 -Xcc -I/Users/admin/builder/spi-builder-workspace/.derivedData/Build/Intermediates.noindex/SynheartAuth.build/Debug-watchos/SynheartAuth.build/DerivedSources -Xcc -DSWIFT_PACKAGE -Xcc -DDEBUG\=1 -emit-objc-header -emit-objc-header-path /Users/admin/builder/spi-builder-workspace/.derivedData/Build/Intermediates.noindex/SynheartAuth.build/Debug-watchos/SynheartAuth.build/Objects-normal/arm64/SynheartAuth-Swift.h -working-directory /Users/admin/builder/spi-builder-workspace/.swiftpm/xcode -experimental-emit-module-separately -disable-cmo
SwiftDriverJobDiscovery normal armv7k Emitting module for SynheartAuth (in target 'SynheartAuth' from project 'SynheartAuth')
SwiftDriver\ Compilation\ Requirements SynheartAuth normal armv7k com.apple.xcode.tools.swift.compiler (in target 'SynheartAuth' from project 'SynheartAuth')
cd /Users/admin/builder/spi-builder-workspace/.swiftpm/xcode
builtin-Swift-Compilation-Requirements -- /Applications/Xcode-16.3.0.app/Contents/Developer/Toolchains/XcodeDefault.xctoolchain/usr/bin/swiftc -module-name SynheartAuth -Onone -enforce-exclusivity\=checked @/Users/admin/builder/spi-builder-workspace/.derivedData/Build/Intermediates.noindex/SynheartAuth.build/Debug-watchos/SynheartAuth.build/Objects-normal/armv7k/SynheartAuth.SwiftFileList -DSWIFT_PACKAGE -DDEBUG -DXcode -plugin-path /Applications/Xcode-16.3.0.app/Contents/Developer/Toolchains/XcodeDefault.xctoolchain/usr/lib/swift/host/plugins/testing -enable-experimental-feature DebugDescriptionMacro -sdk /Applications/Xcode-16.3.0.app/Contents/Developer/Platforms/WatchOS.platform/Developer/SDKs/WatchOS11.4.sdk -target armv7k-apple-watchos8.0 -g -module-cache-path /Users/admin/builder/spi-builder-workspace/.derivedData/ModuleCache.noindex -Xfrontend -serialize-debugging-options -profile-coverage-mapping -profile-generate -enable-testing -index-store-path /Users/admin/builder/spi-builder-workspace/.derivedData/Index.noindex/DataStore -swift-version 5 -I /Users/admin/builder/spi-builder-workspace/.derivedData/Build/Products/Debug-watchos -I /Applications/Xcode-16.3.0.app/Contents/Developer/Platforms/WatchOS.platform/Developer/usr/lib -F /Users/admin/builder/spi-builder-workspace/.derivedData/Build/Products/Debug-watchos -F /Applications/Xcode-16.3.0.app/Contents/Developer/Platforms/WatchOS.platform/Developer/Library/Frameworks -F /Applications/Xcode-16.3.0.app/Contents/Developer/Platforms/WatchOS.platform/Developer/SDKs/WatchOS11.4.sdk/Developer/Library/Frameworks -c -j10 -enable-batch-mode -incremental -Xcc -ivfsstatcache -Xcc /Users/admin/builder/spi-builder-workspace/.derivedData/SDKStatCaches.noindex/watchos11.4-22T246-43efb940ff07ba2497b70ec94253f576.sdkstatcache -output-file-map /Users/admin/builder/spi-builder-workspace/.derivedData/Build/Intermediates.noindex/SynheartAuth.build/Debug-watchos/SynheartAuth.build/Objects-normal/armv7k/SynheartAuth-OutputFileMap.json -use-frontend-parseable-output -save-temps -no-color-diagnostics -serialize-diagnostics -emit-dependencies -emit-module -emit-module-path /Users/admin/builder/spi-builder-workspace/.derivedData/Build/Intermediates.noindex/SynheartAuth.build/Debug-watchos/SynheartAuth.build/Objects-normal/armv7k/SynheartAuth.swiftmodule -validate-clang-modules-once -clang-build-session-file /Users/admin/builder/spi-builder-workspace/.derivedData/ModuleCache.noindex/Session.modulevalidation -package-name spi_builder_workspace -Xcc -I/Users/admin/builder/spi-builder-workspace/.derivedData/Build/Intermediates.noindex/SynheartAuth.build/Debug-watchos/SynheartAuth.build/swift-overrides.hmap -emit-const-values -Xfrontend -const-gather-protocols-file -Xfrontend /Users/admin/builder/spi-builder-workspace/.derivedData/Build/Intermediates.noindex/SynheartAuth.build/Debug-watchos/SynheartAuth.build/Objects-normal/armv7k/SynheartAuth_const_extract_protocols.json -Xcc -I/Users/admin/builder/spi-builder-workspace/.derivedData/Build/Products/Debug-watchos/include -Xcc -I/Users/admin/builder/spi-builder-workspace/.derivedData/Build/Intermediates.noindex/SynheartAuth.build/Debug-watchos/SynheartAuth.build/DerivedSources-normal/armv7k -Xcc -I/Users/admin/builder/spi-builder-workspace/.derivedData/Build/Intermediates.noindex/SynheartAuth.build/Debug-watchos/SynheartAuth.build/DerivedSources/armv7k -Xcc -I/Users/admin/builder/spi-builder-workspace/.derivedData/Build/Intermediates.noindex/SynheartAuth.build/Debug-watchos/SynheartAuth.build/DerivedSources -Xcc -DSWIFT_PACKAGE -Xcc -DDEBUG\=1 -emit-objc-header -emit-objc-header-path /Users/admin/builder/spi-builder-workspace/.derivedData/Build/Intermediates.noindex/SynheartAuth.build/Debug-watchos/SynheartAuth.build/Objects-normal/armv7k/SynheartAuth-Swift.h -working-directory /Users/admin/builder/spi-builder-workspace/.swiftpm/xcode -experimental-emit-module-separately -disable-cmo
Copy /Users/admin/builder/spi-builder-workspace/.derivedData/Build/Products/Debug-watchos/SynheartAuth.swiftmodule/arm64-apple-watchos.swiftmodule /Users/admin/builder/spi-builder-workspace/.derivedData/Build/Intermediates.noindex/SynheartAuth.build/Debug-watchos/SynheartAuth.build/Objects-normal/arm64/SynheartAuth.swiftmodule (in target 'SynheartAuth' from project 'SynheartAuth')
cd /Users/admin/builder/spi-builder-workspace
builtin-copy -exclude .DS_Store -exclude CVS -exclude .svn -exclude .git -exclude .hg -resolve-src-symlinks -rename /Users/admin/builder/spi-builder-workspace/.derivedData/Build/Intermediates.noindex/SynheartAuth.build/Debug-watchos/SynheartAuth.build/Objects-normal/arm64/SynheartAuth.swiftmodule /Users/admin/builder/spi-builder-workspace/.derivedData/Build/Products/Debug-watchos/SynheartAuth.swiftmodule/arm64-apple-watchos.swiftmodule
Copy /Users/admin/builder/spi-builder-workspace/.derivedData/Build/Products/Debug-watchos/SynheartAuth.swiftmodule/armv7k-apple-watchos.swiftmodule /Users/admin/builder/spi-builder-workspace/.derivedData/Build/Intermediates.noindex/SynheartAuth.build/Debug-watchos/SynheartAuth.build/Objects-normal/armv7k/SynheartAuth.swiftmodule (in target 'SynheartAuth' from project 'SynheartAuth')
cd /Users/admin/builder/spi-builder-workspace
builtin-copy -exclude .DS_Store -exclude CVS -exclude .svn -exclude .git -exclude .hg -resolve-src-symlinks -rename /Users/admin/builder/spi-builder-workspace/.derivedData/Build/Intermediates.noindex/SynheartAuth.build/Debug-watchos/SynheartAuth.build/Objects-normal/armv7k/SynheartAuth.swiftmodule /Users/admin/builder/spi-builder-workspace/.derivedData/Build/Products/Debug-watchos/SynheartAuth.swiftmodule/armv7k-apple-watchos.swiftmodule
Copy /Users/admin/builder/spi-builder-workspace/.derivedData/Build/Products/Debug-watchos/SynheartAuth.swiftmodule/armv7k-apple-watchos.abi.json /Users/admin/builder/spi-builder-workspace/.derivedData/Build/Intermediates.noindex/SynheartAuth.build/Debug-watchos/SynheartAuth.build/Objects-normal/armv7k/SynheartAuth.abi.json (in target 'SynheartAuth' from project 'SynheartAuth')
cd /Users/admin/builder/spi-builder-workspace
builtin-copy -exclude .DS_Store -exclude CVS -exclude .svn -exclude .git -exclude .hg -resolve-src-symlinks -rename /Users/admin/builder/spi-builder-workspace/.derivedData/Build/Intermediates.noindex/SynheartAuth.build/Debug-watchos/SynheartAuth.build/Objects-normal/armv7k/SynheartAuth.abi.json /Users/admin/builder/spi-builder-workspace/.derivedData/Build/Products/Debug-watchos/SynheartAuth.swiftmodule/armv7k-apple-watchos.abi.json
Copy /Users/admin/builder/spi-builder-workspace/.derivedData/Build/Products/Debug-watchos/SynheartAuth.swiftmodule/arm64-apple-watchos.abi.json /Users/admin/builder/spi-builder-workspace/.derivedData/Build/Intermediates.noindex/SynheartAuth.build/Debug-watchos/SynheartAuth.build/Objects-normal/arm64/SynheartAuth.abi.json (in target 'SynheartAuth' from project 'SynheartAuth')
cd /Users/admin/builder/spi-builder-workspace
builtin-copy -exclude .DS_Store -exclude CVS -exclude .svn -exclude .git -exclude .hg -resolve-src-symlinks -rename /Users/admin/builder/spi-builder-workspace/.derivedData/Build/Intermediates.noindex/SynheartAuth.build/Debug-watchos/SynheartAuth.build/Objects-normal/arm64/SynheartAuth.abi.json /Users/admin/builder/spi-builder-workspace/.derivedData/Build/Products/Debug-watchos/SynheartAuth.swiftmodule/arm64-apple-watchos.abi.json
SwiftEmitModule normal arm64_32 Emitting\ module\ for\ SynheartAuth (in target 'SynheartAuth' from project 'SynheartAuth')
EmitSwiftModule normal arm64_32 (in target 'SynheartAuth' from project 'SynheartAuth')
cd /Users/admin/builder/spi-builder-workspace/.swiftpm/xcode
SwiftCompile normal armv7k Compiling\ NetworkModels.swift /Users/admin/builder/spi-builder-workspace/Sources/SynheartAuth/Network/NetworkModels.swift (in target 'SynheartAuth' from project 'SynheartAuth')
SwiftCompile normal armv7k /Users/admin/builder/spi-builder-workspace/Sources/SynheartAuth/Network/NetworkModels.swift (in target 'SynheartAuth' from project 'SynheartAuth')
cd /Users/admin/builder/spi-builder-workspace/.swiftpm/xcode
SwiftDriverJobDiscovery normal arm64_32 Emitting module for SynheartAuth (in target 'SynheartAuth' from project 'SynheartAuth')
SwiftDriver\ Compilation\ Requirements SynheartAuth normal arm64_32 com.apple.xcode.tools.swift.compiler (in target 'SynheartAuth' from project 'SynheartAuth')
cd /Users/admin/builder/spi-builder-workspace/.swiftpm/xcode
builtin-Swift-Compilation-Requirements -- /Applications/Xcode-16.3.0.app/Contents/Developer/Toolchains/XcodeDefault.xctoolchain/usr/bin/swiftc -module-name SynheartAuth -Onone -enforce-exclusivity\=checked @/Users/admin/builder/spi-builder-workspace/.derivedData/Build/Intermediates.noindex/SynheartAuth.build/Debug-watchos/SynheartAuth.build/Objects-normal/arm64_32/SynheartAuth.SwiftFileList -DSWIFT_PACKAGE -DDEBUG -DXcode -plugin-path /Applications/Xcode-16.3.0.app/Contents/Developer/Toolchains/XcodeDefault.xctoolchain/usr/lib/swift/host/plugins/testing -enable-experimental-feature DebugDescriptionMacro -sdk /Applications/Xcode-16.3.0.app/Contents/Developer/Platforms/WatchOS.platform/Developer/SDKs/WatchOS11.4.sdk -target arm64_32-apple-watchos8.0 -g -module-cache-path /Users/admin/builder/spi-builder-workspace/.derivedData/ModuleCache.noindex -Xfrontend -serialize-debugging-options -profile-coverage-mapping -profile-generate -enable-testing -index-store-path /Users/admin/builder/spi-builder-workspace/.derivedData/Index.noindex/DataStore -swift-version 5 -I /Users/admin/builder/spi-builder-workspace/.derivedData/Build/Products/Debug-watchos -I /Applications/Xcode-16.3.0.app/Contents/Developer/Platforms/WatchOS.platform/Developer/usr/lib -F /Users/admin/builder/spi-builder-workspace/.derivedData/Build/Products/Debug-watchos -F /Applications/Xcode-16.3.0.app/Contents/Developer/Platforms/WatchOS.platform/Developer/Library/Frameworks -F /Applications/Xcode-16.3.0.app/Contents/Developer/Platforms/WatchOS.platform/Developer/SDKs/WatchOS11.4.sdk/Developer/Library/Frameworks -c -j10 -enable-batch-mode -incremental -Xcc -ivfsstatcache -Xcc /Users/admin/builder/spi-builder-workspace/.derivedData/SDKStatCaches.noindex/watchos11.4-22T246-43efb940ff07ba2497b70ec94253f576.sdkstatcache -output-file-map /Users/admin/builder/spi-builder-workspace/.derivedData/Build/Intermediates.noindex/SynheartAuth.build/Debug-watchos/SynheartAuth.build/Objects-normal/arm64_32/SynheartAuth-OutputFileMap.json -use-frontend-parseable-output -save-temps -no-color-diagnostics -serialize-diagnostics -emit-dependencies -emit-module -emit-module-path /Users/admin/builder/spi-builder-workspace/.derivedData/Build/Intermediates.noindex/SynheartAuth.build/Debug-watchos/SynheartAuth.build/Objects-normal/arm64_32/SynheartAuth.swiftmodule -validate-clang-modules-once -clang-build-session-file /Users/admin/builder/spi-builder-workspace/.derivedData/ModuleCache.noindex/Session.modulevalidation -package-name spi_builder_workspace -Xcc -I/Users/admin/builder/spi-builder-workspace/.derivedData/Build/Intermediates.noindex/SynheartAuth.build/Debug-watchos/SynheartAuth.build/swift-overrides.hmap -emit-const-values -Xfrontend -const-gather-protocols-file -Xfrontend /Users/admin/builder/spi-builder-workspace/.derivedData/Build/Intermediates.noindex/SynheartAuth.build/Debug-watchos/SynheartAuth.build/Objects-normal/arm64_32/SynheartAuth_const_extract_protocols.json -Xcc -I/Users/admin/builder/spi-builder-workspace/.derivedData/Build/Products/Debug-watchos/include -Xcc -I/Users/admin/builder/spi-builder-workspace/.derivedData/Build/Intermediates.noindex/SynheartAuth.build/Debug-watchos/SynheartAuth.build/DerivedSources-normal/arm64_32 -Xcc -I/Users/admin/builder/spi-builder-workspace/.derivedData/Build/Intermediates.noindex/SynheartAuth.build/Debug-watchos/SynheartAuth.build/DerivedSources/arm64_32 -Xcc -I/Users/admin/builder/spi-builder-workspace/.derivedData/Build/Intermediates.noindex/SynheartAuth.build/Debug-watchos/SynheartAuth.build/DerivedSources -Xcc -DSWIFT_PACKAGE -Xcc -DDEBUG\=1 -emit-objc-header -emit-objc-header-path /Users/admin/builder/spi-builder-workspace/.derivedData/Build/Intermediates.noindex/SynheartAuth.build/Debug-watchos/SynheartAuth.build/Objects-normal/arm64_32/SynheartAuth-Swift.h -working-directory /Users/admin/builder/spi-builder-workspace/.swiftpm/xcode -experimental-emit-module-separately -disable-cmo
SwiftDriverJobDiscovery normal armv7k Compiling NetworkModels.swift (in target 'SynheartAuth' from project 'SynheartAuth')
SwiftCompile normal armv7k Compiling\ AuthNetworkClient.swift /Users/admin/builder/spi-builder-workspace/Sources/SynheartAuth/Network/AuthNetworkClient.swift (in target 'SynheartAuth' from project 'SynheartAuth')
SwiftCompile normal armv7k /Users/admin/builder/spi-builder-workspace/Sources/SynheartAuth/Network/AuthNetworkClient.swift (in target 'SynheartAuth' from project 'SynheartAuth')
cd /Users/admin/builder/spi-builder-workspace/.swiftpm/xcode
Copy /Users/admin/builder/spi-builder-workspace/.derivedData/Build/Products/Debug-watchos/SynheartAuth.swiftmodule/arm64_32-apple-watchos.swiftmodule /Users/admin/builder/spi-builder-workspace/.derivedData/Build/Intermediates.noindex/SynheartAuth.build/Debug-watchos/SynheartAuth.build/Objects-normal/arm64_32/SynheartAuth.swiftmodule (in target 'SynheartAuth' from project 'SynheartAuth')
cd /Users/admin/builder/spi-builder-workspace
builtin-copy -exclude .DS_Store -exclude CVS -exclude .svn -exclude .git -exclude .hg -resolve-src-symlinks -rename /Users/admin/builder/spi-builder-workspace/.derivedData/Build/Intermediates.noindex/SynheartAuth.build/Debug-watchos/SynheartAuth.build/Objects-normal/arm64_32/SynheartAuth.swiftmodule /Users/admin/builder/spi-builder-workspace/.derivedData/Build/Products/Debug-watchos/SynheartAuth.swiftmodule/arm64_32-apple-watchos.swiftmodule
SwiftDriverJobDiscovery normal arm64 Compiling ClockSkewTracker.swift, AuthError.swift (in target 'SynheartAuth' from project 'SynheartAuth')
Copy /Users/admin/builder/spi-builder-workspace/.derivedData/Build/Products/Debug-watchos/SynheartAuth.swiftmodule/arm64_32-apple-watchos.abi.json /Users/admin/builder/spi-builder-workspace/.derivedData/Build/Intermediates.noindex/SynheartAuth.build/Debug-watchos/SynheartAuth.build/Objects-normal/arm64_32/SynheartAuth.abi.json (in target 'SynheartAuth' from project 'SynheartAuth')
cd /Users/admin/builder/spi-builder-workspace
builtin-copy -exclude .DS_Store -exclude CVS -exclude .svn -exclude .git -exclude .hg -resolve-src-symlinks -rename /Users/admin/builder/spi-builder-workspace/.derivedData/Build/Intermediates.noindex/SynheartAuth.build/Debug-watchos/SynheartAuth.build/Objects-normal/arm64_32/SynheartAuth.abi.json /Users/admin/builder/spi-builder-workspace/.derivedData/Build/Products/Debug-watchos/SynheartAuth.swiftmodule/arm64_32-apple-watchos.abi.json
SwiftCompile normal arm64_32 Compiling\ SynheartAuth.swift /Users/admin/builder/spi-builder-workspace/Sources/SynheartAuth/SynheartAuth.swift (in target 'SynheartAuth' from project 'SynheartAuth')
SwiftDriverJobDiscovery normal arm64 Compiling AuthModels.swift, AuthState.swift (in target 'SynheartAuth' from project 'SynheartAuth')
SwiftCompile normal arm64_32 Compiling\ SynheartNativeCrypto.swift,\ AuthLogger.swift /Users/admin/builder/spi-builder-workspace/Sources/SynheartAuth/FFI/SynheartNativeCrypto.swift /Users/admin/builder/spi-builder-workspace/Sources/SynheartAuth/Internal/AuthLogger.swift (in target 'SynheartAuth' from project 'SynheartAuth')
SwiftCompile normal armv7k Compiling\ SynheartAuth.swift /Users/admin/builder/spi-builder-workspace/Sources/SynheartAuth/SynheartAuth.swift (in target 'SynheartAuth' from project 'SynheartAuth')
SwiftDriverJobDiscovery normal arm64 Compiling KeyManager.swift, RequestSigner.swift (in target 'SynheartAuth' from project 'SynheartAuth')
SwiftCompile normal arm64 Compiling\ StorageManager.swift /Users/admin/builder/spi-builder-workspace/Sources/SynheartAuth/Storage/StorageManager.swift (in target 'SynheartAuth' from project 'SynheartAuth')
SwiftDriverJobDiscovery normal arm64 Compiling OperationClaims.swift (in target 'SynheartAuth' from project 'SynheartAuth')
SwiftCompile normal arm64_32 Compiling\ StorageManager.swift /Users/admin/builder/spi-builder-workspace/Sources/SynheartAuth/Storage/StorageManager.swift (in target 'SynheartAuth' from project 'SynheartAuth')
Command SwiftCompile failed with a nonzero exit code
** BUILD FAILED **
The following build commands failed:
SwiftCompile normal arm64 Compiling\ SynheartNativeCrypto.swift,\ AuthLogger.swift /Users/admin/builder/spi-builder-workspace/Sources/SynheartAuth/FFI/SynheartNativeCrypto.swift /Users/admin/builder/spi-builder-workspace/Sources/SynheartAuth/Internal/AuthLogger.swift (in target 'SynheartAuth' from project 'SynheartAuth')
SwiftCompile normal arm64 /Users/admin/builder/spi-builder-workspace/Sources/SynheartAuth/FFI/SynheartNativeCrypto.swift (in target 'SynheartAuth' from project 'SynheartAuth')
SwiftCompile normal arm64_32 Compiling\ StorageManager.swift /Users/admin/builder/spi-builder-workspace/Sources/SynheartAuth/Storage/StorageManager.swift (in target 'SynheartAuth' from project 'SynheartAuth')
Building workspace spi-builder-workspace with scheme SynheartAuth
(4 failures)
BUILD FAILURE 6.1 watchOS