Build Information
Failed to build rawdog, reference 22.1.0 (d8115f), with Swift 6.2 for iOS using Xcode 26.3 on 21 Oct 2026 07:04:30 UTC.
Build Command
No build command. This typically means the build failed at an early stage where we determine the build command.Build Log
========================================
RunAll
========================================
Builder version: 5.1.3
Interrupt handler set up.
========================================
Checkout
========================================
Clone URL: https://github.com/tannerdsilva/rawdog.git
Reference: 22.1.0
Initialized empty Git repository in /Users/admin/builder/spi-builder-workspace/.git/
From https://github.com/tannerdsilva/rawdog
* tag 22.1.0 -> FETCH_HEAD
HEAD is now at d8115f2 add webassembly (wasi) support across the package
Cloned https://github.com/tannerdsilva/rawdog.git
Revision (git rev-parse @):
d8115f225b924b2e1fcd8b064a42fe2ee81fbac1
SUCCESS checkout https://github.com/tannerdsilva/rawdog.git at 22.1.0
========================================
Build
========================================
Selected platform: iOS
Swift version: 6.2
Building package at path: $PWD
https://github.com/tannerdsilva/rawdog.git
Command line invocation:
/Applications/Xcode-26.3.0.app/Contents/Developer/usr/bin/xcodebuild -IDEClonedSourcePackagesDirPathOverride=/Users/admin/builder/spi-builder-workspace/.dependencies -resolvePackageDependencies
Resolve Package Graph
package 'spi-builder-workspace' is using Swift tools version 6.3.0 but the installed version is 6.2.4
Resolved source packages:
spi-builder-workspace: (null)
2026-10-21 03:04:29.977 xcodebuild[539:3123] Writing error result bundle to /var/folders/xq/y_g06wb113726d38xsyx71_h0000gn/T/ResultBundle_2026-21-10_03-04-0029.xcresult
xcodebuild: error: Could not resolve package dependencies:
package 'spi-builder-workspace' is using Swift tools version 6.3.0 but the installed version is 6.2.4
Command line invocation:
/Applications/Xcode-26.3.0.app/Contents/Developer/usr/bin/xcodebuild -IDEClonedSourcePackagesDirPathOverride=/Users/admin/builder/spi-builder-workspace/.dependencies -resolvePackageDependencies
Resolve Package Graph
package 'spi-builder-workspace' is using Swift tools version 6.3.0 but the installed version is 6.2.4
Resolved source packages:
spi-builder-workspace: (null)
2026-10-21 03:04:30.857 xcodebuild[601:3651] Writing error result bundle to /var/folders/xq/y_g06wb113726d38xsyx71_h0000gn/T/ResultBundle_2026-21-10_03-04-0030.xcresult
xcodebuild: error: Could not resolve package dependencies:
package 'spi-builder-workspace' is using Swift tools version 6.3.0 but the installed version is 6.2.4
BUILD FAILURE 6.2 iOS