The Swift Package Index logo.Swift Package Index

Build Information

Failed to build jwt, reference main (f2ca91), with Swift 6.1 for macOS (SPM) on 18 Aug 2026 15:21:42 UTC.

Build Command

env DEVELOPER_DIR=/Applications/Xcode-16.3.0.app xcrun swift build --arch arm64

Build Log

[838/1420] Compiling v3_prn.cc
[839/1420] Compiling v3_purp.cc
[840/1420] Compiling v3_ocsp.cc
[841/1420] Compiling v3_pmaps.cc
[842/1420] Compiling v3_utl.cc
[843/1420] Compiling v3_pcons.cc
[844/1420] Compiling v3_ncons.cc
[845/1420] Compiling v3_int.cc
[846/1420] Compiling v3_lib.cc
[847/1420] Compiling v3_ia5.cc
[848/1420] Compiling v3_info.cc
[849/1420] Compiling v3_genn.cc
[850/1420] Compiling v3_enum.cc
[851/1420] Compiling v3_extku.cc
[852/1420] Compiling v3_crld.cc
[853/1420] Compiling v3_cpols.cc
[854/1420] Compiling v3_conf.cc
[855/1420] Compiling v3_bitst.cc
[856/1420] Compiling v3_bcons.cc
[857/1420] Compiling v3_akeya.cc
[858/1420] Compiling v3_alt.cc
[859/1420] Compiling t_crl.cc
[860/1420] Compiling v3_akey.cc
[861/1420] Compiling t_x509a.cc
[862/1420] Compiling t_x509.cc
[863/1420] Compiling t_req.cc
[864/1420] Compiling rsa_pss.cc
[865/1420] Compiling i2d_pr.cc
[866/1420] Compiling name_print.cc
[867/1420] Compiling policy.cc
[868/1420] Compiling by_file.cc
[869/1420] Compiling by_dir.cc
[870/1420] Compiling asn1_gen.cc
[871/1420] Compiling algorithm.cc
[872/1420] Compiling a_digest.cc
[873/1420] Compiling a_sign.cc
[874/1420] Compiling a_verify.cc
[875/1420] Compiling voprf.cc
[876/1420] Compiling thread_win.cc
[877/1420] Compiling thread.cc
[878/1420] Compiling thread_pthread.cc
[879/1420] Compiling thread_none.cc
[880/1420] Compiling stack.cc
[881/1420] Compiling trust_token.cc
[882/1420] Compiling pmbtoken.cc
[883/1420] Compiling slhdsa.cc
[884/1420] Compiling spake2plus.cc
[885/1420] Compiling siphash.cc
[886/1420] Compiling sha512.cc
[887/1420] Compiling sha256.cc
[888/1420] Compiling sha1.cc
[889/1420] Compiling rsa_print.cc
[890/1420] Compiling rsa_extra.cc
[891/1420] Compiling rsa_crypt.cc
[892/1420] Compiling refcount.cc
[893/1420] Compiling rc4.cc
[894/1420] Compiling rsa_asn1.cc
[895/1420] Compiling windows.cc
[896/1420] Compiling urandom.cc
[897/1420] Compiling trusty.cc
[898/1420] Compiling rand.cc
[899/1420] Compiling ios.cc
[900/1420] Compiling passive.cc
[901/1420] Compiling poly1305_arm_asm.S
[902/1420] Compiling getentropy.cc
[903/1420] Compiling forkunsafe.cc
[904/1420] Compiling deterministic.cc
[905/1420] Compiling fork_detect.cc
[906/1420] Compiling poly1305_vec.cc
[907/1420] Compiling poly1305_arm.cc
[908/1420] Compiling pool.cc
[909/1420] Compiling poly1305.cc
[910/1420] Compiling pkcs8.cc
[911/1420] Compiling p5_pbev2.cc
[912/1420] Compiling pkcs8_x509.cc
[913/1420] Compiling pkcs7.cc
[914/1420] Compiling pkcs7_x509.cc
[915/1420] Compiling pem_xaux.cc
[916/1420] Compiling pem_x509.cc
[917/1420] Compiling pem_pkey.cc
[918/1420] Compiling pem_oth.cc
[919/1420] Compiling pem_pk8.cc
[920/1420] Compiling mlkem.cc
[921/1420] Compiling obj_xref.cc
[922/1420] Compiling mldsa.cc
[923/1420] Compiling pem_info.cc
[924/1420] Compiling pem_all.cc
[925/1420] Compiling pem_lib.cc
[926/1420] Compiling poly_rq_mul.S
[927/1420] Compiling fips_shared_support.cc
[928/1420] Compiling obj.cc
[929/1420] Compiling mem.cc
[930/1420] Compiling md5.cc
[931/1420] Compiling md4.cc
[932/1420] Compiling lhash.cc
[933/1420] Compiling kyber.cc
[934/1420] Compiling ex_data.cc
[935/1420] Compiling sign.cc
[936/1420] Compiling scrypt.cc
[937/1420] Compiling pbkdf.cc
[938/1420] Compiling print.cc
[939/1420] Compiling hrss.cc
[940/1420] Compiling hpke.cc
[941/1420] Compiling p_x25519_asn1.cc
[942/1420] Compiling p_x25519.cc
[943/1420] Compiling p_ed25519.cc
[944/1420] Compiling p_rsa_asn1.cc
[945/1420] Compiling p_ec.cc
[946/1420] Compiling p_rsa.cc
[947/1420] Compiling p_ed25519_asn1.cc
[948/1420] Compiling p_hkdf.cc
[949/1420] Compiling p_ec_asn1.cc
[950/1420] Compiling p_dh_asn1.cc
[951/1420] Compiling p_dsa_asn1.cc
[952/1420] Compiling p_dh.cc
[953/1420] Compiling err.cc
[954/1420] Compiling evp_ctx.cc
[955/1420] Compiling engine.cc
[956/1420] Compiling evp.cc
[957/1420] Compiling evp_asn1.cc
[958/1420] Compiling ecdsa_asn1.cc
[959/1420] Compiling ecdh.cc
[960/1420] Compiling ec_derive.cc
[961/1420] Compiling hash_to_curve.cc
[962/1420] Compiling dsa.cc
[963/1420] Compiling dsa_asn1.cc
[964/1420] Compiling ec_asn1.cc
[965/1420] Compiling digest_extra.cc
[966/1420] Compiling x25519-asm-arm.S
[967/1420] Compiling bcm.cc
[968/1420] Compiling params.cc
[969/1420] Compiling des.cc
[970/1420] Compiling dh_asn1.cc
[971/1420] Compiling curve25519_64_adx.cc
[972/1420] Compiling spake25519.cc
[973/1420] Compiling cpu_intel.cc
[974/1420] Compiling cpu_arm_linux.cc
[975/1420] Compiling crypto.cc
[976/1420] Compiling cpu_arm_freebsd.cc
[977/1420] Compiling cpu_aarch64_win.cc
[978/1420] Compiling curve25519.cc
[979/1420] Compiling cpu_aarch64_sysreg.cc
[980/1420] Compiling cpu_aarch64_openbsd.cc
[981/1420] Compiling cpu_aarch64_linux.cc
[982/1420] Compiling cpu_aarch64_fuchsia.cc
[983/1420] Compiling cpu_aarch64_apple.cc
[984/1420] Compiling get_cipher.cc
[985/1420] Compiling tls_cbc.cc
[986/1420] Compiling conf.cc
[987/1420] Compiling e_rc4.cc
[988/1420] Compiling e_tls.cc
[989/1420] Compiling e_rc2.cc
[990/1420] Compiling e_null.cc
[991/1420] Compiling e_des.cc
[992/1420] Compiling e_chacha20poly1305.cc
[993/1420] Compiling e_aesgcmsiv.cc
[994/1420] Compiling derive_key.cc
[995/1420] Compiling chacha.cc
[996/1420] Compiling e_aesctrhmac.cc
[997/1420] Compiling unicode.cc
[998/1420] Compiling cbs.cc
[999/1420] Compiling cbb.cc
[1000/1420] Compiling ber.cc
[1001/1420] Compiling asn1_compat.cc
[1002/1420] Compiling buf.cc
[1003/1420] Compiling blake2.cc
[1004/1420] Compiling socket_helper.cc
[1005/1420] Compiling bn_asn1.cc
[1006/1420] Compiling convert.cc
[1007/1420] Compiling socket.cc
[1008/1420] Compiling printf.cc
[1009/1420] Compiling hexdump.cc
[1010/1420] Compiling pair.cc
[1011/1420] Compiling file.cc
[1012/1420] Compiling fd.cc
[1013/1420] Compiling errno.cc
[1014/1420] Compiling connect.cc
[1015/1420] Compiling bio_mem.cc
[1016/1420] Compiling base64.cc
[1017/1420] Compiling bio.cc
[1018/1420] Compiling tasn_typ.cc
[1019/1420] Compiling tasn_fre.cc
[1020/1420] Compiling tasn_enc.cc
[1021/1420] Compiling tasn_utl.cc
[1022/1420] Compiling tasn_new.cc
[1023/1420] Compiling posix_time.cc
[1024/1420] Compiling f_string.cc
[1025/1420] Compiling f_int.cc
[1026/1420] Compiling asn_pack.cc
[1027/1420] Compiling tasn_dec.cc
[1028/1420] Compiling asn1_par.cc
[1029/1420] Compiling asn1_lib.cc
[1030/1420] Compiling a_utctm.cc
[1031/1420] Compiling a_type.cc
[1032/1420] Compiling a_octet.cc
[1033/1420] Compiling a_time.cc
[1034/1420] Compiling a_strex.cc
[1035/1420] Compiling a_strnid.cc
[1036/1420] Compiling a_object.cc
[1037/1420] Compiling a_mbstr.cc
[1038/1420] Compiling a_int.cc
[1039/1420] Compiling a_i2d_fp.cc
[1040/1420] Compiling fiat_p256_adx_sqr.S
[1041/1420] Compiling a_dup.cc
[1042/1420] Compiling fiat_p256_adx_mul.S
[1043/1420] Compiling fiat_curve25519_adx_square.S
[1044/1420] Compiling a_d2i_fp.cc
[1045/1420] Compiling fiat_curve25519_adx_mul.S
[1046/1420] Compiling md5-x86_64-linux.S
[1047/1420] Compiling md5-x86_64-apple.S
[1048/1420] Compiling a_gentm.cc
[1049/1420] Compiling md5-586-linux.S
[1050/1420] Compiling md5-586-apple.S
[1051/1420] Compiling chacha20_poly1305_x86_64-linux.S
[1052/1420] Compiling chacha20_poly1305_x86_64-apple.S
[1053/1420] Compiling chacha20_poly1305_armv8-win.S
[1054/1420] Compiling chacha20_poly1305_armv8-linux.S
[1055/1420] Compiling a_bool.cc
[1056/1420] Compiling a_bitstr.cc
[1057/1420] Compiling chacha-x86_64-linux.S
[1058/1420] Compiling chacha20_poly1305_armv8-apple.S
[1059/1420] Compiling chacha-x86_64-apple.S
[1060/1420] Compiling chacha-x86-linux.S
[1061/1420] Compiling chacha-x86-apple.S
[1062/1420] Compiling chacha-armv8-win.S
[1063/1420] Compiling chacha-armv8-linux.S
[1064/1420] Compiling aes128gcmsiv-x86_64-linux.S
[1064/1420] Compiling chacha-armv4-linux.S
[1066/1420] Compiling aes128gcmsiv-x86_64-apple.S
[1067/1420] Compiling chacha-armv8-apple.S
[1068/1420] Compiling x86_64-mont5-linux.S
[1069/1420] Compiling x86_64-mont5-apple.S
[1070/1420] Compiling x86_64-mont-apple.S
[1071/1420] Compiling x86_64-mont-linux.S
[1071/1420] Compiling x86-mont-linux.S
[1073/1420] Compiling x86-mont-apple.S
[1074/1420] Compiling vpaes-x86_64-linux.S
[1075/1420] Compiling vpaes-x86_64-apple.S
[1076/1420] Compiling CCryptoBoringSSLShims shims.c
[1077/1420] Compiling vpaes-x86-apple.S
[1078/1420] Compiling vpaes-armv8-win.S
[1079/1420] Compiling vpaes-x86-linux.S
[1080/1420] Compiling vpaes-armv8-linux.S
[1081/1420] Compiling err_data.cc
[1082/1420] Compiling vpaes-armv7-linux.S
[1083/1420] Compiling vpaes-armv8-apple.S
[1084/1420] Compiling sha512-x86_64-linux.S
[1085/1420] Compiling sha512-x86_64-apple.S
[1086/1420] Compiling sha512-armv8-win.S
[1087/1420] Compiling sha512-armv8-linux.S
[1088/1420] Compiling sha512-armv4-linux.S
[1089/1420] Compiling sha512-armv8-apple.S
[1090/1420] Compiling sha512-586-apple.S
[1091/1420] Compiling sha512-586-linux.S
[1092/1420] Compiling sha256-x86_64-linux.S
[1093/1420] Compiling sha256-x86_64-apple.S
[1094/1420] Compiling sha256-armv8-linux.S
[1095/1420] Compiling sha256-armv8-win.S
[1096/1420] Compiling sha256-armv4-linux.S
[1097/1420] Compiling sha256-armv8-apple.S
[1098/1420] Compiling sha256-586-linux.S
[1099/1420] Compiling sha256-586-apple.S
[1100/1420] Compiling sha1-x86_64-linux.S
[1101/1420] Compiling sha1-x86_64-apple.S
[1102/1420] Compiling sha1-armv8-linux.S
[1103/1420] Compiling sha1-armv8-win.S
[1104/1420] Compiling sha1-armv4-large-linux.S
[1105/1420] Compiling sha1-586-linux.S
[1106/1420] Compiling sha1-586-apple.S
[1107/1420] Compiling sha1-armv8-apple.S
[1108/1420] Compiling rsaz-avx2-linux.S
[1109/1420] Compiling rsaz-avx2-apple.S
[1110/1420] Compiling rdrand-x86_64-linux.S
[1111/1420] Compiling rdrand-x86_64-apple.S
[1112/1420] Compiling p256_beeu-x86_64-asm-linux.S
[1113/1420] Compiling p256_beeu-armv8-asm-win.S
[1113/1420] Compiling p256_beeu-x86_64-asm-apple.S
[1115/1420] Compiling p256_beeu-armv8-asm-linux.S
[1116/1420] Compiling p256_beeu-armv8-asm-apple.S
[1117/1420] Compiling p256-x86_64-asm-linux.S
[1118/1420] Compiling p256-armv8-asm-win.S
[1119/1420] Compiling p256-x86_64-asm-apple.S
[1120/1420] Compiling p256-armv8-asm-linux.S
[1121/1420] Compiling ghashv8-armv8-win.S
[1122/1420] Compiling ghashv8-armv8-linux.S
[1123/1420] Compiling p256-armv8-asm-apple.S
[1124/1420] Compiling ghashv8-armv8-apple.S
[1125/1420] Compiling ghashv8-armv7-linux.S
[1126/1420] Compiling ghash-x86_64-linux.S
[1127/1420] Compiling ghash-x86_64-apple.S
[1128/1420] Compiling ghash-x86-linux.S
[1129/1420] Compiling ghash-ssse3-x86_64-linux.S
[1130/1420] Compiling ghash-x86-apple.S
[1131/1420] Compiling ghash-ssse3-x86_64-apple.S
[1132/1420] Compiling ghash-ssse3-x86-linux.S
[1133/1420] Compiling ghash-ssse3-x86-apple.S
[1134/1420] Compiling ghash-neon-armv8-win.S
[1135/1420] Compiling ghash-neon-armv8-linux.S
[1136/1420] Compiling ghash-neon-armv8-apple.S
[1137/1420] Compiling ghash-armv4-linux.S
[1138/1420] Compiling co-586-apple.S
[1139/1420] Compiling co-586-linux.S
[1140/1420] Compiling bsaes-armv7-linux.S
[1141/1420] Compiling bn-armv8-win.S
[1142/1420] Compiling bn-armv8-linux.S
[1143/1420] Compiling bn-armv8-apple.S
[1144/1420] Compiling bn-586-linux.S
[1145/1420] Compiling bn-586-apple.S
[1146/1420] Compiling armv8-mont-win.S
[1147/1420] Compiling armv8-mont-linux.S
[1148/1420] Compiling armv8-mont-apple.S
[1149/1420] Compiling armv4-mont-linux.S
[1150/1420] Compiling aesv8-gcm-armv8-win.S
[1151/1420] Compiling aesv8-gcm-armv8-linux.S
[1152/1420] Compiling aesv8-armv8-linux.S
[1153/1420] Compiling aesv8-armv8-win.S
[1154/1420] Compiling aesv8-gcm-armv8-apple.S
[1155/1420] Compiling aesv8-armv8-apple.S
[1156/1420] Compiling aesv8-armv7-linux.S
[1157/1420] Compiling aesni-x86-linux.S
[1158/1420] Compiling aesni-x86_64-linux.S
[1158/1420] Compiling aesni-x86_64-apple.S
[1160/1420] Compiling aesni-gcm-x86_64-linux.S
[1161/1420] Compiling aesni-x86-apple.S
[1162/1420] Compiling aesni-gcm-x86_64-apple.S
[1163/1420] Compiling aes-gcm-avx512-x86_64-linux.S
[1164/1420] Compiling aes-gcm-avx512-x86_64-apple.S
[1165/1420] Compiling aes-gcm-avx2-x86_64-linux.S
[1166/1420] Compiling aes-gcm-avx2-x86_64-apple.S
[1167/1420] Compiling c-nioatomics.c
[1168/1420] Compiling xwing.cc
[1169/1420] Compiling x_spki.cc
[1170/1420] Compiling x_x509a.cc
[1170/1420] Compiling x_sig.cc
[1172/1420] Compiling x_name.cc
[1173/1420] Compiling x_req.cc
[1174/1420] Compiling c-atomics.c
[1175/1420] Compiling x_x509.cc
[1176/1420] Compiling x_pubkey.cc
[1177/1420] Compiling x_exten.cc
[1178/1427] Compiling x_crl.cc
[1179/1427] Compiling x509spki.cc
[1180/1427] Compiling x_attrib.cc
[1182/1427] Compiling NIOConcurrencyHelpers lock.swift
[1182/1427] Compiling x509rset.cc
[1183/1427] Compiling x_algor.cc
[1184/1427] Compiling x_all.cc
[1185/1427] Compiling x509name.cc
[1186/1427] Compiling x509cset.cc
[1188/1427] Compiling NIOConcurrencyHelpers NIOThreadPoolWorkAvailable.swift
[1189/1427] Compiling NIOConcurrencyHelpers NIOLock.swift
[1190/1427] Compiling NIOConcurrencyHelpers NIOAtomic.swift
[1191/1427] Emitting module NIOConcurrencyHelpers
[1192/1427] Compiling NIOConcurrencyHelpers NIOLockedValueBox.swift
[1193/1427] Compiling NIOConcurrencyHelpers atomics.swift
[1193/1427] Compiling x509_vpm.cc
[1194/1427] Compiling x509_vfy.cc
[1195/1427] Compiling x509_v3.cc
[1196/1454] Compiling x509_txt.cc
[1197/1454] Compiling x509_trs.cc
[1198/1454] Compiling x509_req.cc
[1199/1454] Compiling x509_set.cc
[1200/1454] Compiling x509_obj.cc
[1201/1454] Compiling x509_lu.cc
[1202/1454] Compiling x509_ext.cc
[1203/1454] Compiling x509_def.cc
[1204/1454] Compiling x509_d2.cc
[1205/1454] Compiling x509_cmp.cc
[1206/1454] Compiling x509.cc
[1207/1454] Compiling v3_skey.cc
[1208/1454] Compiling x509_att.cc
[1209/1454] Compiling v3_utl.cc
[1210/1454] Compiling v3_purp.cc
[1211/1454] Compiling v3_prn.cc
[1212/1454] Compiling v3_pmaps.cc
[1213/1454] Compiling v3_pcons.cc
[1214/1454] Compiling v3_ocsp.cc
[1215/1454] Compiling v3_int.cc
[1216/1454] Compiling v3_ncons.cc
[1216/1454] Compiling v3_lib.cc
[1218/1454] Compiling v3_ia5.cc
[1219/1454] Compiling v3_info.cc
[1220/1454] Compiling v3_genn.cc
[1221/1454] Compiling v3_extku.cc
[1222/1454] Compiling v3_enum.cc
[1223/1454] Compiling v3_crld.cc
[1224/1454] Compiling v3_bitst.cc
[1225/1454] Compiling v3_cpols.cc
[1226/1454] Compiling v3_conf.cc
[1227/1454] Compiling v3_bcons.cc
[1228/1454] Compiling v3_alt.cc
[1229/1454] Compiling v3_akeya.cc
[1230/1454] Compiling v3_akey.cc
[1231/1454] Compiling t_x509a.cc
[1232/1454] Compiling i2d_pr.cc
[1233/1454] Compiling t_x509.cc
[1234/1454] Compiling t_crl.cc
[1235/1454] Compiling t_req.cc
[1236/1454] Compiling rsa_pss.cc
[1237/1454] Compiling name_print.cc
[1238/1454] Compiling policy.cc
[1239/1454] Compiling by_file.cc
[1240/1454] Compiling by_dir.cc
[1241/1454] Compiling asn1_gen.cc
[1242/1454] Compiling algorithm.cc
[1243/1454] Compiling thread_win.cc
[1244/1454] Compiling voprf.cc
[1245/1454] Compiling trust_token.cc
[1246/1454] Compiling a_verify.cc
[1247/1454] Compiling a_sign.cc
[1248/1454] Compiling a_digest.cc
[1249/1454] Compiling pmbtoken.cc
[1250/1454] Compiling thread_pthread.cc
[1251/1454] Compiling thread_none.cc
[1252/1454] Compiling thread.cc
[1253/1454] Compiling stack.cc
[1254/1454] Compiling sha512.cc
[1255/1454] Compiling siphash.cc
[1256/1454] Compiling slhdsa.cc
[1257/1454] Compiling sha256.cc
[1258/1454] Compiling spake2plus.cc
[1259/1454] Compiling sha1.cc
[1260/1454] Compiling rsa_print.cc
[1262/1454] Emitting module ConsoleKitTerminal
[1262/1456] Compiling rsa_extra.cc
[1263/1456] Compiling refcount.cc
[1264/1456] Compiling rsa_crypt.cc
[1265/1456] Compiling rc4.cc
[1266/1456] Compiling urandom.cc
[1267/1456] Compiling trusty.cc
[1268/1456] Compiling windows.cc
[1269/1456] Compiling rand.cc
[1271/1456] Compiling ConsoleKitTerminal readpassphrase_linux.swift
[1272/1456] Compiling ConsoleKitTerminal AnySendableHashable.swift
[1273/1456] Compiling ConsoleKitTerminal ActivityIndicatorState.swift
[1274/1456] Compiling ConsoleKitTerminal CustomActivity.swift
[1275/1456] Compiling ConsoleKitTerminal LoadingBar.swift
[1276/1456] Compiling ConsoleKitTerminal Console+Output.swift
[1277/1456] Compiling ConsoleKitTerminal Console+Wait.swift
[1278/1456] Compiling ConsoleKitTerminal ConsoleColor.swift
[1279/1456] Compiling ConsoleKitTerminal ProgressBar.swift
[1280/1456] Compiling ConsoleKitTerminal Console+Clear.swift
[1281/1456] Compiling ConsoleKitTerminal Console+Ephemeral.swift
[1282/1456] Compiling ConsoleKitTerminal Console+Confirm.swift
[1283/1456] Compiling ConsoleKitTerminal Console+Input.swift
[1284/1456] Compiling ConsoleKitTerminal Console+Center.swift
[1284/1456] Compiling passive.cc
[1285/1456] Compiling ios.cc
[1286/1456] Compiling poly1305_arm_asm.S
[1287/1456] Compiling getentropy.cc
[1288/1456] Compiling rsa_asn1.cc
[1289/1456] Compiling forkunsafe.cc
[1290/1456] Compiling deterministic.cc
[1291/1456] Compiling fork_detect.cc
[1292/1456] Compiling poly1305_vec.cc
[1294/1456] Compiling ConsoleKitTerminal ConsoleLogger.swift
[1295/1456] Compiling ConsoleKitTerminal LoggerFragment.swift
[1296/1456] Compiling ConsoleKitTerminal ConsoleStyle.swift
[1297/1456] Compiling ConsoleKitTerminal ConsoleText.swift
[1298/1456] Compiling ConsoleKitTerminal ConsoleTextFragment.swift
[1299/1456] Compiling ConsoleKitTerminal ActivityBar.swift
[1300/1456] Compiling ConsoleKitTerminal ActivityIndicator.swift
[1301/1456] Compiling ConsoleKitTerminal ActivityIndicatorRenderer.swift
[1302/1456] Compiling ConsoleKitTerminal ConsoleClear.swift
[1303/1456] Compiling ConsoleKitTerminal Console+Ask.swift
[1304/1456] Compiling ConsoleKitTerminal Console+Choose.swift
[1305/1456] Compiling ConsoleKitTerminal ANSI.swift
[1306/1456] Compiling ConsoleKitTerminal Console.swift
[1307/1456] Compiling ConsoleKitTerminal Terminal.swift
[1307/1456] Compiling poly1305_arm.cc
[1308/1456] Compiling pool.cc
[1309/1456] Compiling poly1305.cc
[1310/1478] Compiling pkcs7.cc
[1311/1478] Compiling pkcs8.cc
[1312/1478] Compiling pkcs8_x509.cc
[1313/1478] Compiling p5_pbev2.cc
[1314/1478] Compiling pkcs7_x509.cc
[1315/1478] Compiling pem_xaux.cc
[1316/1478] Compiling pem_x509.cc
[1318/1478] Compiling ConsoleKitCommands Argument.swift
[1319/1478] Compiling ConsoleKitCommands CommandSignature.swift
[1320/1478] Compiling ConsoleKitCommands Flag.swift
[1321/1478] Compiling ConsoleKitCommands Option.swift
[1321/1480] Compiling pem_pkey.cc
[1322/1480] Compiling pem_pk8.cc
[1324/1480] Compiling ConsoleKitCommands GenerateAutocompleteCommand.swift
[1325/1480] Compiling ConsoleKitCommands MergedAsyncCommandGroup.swift
[1326/1480] Compiling ConsoleKitCommands AnyAsyncCommand.swift
[1327/1480] Compiling ConsoleKitCommands AsyncCommand.swift
[1328/1480] Compiling ConsoleKitCommands AsyncCommandGroup.swift
[1329/1480] Emitting module ConsoleKitCommands
[1330/1480] Compiling ConsoleKitCommands Command.swift
[1331/1480] Compiling ConsoleKitCommands CommandContext.swift
[1332/1480] Compiling ConsoleKitCommands CommandError.swift
[1332/1480] Compiling mlkem.cc
[1334/1480] Compiling ConsoleKitCommands String+LevenshteinDistance.swift
[1335/1480] Compiling ConsoleKitCommands Utilities.swift
[1335/1480] Compiling mldsa.cc
[1336/1480] Compiling obj_xref.cc
[1337/1480] Compiling pem_oth.cc
[1338/1480] Compiling mem.cc
[1339/1480] Compiling pem_info.cc
[1340/1480] Compiling obj.cc
[1341/1480] Compiling pem_all.cc
[1342/1480] Compiling poly_rq_mul.S
[1343/1480] Compiling pem_lib.cc
[1344/1480] Compiling fips_shared_support.cc
[1345/1480] Compiling lhash.cc
[1346/1480] Compiling md5.cc
[1347/1480] Compiling fuzzer_mode.cc
[1349/1480] Compiling ConsoleKitCommands CommandGroup.swift
[1350/1480] Compiling ConsoleKitCommands CommandInput.swift
[1351/1480] Compiling ConsoleKitCommands Commands.swift
[1352/1480] Compiling ConsoleKitCommands Console+Run.swift
[1353/1480] Compiling ConsoleKitCommands AsyncCommands.swift
[1354/1480] Compiling ConsoleKitCommands GenerateAsyncAutocompleteCommand.swift
[1355/1480] Compiling ConsoleKitCommands AnyCommand.swift
[1356/1480] Compiling ConsoleKitCommands ConsoleError.swift
[1357/1480] Compiling ConsoleKitCommands Completion.swift
[1357/1480] Compiling md4.cc
[1358/1480] Compiling ex_data.cc
[1359/1480] Compiling kyber.cc
[1360/1480] Compiling hpke.cc
[1361/1480] Compiling hrss.cc
[1362/1482] Compiling scrypt.cc
[1363/1482] Compiling sign.cc
[1364/1482] Compiling pbkdf.cc
[1365/1482] Compiling print.cc
[1367/1482] Emitting module ConsoleKit
[1368/1482] Compiling ConsoleKit Exports.swift
[1368/1482] Compiling p_x25519_asn1.cc
[1369/1482] Compiling p_x25519.cc
[1370/1482] Compiling p_rsa_asn1.cc
[1371/1482] Compiling p_rsa.cc
[1372/1482] Compiling p_hkdf.cc
[1373/1482] Compiling p_ed25519_asn1.cc
[1374/1482] Compiling p_ed25519.cc
[1375/1482] Compiling p_ec_asn1.cc
[1376/1482] Compiling p_ec.cc
[1377/1482] Compiling p_dsa_asn1.cc
[1378/1482] Compiling p_dh_asn1.cc
[1379/1482] Compiling p_dh.cc
[1380/1482] Compiling evp_ctx.cc
[1381/1482] Compiling err.cc
[1382/1482] Compiling engine.cc
[1383/1482] Compiling ecdsa_p1363.cc
[1384/1482] Compiling evp.cc
[1385/1482] Compiling ecdh.cc
[1386/1482] Compiling evp_asn1.cc
[1387/1482] Compiling ecdsa_asn1.cc
[1388/1482] Compiling ec_derive.cc
[1389/1482] Compiling hash_to_curve.cc
[1390/1482] Compiling dsa.cc
[1391/1482] Compiling dsa_asn1.cc
[1392/1482] Compiling ec_asn1.cc
[1393/1482] Compiling x25519-asm-arm.S
[1394/1482] Compiling digest_extra.cc
[1395/1482] Compiling params.cc
[1396/1482] Compiling dh_asn1.cc
[1397/1482] Compiling des.cc
[1398/1482] Compiling curve25519_64_adx.cc
[1399/1482] Compiling spake25519.cc
[1400/1482] Compiling cpu_intel.cc
[1401/1482] Compiling crypto.cc
[1402/1482] Compiling cpu_arm_linux.cc
[1403/1482] Compiling cpu_arm_freebsd.cc
[1404/1482] Compiling curve25519.cc
[1405/1482] Compiling cpu_aarch64_win.cc
[1406/1482] Compiling cpu_aarch64_sysreg.cc
[1407/1482] Compiling cpu_aarch64_openbsd.cc
[1408/1482] Compiling cpu_aarch64_linux.cc
[1409/1482] Compiling cpu_aarch64_fuchsia.cc
[1410/1482] Compiling cpu_aarch64_apple.cc
[1411/1482] Compiling conf.cc
[1411/1482] Compiling tls_cbc.cc
[1413/1482] Compiling get_cipher.cc
[1414/1482] Compiling e_rc4.cc
[1415/1482] Compiling e_tls.cc
[1416/1482] Compiling e_rc2.cc
[1417/1482] Compiling cms.cc
[1418/1482] Compiling e_null.cc
[1419/1482] Compiling e_des.cc
[1420/1482] Compiling e_chacha20poly1305.cc
[1421/1482] Compiling e_aeseax.cc
[1422/1482] Compiling e_aesgcmsiv.cc
[1423/1482] Compiling derive_key.cc
[1424/1482] Compiling e_aesctrhmac.cc
[1425/1482] Compiling chacha.cc
[1426/1482] Compiling unicode.cc
[1427/1482] Compiling sqrt.cc
[1428/1482] Compiling buf.cc
[1429/1482] Compiling cbb.cc
[1430/1482] Compiling cbs.cc
[1431/1482] Compiling exponentiation.cc
[1432/1482] Compiling ber.cc
[1433/1482] Compiling asn1_compat.cc
[1434/1482] Compiling div.cc
[1435/1482] Compiling printf.cc
[1436/1482] Compiling blake2.cc
[1437/1482] Compiling pair.cc
[1438/1482] Compiling convert.cc
[1439/1482] Compiling hexdump.cc
[1440/1482] Compiling bn_asn1.cc
[1441/1482] Compiling file.cc
[1442/1482] Compiling fd.cc
[1443/1482] Compiling errno.cc
[1444/1482] Compiling bio_mem.cc
[1445/1482] Compiling base64.cc
[1446/1482] Compiling bio.cc
[1447/1482] Compiling tasn_typ.cc
[1448/1482] Compiling tasn_fre.cc
[1449/1482] Compiling tasn_enc.cc
[1450/1482] Compiling tasn_utl.cc
[1451/1482] Compiling tasn_new.cc
[1452/1482] Compiling tasn_dec.cc
[1453/1482] Compiling posix_time.cc
[1454/1482] Compiling f_int.cc
[1455/1482] Compiling f_string.cc
[1456/1482] Compiling bcm.cc
[1457/1482] Compiling asn_pack.cc
[1458/1482] Compiling asn1_par.cc
[1459/1482] Compiling a_utctm.cc
[1460/1482] Compiling asn1_lib.cc
[1461/1482] Compiling a_type.cc
[1462/1482] Compiling a_octet.cc
[1463/1482] Compiling a_time.cc
[1464/1482] Compiling a_strnid.cc
[1465/1482] Compiling a_strex.cc
[1466/1482] Compiling a_mbstr.cc
[1467/1482] Compiling a_object.cc
[1467/1482] Write sources
[1471/1482] Compiling CAsyncHTTPClient CAsyncHTTPClient.c
[1472/1482] Compiling a_int.cc
[1472/1482] Write sources
[1475/1482] Compiling a_i2d_fp.cc
[1476/1482] Compiling a_dup.cc
[1477/1482] Compiling a_d2i_fp.cc
[1478/1482] Compiling a_gentm.cc
[1479/1510] Compiling aes.cc
[1480/1542] Compiling a_bool.cc
[1481/1582] Compiling a_bitstr.cc
[1483/1582] Compiling Algorithms Suffix.swift
[1484/1582] Compiling Algorithms Trim.swift
[1485/1584] Compiling Algorithms Indexed.swift
[1486/1584] Compiling Algorithms Intersperse.swift
[1487/1594] Compiling Algorithms Joined.swift
[1488/1594] Compiling Algorithms Keyed.swift
[1489/1594] Compiling Algorithms MinMax.swift
[1490/1594] Compiling Algorithms Partition.swift
[1491/1594] Compiling Algorithms Permutations.swift
[1492/1594] Compiling Algorithms Product.swift
[1493/1594] Compiling BitCollections BitArray+Fill.swift
[1494/1594] Compiling BitCollections BitArray+Hashable.swift
[1495/1594] Compiling BitCollections BitArray+Initializers.swift
[1496/1594] Compiling BitCollections BitArray+Invariants.swift
[1497/1594] Compiling BitCollections BitArray+LosslessStringConvertible.swift
[1498/1594] Compiling BitCollections BitArray+RandomBits.swift
[1499/1594] Compiling BitCollections BitSet+Codable.swift
[1500/1594] Compiling BitCollections BitSet+CustomDebugStringConvertible.swift
[1501/1594] Compiling BitCollections BitSet+CustomReflectable.swift
[1502/1594] Compiling BitCollections BitSet+CustomStringConvertible.swift
[1503/1594] Compiling BitCollections BitSet+Equatable.swift
[1504/1594] Compiling BitCollections BitSet+ExpressibleByArrayLiteral.swift
[1505/1600] Compiling Atomics Unmanaged extensions.swift
[1506/1600] Compiling Algorithms RandomSample.swift
[1507/1600] Compiling Algorithms Reductions.swift
[1508/1600] Compiling Algorithms Rotate.swift
[1509/1600] Compiling Algorithms Split.swift
[1510/1600] Compiling Algorithms Stride.swift
[1512/1600] Compiling BitCollections BitSet+SetAlgebra conformance.swift
[1513/1600] Compiling BitCollections BitSet+SetAlgebra formIntersection.swift
[1514/1600] Compiling BitCollections BitSet+SetAlgebra formSymmetricDifference.swift
[1515/1600] Compiling BitCollections BitSet+SetAlgebra formUnion.swift
[1516/1600] Compiling BitCollections BitSet+SetAlgebra intersection.swift
[1517/1600] Compiling BitCollections BitSet+SetAlgebra isDisjoint.swift
[1518/1600] Compiling BitCollections BitSet+SetAlgebra isEqualSet.swift
[1519/1600] Compiling BitCollections BitSet+SetAlgebra isStrictSubset.swift
[1520/1600] Compiling BitCollections BitSet+SetAlgebra isStrictSuperset.swift
[1521/1600] Compiling BitCollections BitSet+SetAlgebra isSubset.swift
[1522/1600] Compiling BitCollections BitSet+SetAlgebra isSuperset.swift
[1523/1600] Compiling BitCollections BitSet+SetAlgebra subtract.swift
[1524/1600] Emitting module BitCollections
[1525/1600] Compiling Algorithms EitherSequence.swift
[1526/1600] Compiling Algorithms FirstNonNil.swift
[1527/1600] Compiling Algorithms FlattenCollection.swift
[1528/1600] Compiling Algorithms Grouped.swift
[1541/1600] Compiling Algorithms Unique.swift
[1542/1600] Compiling Algorithms Windows.swift
[1543/1600] Compiling Algorithms Combinations.swift
[1544/1600] Compiling Algorithms Compacted.swift
[1545/1600] Compiling Algorithms Cycle.swift
[1551/1600] Compiling Algorithms AdjacentPairs.swift
[1552/1600] Compiling Algorithms Chain.swift
[1553/1600] Compiling Algorithms Chunked.swift
[1560/1600] Compiling BitCollections BitSet._UnsafeHandle.swift
[1561/1600] Compiling BitCollections BitSet.swift
[1562/1600] Compiling BitCollections Range+Utilities.swift
[1563/1600] Compiling BitCollections Slice+Utilities.swift
[1564/1600] Compiling BitCollections UInt+Tricks.swift
[1565/1600] Compiling BitCollections _Word.swift
[1569/1600] Compiling BitCollections BitArray._UnsafeHandle.swift
[1570/1600] Compiling BitCollections BitArray.swift
[1571/1600] Compiling BitCollections BitSet+BidirectionalCollection.swift
[1587/1606] Compiling CryptoBoringWrapper RandomBytes.swift
[1588/1606] Compiling CryptoBoringWrapper resource_bundle_accessor.swift
[1589/1606] Compiling CryptoBoringWrapper FiniteFieldArithmeticContext.swift
[1590/1606] Compiling Collections DequeModule reexports.swift
[1591/1606] Compiling Collections OrderedCollections reexports.swift
[1592/1606] Compiling Collections HashTreeCollections reexports.swift
[1593/1606] Compiling Collections HeapModule reexports.swift
[1594/1606] Emitting module Collections
[1595/1606] Compiling Collections BitCollections reexports.swift
[1599/1606] Compiling CryptoBoringWrapper EllipticCurvePoint.swift
[1600/1606] Compiling CryptoBoringWrapper CryptoKitErrors_boring.swift
[1601/1606] Compiling CryptoBoringWrapper EllipticCurve.swift
[1602/1606] Emitting module CryptoBoringWrapper
[1603/1606] Compiling CryptoBoringWrapper BoringSSLAEAD.swift
[1604/1606] Compiling CryptoBoringWrapper ArbitraryPrecisionInteger.swift
[1605/1606] Emitting module Atomics
[1606/1735] Emitting module Algorithms
[1607/1735] Compiling NIOCore EventLoopFuture+AssumeIsolated.swift
[1608/1735] Compiling NIOCore EventLoopFuture+Deprecated.swift
[1609/1735] Compiling NIOCore EventLoopFuture+WithEventLoop.swift
[1610/1735] Compiling NIOCore EventLoopFuture.swift
[1611/1735] Compiling NIOCore FileDescriptor.swift
[1612/1735] Compiling NIOCore FileHandle.swift
[1613/1735] Compiling NIOCore FileRegion.swift
[1614/1742] Compiling NIOCore ByteBuffer-core.swift
[1615/1742] Compiling NIOCore ByteBuffer-hex.swift
[1616/1742] Compiling NIOCore ByteBuffer-int.swift
[1617/1742] Compiling NIOCore ByteBuffer-lengthPrefix.swift
[1618/1742] Compiling NIOCore ByteBuffer-multi-int.swift
[1619/1742] Compiling NIOCore ByteBuffer-quicBinaryEncodingStrategy.swift
[1620/1742] Compiling NIOCore ByteBuffer-views.swift
[1621/1742] Compiling NIOCore Codec.swift
[1622/1742] Compiling NIOCore ConvenienceOptionSupport.swift
[1623/1742] Compiling NIOCore DeadChannel.swift
[1624/1742] Compiling NIOCore DispatchQueue+WithFuture.swift
[1625/1742] Compiling NIOCore EventLoop+Deprecated.swift
[1626/1742] Compiling NIOCore EventLoop+SerialExecutor.swift
[1627/1742] Compiling NIOCore EventLoop.swift
[1628/1742] Emitting module CryptoExtras
[1629/1742] Compiling NIOCore NIOPooledRecvBufferAllocator.swift
[1630/1742] Compiling NIOCore NIOScheduledCallback.swift
[1631/1742] Compiling NIOCore NIOSendable.swift
[1632/1742] Compiling NIOCore NIOSplitLinesMessageDecoder.swift
[1633/1742] Compiling NIOCore NIOTransportAccessibleChannelCore.swift
[1634/1742] Compiling NIOCore RecvByteBufferAllocator.swift
[1635/1742] Compiling CryptoExtras ThreadSpecific.swift
[1636/1742] Compiling NIOCore MarkedCircularBuffer.swift
[1637/1742] Compiling NIOCore MulticastChannel.swift
[1638/1742] Compiling NIOCore NIOAny.swift
[1639/1742] Compiling NIOCore NIOCloseOnErrorHandler.swift
[1640/1742] Compiling NIOCore NIOCoreSendableMetatype.swift
[1641/1742] Compiling NIOCore NIODecodedAsyncSequence.swift
[1642/1742] Compiling NIOCore NIOLoopBound.swift
[1643/1742] Compiling NIOCore IO.swift
[1644/1742] Compiling NIOCore IOData.swift
[1645/1742] Compiling NIOCore IPProtocol.swift
[1646/1742] Compiling NIOCore IntegerBitPacking.swift
[1647/1742] Compiling NIOCore IntegerTypes.swift
[1648/1742] Compiling NIOCore Interfaces.swift
[1649/1742] Compiling NIOCore Linux.swift
[1650/1749] Compiling NIOCore AddressedEnvelope.swift
[1651/1749] Compiling NIOCore AsyncAwaitSupport.swift
[1652/1749] Compiling NIOCore AsyncChannel.swift
[1653/1749] Compiling NIOCore AsyncChannelHandler.swift
[1654/1749] Compiling NIOCore AsyncChannelInboundStream.swift
[1655/1749] Compiling NIOCore AsyncChannelOutboundWriter.swift
[1656/1749] Compiling NIOCore NIOAsyncSequenceProducer.swift
[1657/1749] Compiling NIOCore NIOAsyncSequenceProducerStrategies.swift
[1658/1749] Compiling NIOCore NIOAsyncWriter.swift
[1659/1749] Compiling NIOCore NIOThrowingAsyncSequenceProducer.swift
[1660/1749] Compiling NIOCore BSDSocketAPI.swift
[1661/1749] Compiling NIOCore ByteBuffer-aux.swift
[1662/1749] Compiling NIOCore ByteBuffer-binaryEncodedLengthPrefix.swift
[1663/1749] Compiling NIOCore ByteBuffer-conversions.swift
[1664/1749] Compiling NIOCore Channel.swift
[1665/1749] Compiling NIOCore ChannelHandler.swift
[1666/1749] Compiling NIOCore ChannelHandlers.swift
[1667/1749] Compiling NIOCore ChannelInvoker.swift
[1668/1749] Compiling NIOCore ChannelOption.swift
[1669/1749] Compiling NIOCore ChannelPipeline.swift
[1670/1749] Compiling NIOCore CircularBuffer.swift
[1672/1749] Compiling NIOCore SocketAddresses.swift
[1673/1749] Compiling NIOCore SocketOptionProvider.swift
[1674/1749] Compiling NIOCore SystemCallHelpers.swift
[1675/1749] Compiling NIOCore TimeAmount+Duration.swift
[1676/1749] Compiling NIOCore TypeAssistedChannelHandler.swift
[1677/1749] Compiling NIOCore UniversalBootstrapSupport.swift
[1691/1749] Compiling NIOCore GlobalSingletons.swift
[1719/1749] Compiling NIOCore Utilities.swift
[1727/1751] Emitting module _CryptoExtras
[1728/1751] Compiling _CryptoExtras Exports.swift
[1729/1849] Compiling X509 CustomPrivateKey.swift
[1730/1849] Compiling X509 Digests.swift
[1731/1849] Compiling X509 DistinguishedName.swift
[1732/1849] Compiling X509 CommonName.swift
[1733/1849] Compiling X509 CountryName.swift
[1734/1849] Compiling X509 DNBuilder.swift
[1735/1849] Compiling X509 DomainComponent.swift
[1736/1849] Compiling X509 EmailAddress.swift
[1737/1849] Compiling X509 LocalityName.swift
[1738/1849] Compiling X509 OrganizationName.swift
[1739/1849] Compiling X509 OrganizationalUnitName.swift
[1740/1859] Compiling X509 KeyUsage.swift
[1741/1859] Compiling X509 NameConstraints.swift
[1742/1859] Compiling X509 SubjectAlternativeName.swift
[1743/1859] Compiling X509 NameConstraintsPolicy.swift
[1744/1859] Compiling X509 RFC5280Policy.swift
[1745/1859] Compiling X509 URIConstraints.swift
[1746/1859] Compiling X509 VersionPolicy.swift
[1747/1859] Compiling X509 ServerIdentityPolicy.swift
[1748/1859] Compiling X509 TrustRootLoading.swift
[1749/1859] Compiling X509 UnverifiedChain.swift
[1750/1859] Compiling X509 ValidatedCertificateChain.swift
[1751/1859] Compiling X509 VerificationDiagnostic.swift
[1752/1859] Compiling X509 Verifier.swift
[1753/1859] Compiling X509 OCSPTBSRequest.swift
[1754/1859] Compiling X509 StateOrProvinceName.swift
[1755/1859] Compiling X509 StreetAddress.swift
[1756/1859] Compiling X509 Error.swift
[1757/1859] Compiling X509 AuthorityInformationAccess.swift
[1758/1859] Compiling X509 AuthorityKeyIdentifier.swift
[1759/1859] Compiling X509 BasicConstraints.swift
[1760/1859] Compiling X509 ExtendedKeyUsage.swift
[1761/1859] Compiling X509 ExtensionIdentifiers.swift
[1762/1859] Compiling X509 AllOfPolicies.swift
[1763/1859] Compiling X509 AnyPolicy.swift
[1764/1859] Compiling X509 CertificateStore.swift
[1765/1859] Compiling X509 CustomCertificateStore.swift
[1766/1859] Compiling X509 OneOfPolicies.swift
[1767/1859] Compiling X509 PolicyBuilder.swift
[1768/1859] Compiling X509 BasicConstraintsPolicy.swift
[1769/1859] Compiling X509 DNSNames.swift
[1770/1859] Compiling X509 ExpiryPolicy.swift
[1771/1859] Compiling X509 IPConstraints.swift
[1772/1859] Compiling X509 SubjectKeyIdentifier.swift
[1773/1859] Compiling X509 Extension.swift
[1774/1859] Compiling X509 Extensions.swift
[1775/1859] Compiling X509 ExtensionsBuilder.swift
[1776/1859] Compiling X509 GeneralName.swift
[1777/1859] Compiling X509 Lock.swift
[1778/1859] Compiling X509 LockedValueBox.swift
[1779/1859] Compiling X509 BasicOCSPResponse.swift
[1780/1859] Compiling X509 DirectoryString.swift
[1781/1859] Compiling X509 OCSPCertID.swift
[1782/1859] Compiling X509 OCSPCertStatus.swift
[1784/1859] Compiling X509 OCSPVersion.swift
[1785/1859] Compiling X509 PKCS8PrivateKey.swift
[1786/1859] Compiling X509 PromiseAndFuture.swift
[1787/1859] Compiling X509 RDNAttribute.swift
[1788/1859] Compiling X509 RandomNumberGenerator+bytes.swift
[1789/1859] Compiling X509 RelativeDistinguishedName.swift
[1790/1859] Compiling X509 SEC1PrivateKey.swift
[1791/1859] Compiling X509 SecKeyWrapper.swift
[1792/1859] Compiling X509 Signature.swift
[1793/1859] Compiling X509 SignatureAlgorithm.swift
[1794/1859] Compiling X509 CMSAttribute.swift
[1795/1859] Compiling X509 CMSContentInfo.swift
[1796/1859] Compiling X509 CMSEncapsulatedContentInfo.swift
[1797/1859] Compiling X509 CMSIssuerAndSerialNumber.swift
[1798/1859] Compiling X509 CMSOperations.swift
[1799/1859] Compiling X509 CMSSignature.swift
[1800/1859] Compiling X509 CMSSignedData.swift
[1801/1859] Compiling X509 CMSSignerIdentifier.swift
[1802/1859] Compiling X509 CMSSignerInfo.swift
[1803/1859] Compiling X509 CMSVersion.swift
[1804/1859] Compiling X509 Curve25519+DER.swift
[1805/1859] Compiling X509 CSRAttribute.swift
[1806/1859] Compiling X509 CSRAttributes.swift
[1807/1859] Compiling X509 CSRVersion.swift
[1808/1859] Compiling X509 CertificateSigningRequest.swift
[1809/1859] Compiling X509 CertificationRequestInfo.swift
[1810/1859] Compiling X509 ExtensionRequest.swift
[1811/1859] Compiling X509 Certificate.swift
[1812/1859] Compiling X509 CertificatePrivateKey.swift
[1813/1859] Compiling X509 CertificatePublicKey.swift
[1814/1859] Compiling X509 CertificateSerialNumber.swift
[1815/1859] Compiling X509 CertificateVersion.swift
[1816/1859] Compiling X509 OCSPExtensionID.swift
[1817/1859] Compiling X509 OCSPNonce.swift
[1818/1859] Compiling X509 OCSPPolicy.swift
[1819/1859] Compiling X509 OCSPRequest.swift
[1820/1859] Compiling X509 OCSPResponse.swift
[1821/1859] Compiling X509 OCSPResponseBytes.swift
[1822/1859] Compiling X509 OCSPResponseData.swift
[1823/1859] Compiling X509 OCSPResponseStatus.swift
[1824/1859] Compiling X509 OCSPSignature.swift
[1825/1859] Compiling X509 OCSPSingleRequest.swift
[1826/1859] Compiling X509 OCSPSingleResponse.swift
[1827/1859] Compiling X509 VerifierPolicy.swift
[1828/1859] Compiling X509 AlgorithmIdentifier.swift
[1829/1859] Compiling X509 ECDSASignature.swift
[1830/1859] Compiling X509 RSAPKCS1PublicKey.swift
[1831/1859] Compiling X509 SubjectPublicKeyInfo.swift
[1832/1859] Compiling X509 TBSCertificate.swift
[1833/1859] Compiling X509 Time.swift
[1834/1859] Compiling X509 TimeCalculations.swift
[1835/1859] Compiling X509 Validity.swift
[1836/1859] Compiling X509 X509SendableMetatype.swift
[1837/1859] Emitting module NIOCore
[1849/1919] Compiling NIOPosix IntegerTypes.swift
[1850/1919] Compiling NIOPosix Linux.swift
[1851/1919] Compiling NIOPosix LinuxCPUSet.swift
[1852/1919] Compiling NIOPosix LinuxUring.swift
[1853/1919] Compiling NIOPosix MultiThreadedEventLoopGroup.swift
[1854/1919] Compiling NIOPosix NIOPosixSendableMetatype.swift
[1855/1919] Compiling NIOPosix NIORandomizedDNSResolver.swift
[1856/1919] Compiling NIOPosix Pool.swift
[1857/1919] Compiling NIOPosix PosixSingletons+ConcurrencyTakeOver.swift
[1858/1919] Compiling NIOPosix PosixSingletons.swift
[1859/1919] Emitting module NIOFoundationEssentialsCompat
[1860/1919] Compiling NIOFoundationEssentialsCompat Codable+ByteBuffer.swift
[1861/1919] Compiling NIOFoundationEssentialsCompat ByteBuffer-foundation.swift
[1862/1919] Emitting module NIOEmbedded
[1863/1919] Compiling NIOEmbedded AsyncTestingEventLoop.swift
[1864/1919] Compiling NIOEmbedded AsyncTestingChannel.swift
[1865/1919] Compiling NIOEmbedded Embedded.swift
[1866/1919] Emitting module X509
[1867/1919] Compiling NIOPosix StructuredConcurrencyHelpers.swift
[1868/1919] Compiling NIOPosix System.swift
[1869/1919] Compiling NIOPosix Thread.swift
[1870/1919] Compiling NIOPosix ThreadPosix.swift
[1871/1919] Compiling NIOPosix ThreadWindows.swift
[1872/1954] Compiling NIOPosix SelectorWSAPoll.swift
[1873/1954] Compiling NIOPosix ServerSocket.swift
[1874/1954] Compiling NIOPosix Socket.swift
[1875/1954] Compiling NIOPosix SocketChannel.swift
[1876/1954] Compiling NIOPosix SocketProtocols.swift
[1877/1992] Compiling JWTKit JWTMultiValueClaim.swift
[1878/1992] Compiling JWTKit JWTUnixEpochClaim.swift
[1879/1992] Compiling JWTKit LocaleClaim.swift
[1880/1992] Compiling JWTKit NotBeforeClaim.swift
[1881/1992] Compiling JWTKit SubjectClaim.swift
[1882/1992] Compiling JWTKit MLDSA87+MLDSAKey.swift
[1883/1992] Compiling JWTKit ECDSACurveType.swift
[1884/1992] Compiling JWTKit ECDSAError.swift
[1885/1992] Compiling JWTKit ECDSAKeyTypes.swift
[1886/1992] Compiling JWTKit ECDSASigner.swift
[1887/1992] Compiling JWTKit ECDSASigningAlgorithm.swift
[1888/1992] Emitting module NIOPosix
[1889/1992] Compiling JWTKit EdDSASigner.swift
[1890/1992] Compiling JWTKit JWTKeyCollection+EdDSA.swift
[1891/1992] Compiling JWTKit HMAC.swift
[1892/1992] Compiling JWTKit HMACError.swift
[1893/1992] Compiling JWTKit JWTAlgorithm.swift
[1894/1992] Compiling JWTKit JWTError.swift
[1895/1992] Compiling JWTKit JWTHeader+CommonFields.swift
[1896/1992] Compiling JWTKit JWTHeader.swift
[1897/1992] Compiling JWTKit JWTHeaderField.swift
[1898/1992] Compiling JWTKit JWTKeyCollection.swift
[1899/1992] Compiling JWTKit JWTParser.swift
[1900/1992] Compiling JWTKit HMACSigner.swift
[1901/1992] Compiling JWTKit AudienceClaim.swift
[1902/1992] Compiling JWTKit BoolClaim.swift
[1903/1992] Compiling JWTKit ExpirationClaim.swift
[1904/1992] Compiling JWTKit GoogleHostedDomainClaim.swift
[1905/1992] Compiling JWTKit IDClaim.swift
[1906/1992] Compiling JWTKit IssuedAtClaim.swift
[1907/1992] Compiling JWTKit JWTPayload.swift
[1908/1992] Compiling JWTKit JWTSerializer.swift
[1909/1992] Compiling JWTKit JWTSigner.swift
[1910/1992] Compiling JWTKit JWTKeyCollection+MLDSA.swift
[1911/1992] Compiling JWTKit MLDSA.swift
[1912/1992] Compiling JWTKit MLDSA65+MLDSAKey.swift
[1913/1992] Compiling JWTKit IssuerClaim.swift
[1914/1992] Compiling JWTKit JWTClaim.swift
[1915/1992] Compiling JWTKit P521+CurveType.swift
[1916/1992] Compiling JWTKit EdDSA.swift
[1917/1992] Compiling JWTKit EdDSACurve.swift
[1918/1992] Compiling JWTKit EdDSAError.swift
[1919/1992] Compiling JWTKit JWTKeyCollection+HMAC.swift
[1920/1992] Compiling JWTKit Insecure.swift
[1921/1992] Compiling JWTKit JWK.swift
[1922/1992] Compiling JWTKit JWKIdentifier.swift
[1923/1992] Compiling JWTKit JWKS.swift
[1924/1992] Compiling JWTKit JWKSigner.swift
[1925/2053] Emitting module NIO
[1926/2053] Compiling NIO Exports.swift
[1927/2093] Compiling NIOFoundationCompat JSONSerialization+ByteBuffer.swift
[1928/2093] Compiling NIOFoundationCompat WaitSpinningRunLoop.swift
[1929/2093] Compiling NIOSOCKS SOCKSResponse.swift
[1930/2093] Compiling NIOSOCKS SelectedAuthenticationMethod.swift
[1931/2093] Compiling NIOSOCKS ClientStateMachine.swift
[1932/2093] Compiling NIOSOCKS Messages.swift
[1933/2094] Compiling NIOFoundationCompat Exports.swift
[1934/2094] Emitting module NIOFoundationCompat
[1935/2094] Compiling NIOSOCKS AuthenticationMethod.swift
[1936/2094] Compiling NIOSOCKS ClientGreeting.swift
[1937/2094] Compiling NIOSOCKS Helpers.swift
[1938/2094] Compiling NIOSOCKS SOCKSRequest.swift
[1939/2094] Compiling NIOTLS ProtocolNegotiationHandlerStateMachine.swift
[1940/2094] Compiling NIOTLS ApplicationProtocolNegotiationHandler.swift
[1941/2094] Compiling NIOTLS NIOTypedApplicationProtocolNegotiationHandler.swift
[1942/2094] Compiling NIOTLS TLSEvents.swift
[1943/2094] Emitting module NIOTLS
[1944/2094] Compiling NIOTLS SNIHandler.swift
[1945/2094] Compiling NIOSOCKS Errors.swift
[1946/2094] Emitting module NIOSOCKS
[1947/2094] Compiling NIOSOCKS SOCKSClientHandler.swift
[1948/2094] Compiling NIOSOCKS SOCKSServerHandshakeHandler.swift
[1949/2094] Compiling NIOHTTP1 NIOTypedHTTPServerUpgradeHandler.swift
[1950/2095] Compiling NIOSOCKS ServerStateMachine.swift
[1951/2149] Emitting module _NIOFileSystem
[1952/2153] Compiling NIOSSL IdentityVerification.swift
[1953/2153] Compiling NIOSSL LinuxCABundle.swift
[1954/2153] Compiling NIOSSL SecurityFrameworkCertificateVerification.swift
[1955/2153] Compiling NIOSSL String+unsafeUninitializedCapacity.swift
[1956/2153] Compiling NIOSSL NIOSSLHandler.swift
[1957/2153] Compiling NIOSSL NIOSSLServerHandler.swift
[1958/2153] Compiling NIOSSL ObjectIdentifier.swift
[1959/2153] Compiling NIOSSL PosixPort.swift
[1960/2153] Compiling NIOSSL AndroidCABundle.swift
[1961/2153] Compiling NIOSSL ByteBufferBIO.swift
[1962/2153] Compiling NIOSSL CustomPrivateKey.swift
[1963/2153] Compiling NIOSSL FreeBSDCABundle.swift
[1964/2153] Compiling NIOHTTP1 NIOTypedHTTPServerUpgraderStateMachine.swift
[1965/2153] Compiling NIOSSL SSLCertificateName.swift
[1966/2153] Compiling NIOSSL SSLConnection.swift
[1967/2153] Compiling NIOSSL SSLContext.swift
[1968/2153] Compiling NIOSSL SSLErrors.swift
[1969/2153] Compiling _NIOFileSystem NIOFileSystemSendableMetatype.swift
[1970/2153] Compiling _NIOFileSystem OpenOptions.swift
[1971/2153] Compiling _NIOFileSystem String+FileSystem.swift
[1972/2153] Compiling _NIOFileSystem resource_bundle_accessor.swift
[1981/2153] Compiling NIOSSL RNG.swift
[1982/2153] Compiling NIOSSL SSLPublicKey.swift
[1983/2153] Emitting module NIOHTTP1
[1984/2153] Compiling NIOSSL SubjectAlternativeName.swift
[1985/2153] Compiling NIOSSL NIOSSLSecureBytes.swift
[1986/2153] Compiling NIOSSL SafeCompare.swift
[1987/2153] Compiling NIOSSL Zeroization.swift
[1988/2153] Compiling NIOSSL TLSConfiguration.swift
[1989/2153] Compiling _NIOFileSystem Syscall.swift
[1990/2153] Compiling _NIOFileSystem Syscalls.swift
[1991/2153] Compiling _NIOFileSystem SystemFileHandle.swift
[1992/2153] Compiling _NIOFileSystem Utilities.swift
[1993/2153] Compiling _NIOFileSystem NIOFilePath.swift
[1994/2218] Compiling NIOExtras NIOExtrasError.swift
[1995/2218] Compiling NIOExtras NIOLengthFieldBitLength.swift
[1996/2218] Compiling NIOSSL SSLInit.swift
[1997/2218] Compiling NIOSSL SSLPKCS12Bundle.swift
[1998/2218] Compiling NIOSSL SSLPrivateKey.swift
[1999/2218] Compiling NIOSSL SSLCallbacks.swift
[2000/2218] Compiling NIOSSL SSLCertificate.swift
[2001/2218] Compiling NIOSSL SSLCertificateExtensions.swift
[2002/2218] Emitting module AsyncKit
[2003/2220] Compiling NIOHPACK IndexedHeaderTable.swift
[2004/2220] Compiling NIOHPACK IntegerCoding.swift
[2005/2221] Compiling NIOWebSocket WebSocketOpcode.swift
[2006/2221] Compiling NIOWebSocket WebSocketFrameEncoder.swift
[2007/2222] Compiling NIOWebSocket WebSocketFrameDecoder.swift
[2008/2222] Compiling NIOHPACK HuffmanTables.swift
[2009/2222] Compiling NIOHPACK HeaderTables.swift
[2010/2222] Compiling NIOHPACK HuffmanCoding.swift
[2011/2222] Compiling NIOExtras NIORequestIdentifiable.swift
[2012/2222] Compiling NIOExtras PCAPRingBuffer.swift
[2013/2222] Compiling NIOExtras QuiescingHelper.swift
[2014/2222] Compiling NIOExtras RequestResponseHandler.swift
[2017/2222] Compiling NIOExtras LineBasedFrameDecoder.swift
[2018/2222] Compiling NIOExtras MarkedCircularBuffer+PopFirstCheckMarked.swift
[2022/2222] Compiling NIOExtras JSONRPCFraming.swift
[2023/2222] Compiling NIOExtras LengthFieldBasedFrameDecoder.swift
[2024/2222] Compiling NIOExtras LengthFieldPrepender.swift
[2025/2222] Emitting module NIOTransportServices
[2026/2222] Compiling NIOExtras FixedLengthFrameDecoder.swift
[2027/2222] Compiling NIOExtras HTTP1ProxyConnectHandler.swift
[2028/2222] Compiling NIOExtras JSONRPCFraming+ContentLengthHeader.swift
[2029/2222] Compiling NIOExtras DebugInboundEventsHandler.swift
[2030/2222] Compiling NIOExtras DebugOutboundEventsHandler.swift
[2031/2222] Compiling NIOExtras RequestResponseHandlers+State.swift
[2032/2222] Compiling NIOExtras RequestResponseWithIDHandler.swift
[2041/2231] Compiling NIOHTTPCompression HTTPDecompressor.swift
[2042/2231] Compiling NIOHTTPCompression HTTPRequestCompressor.swift
[2043/2231] Compiling NIOHTTPCompression HTTPDecompression.swift
[2044/2231] Compiling NIOHTTPCompression HTTPCompression.swift
[2045/2231] Compiling NIOHTTPCompression HTTPResponseCompressor.swift
[2046/2231] Emitting module NIOHTTPCompression
[2057/2232] Compiling NIOHPACK StaticHeaderTable.swift
[2061/2235] Compiling NIOWebSocket WebSocketErrorCodes.swift
[2062/2235] Compiling NIOWebSocket SHA1.swift
[2063/2235] Compiling NIOWebSocket NIOWebSocketServerUpgrader.swift
[2064/2235] Compiling NIOWebSocket NIOWebSocketFrameAggregator.swift
[2065/2235] Compiling NIOWebSocket NIOWebSocketClientUpgrader.swift
[2066/2235] Emitting module NIOWebSocket
[2067/2235] Compiling NIOWebSocket WebSocketFrame.swift
[2068/2235] Compiling NIOWebSocket WebSocketProtocolErrorHandler.swift
[2077/2235] Compiling NIOHPACK HPACKEncoder.swift
[2078/2235] Compiling NIOHPACK HPACKErrors.swift
[2081/2235] Compiling NIOHPACK HPACKHeader.swift
[2082/2235] Emitting module NIOHPACK
[2083/2235] Emitting module NIOExtras
error: emit-module command failed with exit code 1 (use -v to see invocation)
[2084/2235] Emitting module JWTKit
/Users/admin/builder/spi-builder-workspace/.build/checkouts/jwt-kit/Sources/JWTKit/MLDSA/MLDSA65+MLDSAKey.swift:5:11: error: cannot find type 'MLDSA65' in scope
 3 | @_spi(PostQuantum)
 4 | @available(iOS 26.0, macOS 26.0, watchOS 26.0, tvOS 26.0, *)
 5 | extension MLDSA65.PublicKey: MLDSAPublicKey {
   |           `- error: cannot find type 'MLDSA65' in scope
 6 |     public typealias MLDSAType = MLDSA65
 7 | }
/Users/admin/builder/spi-builder-workspace/.build/checkouts/jwt-kit/Sources/JWTKit/MLDSA/MLDSA65+MLDSAKey.swift:11:11: error: cannot find type 'MLDSA65' in scope
 9 | @_spi(PostQuantum)
10 | @available(iOS 26.0, macOS 26.0, watchOS 26.0, tvOS 26.0, *)
11 | extension MLDSA65.PrivateKey: MLDSAPrivateKey {
   |           `- error: cannot find type 'MLDSA65' in scope
12 |     public typealias MLDSAType = MLDSA65
13 | }
/Users/admin/builder/spi-builder-workspace/.build/checkouts/jwt-kit/Sources/JWTKit/MLDSA/MLDSA65+MLDSAKey.swift:17:53: error: cannot find type 'MLDSA65' in scope
15 | @_spi(PostQuantum)
16 | @available(iOS 26.0, macOS 26.0, watchOS 26.0, tvOS 26.0, *)
17 | public typealias MLDSA65PublicKey = MLDSA.PublicKey<MLDSA65>
   |                                                     `- error: cannot find type 'MLDSA65' in scope
18 |
19 | @_spi(PostQuantum)
/Users/admin/builder/spi-builder-workspace/.build/checkouts/jwt-kit/Sources/JWTKit/MLDSA/MLDSA65+MLDSAKey.swift:21:55: error: cannot find type 'MLDSA65' in scope
19 | @_spi(PostQuantum)
20 | @available(iOS 26.0, macOS 26.0, watchOS 26.0, tvOS 26.0, *)
21 | public typealias MLDSA65PrivateKey = MLDSA.PrivateKey<MLDSA65>
   |                                                       `- error: cannot find type 'MLDSA65' in scope
22 |
/Users/admin/builder/spi-builder-workspace/.build/checkouts/jwt-kit/Sources/JWTKit/MLDSA/MLDSA87+MLDSAKey.swift:5:11: error: cannot find type 'MLDSA87' in scope
 3 | @_spi(PostQuantum)
 4 | @available(iOS 26.0, macOS 26.0, watchOS 26.0, tvOS 26.0, *)
 5 | extension MLDSA87.PublicKey: MLDSAPublicKey {
   |           `- error: cannot find type 'MLDSA87' in scope
 6 |     public typealias MLDSAType = MLDSA87
 7 | }
/Users/admin/builder/spi-builder-workspace/.build/checkouts/jwt-kit/Sources/JWTKit/MLDSA/MLDSA87+MLDSAKey.swift:11:11: error: cannot find type 'MLDSA87' in scope
 9 | @_spi(PostQuantum)
10 | @available(iOS 26.0, macOS 26.0, watchOS 26.0, tvOS 26.0, *)
11 | extension MLDSA87.PrivateKey: MLDSAPrivateKey {
   |           `- error: cannot find type 'MLDSA87' in scope
12 |     public typealias MLDSAType = MLDSA87
13 | }
/Users/admin/builder/spi-builder-workspace/.build/checkouts/jwt-kit/Sources/JWTKit/MLDSA/MLDSA87+MLDSAKey.swift:17:53: error: cannot find type 'MLDSA87' in scope
15 | @_spi(PostQuantum)
16 | @available(iOS 26.0, macOS 26.0, watchOS 26.0, tvOS 26.0, *)
17 | public typealias MLDSA87PublicKey = MLDSA.PublicKey<MLDSA87>
   |                                                     `- error: cannot find type 'MLDSA87' in scope
18 |
19 | @_spi(PostQuantum)
/Users/admin/builder/spi-builder-workspace/.build/checkouts/jwt-kit/Sources/JWTKit/MLDSA/MLDSA87+MLDSAKey.swift:21:55: error: cannot find type 'MLDSA87' in scope
19 | @_spi(PostQuantum)
20 | @available(iOS 26.0, macOS 26.0, watchOS 26.0, tvOS 26.0, *)
21 | public typealias MLDSA87PrivateKey = MLDSA.PrivateKey<MLDSA87>
   |                                                       `- error: cannot find type 'MLDSA87' in scope
22 |
/Users/admin/builder/spi-builder-workspace/.build/checkouts/jwt-kit/Sources/JWTKit/MLDSA/MLDSAType.swift:13:11: error: cannot find type 'MLDSA65' in scope
11 | @_spi(PostQuantum)
12 | @available(iOS 26.0, macOS 26.0, watchOS 26.0, tvOS 26.0, *)
13 | extension MLDSA65: MLDSAType {
   |           `- error: cannot find type 'MLDSA65' in scope
14 |     public static var name: String { "ML-DSA-65" }
15 | }
/Users/admin/builder/spi-builder-workspace/.build/checkouts/jwt-kit/Sources/JWTKit/MLDSA/MLDSAType.swift:19:11: error: cannot find type 'MLDSA87' in scope
17 | @_spi(PostQuantum)
18 | @available(iOS 26.0, macOS 26.0, watchOS 26.0, tvOS 26.0, *)
19 | extension MLDSA87: MLDSAType {
   |           `- error: cannot find type 'MLDSA87' in scope
20 |     public static var name: String { "ML-DSA-87" }
21 | }
[2085/2235] Compiling JWTKit RSA.swift
[2086/2235] Compiling JWTKit RSAError.swift
[2087/2235] Compiling JWTKit RSASigner.swift
[2088/2235] Compiling JWTKit Base64URL.swift
[2089/2235] Compiling JWTKit CryptoSigner.swift
[2090/2235] Compiling JWTKit CustomizedJSONCoders.swift
[2091/2235] Compiling JWTKit Utilities.swift
[2115/2235] Emitting module MultipartKit
[2122/2237] Compiling NIOTransportServices TCPOptions+SocketChannelOption.swift
[2123/2237] Compiling NIOTransportServices UDPOptions+SocketChannelOption.swift
[2124/2301] Compiling NIOHTTP2 ReceivingRstStreamState.swift
[2125/2301] Compiling NIOHTTP2 ReceivingWindowUpdateState.swift
[2126/2301] Compiling NIOHTTP2 HTTP2StreamChannel.swift
[2127/2301] Compiling NIOHTTP2 HTTP2StreamDelegate.swift
[2128/2301] Compiling NIOHTTP2 HTTP2StreamID.swift
[2129/2301] Compiling NIOHTTP2 HTTP2StreamMultiplexer.swift
[2130/2301] Compiling NIOHTTP2 HTTP2ToHTTP1Codec.swift
[2131/2301] Compiling NIOHTTP2 HTTP2FlowControlWindow.swift
[2132/2301] Compiling NIOHTTP2 HTTP2Frame.swift
[2133/2301] Compiling NIOHTTP2 HTTP2FrameEncoder.swift
[2134/2301] Compiling NIOHTTP2 MultiplexerAbstractChannel.swift
[2135/2301] Compiling NIOHTTP2 NIOHTTP2FrameDelegate.swift
[2136/2301] Compiling NIOHTTP2 NIOHTTP2ServerConnectionManagementHandler+StateMachine.swift
[2137/2301] Compiling NIOHTTP2 NIOHTTP2ServerConnectionManagementHandler.swift
[2138/2301] Compiling NIOHTTP2 ConnectionStateMachine.swift
[2139/2301] Compiling NIOHTTP2 ConnectionStreamsState.swift
[2140/2301] Compiling NIOHTTP2 MayReceiveFrames.swift
[2141/2301] Compiling NIOHTTP2 ReceivingDataState.swift
[2142/2301] Compiling NIOHTTP2 RemotelyQuiescingState.swift
/Users/admin/builder/spi-builder-workspace/.build/checkouts/jwt-kit/Sources/JWTKit/MLDSA/MLDSA65+MLDSAKey.swift:5:11: error: cannot find type 'MLDSA65' in scope
 3 | @_spi(PostQuantum)
 4 | @available(iOS 26.0, macOS 26.0, watchOS 26.0, tvOS 26.0, *)
 5 | extension MLDSA65.PublicKey: MLDSAPublicKey {
   |           `- error: cannot find type 'MLDSA65' in scope
 6 |     public typealias MLDSAType = MLDSA65
 7 | }
/Users/admin/builder/spi-builder-workspace/.build/checkouts/jwt-kit/Sources/JWTKit/MLDSA/MLDSA65+MLDSAKey.swift:11:11: error: cannot find type 'MLDSA65' in scope
 9 | @_spi(PostQuantum)
10 | @available(iOS 26.0, macOS 26.0, watchOS 26.0, tvOS 26.0, *)
11 | extension MLDSA65.PrivateKey: MLDSAPrivateKey {
   |           `- error: cannot find type 'MLDSA65' in scope
12 |     public typealias MLDSAType = MLDSA65
13 | }
/Users/admin/builder/spi-builder-workspace/.build/checkouts/jwt-kit/Sources/JWTKit/MLDSA/MLDSA65+MLDSAKey.swift:17:53: error: cannot find type 'MLDSA65' in scope
15 | @_spi(PostQuantum)
16 | @available(iOS 26.0, macOS 26.0, watchOS 26.0, tvOS 26.0, *)
17 | public typealias MLDSA65PublicKey = MLDSA.PublicKey<MLDSA65>
   |                                                     `- error: cannot find type 'MLDSA65' in scope
18 |
19 | @_spi(PostQuantum)
/Users/admin/builder/spi-builder-workspace/.build/checkouts/jwt-kit/Sources/JWTKit/MLDSA/MLDSA65+MLDSAKey.swift:21:55: error: cannot find type 'MLDSA65' in scope
19 | @_spi(PostQuantum)
20 | @available(iOS 26.0, macOS 26.0, watchOS 26.0, tvOS 26.0, *)
21 | public typealias MLDSA65PrivateKey = MLDSA.PrivateKey<MLDSA65>
   |                                                       `- error: cannot find type 'MLDSA65' in scope
22 |
/Users/admin/builder/spi-builder-workspace/.build/checkouts/jwt-kit/Sources/JWTKit/MLDSA/MLDSA87+MLDSAKey.swift:5:11: error: cannot find type 'MLDSA87' in scope
 3 | @_spi(PostQuantum)
 4 | @available(iOS 26.0, macOS 26.0, watchOS 26.0, tvOS 26.0, *)
 5 | extension MLDSA87.PublicKey: MLDSAPublicKey {
   |           `- error: cannot find type 'MLDSA87' in scope
 6 |     public typealias MLDSAType = MLDSA87
 7 | }
/Users/admin/builder/spi-builder-workspace/.build/checkouts/jwt-kit/Sources/JWTKit/MLDSA/MLDSA87+MLDSAKey.swift:11:11: error: cannot find type 'MLDSA87' in scope
 9 | @_spi(PostQuantum)
10 | @available(iOS 26.0, macOS 26.0, watchOS 26.0, tvOS 26.0, *)
11 | extension MLDSA87.PrivateKey: MLDSAPrivateKey {
   |           `- error: cannot find type 'MLDSA87' in scope
12 |     public typealias MLDSAType = MLDSA87
13 | }
/Users/admin/builder/spi-builder-workspace/.build/checkouts/jwt-kit/Sources/JWTKit/MLDSA/MLDSA87+MLDSAKey.swift:17:53: error: cannot find type 'MLDSA87' in scope
15 | @_spi(PostQuantum)
16 | @available(iOS 26.0, macOS 26.0, watchOS 26.0, tvOS 26.0, *)
17 | public typealias MLDSA87PublicKey = MLDSA.PublicKey<MLDSA87>
   |                                                     `- error: cannot find type 'MLDSA87' in scope
18 |
19 | @_spi(PostQuantum)
/Users/admin/builder/spi-builder-workspace/.build/checkouts/jwt-kit/Sources/JWTKit/MLDSA/MLDSA87+MLDSAKey.swift:21:55: error: cannot find type 'MLDSA87' in scope
19 | @_spi(PostQuantum)
20 | @available(iOS 26.0, macOS 26.0, watchOS 26.0, tvOS 26.0, *)
21 | public typealias MLDSA87PrivateKey = MLDSA.PrivateKey<MLDSA87>
   |                                                       `- error: cannot find type 'MLDSA87' in scope
22 |
/Users/admin/builder/spi-builder-workspace/.build/checkouts/jwt-kit/Sources/JWTKit/MLDSA/MLDSA65+MLDSAKey.swift:6:34: error: cannot find type 'MLDSA65' in scope
 4 | @available(iOS 26.0, macOS 26.0, watchOS 26.0, tvOS 26.0, *)
 5 | extension MLDSA65.PublicKey: MLDSAPublicKey {
 6 |     public typealias MLDSAType = MLDSA65
   |                                  `- error: cannot find type 'MLDSA65' in scope
 7 | }
 8 |
/Users/admin/builder/spi-builder-workspace/.build/checkouts/jwt-kit/Sources/JWTKit/MLDSA/MLDSA65+MLDSAKey.swift:12:34: error: cannot find type 'MLDSA65' in scope
10 | @available(iOS 26.0, macOS 26.0, watchOS 26.0, tvOS 26.0, *)
11 | extension MLDSA65.PrivateKey: MLDSAPrivateKey {
12 |     public typealias MLDSAType = MLDSA65
   |                                  `- error: cannot find type 'MLDSA65' in scope
13 | }
14 |
/Users/admin/builder/spi-builder-workspace/.build/checkouts/jwt-kit/Sources/JWTKit/MLDSA/MLDSA87+MLDSAKey.swift:6:34: error: cannot find type 'MLDSA87' in scope
 4 | @available(iOS 26.0, macOS 26.0, watchOS 26.0, tvOS 26.0, *)
 5 | extension MLDSA87.PublicKey: MLDSAPublicKey {
 6 |     public typealias MLDSAType = MLDSA87
   |                                  `- error: cannot find type 'MLDSA87' in scope
 7 | }
 8 |
/Users/admin/builder/spi-builder-workspace/.build/checkouts/jwt-kit/Sources/JWTKit/MLDSA/MLDSA87+MLDSAKey.swift:12:34: error: cannot find type 'MLDSA87' in scope
10 | @available(iOS 26.0, macOS 26.0, watchOS 26.0, tvOS 26.0, *)
11 | extension MLDSA87.PrivateKey: MLDSAPrivateKey {
12 |     public typealias MLDSAType = MLDSA87
   |                                  `- error: cannot find type 'MLDSA87' in scope
13 | }
14 |
[2143/2301] Compiling NIOHTTP2 SendAndReceiveGoawayState.swift
/Users/admin/builder/spi-builder-workspace/.build/checkouts/jwt-kit/Sources/JWTKit/MLDSA/MLDSA65+MLDSAKey.swift:5:11: error: cannot find type 'MLDSA65' in scope
 3 | @_spi(PostQuantum)
 4 | @available(iOS 26.0, macOS 26.0, watchOS 26.0, tvOS 26.0, *)
 5 | extension MLDSA65.PublicKey: MLDSAPublicKey {
   |           `- error: cannot find type 'MLDSA65' in scope
 6 |     public typealias MLDSAType = MLDSA65
 7 | }
/Users/admin/builder/spi-builder-workspace/.build/checkouts/jwt-kit/Sources/JWTKit/MLDSA/MLDSA65+MLDSAKey.swift:11:11: error: cannot find type 'MLDSA65' in scope
 9 | @_spi(PostQuantum)
10 | @available(iOS 26.0, macOS 26.0, watchOS 26.0, tvOS 26.0, *)
11 | extension MLDSA65.PrivateKey: MLDSAPrivateKey {
   |           `- error: cannot find type 'MLDSA65' in scope
12 |     public typealias MLDSAType = MLDSA65
13 | }
/Users/admin/builder/spi-builder-workspace/.build/checkouts/jwt-kit/Sources/JWTKit/MLDSA/MLDSA65+MLDSAKey.swift:17:53: error: cannot find type 'MLDSA65' in scope
15 | @_spi(PostQuantum)
16 | @available(iOS 26.0, macOS 26.0, watchOS 26.0, tvOS 26.0, *)
17 | public typealias MLDSA65PublicKey = MLDSA.PublicKey<MLDSA65>
   |                                                     `- error: cannot find type 'MLDSA65' in scope
18 |
19 | @_spi(PostQuantum)
/Users/admin/builder/spi-builder-workspace/.build/checkouts/jwt-kit/Sources/JWTKit/MLDSA/MLDSA65+MLDSAKey.swift:21:55: error: cannot find type 'MLDSA65' in scope
19 | @_spi(PostQuantum)
20 | @available(iOS 26.0, macOS 26.0, watchOS 26.0, tvOS 26.0, *)
21 | public typealias MLDSA65PrivateKey = MLDSA.PrivateKey<MLDSA65>
   |                                                       `- error: cannot find type 'MLDSA65' in scope
22 |
/Users/admin/builder/spi-builder-workspace/.build/checkouts/jwt-kit/Sources/JWTKit/MLDSA/MLDSA87+MLDSAKey.swift:5:11: error: cannot find type 'MLDSA87' in scope
 3 | @_spi(PostQuantum)
 4 | @available(iOS 26.0, macOS 26.0, watchOS 26.0, tvOS 26.0, *)
 5 | extension MLDSA87.PublicKey: MLDSAPublicKey {
   |           `- error: cannot find type 'MLDSA87' in scope
 6 |     public typealias MLDSAType = MLDSA87
 7 | }
/Users/admin/builder/spi-builder-workspace/.build/checkouts/jwt-kit/Sources/JWTKit/MLDSA/MLDSA87+MLDSAKey.swift:11:11: error: cannot find type 'MLDSA87' in scope
 9 | @_spi(PostQuantum)
10 | @available(iOS 26.0, macOS 26.0, watchOS 26.0, tvOS 26.0, *)
11 | extension MLDSA87.PrivateKey: MLDSAPrivateKey {
   |           `- error: cannot find type 'MLDSA87' in scope
12 |     public typealias MLDSAType = MLDSA87
13 | }
/Users/admin/builder/spi-builder-workspace/.build/checkouts/jwt-kit/Sources/JWTKit/MLDSA/MLDSA87+MLDSAKey.swift:17:53: error: cannot find type 'MLDSA87' in scope
15 | @_spi(PostQuantum)
16 | @available(iOS 26.0, macOS 26.0, watchOS 26.0, tvOS 26.0, *)
17 | public typealias MLDSA87PublicKey = MLDSA.PublicKey<MLDSA87>
   |                                                     `- error: cannot find type 'MLDSA87' in scope
18 |
19 | @_spi(PostQuantum)
/Users/admin/builder/spi-builder-workspace/.build/checkouts/jwt-kit/Sources/JWTKit/MLDSA/MLDSA87+MLDSAKey.swift:21:55: error: cannot find type 'MLDSA87' in scope
19 | @_spi(PostQuantum)
20 | @available(iOS 26.0, macOS 26.0, watchOS 26.0, tvOS 26.0, *)
21 | public typealias MLDSA87PrivateKey = MLDSA.PrivateKey<MLDSA87>
   |                                                       `- error: cannot find type 'MLDSA87' in scope
22 |
/Users/admin/builder/spi-builder-workspace/.build/checkouts/jwt-kit/Sources/JWTKit/MLDSA/MLDSA65+MLDSAKey.swift:6:34: error: cannot find type 'MLDSA65' in scope
 4 | @available(iOS 26.0, macOS 26.0, watchOS 26.0, tvOS 26.0, *)
 5 | extension MLDSA65.PublicKey: MLDSAPublicKey {
 6 |     public typealias MLDSAType = MLDSA65
   |                                  `- error: cannot find type 'MLDSA65' in scope
 7 | }
 8 |
/Users/admin/builder/spi-builder-workspace/.build/checkouts/jwt-kit/Sources/JWTKit/MLDSA/MLDSA65+MLDSAKey.swift:12:34: error: cannot find type 'MLDSA65' in scope
10 | @available(iOS 26.0, macOS 26.0, watchOS 26.0, tvOS 26.0, *)
11 | extension MLDSA65.PrivateKey: MLDSAPrivateKey {
12 |     public typealias MLDSAType = MLDSA65
   |                                  `- error: cannot find type 'MLDSA65' in scope
13 | }
14 |
/Users/admin/builder/spi-builder-workspace/.build/checkouts/jwt-kit/Sources/JWTKit/MLDSA/MLDSA87+MLDSAKey.swift:6:34: error: cannot find type 'MLDSA87' in scope
 4 | @available(iOS 26.0, macOS 26.0, watchOS 26.0, tvOS 26.0, *)
 5 | extension MLDSA87.PublicKey: MLDSAPublicKey {
 6 |     public typealias MLDSAType = MLDSA87
   |                                  `- error: cannot find type 'MLDSA87' in scope
 7 | }
 8 |
/Users/admin/builder/spi-builder-workspace/.build/checkouts/jwt-kit/Sources/JWTKit/MLDSA/MLDSA87+MLDSAKey.swift:12:34: error: cannot find type 'MLDSA87' in scope
10 | @available(iOS 26.0, macOS 26.0, watchOS 26.0, tvOS 26.0, *)
11 | extension MLDSA87.PrivateKey: MLDSAPrivateKey {
12 |     public typealias MLDSAType = MLDSA87
   |                                  `- error: cannot find type 'MLDSA87' in scope
13 | }
14 |
[2144/2301] Compiling NIOHTTP2 StateMachineResult.swift
/Users/admin/builder/spi-builder-workspace/.build/checkouts/jwt-kit/Sources/JWTKit/MLDSA/MLDSA65+MLDSAKey.swift:5:11: error: cannot find type 'MLDSA65' in scope
 3 | @_spi(PostQuantum)
 4 | @available(iOS 26.0, macOS 26.0, watchOS 26.0, tvOS 26.0, *)
 5 | extension MLDSA65.PublicKey: MLDSAPublicKey {
   |           `- error: cannot find type 'MLDSA65' in scope
 6 |     public typealias MLDSAType = MLDSA65
 7 | }
/Users/admin/builder/spi-builder-workspace/.build/checkouts/jwt-kit/Sources/JWTKit/MLDSA/MLDSA65+MLDSAKey.swift:11:11: error: cannot find type 'MLDSA65' in scope
 9 | @_spi(PostQuantum)
10 | @available(iOS 26.0, macOS 26.0, watchOS 26.0, tvOS 26.0, *)
11 | extension MLDSA65.PrivateKey: MLDSAPrivateKey {
   |           `- error: cannot find type 'MLDSA65' in scope
12 |     public typealias MLDSAType = MLDSA65
13 | }
/Users/admin/builder/spi-builder-workspace/.build/checkouts/jwt-kit/Sources/JWTKit/MLDSA/MLDSA65+MLDSAKey.swift:17:53: error: cannot find type 'MLDSA65' in scope
15 | @_spi(PostQuantum)
16 | @available(iOS 26.0, macOS 26.0, watchOS 26.0, tvOS 26.0, *)
17 | public typealias MLDSA65PublicKey = MLDSA.PublicKey<MLDSA65>
   |                                                     `- error: cannot find type 'MLDSA65' in scope
18 |
19 | @_spi(PostQuantum)
/Users/admin/builder/spi-builder-workspace/.build/checkouts/jwt-kit/Sources/JWTKit/MLDSA/MLDSA65+MLDSAKey.swift:21:55: error: cannot find type 'MLDSA65' in scope
19 | @_spi(PostQuantum)
20 | @available(iOS 26.0, macOS 26.0, watchOS 26.0, tvOS 26.0, *)
21 | public typealias MLDSA65PrivateKey = MLDSA.PrivateKey<MLDSA65>
   |                                                       `- error: cannot find type 'MLDSA65' in scope
22 |
/Users/admin/builder/spi-builder-workspace/.build/checkouts/jwt-kit/Sources/JWTKit/MLDSA/MLDSA87+MLDSAKey.swift:5:11: error: cannot find type 'MLDSA87' in scope
 3 | @_spi(PostQuantum)
 4 | @available(iOS 26.0, macOS 26.0, watchOS 26.0, tvOS 26.0, *)
 5 | extension MLDSA87.PublicKey: MLDSAPublicKey {
   |           `- error: cannot find type 'MLDSA87' in scope
 6 |     public typealias MLDSAType = MLDSA87
 7 | }
/Users/admin/builder/spi-builder-workspace/.build/checkouts/jwt-kit/Sources/JWTKit/MLDSA/MLDSA87+MLDSAKey.swift:11:11: error: cannot find type 'MLDSA87' in scope
 9 | @_spi(PostQuantum)
10 | @available(iOS 26.0, macOS 26.0, watchOS 26.0, tvOS 26.0, *)
11 | extension MLDSA87.PrivateKey: MLDSAPrivateKey {
   |           `- error: cannot find type 'MLDSA87' in scope
12 |     public typealias MLDSAType = MLDSA87
13 | }
/Users/admin/builder/spi-builder-workspace/.build/checkouts/jwt-kit/Sources/JWTKit/MLDSA/MLDSA87+MLDSAKey.swift:17:53: error: cannot find type 'MLDSA87' in scope
15 | @_spi(PostQuantum)
16 | @available(iOS 26.0, macOS 26.0, watchOS 26.0, tvOS 26.0, *)
17 | public typealias MLDSA87PublicKey = MLDSA.PublicKey<MLDSA87>
   |                                                     `- error: cannot find type 'MLDSA87' in scope
18 |
19 | @_spi(PostQuantum)
/Users/admin/builder/spi-builder-workspace/.build/checkouts/jwt-kit/Sources/JWTKit/MLDSA/MLDSA87+MLDSAKey.swift:21:55: error: cannot find type 'MLDSA87' in scope
19 | @_spi(PostQuantum)
20 | @available(iOS 26.0, macOS 26.0, watchOS 26.0, tvOS 26.0, *)
21 | public typealias MLDSA87PrivateKey = MLDSA.PrivateKey<MLDSA87>
   |                                                       `- error: cannot find type 'MLDSA87' in scope
22 |
/Users/admin/builder/spi-builder-workspace/.build/checkouts/jwt-kit/Sources/JWTKit/MLDSA/MLDSA65+MLDSAKey.swift:6:34: error: cannot find type 'MLDSA65' in scope
 4 | @available(iOS 26.0, macOS 26.0, watchOS 26.0, tvOS 26.0, *)
 5 | extension MLDSA65.PublicKey: MLDSAPublicKey {
 6 |     public typealias MLDSAType = MLDSA65
   |                                  `- error: cannot find type 'MLDSA65' in scope
 7 | }
 8 |
/Users/admin/builder/spi-builder-workspace/.build/checkouts/jwt-kit/Sources/JWTKit/MLDSA/MLDSA65+MLDSAKey.swift:12:34: error: cannot find type 'MLDSA65' in scope
10 | @available(iOS 26.0, macOS 26.0, watchOS 26.0, tvOS 26.0, *)
11 | extension MLDSA65.PrivateKey: MLDSAPrivateKey {
12 |     public typealias MLDSAType = MLDSA65
   |                                  `- error: cannot find type 'MLDSA65' in scope
13 | }
14 |
/Users/admin/builder/spi-builder-workspace/.build/checkouts/jwt-kit/Sources/JWTKit/MLDSA/MLDSA87+MLDSAKey.swift:6:34: error: cannot find type 'MLDSA87' in scope
 4 | @available(iOS 26.0, macOS 26.0, watchOS 26.0, tvOS 26.0, *)
 5 | extension MLDSA87.PublicKey: MLDSAPublicKey {
 6 |     public typealias MLDSAType = MLDSA87
   |                                  `- error: cannot find type 'MLDSA87' in scope
 7 | }
 8 |
/Users/admin/builder/spi-builder-workspace/.build/checkouts/jwt-kit/Sources/JWTKit/MLDSA/MLDSA87+MLDSAKey.swift:12:34: error: cannot find type 'MLDSA87' in scope
10 | @available(iOS 26.0, macOS 26.0, watchOS 26.0, tvOS 26.0, *)
11 | extension MLDSA87.PrivateKey: MLDSAPrivateKey {
12 |     public typealias MLDSAType = MLDSA87
   |                                  `- error: cannot find type 'MLDSA87' in scope
13 | }
14 |
[2145/2301] Compiling NIOHTTP2 ContentLengthVerifier.swift
/Users/admin/builder/spi-builder-workspace/.build/checkouts/jwt-kit/Sources/JWTKit/MLDSA/MLDSA65+MLDSAKey.swift:5:11: error: cannot find type 'MLDSA65' in scope
 3 | @_spi(PostQuantum)
 4 | @available(iOS 26.0, macOS 26.0, watchOS 26.0, tvOS 26.0, *)
 5 | extension MLDSA65.PublicKey: MLDSAPublicKey {
   |           `- error: cannot find type 'MLDSA65' in scope
 6 |     public typealias MLDSAType = MLDSA65
 7 | }
/Users/admin/builder/spi-builder-workspace/.build/checkouts/jwt-kit/Sources/JWTKit/MLDSA/MLDSA65+MLDSAKey.swift:11:11: error: cannot find type 'MLDSA65' in scope
 9 | @_spi(PostQuantum)
10 | @available(iOS 26.0, macOS 26.0, watchOS 26.0, tvOS 26.0, *)
11 | extension MLDSA65.PrivateKey: MLDSAPrivateKey {
   |           `- error: cannot find type 'MLDSA65' in scope
12 |     public typealias MLDSAType = MLDSA65
13 | }
/Users/admin/builder/spi-builder-workspace/.build/checkouts/jwt-kit/Sources/JWTKit/MLDSA/MLDSA65+MLDSAKey.swift:17:53: error: cannot find type 'MLDSA65' in scope
15 | @_spi(PostQuantum)
16 | @available(iOS 26.0, macOS 26.0, watchOS 26.0, tvOS 26.0, *)
17 | public typealias MLDSA65PublicKey = MLDSA.PublicKey<MLDSA65>
   |                                                     `- error: cannot find type 'MLDSA65' in scope
18 |
19 | @_spi(PostQuantum)
/Users/admin/builder/spi-builder-workspace/.build/checkouts/jwt-kit/Sources/JWTKit/MLDSA/MLDSA65+MLDSAKey.swift:21:55: error: cannot find type 'MLDSA65' in scope
19 | @_spi(PostQuantum)
20 | @available(iOS 26.0, macOS 26.0, watchOS 26.0, tvOS 26.0, *)
21 | public typealias MLDSA65PrivateKey = MLDSA.PrivateKey<MLDSA65>
   |                                                       `- error: cannot find type 'MLDSA65' in scope
22 |
/Users/admin/builder/spi-builder-workspace/.build/checkouts/jwt-kit/Sources/JWTKit/MLDSA/MLDSA87+MLDSAKey.swift:5:11: error: cannot find type 'MLDSA87' in scope
 3 | @_spi(PostQuantum)
 4 | @available(iOS 26.0, macOS 26.0, watchOS 26.0, tvOS 26.0, *)
 5 | extension MLDSA87.PublicKey: MLDSAPublicKey {
   |           `- error: cannot find type 'MLDSA87' in scope
 6 |     public typealias MLDSAType = MLDSA87
 7 | }
/Users/admin/builder/spi-builder-workspace/.build/checkouts/jwt-kit/Sources/JWTKit/MLDSA/MLDSA87+MLDSAKey.swift:11:11: error: cannot find type 'MLDSA87' in scope
 9 | @_spi(PostQuantum)
10 | @available(iOS 26.0, macOS 26.0, watchOS 26.0, tvOS 26.0, *)
11 | extension MLDSA87.PrivateKey: MLDSAPrivateKey {
   |           `- error: cannot find type 'MLDSA87' in scope
12 |     public typealias MLDSAType = MLDSA87
13 | }
/Users/admin/builder/spi-builder-workspace/.build/checkouts/jwt-kit/Sources/JWTKit/MLDSA/MLDSA87+MLDSAKey.swift:17:53: error: cannot find type 'MLDSA87' in scope
15 | @_spi(PostQuantum)
16 | @available(iOS 26.0, macOS 26.0, watchOS 26.0, tvOS 26.0, *)
17 | public typealias MLDSA87PublicKey = MLDSA.PublicKey<MLDSA87>
   |                                                     `- error: cannot find type 'MLDSA87' in scope
18 |
19 | @_spi(PostQuantum)
/Users/admin/builder/spi-builder-workspace/.build/checkouts/jwt-kit/Sources/JWTKit/MLDSA/MLDSA87+MLDSAKey.swift:21:55: error: cannot find type 'MLDSA87' in scope
19 | @_spi(PostQuantum)
20 | @available(iOS 26.0, macOS 26.0, watchOS 26.0, tvOS 26.0, *)
21 | public typealias MLDSA87PrivateKey = MLDSA.PrivateKey<MLDSA87>
   |                                                       `- error: cannot find type 'MLDSA87' in scope
22 |
/Users/admin/builder/spi-builder-workspace/.build/checkouts/jwt-kit/Sources/JWTKit/MLDSA/MLDSA65+MLDSAKey.swift:6:34: error: cannot find type 'MLDSA65' in scope
 4 | @available(iOS 26.0, macOS 26.0, watchOS 26.0, tvOS 26.0, *)
 5 | extension MLDSA65.PublicKey: MLDSAPublicKey {
 6 |     public typealias MLDSAType = MLDSA65
   |                                  `- error: cannot find type 'MLDSA65' in scope
 7 | }
 8 |
/Users/admin/builder/spi-builder-workspace/.build/checkouts/jwt-kit/Sources/JWTKit/MLDSA/MLDSA65+MLDSAKey.swift:12:34: error: cannot find type 'MLDSA65' in scope
10 | @available(iOS 26.0, macOS 26.0, watchOS 26.0, tvOS 26.0, *)
11 | extension MLDSA65.PrivateKey: MLDSAPrivateKey {
12 |     public typealias MLDSAType = MLDSA65
   |                                  `- error: cannot find type 'MLDSA65' in scope
13 | }
14 |
/Users/admin/builder/spi-builder-workspace/.build/checkouts/jwt-kit/Sources/JWTKit/MLDSA/MLDSA87+MLDSAKey.swift:6:34: error: cannot find type 'MLDSA87' in scope
 4 | @available(iOS 26.0, macOS 26.0, watchOS 26.0, tvOS 26.0, *)
 5 | extension MLDSA87.PublicKey: MLDSAPublicKey {
 6 |     public typealias MLDSAType = MLDSA87
   |                                  `- error: cannot find type 'MLDSA87' in scope
 7 | }
 8 |
/Users/admin/builder/spi-builder-workspace/.build/checkouts/jwt-kit/Sources/JWTKit/MLDSA/MLDSA87+MLDSAKey.swift:12:34: error: cannot find type 'MLDSA87' in scope
10 | @available(iOS 26.0, macOS 26.0, watchOS 26.0, tvOS 26.0, *)
11 | extension MLDSA87.PrivateKey: MLDSAPrivateKey {
12 |     public typealias MLDSAType = MLDSA87
   |                                  `- error: cannot find type 'MLDSA87' in scope
13 | }
14 |
[2146/2301] Compiling NIOHTTP2 DOSHeuristics.swift
/Users/admin/builder/spi-builder-workspace/.build/checkouts/jwt-kit/Sources/JWTKit/MLDSA/MLDSA65+MLDSAKey.swift:5:11: error: cannot find type 'MLDSA65' in scope
 3 | @_spi(PostQuantum)
 4 | @available(iOS 26.0, macOS 26.0, watchOS 26.0, tvOS 26.0, *)
 5 | extension MLDSA65.PublicKey: MLDSAPublicKey {
   |           `- error: cannot find type 'MLDSA65' in scope
 6 |     public typealias MLDSAType = MLDSA65
 7 | }
/Users/admin/builder/spi-builder-workspace/.build/checkouts/jwt-kit/Sources/JWTKit/MLDSA/MLDSA65+MLDSAKey.swift:11:11: error: cannot find type 'MLDSA65' in scope
 9 | @_spi(PostQuantum)
10 | @available(iOS 26.0, macOS 26.0, watchOS 26.0, tvOS 26.0, *)
11 | extension MLDSA65.PrivateKey: MLDSAPrivateKey {
   |           `- error: cannot find type 'MLDSA65' in scope
12 |     public typealias MLDSAType = MLDSA65
13 | }
/Users/admin/builder/spi-builder-workspace/.build/checkouts/jwt-kit/Sources/JWTKit/MLDSA/MLDSA65+MLDSAKey.swift:17:53: error: cannot find type 'MLDSA65' in scope
15 | @_spi(PostQuantum)
16 | @available(iOS 26.0, macOS 26.0, watchOS 26.0, tvOS 26.0, *)
17 | public typealias MLDSA65PublicKey = MLDSA.PublicKey<MLDSA65>
   |                                                     `- error: cannot find type 'MLDSA65' in scope
18 |
19 | @_spi(PostQuantum)
/Users/admin/builder/spi-builder-workspace/.build/checkouts/jwt-kit/Sources/JWTKit/MLDSA/MLDSA65+MLDSAKey.swift:21:55: error: cannot find type 'MLDSA65' in scope
19 | @_spi(PostQuantum)
20 | @available(iOS 26.0, macOS 26.0, watchOS 26.0, tvOS 26.0, *)
21 | public typealias MLDSA65PrivateKey = MLDSA.PrivateKey<MLDSA65>
   |                                                       `- error: cannot find type 'MLDSA65' in scope
22 |
/Users/admin/builder/spi-builder-workspace/.build/checkouts/jwt-kit/Sources/JWTKit/MLDSA/MLDSA87+MLDSAKey.swift:5:11: error: cannot find type 'MLDSA87' in scope
 3 | @_spi(PostQuantum)
 4 | @available(iOS 26.0, macOS 26.0, watchOS 26.0, tvOS 26.0, *)
 5 | extension MLDSA87.PublicKey: MLDSAPublicKey {
   |           `- error: cannot find type 'MLDSA87' in scope
 6 |     public typealias MLDSAType = MLDSA87
 7 | }
/Users/admin/builder/spi-builder-workspace/.build/checkouts/jwt-kit/Sources/JWTKit/MLDSA/MLDSA87+MLDSAKey.swift:11:11: error: cannot find type 'MLDSA87' in scope
 9 | @_spi(PostQuantum)
10 | @available(iOS 26.0, macOS 26.0, watchOS 26.0, tvOS 26.0, *)
11 | extension MLDSA87.PrivateKey: MLDSAPrivateKey {
   |           `- error: cannot find type 'MLDSA87' in scope
12 |     public typealias MLDSAType = MLDSA87
13 | }
/Users/admin/builder/spi-builder-workspace/.build/checkouts/jwt-kit/Sources/JWTKit/MLDSA/MLDSA87+MLDSAKey.swift:17:53: error: cannot find type 'MLDSA87' in scope
15 | @_spi(PostQuantum)
16 | @available(iOS 26.0, macOS 26.0, watchOS 26.0, tvOS 26.0, *)
17 | public typealias MLDSA87PublicKey = MLDSA.PublicKey<MLDSA87>
   |                                                     `- error: cannot find type 'MLDSA87' in scope
18 |
19 | @_spi(PostQuantum)
/Users/admin/builder/spi-builder-workspace/.build/checkouts/jwt-kit/Sources/JWTKit/MLDSA/MLDSA87+MLDSAKey.swift:21:55: error: cannot find type 'MLDSA87' in scope
19 | @_spi(PostQuantum)
20 | @available(iOS 26.0, macOS 26.0, watchOS 26.0, tvOS 26.0, *)
21 | public typealias MLDSA87PrivateKey = MLDSA.PrivateKey<MLDSA87>
   |                                                       `- error: cannot find type 'MLDSA87' in scope
22 |
/Users/admin/builder/spi-builder-workspace/.build/checkouts/jwt-kit/Sources/JWTKit/MLDSA/MLDSA65+MLDSAKey.swift:6:34: error: cannot find type 'MLDSA65' in scope
 4 | @available(iOS 26.0, macOS 26.0, watchOS 26.0, tvOS 26.0, *)
 5 | extension MLDSA65.PublicKey: MLDSAPublicKey {
 6 |     public typealias MLDSAType = MLDSA65
   |                                  `- error: cannot find type 'MLDSA65' in scope
 7 | }
 8 |
/Users/admin/builder/spi-builder-workspace/.build/checkouts/jwt-kit/Sources/JWTKit/MLDSA/MLDSA65+MLDSAKey.swift:12:34: error: cannot find type 'MLDSA65' in scope
10 | @available(iOS 26.0, macOS 26.0, watchOS 26.0, tvOS 26.0, *)
11 | extension MLDSA65.PrivateKey: MLDSAPrivateKey {
12 |     public typealias MLDSAType = MLDSA65
   |                                  `- error: cannot find type 'MLDSA65' in scope
13 | }
14 |
/Users/admin/builder/spi-builder-workspace/.build/checkouts/jwt-kit/Sources/JWTKit/MLDSA/MLDSA87+MLDSAKey.swift:6:34: error: cannot find type 'MLDSA87' in scope
 4 | @available(iOS 26.0, macOS 26.0, watchOS 26.0, tvOS 26.0, *)
 5 | extension MLDSA87.PublicKey: MLDSAPublicKey {
 6 |     public typealias MLDSAType = MLDSA87
   |                                  `- error: cannot find type 'MLDSA87' in scope
 7 | }
 8 |
/Users/admin/builder/spi-builder-workspace/.build/checkouts/jwt-kit/Sources/JWTKit/MLDSA/MLDSA87+MLDSAKey.swift:12:34: error: cannot find type 'MLDSA87' in scope
10 | @available(iOS 26.0, macOS 26.0, watchOS 26.0, tvOS 26.0, *)
11 | extension MLDSA87.PrivateKey: MLDSAPrivateKey {
12 |     public typealias MLDSAType = MLDSA87
   |                                  `- error: cannot find type 'MLDSA87' in scope
13 | }
14 |
[2147/2301] Compiling NIOHTTP2 HTTP2Stream.swift
/Users/admin/builder/spi-builder-workspace/.build/checkouts/jwt-kit/Sources/JWTKit/MLDSA/MLDSA65+MLDSAKey.swift:5:11: error: cannot find type 'MLDSA65' in scope
 3 | @_spi(PostQuantum)
 4 | @available(iOS 26.0, macOS 26.0, watchOS 26.0, tvOS 26.0, *)
 5 | extension MLDSA65.PublicKey: MLDSAPublicKey {
   |           `- error: cannot find type 'MLDSA65' in scope
 6 |     public typealias MLDSAType = MLDSA65
 7 | }
/Users/admin/builder/spi-builder-workspace/.build/checkouts/jwt-kit/Sources/JWTKit/MLDSA/MLDSA65+MLDSAKey.swift:11:11: error: cannot find type 'MLDSA65' in scope
 9 | @_spi(PostQuantum)
10 | @available(iOS 26.0, macOS 26.0, watchOS 26.0, tvOS 26.0, *)
11 | extension MLDSA65.PrivateKey: MLDSAPrivateKey {
   |           `- error: cannot find type 'MLDSA65' in scope
12 |     public typealias MLDSAType = MLDSA65
13 | }
/Users/admin/builder/spi-builder-workspace/.build/checkouts/jwt-kit/Sources/JWTKit/MLDSA/MLDSA65+MLDSAKey.swift:17:53: error: cannot find type 'MLDSA65' in scope
15 | @_spi(PostQuantum)
16 | @available(iOS 26.0, macOS 26.0, watchOS 26.0, tvOS 26.0, *)
17 | public typealias MLDSA65PublicKey = MLDSA.PublicKey<MLDSA65>
   |                                                     `- error: cannot find type 'MLDSA65' in scope
18 |
19 | @_spi(PostQuantum)
/Users/admin/builder/spi-builder-workspace/.build/checkouts/jwt-kit/Sources/JWTKit/MLDSA/MLDSA65+MLDSAKey.swift:21:55: error: cannot find type 'MLDSA65' in scope
19 | @_spi(PostQuantum)
20 | @available(iOS 26.0, macOS 26.0, watchOS 26.0, tvOS 26.0, *)
21 | public typealias MLDSA65PrivateKey = MLDSA.PrivateKey<MLDSA65>
   |                                                       `- error: cannot find type 'MLDSA65' in scope
22 |
/Users/admin/builder/spi-builder-workspace/.build/checkouts/jwt-kit/Sources/JWTKit/MLDSA/MLDSA87+MLDSAKey.swift:5:11: error: cannot find type 'MLDSA87' in scope
 3 | @_spi(PostQuantum)
 4 | @available(iOS 26.0, macOS 26.0, watchOS 26.0, tvOS 26.0, *)
 5 | extension MLDSA87.PublicKey: MLDSAPublicKey {
   |           `- error: cannot find type 'MLDSA87' in scope
 6 |     public typealias MLDSAType = MLDSA87
 7 | }
/Users/admin/builder/spi-builder-workspace/.build/checkouts/jwt-kit/Sources/JWTKit/MLDSA/MLDSA87+MLDSAKey.swift:11:11: error: cannot find type 'MLDSA87' in scope
 9 | @_spi(PostQuantum)
10 | @available(iOS 26.0, macOS 26.0, watchOS 26.0, tvOS 26.0, *)
11 | extension MLDSA87.PrivateKey: MLDSAPrivateKey {
   |           `- error: cannot find type 'MLDSA87' in scope
12 |     public typealias MLDSAType = MLDSA87
13 | }
/Users/admin/builder/spi-builder-workspace/.build/checkouts/jwt-kit/Sources/JWTKit/MLDSA/MLDSA87+MLDSAKey.swift:17:53: error: cannot find type 'MLDSA87' in scope
15 | @_spi(PostQuantum)
16 | @available(iOS 26.0, macOS 26.0, watchOS 26.0, tvOS 26.0, *)
17 | public typealias MLDSA87PublicKey = MLDSA.PublicKey<MLDSA87>
   |                                                     `- error: cannot find type 'MLDSA87' in scope
18 |
19 | @_spi(PostQuantum)
/Users/admin/builder/spi-builder-workspace/.build/checkouts/jwt-kit/Sources/JWTKit/MLDSA/MLDSA87+MLDSAKey.swift:21:55: error: cannot find type 'MLDSA87' in scope
19 | @_spi(PostQuantum)
20 | @available(iOS 26.0, macOS 26.0, watchOS 26.0, tvOS 26.0, *)
21 | public typealias MLDSA87PrivateKey = MLDSA.PrivateKey<MLDSA87>
   |                                                       `- error: cannot find type 'MLDSA87' in scope
22 |
/Users/admin/builder/spi-builder-workspace/.build/checkouts/jwt-kit/Sources/JWTKit/MLDSA/MLDSA65+MLDSAKey.swift:6:34: error: cannot find type 'MLDSA65' in scope
 4 | @available(iOS 26.0, macOS 26.0, watchOS 26.0, tvOS 26.0, *)
 5 | extension MLDSA65.PublicKey: MLDSAPublicKey {
 6 |     public typealias MLDSAType = MLDSA65
   |                                  `- error: cannot find type 'MLDSA65' in scope
 7 | }
 8 |
/Users/admin/builder/spi-builder-workspace/.build/checkouts/jwt-kit/Sources/JWTKit/MLDSA/MLDSA65+MLDSAKey.swift:12:34: error: cannot find type 'MLDSA65' in scope
10 | @available(iOS 26.0, macOS 26.0, watchOS 26.0, tvOS 26.0, *)
11 | extension MLDSA65.PrivateKey: MLDSAPrivateKey {
12 |     public typealias MLDSAType = MLDSA65
   |                                  `- error: cannot find type 'MLDSA65' in scope
13 | }
14 |
/Users/admin/builder/spi-builder-workspace/.build/checkouts/jwt-kit/Sources/JWTKit/MLDSA/MLDSA87+MLDSAKey.swift:6:34: error: cannot find type 'MLDSA87' in scope
 4 | @available(iOS 26.0, macOS 26.0, watchOS 26.0, tvOS 26.0, *)
 5 | extension MLDSA87.PublicKey: MLDSAPublicKey {
 6 |     public typealias MLDSAType = MLDSA87
   |                                  `- error: cannot find type 'MLDSA87' in scope
 7 | }
 8 |
/Users/admin/builder/spi-builder-workspace/.build/checkouts/jwt-kit/Sources/JWTKit/MLDSA/MLDSA87+MLDSAKey.swift:12:34: error: cannot find type 'MLDSA87' in scope
10 | @available(iOS 26.0, macOS 26.0, watchOS 26.0, tvOS 26.0, *)
11 | extension MLDSA87.PrivateKey: MLDSAPrivateKey {
12 |     public typealias MLDSAType = MLDSA87
   |                                  `- error: cannot find type 'MLDSA87' in scope
13 | }
14 |
[2148/2301] Compiling NIOHTTP2 HTTP2StreamChannel+OutboundStreamMultiplexer.swift
/Users/admin/builder/spi-builder-workspace/.build/checkouts/jwt-kit/Sources/JWTKit/MLDSA/MLDSA65+MLDSAKey.swift:5:11: error: cannot find type 'MLDSA65' in scope
 3 | @_spi(PostQuantum)
 4 | @available(iOS 26.0, macOS 26.0, watchOS 26.0, tvOS 26.0, *)
 5 | extension MLDSA65.PublicKey: MLDSAPublicKey {
   |           `- error: cannot find type 'MLDSA65' in scope
 6 |     public typealias MLDSAType = MLDSA65
 7 | }
/Users/admin/builder/spi-builder-workspace/.build/checkouts/jwt-kit/Sources/JWTKit/MLDSA/MLDSA65+MLDSAKey.swift:11:11: error: cannot find type 'MLDSA65' in scope
 9 | @_spi(PostQuantum)
10 | @available(iOS 26.0, macOS 26.0, watchOS 26.0, tvOS 26.0, *)
11 | extension MLDSA65.PrivateKey: MLDSAPrivateKey {
   |           `- error: cannot find type 'MLDSA65' in scope
12 |     public typealias MLDSAType = MLDSA65
13 | }
/Users/admin/builder/spi-builder-workspace/.build/checkouts/jwt-kit/Sources/JWTKit/MLDSA/MLDSA65+MLDSAKey.swift:17:53: error: cannot find type 'MLDSA65' in scope
15 | @_spi(PostQuantum)
16 | @available(iOS 26.0, macOS 26.0, watchOS 26.0, tvOS 26.0, *)
17 | public typealias MLDSA65PublicKey = MLDSA.PublicKey<MLDSA65>
   |                                                     `- error: cannot find type 'MLDSA65' in scope
18 |
19 | @_spi(PostQuantum)
/Users/admin/builder/spi-builder-workspace/.build/checkouts/jwt-kit/Sources/JWTKit/MLDSA/MLDSA65+MLDSAKey.swift:21:55: error: cannot find type 'MLDSA65' in scope
19 | @_spi(PostQuantum)
20 | @available(iOS 26.0, macOS 26.0, watchOS 26.0, tvOS 26.0, *)
21 | public typealias MLDSA65PrivateKey = MLDSA.PrivateKey<MLDSA65>
   |                                                       `- error: cannot find type 'MLDSA65' in scope
22 |
/Users/admin/builder/spi-builder-workspace/.build/checkouts/jwt-kit/Sources/JWTKit/MLDSA/MLDSA87+MLDSAKey.swift:5:11: error: cannot find type 'MLDSA87' in scope
 3 | @_spi(PostQuantum)
 4 | @available(iOS 26.0, macOS 26.0, watchOS 26.0, tvOS 26.0, *)
 5 | extension MLDSA87.PublicKey: MLDSAPublicKey {
   |           `- error: cannot find type 'MLDSA87' in scope
 6 |     public typealias MLDSAType = MLDSA87
 7 | }
/Users/admin/builder/spi-builder-workspace/.build/checkouts/jwt-kit/Sources/JWTKit/MLDSA/MLDSA87+MLDSAKey.swift:11:11: error: cannot find type 'MLDSA87' in scope
 9 | @_spi(PostQuantum)
10 | @available(iOS 26.0, macOS 26.0, watchOS 26.0, tvOS 26.0, *)
11 | extension MLDSA87.PrivateKey: MLDSAPrivateKey {
   |           `- error: cannot find type 'MLDSA87' in scope
12 |     public typealias MLDSAType = MLDSA87
13 | }
/Users/admin/builder/spi-builder-workspace/.build/checkouts/jwt-kit/Sources/JWTKit/MLDSA/MLDSA87+MLDSAKey.swift:17:53: error: cannot find type 'MLDSA87' in scope
15 | @_spi(PostQuantum)
16 | @available(iOS 26.0, macOS 26.0, watchOS 26.0, tvOS 26.0, *)
17 | public typealias MLDSA87PublicKey = MLDSA.PublicKey<MLDSA87>
   |                                                     `- error: cannot find type 'MLDSA87' in scope
18 |
19 | @_spi(PostQuantum)
/Users/admin/builder/spi-builder-workspace/.build/checkouts/jwt-kit/Sources/JWTKit/MLDSA/MLDSA87+MLDSAKey.swift:21:55: error: cannot find type 'MLDSA87' in scope
19 | @_spi(PostQuantum)
20 | @available(iOS 26.0, macOS 26.0, watchOS 26.0, tvOS 26.0, *)
21 | public typealias MLDSA87PrivateKey = MLDSA.PrivateKey<MLDSA87>
   |                                                       `- error: cannot find type 'MLDSA87' in scope
22 |
/Users/admin/builder/spi-builder-workspace/.build/checkouts/jwt-kit/Sources/JWTKit/MLDSA/MLDSA65+MLDSAKey.swift:6:34: error: cannot find type 'MLDSA65' in scope
 4 | @available(iOS 26.0, macOS 26.0, watchOS 26.0, tvOS 26.0, *)
 5 | extension MLDSA65.PublicKey: MLDSAPublicKey {
 6 |     public typealias MLDSAType = MLDSA65
   |                                  `- error: cannot find type 'MLDSA65' in scope
 7 | }
 8 |
/Users/admin/builder/spi-builder-workspace/.build/checkouts/jwt-kit/Sources/JWTKit/MLDSA/MLDSA65+MLDSAKey.swift:12:34: error: cannot find type 'MLDSA65' in scope
10 | @available(iOS 26.0, macOS 26.0, watchOS 26.0, tvOS 26.0, *)
11 | extension MLDSA65.PrivateKey: MLDSAPrivateKey {
12 |     public typealias MLDSAType = MLDSA65
   |                                  `- error: cannot find type 'MLDSA65' in scope
13 | }
14 |
/Users/admin/builder/spi-builder-workspace/.build/checkouts/jwt-kit/Sources/JWTKit/MLDSA/MLDSA87+MLDSAKey.swift:6:34: error: cannot find type 'MLDSA87' in scope
 4 | @available(iOS 26.0, macOS 26.0, watchOS 26.0, tvOS 26.0, *)
 5 | extension MLDSA87.PublicKey: MLDSAPublicKey {
 6 |     public typealias MLDSAType = MLDSA87
   |                                  `- error: cannot find type 'MLDSA87' in scope
 7 | }
 8 |
/Users/admin/builder/spi-builder-workspace/.build/checkouts/jwt-kit/Sources/JWTKit/MLDSA/MLDSA87+MLDSAKey.swift:12:34: error: cannot find type 'MLDSA87' in scope
10 | @available(iOS 26.0, macOS 26.0, watchOS 26.0, tvOS 26.0, *)
11 | extension MLDSA87.PrivateKey: MLDSAPrivateKey {
12 |     public typealias MLDSAType = MLDSA87
   |                                  `- error: cannot find type 'MLDSA87' in scope
13 | }
14 |
[2149/2301] Compiling NIOHTTP2 HTTP2FrameParser.swift
/Users/admin/builder/spi-builder-workspace/.build/checkouts/jwt-kit/Sources/JWTKit/MLDSA/MLDSAType.swift:13:11: error: cannot find type 'MLDSA65' in scope
11 | @_spi(PostQuantum)
12 | @available(iOS 26.0, macOS 26.0, watchOS 26.0, tvOS 26.0, *)
13 | extension MLDSA65: MLDSAType {
   |           `- error: cannot find type 'MLDSA65' in scope
14 |     public static var name: String { "ML-DSA-65" }
15 | }
/Users/admin/builder/spi-builder-workspace/.build/checkouts/jwt-kit/Sources/JWTKit/MLDSA/MLDSAType.swift:19:11: error: cannot find type 'MLDSA87' in scope
17 | @_spi(PostQuantum)
18 | @available(iOS 26.0, macOS 26.0, watchOS 26.0, tvOS 26.0, *)
19 | extension MLDSA87: MLDSAType {
   |           `- error: cannot find type 'MLDSA87' in scope
20 |     public static var name: String { "ML-DSA-87" }
21 | }
[2150/2301] Compiling NIOHTTP2 HTTP2PingData.swift
/Users/admin/builder/spi-builder-workspace/.build/checkouts/jwt-kit/Sources/JWTKit/MLDSA/MLDSAType.swift:13:11: error: cannot find type 'MLDSA65' in scope
11 | @_spi(PostQuantum)
12 | @available(iOS 26.0, macOS 26.0, watchOS 26.0, tvOS 26.0, *)
13 | extension MLDSA65: MLDSAType {
   |           `- error: cannot find type 'MLDSA65' in scope
14 |     public static var name: String { "ML-DSA-65" }
15 | }
/Users/admin/builder/spi-builder-workspace/.build/checkouts/jwt-kit/Sources/JWTKit/MLDSA/MLDSAType.swift:19:11: error: cannot find type 'MLDSA87' in scope
17 | @_spi(PostQuantum)
18 | @available(iOS 26.0, macOS 26.0, watchOS 26.0, tvOS 26.0, *)
19 | extension MLDSA87: MLDSAType {
   |           `- error: cannot find type 'MLDSA87' in scope
20 |     public static var name: String { "ML-DSA-87" }
21 | }
[2151/2301] Compiling NIOHTTP2 HTTP2PipelineHelpers.swift
/Users/admin/builder/spi-builder-workspace/.build/checkouts/jwt-kit/Sources/JWTKit/MLDSA/MLDSAType.swift:13:11: error: cannot find type 'MLDSA65' in scope
11 | @_spi(PostQuantum)
12 | @available(iOS 26.0, macOS 26.0, watchOS 26.0, tvOS 26.0, *)
13 | extension MLDSA65: MLDSAType {
   |           `- error: cannot find type 'MLDSA65' in scope
14 |     public static var name: String { "ML-DSA-65" }
15 | }
/Users/admin/builder/spi-builder-workspace/.build/checkouts/jwt-kit/Sources/JWTKit/MLDSA/MLDSAType.swift:19:11: error: cannot find type 'MLDSA87' in scope
17 | @_spi(PostQuantum)
18 | @available(iOS 26.0, macOS 26.0, watchOS 26.0, tvOS 26.0, *)
19 | extension MLDSA87: MLDSAType {
   |           `- error: cannot find type 'MLDSA87' in scope
20 |     public static var name: String { "ML-DSA-87" }
21 | }
[2152/2301] Compiling NIOHTTP2 HTTP2Settings.swift
/Users/admin/builder/spi-builder-workspace/.build/checkouts/jwt-kit/Sources/JWTKit/MLDSA/MLDSAType.swift:13:11: error: cannot find type 'MLDSA65' in scope
11 | @_spi(PostQuantum)
12 | @available(iOS 26.0, macOS 26.0, watchOS 26.0, tvOS 26.0, *)
13 | extension MLDSA65: MLDSAType {
   |           `- error: cannot find type 'MLDSA65' in scope
14 |     public static var name: String { "ML-DSA-65" }
15 | }
/Users/admin/builder/spi-builder-workspace/.build/checkouts/jwt-kit/Sources/JWTKit/MLDSA/MLDSAType.swift:19:11: error: cannot find type 'MLDSA87' in scope
17 | @_spi(PostQuantum)
18 | @available(iOS 26.0, macOS 26.0, watchOS 26.0, tvOS 26.0, *)
19 | extension MLDSA87: MLDSAType {
   |           `- error: cannot find type 'MLDSA87' in scope
20 |     public static var name: String { "ML-DSA-87" }
21 | }
[2153/2301] Compiling NIOHTTP2 HTTP2UserEvents.swift
/Users/admin/builder/spi-builder-workspace/.build/checkouts/jwt-kit/Sources/JWTKit/MLDSA/MLDSAType.swift:13:11: error: cannot find type 'MLDSA65' in scope
11 | @_spi(PostQuantum)
12 | @available(iOS 26.0, macOS 26.0, watchOS 26.0, tvOS 26.0, *)
13 | extension MLDSA65: MLDSAType {
   |           `- error: cannot find type 'MLDSA65' in scope
14 |     public static var name: String { "ML-DSA-65" }
15 | }
/Users/admin/builder/spi-builder-workspace/.build/checkouts/jwt-kit/Sources/JWTKit/MLDSA/MLDSAType.swift:19:11: error: cannot find type 'MLDSA87' in scope
17 | @_spi(PostQuantum)
18 | @available(iOS 26.0, macOS 26.0, watchOS 26.0, tvOS 26.0, *)
19 | extension MLDSA87: MLDSAType {
   |           `- error: cannot find type 'MLDSA87' in scope
20 |     public static var name: String { "ML-DSA-87" }
21 | }
[2154/2301] Compiling NIOHTTP2 InboundEventBuffer.swift
/Users/admin/builder/spi-builder-workspace/.build/checkouts/jwt-kit/Sources/JWTKit/MLDSA/MLDSAType.swift:13:11: error: cannot find type 'MLDSA65' in scope
11 | @_spi(PostQuantum)
12 | @available(iOS 26.0, macOS 26.0, watchOS 26.0, tvOS 26.0, *)
13 | extension MLDSA65: MLDSAType {
   |           `- error: cannot find type 'MLDSA65' in scope
14 |     public static var name: String { "ML-DSA-65" }
15 | }
/Users/admin/builder/spi-builder-workspace/.build/checkouts/jwt-kit/Sources/JWTKit/MLDSA/MLDSAType.swift:19:11: error: cannot find type 'MLDSA87' in scope
17 | @_spi(PostQuantum)
18 | @available(iOS 26.0, macOS 26.0, watchOS 26.0, tvOS 26.0, *)
19 | extension MLDSA87: MLDSAType {
   |           `- error: cannot find type 'MLDSA87' in scope
20 |     public static var name: String { "ML-DSA-87" }
21 | }
[2155/2301] Compiling NIOHTTP2 InboundWindowManager.swift
/Users/admin/builder/spi-builder-workspace/.build/checkouts/jwt-kit/Sources/JWTKit/MLDSA/MLDSAType.swift:13:11: error: cannot find type 'MLDSA65' in scope
11 | @_spi(PostQuantum)
12 | @available(iOS 26.0, macOS 26.0, watchOS 26.0, tvOS 26.0, *)
13 | extension MLDSA65: MLDSAType {
   |           `- error: cannot find type 'MLDSA65' in scope
14 |     public static var name: String { "ML-DSA-65" }
15 | }
/Users/admin/builder/spi-builder-workspace/.build/checkouts/jwt-kit/Sources/JWTKit/MLDSA/MLDSAType.swift:19:11: error: cannot find type 'MLDSA87' in scope
17 | @_spi(PostQuantum)
18 | @available(iOS 26.0, macOS 26.0, watchOS 26.0, tvOS 26.0, *)
19 | extension MLDSA87: MLDSAType {
   |           `- error: cannot find type 'MLDSA87' in scope
20 |     public static var name: String { "ML-DSA-87" }
21 | }
[2156/2301] Compiling NIOHTTP2 ConcurrentStreamBuffer.swift
[2157/2301] Compiling NIOHTTP2 ControlFrameBuffer.swift
[2158/2301] Compiling NIOHTTP2 OutboundFlowControlBuffer.swift
[2162/2301] Compiling NIOHTTP2 SendingRstStreamState.swift
[2163/2301] Compiling NIOHTTP2 SendingWindowUpdateState.swift
[2164/2301] Compiling NIOHTTP2 HTTP2SettingsState.swift
[2165/2301] Compiling NIOHTTP2 HasExtendedConnectSettings.swift
[2166/2301] Compiling NIOHTTP2 MaySendFrames.swift
[2167/2301] Compiling NIOHTTP2 SendingDataState.swift
[2168/2301] Compiling NIOHTTP2 SendingGoawayState.swift
[2169/2301] Compiling NIOHTTP2 SendingHeadersState.swift
[2170/2301] Compiling NIOHTTP2 SendingPushPromiseState.swift
[2171/2301] Compiling NIOHTTP2 LocallyQuiescingState.swift
[2172/2301] Compiling NIOHTTP2 QuiescingState.swift
[2173/2301] Compiling NIOHTTP2 HTTP2ChannelHandler+InboundStreamMultiplexer.swift
[2174/2301] Compiling NIOHTTP2 HTTP2ChannelHandler+InlineStreamMultiplexer.swift
[2175/2301] Compiling NIOHTTP2 HTTP2ChannelHandler.swift
[2176/2301] Compiling NIOHTTP2 HTTP2CommonInboundStreamMultiplexer.swift
[2177/2301] Compiling NIOHTTP2 HTTP2ConnectionStateChange.swift
[2178/2301] Compiling NIOHTTP2 HTTP2Error.swift
[2179/2301] Compiling NIOHTTP2 HTTP2ErrorCode.swift
[2180/2301] Compiling NIOHTTP2 Error+Any.swift
[2181/2301] Compiling NIOHTTP2 GlitchesMonitor.swift
[2182/2301] Compiling NIOHTTP2 HPACKHeaders+Validation.swift
[2188/2301] Compiling NIOHTTP2 OutboundFrameBuffer.swift
[2189/2301] Compiling NIOHTTP2 HasFlowControlWindows.swift
[2190/2301] Compiling NIOHTTP2 HasLocalSettings.swift
[2195/2306] Emitting module NIOSSL
[2198/2306] Compiling NIOHTTP2 HasRemoteSettings.swift
[2209/2306] Compiling NIOFileSystem Exports.swift
[2210/2306] Emitting module NIOFileSystem
[2211/2306] Emitting module _NIOFileSystemFoundationCompat
[2212/2306] Compiling _NIOFileSystemFoundationCompat Date+FileInfo.swift
[2213/2306] Compiling _NIOFileSystemFoundationCompat Data+FileSystem.swift
[2214/2306] Compiling NIOExtras WritePCAPHandler.swift
[2215/2314] Compiling JWTKit AppleIdentityToken.swift
[2216/2314] Compiling JWTKit FirebaseAuthIdentityToken.swift
[2217/2314] Compiling JWTKit GoogleIdentityToken.swift
[2218/2314] Compiling JWTKit MicrosoftIdentityToken.swift
[2219/2314] Compiling JWTKit EmptyPolicy.swift
[2220/2314] Compiling JWTKit ValidationTimePayload.swift
[2221/2314] Compiling JWTKit X5CVerifier.swift
Fetching https://github.com/vapor/vapor.git
Fetching https://github.com/vapor/jwt-kit.git
[1/9790] Fetching jwt-kit
[2645/88610] Fetching jwt-kit, vapor
Fetched https://github.com/vapor/vapor.git from cache (3.89s)
Fetched https://github.com/vapor/jwt-kit.git from cache (3.89s)
Computing version for https://github.com/vapor/jwt-kit.git
Computed https://github.com/vapor/jwt-kit.git at 5.6.0 (4.41s)
Fetching https://github.com/apple/swift-certificates.git
Fetching https://github.com/apple/swift-crypto.git from cache
Fetching https://github.com/apple/swift-log.git from cache
[1/7491] Fetching swift-certificates
Fetched https://github.com/apple/swift-certificates.git from cache (1.67s)
Fetched https://github.com/apple/swift-crypto.git from cache (1.72s)
Fetched https://github.com/apple/swift-log.git from cache (1.73s)
Computing version for https://github.com/apple/swift-crypto.git
Computed https://github.com/apple/swift-crypto.git at 4.5.1 (5.47s)
Fetching https://github.com/apple/swift-asn1.git from cache
Fetched https://github.com/apple/swift-asn1.git from cache (1.32s)
Computing version for https://github.com/apple/swift-asn1.git
Computed https://github.com/apple/swift-asn1.git at 1.7.1 (1.93s)
Computing version for https://github.com/apple/swift-certificates.git
Computed https://github.com/apple/swift-certificates.git at 1.19.4 (0.65s)
Computing version for https://github.com/vapor/vapor.git
Computed https://github.com/vapor/vapor.git at 4.122.0 (0.54s)
Fetching https://github.com/vapor/websocket-kit.git
Fetching https://github.com/apple/swift-distributed-tracing.git
Fetching https://github.com/apple/swift-service-context.git
Fetching https://github.com/vapor/multipart-kit.git
Fetching https://github.com/apple/swift-metrics.git from cache
Fetching https://github.com/apple/swift-algorithms.git from cache
Fetching https://github.com/apple/swift-atomics.git from cache
[1/1311] Fetching swift-service-context
[15/5346] Fetching swift-service-context, multipart-kit
[56/8016] Fetching swift-service-context, multipart-kit, websocket-kit
[857/14003] Fetching swift-service-context, multipart-kit, websocket-kit, swift-distributed-tracing
Fetched https://github.com/apple/swift-algorithms.git from cache (1.10s)
Fetching https://github.com/apple/swift-nio-extras.git from cache
Fetched https://github.com/vapor/websocket-kit.git from cache (1.16s)
Fetched https://github.com/apple/swift-service-context.git from cache (1.16s)
[2992/10022] Fetching multipart-kit, swift-distributed-tracing
Fetching https://github.com/apple/swift-nio-ssl.git from cache
Fetching https://github.com/apple/swift-nio-http2.git from cache
Fetched https://github.com/apple/swift-distributed-tracing.git from cache (1.53s)
Fetching https://github.com/apple/swift-nio.git from cache
[1649/4035] Fetching multipart-kit
Fetched https://github.com/apple/swift-nio-http2.git from cache (1.29s)
Fetched https://github.com/apple/swift-nio-ssl.git from cache (1.29s)
Fetching https://github.com/vapor/routing-kit.git
Fetching https://github.com/vapor/console-kit.git
Fetched https://github.com/apple/swift-nio-extras.git from cache (1.40s)
Fetching https://github.com/vapor/async-kit.git
[1650/6539] Fetching multipart-kit, async-kit
[1651/28065] Fetching multipart-kit, async-kit, routing-kit
[2042/34895] Fetching multipart-kit, async-kit, routing-kit, console-kit
Fetched https://github.com/vapor/async-kit.git from cache (1.02s)
[6129/32391] Fetching multipart-kit, routing-kit, console-kit
Fetching https://github.com/swift-server/async-http-client.git from cache
Fetched https://github.com/vapor/console-kit.git from cache (1.33s)
[17794/25561] Fetching multipart-kit, routing-kit
Fetched https://github.com/vapor/routing-kit.git from cache (1.68s)
[1655/4035] Fetching multipart-kit
Fetched https://github.com/vapor/multipart-kit.git from cache (4.67s)
Fetched https://github.com/apple/swift-atomics.git from cache (4.68s)
Fetched https://github.com/apple/swift-metrics.git from cache (4.71s)
Fetched https://github.com/apple/swift-nio.git from cache (3.38s)
Fetched https://github.com/swift-server/async-http-client.git from cache (1.53s)
Computing version for https://github.com/apple/swift-atomics.git
Computed https://github.com/apple/swift-atomics.git at 1.3.1 (5.68s)
Computing version for https://github.com/apple/swift-algorithms.git
Computed https://github.com/apple/swift-algorithms.git at 1.2.1 (2.49s)
Fetching https://github.com/apple/swift-numerics.git from cache
Fetched https://github.com/apple/swift-numerics.git from cache (1.47s)
Computing version for https://github.com/vapor/routing-kit.git
Computed https://github.com/vapor/routing-kit.git at 4.9.3 (2.01s)
Computing version for https://github.com/apple/swift-service-context.git
Computed https://github.com/apple/swift-service-context.git at 1.3.0 (0.49s)
Computing version for https://github.com/vapor/websocket-kit.git
Computed https://github.com/vapor/websocket-kit.git at 2.16.2 (0.51s)
Fetching https://github.com/apple/swift-nio-transport-services.git from cache
Fetched https://github.com/apple/swift-nio-transport-services.git from cache (0.97s)
Computing version for https://github.com/apple/swift-numerics.git
Computed https://github.com/apple/swift-numerics.git at 1.1.1 (1.51s)
Computing version for https://github.com/apple/swift-nio-ssl.git
Computed https://github.com/apple/swift-nio-ssl.git at 2.37.2 (0.51s)
Computing version for https://github.com/apple/swift-nio.git
Computed https://github.com/apple/swift-nio.git at 2.101.3 (0.69s)
Fetching https://github.com/apple/swift-collections.git from cache
Fetching https://github.com/apple/swift-system.git from cache
Fetched https://github.com/apple/swift-system.git from cache (2.06s)
Fetched https://github.com/apple/swift-collections.git from cache (2.08s)
Computing version for https://github.com/vapor/console-kit.git
Computed https://github.com/vapor/console-kit.git at 4.16.1 (2.60s)
Computing version for https://github.com/apple/swift-log.git
Computed https://github.com/apple/swift-log.git at 1.15.0 (0.50s)
Computing version for https://github.com/vapor/async-kit.git
Computed https://github.com/vapor/async-kit.git at 1.22.0 (0.47s)
Computing version for https://github.com/apple/swift-collections.git
Computed https://github.com/apple/swift-collections.git at 1.6.0 (0.59s)
Computing version for https://github.com/apple/swift-distributed-tracing.git
Computed https://github.com/apple/swift-distributed-tracing.git at 1.4.1 (0.47s)
Computing version for https://github.com/apple/swift-metrics.git
Computed https://github.com/apple/swift-metrics.git at 2.11.0 (0.47s)
Computing version for https://github.com/vapor/multipart-kit.git
Computed https://github.com/vapor/multipart-kit.git at 4.7.1 (0.48s)
Computing version for https://github.com/apple/swift-nio-transport-services.git
Computed https://github.com/apple/swift-nio-transport-services.git at 1.28.0 (0.48s)
Computing version for https://github.com/apple/swift-system.git
Computed https://github.com/apple/swift-system.git at 1.8.1 (0.51s)
Computing version for https://github.com/apple/swift-nio-extras.git
Computed https://github.com/apple/swift-nio-extras.git at 1.34.3 (0.67s)
Fetching https://github.com/swift-server/swift-service-lifecycle.git
Fetching https://github.com/apple/swift-async-algorithms.git
Fetching https://github.com/apple/swift-http-structured-headers.git from cache
Fetching https://github.com/apple/swift-http-types.git from cache
[1/2811] Fetching swift-service-lifecycle
[30/9468] Fetching swift-service-lifecycle, swift-async-algorithms
Fetched https://github.com/apple/swift-async-algorithms.git from cache (1.39s)
Fetched https://github.com/swift-server/swift-service-lifecycle.git from cache (1.39s)
Fetched https://github.com/apple/swift-http-structured-headers.git from cache (1.40s)
Fetched https://github.com/apple/swift-http-types.git from cache (1.41s)
Computing version for https://github.com/apple/swift-http-types.git
Computed https://github.com/apple/swift-http-types.git at 1.6.0 (1.95s)
Computing version for https://github.com/swift-server/swift-service-lifecycle.git
Computed https://github.com/swift-server/swift-service-lifecycle.git at 2.12.0 (0.51s)
Computing version for https://github.com/apple/swift-async-algorithms.git
Computed https://github.com/apple/swift-async-algorithms.git at 1.1.5 (0.54s)
Computing version for https://github.com/apple/swift-http-structured-headers.git
Computed https://github.com/apple/swift-http-structured-headers.git at 1.7.0 (0.49s)
Computing version for https://github.com/apple/swift-nio-http2.git
Computed https://github.com/apple/swift-nio-http2.git at 1.45.0 (0.54s)
Computing version for https://github.com/swift-server/async-http-client.git
Computed https://github.com/swift-server/async-http-client.git at 1.36.0 (0.57s)
Creating working copy for https://github.com/apple/swift-async-algorithms.git
Working copy of https://github.com/apple/swift-async-algorithms.git resolved at 1.1.5
Creating working copy for https://github.com/apple/swift-nio-extras.git
Working copy of https://github.com/apple/swift-nio-extras.git resolved at 1.34.3
Creating working copy for https://github.com/vapor/websocket-kit.git
Working copy of https://github.com/vapor/websocket-kit.git resolved at 2.16.2
Creating working copy for https://github.com/apple/swift-certificates.git
Working copy of https://github.com/apple/swift-certificates.git resolved at 1.19.4
Creating working copy for https://github.com/apple/swift-nio.git
Working copy of https://github.com/apple/swift-nio.git resolved at 2.101.3
Creating working copy for https://github.com/apple/swift-nio-transport-services.git
Working copy of https://github.com/apple/swift-nio-transport-services.git resolved at 1.28.0
Creating working copy for https://github.com/vapor/jwt-kit.git
Working copy of https://github.com/vapor/jwt-kit.git resolved at 5.6.0
Creating working copy for https://github.com/apple/swift-atomics.git
Working copy of https://github.com/apple/swift-atomics.git resolved at 1.3.1
Creating working copy for https://github.com/apple/swift-service-context.git
Working copy of https://github.com/apple/swift-service-context.git resolved at 1.3.0
Creating working copy for https://github.com/apple/swift-numerics.git
Working copy of https://github.com/apple/swift-numerics.git resolved at 1.1.1
Creating working copy for https://github.com/apple/swift-log.git
Working copy of https://github.com/apple/swift-log.git resolved at 1.15.0
Creating working copy for https://github.com/apple/swift-asn1.git
Working copy of https://github.com/apple/swift-asn1.git resolved at 1.7.1
Creating working copy for https://github.com/apple/swift-metrics.git
Working copy of https://github.com/apple/swift-metrics.git resolved at 2.11.0
Creating working copy for https://github.com/apple/swift-collections.git
Working copy of https://github.com/apple/swift-collections.git resolved at 1.6.0
Creating working copy for https://github.com/apple/swift-algorithms.git
Working copy of https://github.com/apple/swift-algorithms.git resolved at 1.2.1
Creating working copy for https://github.com/apple/swift-http-types.git
Working copy of https://github.com/apple/swift-http-types.git resolved at 1.6.0
Creating working copy for https://github.com/vapor/async-kit.git
Working copy of https://github.com/vapor/async-kit.git resolved at 1.22.0
Creating working copy for https://github.com/apple/swift-nio-ssl.git
Working copy of https://github.com/apple/swift-nio-ssl.git resolved at 2.37.2
Creating working copy for https://github.com/apple/swift-http-structured-headers.git
Working copy of https://github.com/apple/swift-http-structured-headers.git resolved at 1.7.0
Creating working copy for https://github.com/apple/swift-system.git
Working copy of https://github.com/apple/swift-system.git resolved at 1.8.1
Creating working copy for https://github.com/apple/swift-nio-http2.git
Working copy of https://github.com/apple/swift-nio-http2.git resolved at 1.45.0
Creating working copy for https://github.com/vapor/multipart-kit.git
Working copy of https://github.com/vapor/multipart-kit.git resolved at 4.7.1
Creating working copy for https://github.com/apple/swift-crypto.git
Working copy of https://github.com/apple/swift-crypto.git resolved at 4.5.1
Creating working copy for https://github.com/apple/swift-distributed-tracing.git
Working copy of https://github.com/apple/swift-distributed-tracing.git resolved at 1.4.1
Creating working copy for https://github.com/swift-server/swift-service-lifecycle.git
Working copy of https://github.com/swift-server/swift-service-lifecycle.git resolved at 2.12.0
Creating working copy for https://github.com/vapor/vapor.git
Working copy of https://github.com/vapor/vapor.git resolved at 4.122.0
Creating working copy for https://github.com/vapor/routing-kit.git
Working copy of https://github.com/vapor/routing-kit.git resolved at 4.9.3
Creating working copy for https://github.com/vapor/console-kit.git
Working copy of https://github.com/vapor/console-kit.git resolved at 4.16.1
Creating working copy for https://github.com/swift-server/async-http-client.git
Working copy of https://github.com/swift-server/async-http-client.git resolved at 1.36.0
Running build ...
env DEVELOPER_DIR=/Applications/Xcode-16.3.0.app xcrun swift build --arch arm64
[0/1] Planning build
Building for debugging...
[0/1] Write swift-version-2F0A5646E1D333AE.txt
[2/190] Compiling ServiceContextModule ServiceContext.swift
[3/190] Compiling ServiceContextModule ServiceContextKey.swift
[4/190] Emitting module ServiceContextModule
[5/190] Compiling Crypto GeneralizedTime.swift
[6/190] Compiling Crypto ObjectIdentifier.swift
[7/190] Compiling RealModule RealFunctions.swift
[8/192] Compiling SystemPackage FilePathComponentView.swift
[9/192] Compiling SystemPackage FilePathComponents.swift
[10/192] Compiling SystemPackage FileOperations.swift
[11/192] Compiling SystemPackage FilePath.swift
[12/192] Compiling SystemPackage Errno.swift
[13/192] Compiling SystemPackage ErrnoWindows.swift
[14/192] Compiling RealModule Float80+Real.swift
[15/192] Compiling RealModule Real.swift
[16/192] Compiling InternalCollectionsUtilities _UniqueCollection.swift
[17/192] Compiling RealModule ElementaryFunctions.swift
[18/192] Compiling RealModule RelaxedArithmetic.swift
[19/192] Emitting module _CertificateInternals
[20/192] Compiling _CertificateInternals _TinyArray.swift
[21/192] Compiling RealModule Float16+Real.swift
[22/192] Compiling RealModule Float+Real.swift
[23/192] Compiling Crypto ASN1Strings.swift
[24/192] Compiling Crypto ArraySliceBigint.swift
[25/199] Compiling RealModule AugmentedArithmetic.swift
[26/199] Compiling RealModule Double+Real.swift
[27/199] Emitting module _NIOBase64
[28/199] Compiling _NIOBase64 Base64.swift
[29/199] Compiling Crypto HPKE-NIST-EC-KEMs.swift
[30/199] Compiling Crypto HPKE-KEM.swift
[31/199] Compiling Crypto HPKE-Errors.swift
[32/199] Compiling Crypto HPKE.swift
[33/199] Compiling Crypto HPKE-Context.swift
[34/199] Compiling Crypto HPKE-KeySchedule.swift
[35/199] Compiling Crypto HPKE-Modes.swift
[36/199] Compiling Crypto Insecure.swift
[37/199] Compiling Crypto Insecure_HashFunctions.swift
[38/199] Compiling Crypto MLKEM_boring.swift
[39/208] Compiling _NIODataStructures PriorityQueue.swift
[40/208] Compiling _NIODataStructures _TinyArray.swift
[41/208] Compiling _NIODataStructures Heap.swift
[42/208] Compiling CryptoBoringWrapper resource_bundle_accessor.swift
[45/208] Compiling SystemPackage FileDescriptor.swift
[46/208] Compiling SystemPackage FileHelpers.swift
[55/208] Compiling SystemPackage FilePathParsing.swift
[56/208] Compiling SystemPackage FilePathString.swift
[57/208] Compiling SwiftASN1 ObjectIdentifier.swift
[58/208] Compiling SwiftASN1 PEMDocument.swift
[59/208] Compiling SwiftASN1 ArraySliceBigint.swift
[60/208] Compiling Crypto ASN1OctetString.swift
[65/208] Compiling Crypto ECDSASignature.swift
[66/208] Compiling Crypto PEMDocument.swift
[67/208] Emitting module _NIODataStructures
[68/208] Compiling CryptoBoringWrapper CryptoKitErrors_boring.swift
[69/208] Emitting module RealModule
[70/219] Compiling Crypto PKCS8PrivateKey.swift
[71/219] Compiling Crypto SEC1PrivateKey.swift
[72/219] Compiling Crypto SubjectPublicKeyInfo.swift
[73/219] Compiling Crypto CryptoError_boring.swift
[74/219] Compiling Crypto CryptoKitErrors.swift
[75/219] Compiling Crypto Digest_boring.swift
[76/219] Compiling Crypto Digest.swift
[77/219] Compiling Crypto Digests.swift
[78/219] Compiling Crypto HashFunctions.swift
[79/219] Compiling Crypto HashFunctions_SHA2.swift
[80/219] Compiling Crypto HashFunctions_SHA3.swift
[81/219] Compiling Crypto Digest_xkcp.swift
[82/219] Compiling Crypto HPKE-AEAD.swift
[83/219] Compiling Crypto HPKE-Ciphersuite.swift
[84/219] Compiling Crypto HPKE-KDF.swift
[85/219] Compiling Crypto HPKE-KexKeyDerivation.swift
[86/219] Compiling Crypto HPKE-LabeledExtract.swift
[87/219] Compiling Crypto HPKE-Utils.swift
[88/219] Compiling Crypto DHKEM.swift
[89/219] Compiling Crypto HPKE-KEM-Curve25519.swift
[90/219] Compiling CryptoBoringWrapper RandomBytes.swift
[91/219] Compiling Crypto MLKEM_wrapper.swift
[92/219] Compiling Crypto XWing_boring.swift
[93/219] Compiling Crypto KEM-Errors.swift
[94/219] Compiling Crypto KEM.swift
[95/219] Compiling Crypto MLKEM.swift
[96/219] Compiling Crypto XWing.swift
[97/219] Compiling Crypto ECDH_boring.swift
[98/219] Compiling Crypto DH.swift
[99/219] Compiling Crypto ECDH.swift
[100/219] Compiling Crypto ANSIx963.swift
[101/219] Compiling Crypto HKDF.swift
[102/219] Compiling Crypto AESWrap.swift
[103/219] Compiling Crypto AESWrap_boring.swift
[104/219] Compiling Crypto Ed25519_boring.swift
[105/219] Compiling Crypto NISTCurvesKeys_boring.swift
[106/219] Compiling Crypto X25519Keys_boring.swift
[107/219] Compiling Crypto Curve25519.swift
[108/219] Compiling Crypto Ed25519Keys.swift
[109/219] Emitting module Crypto
[110/219] Compiling CryptoBoringWrapper BoringSSLAEAD.swift
[111/219] Compiling CryptoBoringWrapper FiniteFieldArithmeticContext.swift
[112/219] Compiling CryptoBoringWrapper EllipticCurve.swift
[113/219] Compiling Crypto NISTCurvesKeys.swift
[114/219] Compiling Crypto X25519Keys.swift
[115/219] Compiling Crypto SymmetricKeys.swift
[116/219] Compiling Crypto HMAC.swift
[117/219] Compiling Crypto MACFunctions.swift
[118/219] Compiling Crypto MessageAuthenticationCode.swift
[119/219] Compiling Crypto AES.swift
[120/219] Compiling Crypto ECDSASignature_boring.swift
[121/219] Compiling Crypto ECDSA_boring.swift
[122/219] Compiling Crypto EdDSA_boring.swift
[123/219] Compiling Crypto MLDSA_boring.swift
[124/219] Compiling Crypto MLDSA_wrapper.swift
[125/219] Compiling Crypto ECDSA.swift
[126/219] Compiling Crypto Ed25519.swift
[127/219] Compiling Crypto MLDSA.swift
[128/219] Compiling Crypto Signature.swift
[129/219] Compiling Crypto CryptoKitErrors_boring.swift
[130/219] Compiling Crypto Optional+withUnsafeBytes_boring.swift
[131/225] Emitting module CryptoBoringWrapper
[143/253] Compiling Instrumentation NoOpInstrument.swift
[144/253] Compiling Atomics UnsafeAtomicLazyReference.swift
[145/253] Compiling Atomics IntegerOperations.swift
[158/253] Compiling SwiftASN1 DER.swift
[159/253] Compiling Atomics AtomicValue.swift
[160/253] Compiling Atomics AtomicMemoryOrderings.swift
[161/253] Compiling Atomics DoubleWord.swift
[162/253] Compiling Atomics ManagedAtomic.swift
[163/253] Emitting module InternalCollectionsUtilities
[164/253] Compiling Instrumentation MultiplexInstrument.swift
[165/253] Compiling Instrumentation InstrumentationSystem.swift
[166/253] Emitting module Instrumentation
[167/253] Compiling Instrumentation Instrument.swift
[168/253] Compiling Instrumentation Locks.swift
[171/253] Compiling Atomics PointerConformances.swift
[172/253] Compiling Atomics Primitives.native.swift
[173/253] Compiling NIOConcurrencyHelpers lock.swift
[174/253] Compiling NIOConcurrencyHelpers NIOLock.swift
[175/253] Compiling NIOConcurrencyHelpers NIOThreadPoolWorkAvailable.swift
[176/253] Compiling NIOConcurrencyHelpers NIOLockedValueBox.swift
[177/253] Compiling NIOConcurrencyHelpers NIOAtomic.swift
[178/253] Compiling NIOConcurrencyHelpers atomics.swift
[179/253] Compiling Atomics AtomicInteger.swift
[180/253] Compiling Atomics AtomicOptionalWrappable.swift
[181/253] Compiling Atomics AtomicReference.swift
[182/253] Compiling Atomics AtomicStorage.swift
[185/253] Compiling Atomics ManagedAtomicLazyReference.swift
[186/253] Compiling Atomics UnsafeAtomic.swift
[189/254] Compiling CryptoBoringWrapper EllipticCurvePoint.swift
[190/254] Compiling CryptoBoringWrapper ArbitraryPrecisionInteger.swift
[191/254] Emitting module NIOConcurrencyHelpers
[196/255] Compiling Logging Logger+Attributes.swift
[197/255] Compiling Logging LoggingSystem.swift
[198/255] Compiling Logging Logger+With.swift
unable to find node: pound
unable to find node: pound
[199/257] Compiling Logging Locks.swift
[200/258] Compiling Logging LogHandler.swift
[201/258] Compiling Logging SwiftLogNoOpLogHandler.swift
[202/260] Compiling Logging LogEvent.swift
[203/267] Compiling Logging Logger.swift
[204/281] Compiling Algorithms AdjacentPairs.swift
[205/281] Compiling Algorithms Chain.swift
[206/281] Compiling Algorithms Chunked.swift
[207/281] Compiling Algorithms Combinations.swift
[208/281] Compiling Algorithms Compacted.swift
[209/281] Compiling Algorithms Cycle.swift
[210/281] Compiling Algorithms Partition.swift
[211/281] Compiling Algorithms Permutations.swift
[212/281] Compiling SwiftASN1 Errors.swift
[213/281] Compiling Atomics Unmanaged extensions.swift
[214/361] Compiling _RopeModule RopeMetric.swift
[215/361] Compiling _RopeModule RopeSummary.swift
[216/361] Compiling _RopeModule BigString+Chunk+Counts.swift
[217/361] Compiling _RopeModule BigString+Chunk+Description.swift
[218/361] Compiling _RopeModule BigString+Chunk+Breaks.swift
[219/361] Compiling _RopeModule BigString+Chunk+Character.swift
[222/361] Compiling _RopeModule BigString+Debugging.swift
[223/361] Compiling _RopeModule BigString+Index.swift
[224/361] Compiling _RopeModule BigString+Ingester.swift
[225/361] Compiling _RopeModule BigString+Chunk+Splitting.swift
[226/361] Compiling _RopeModule BigString+Chunk+UTF16.swift
[227/361] Compiling _RopeModule BigString+Chunk+UTF8.swift
[228/361] Compiling _RopeModule BigString+Chunk+UnicodeScalar.swift
[229/361] Compiling _RopeModule BigString+Chunk.swift
[230/361] Compiling _RopeModule BigString+BidirectionalCollection.swift
[231/361] Compiling _RopeModule BigString+Comparable.swift
[232/361] Compiling _RopeModule BigString+CustomDebugStringConvertible.swift
[233/368] Emitting module Logging
unable to find node: pound
unable to find node: pound
[234/368] Compiling Logging MetadataProvider.swift
[235/426] Emitting module SystemPackage
[236/426] Compiling Crypto RNG_boring.swift
[237/426] Compiling Crypto SafeCompare_boring.swift
[238/426] Compiling Crypto Zeroization_boring.swift
[239/426] Compiling Crypto _CryptoModuleAnchor.swift
[240/426] Compiling Crypto PrettyBytes.swift
[241/426] Compiling Crypto SafeCompare.swift
[242/426] Compiling Crypto SecureBytes.swift
[243/426] Compiling Crypto Zeroization.swift
[244/426] Compiling Crypto resource_bundle_accessor.swift
[245/433] Compiling Tracing TracingTime.swift
[246/433] Compiling Tracing TracerProtocol.swift
[247/439] Compiling OrderedCollections OrderedSet+Partial SetAlgebra formIntersection.swift
[248/439] Compiling OrderedCollections OrderedSet+Partial SetAlgebra formSymmetricDifference.swift
[249/439] Compiling OrderedCollections OrderedSet+Partial SetAlgebra formUnion.swift
[250/439] Compiling OrderedCollections OrderedSet+Partial SetAlgebra intersection.swift
[251/439] Compiling OrderedCollections OrderedSet+Partial SetAlgebra isDisjoint.swift
[252/439] Compiling OrderedCollections OrderedSet+Partial SetAlgebra isEqualSet.swift
[253/445] Compiling CoreMetrics WithMetricsFactory.swift
[254/445] Compiling CoreMetrics MappingMetricsFactory.swift
[255/445] Emitting module CoreMetrics
[256/445] Compiling CoreMetrics Locks.swift
[257/445] Compiling CoreMetrics Metrics.swift
[258/523] Compiling Tracing TracerProtocol+Legacy.swift
[259/523] Compiling Tracing NoOpTracer.swift
[260/523] Compiling Tracing InstrumentationSystem+Tracing.swift
[261/523] Compiling Tracing Tracer.swift
[262/523] Emitting module Tracing
[263/523] Compiling Tracing SpanProtocol.swift
[264/523] Compiling HeapModule Heap.swift
[265/523] Compiling HeapModule _HeapNode.swift
[266/523] Compiling HeapModule Heap+Invariants.swift
[267/523] Compiling HeapModule Heap+ExpressibleByArrayLiteral.swift
[268/523] Compiling HeapModule Heap+UnsafeHandle.swift
[269/523] Compiling HashTreeCollections TreeSet+SetAlgebra formUnion.swift
[270/523] Compiling HashTreeCollections TreeSet+SetAlgebra intersection.swift
[271/523] Compiling HashTreeCollections TreeSet+SetAlgebra isDisjoint.swift
[272/523] Compiling HashTreeCollections TreeSet+SetAlgebra isEqualSet.swift
[273/523] Compiling HashTreeCollections TreeSet+SetAlgebra isStrictSubset.swift
[274/523] Compiling HashTreeCollections TreeDictionary+Sequence.swift
[275/523] Compiling HashTreeCollections TreeDictionary+Values.swift
[276/523] Compiling HashTreeCollections TreeDictionary.swift
[277/523] Compiling HashTreeCollections _HashNode+Structural subtracting.swift
[278/523] Compiling HashTreeCollections _HashNode+Structural symmetricDifference.swift
[279/523] Compiling HashTreeCollections _HashNode+Structural union.swift
[280/523] Compiling HashTreeCollections _HashNode+Subtree Insertions.swift
[281/523] Compiling HashTreeCollections _HashNode+Subtree Modify.swift
[282/523] Compiling HashTreeCollections TreeSet+SetAlgebra basics.swift
[283/523] Compiling HashTreeCollections TreeSet+SetAlgebra formIntersection.swift
[284/523] Compiling HashTreeCollections TreeSet+SetAlgebra formSymmetricDifference.swift
[285/523] Compiling HashTreeCollections TreeSet+Codable.swift
[286/523] Compiling HashTreeCollections TreeSet+Collection.swift
[287/523] Compiling HashTreeCollections TreeSet+CustomReflectable.swift
[288/523] Compiling HashTreeCollections TreeSet+Debugging.swift
[289/523] Compiling HashTreeCollections TreeSet+Descriptions.swift
[290/523] Compiling HashTreeCollections _HashNode+Subtree Removals.swift
[291/523] Compiling HashTreeCollections _HashNode+UnsafeHandle.swift
[292/523] Compiling HashTreeCollections _HashNode.swift
[293/523] Compiling HeapModule Heap+Descriptions.swift
[294/523] Emitting module HeapModule
[295/523] Compiling HashTreeCollections _HashNode+Initializers.swift
[296/523] Compiling HashTreeCollections _HashNode+Invariants.swift
[297/523] Compiling HashTreeCollections _HashNode+Lookups.swift
[298/523] Compiling HashTreeCollections _HashNode+Primitive Insertions.swift
[299/523] Compiling HashTreeCollections _HashNode+Primitive Removals.swift
[300/523] Compiling HashTreeCollections _HashNode+Structural compactMapValues.swift
[301/523] Compiling HashTreeCollections _HashNode+Structural filter.swift
[302/523] Compiling HashTreeCollections _HashNode+Structural intersection.swift
[303/523] Compiling HashTreeCollections _HashNode+Primitive Replacement.swift
[304/523] Compiling HashTreeCollections _HashNode+Storage.swift
[305/564] Compiling ContainersPreview Producer.swift
[306/564] Compiling ContainersPreview InputSpan.swift
[307/564] Compiling ContainersPreview MutableRef.swift
[308/564] Compiling ContainersPreview Ref.swift
[309/564] Compiling ContainersPreview Producer+Collect.swift
[310/564] Compiling ContainersPreview Producer+Filter.swift
[311/564] Compiling ContainersPreview Producer+Map.swift
[312/564] Compiling ContainersPreview Producer+Reduce.swift
[313/567] Compiling ContainersPreview BorrowingSequence.swift
[314/567] Compiling ContainersPreview BidirectionalContainer.swift
[315/567] Compiling ContainersPreview Container+Filter.swift
[316/567] Compiling ContainersPreview Container+SpanwiseZip.swift
[317/567] Compiling ContainersPreview Container.swift
[318/567] Compiling ContainersPreview ContainerIterator.swift
[319/567] Compiling ContainersPreview DynamicContainer.swift
[320/567] Compiling ContainersPreview MutableContainer.swift
[321/567] Compiling ContainersPreview BorrowingIteratorProtocol.swift
[322/567] Compiling ContainersPreview BorrowingSequence+Algorithms.swift
[323/567] Compiling ContainersPreview BorrowingSequence+Standard Conformances.swift
[324/567] Compiling ContainersPreview BorrowingSequence+Utilities.swift
[325/594] Compiling ConsoleKitTerminal Console+Wait.swift
[326/594] Compiling ConsoleKitTerminal ConsoleColor.swift
[327/594] Compiling ConsoleKitTerminal ConsoleClear.swift
[328/594] Compiling ConsoleKitTerminal Console+Ask.swift
[329/594] Compiling ConsoleKitTerminal LoadingBar.swift
[330/594] Compiling ConsoleKitTerminal Console+Output.swift
[331/594] Compiling ConsoleKitTerminal ConsoleStyle.swift
[332/594] Compiling ConsoleKitTerminal ConsoleText.swift
[333/594] Compiling ConsoleKitTerminal ActivityIndicatorState.swift
[334/594] Compiling ConsoleKitTerminal CustomActivity.swift
[335/594] Compiling ConsoleKitTerminal ConsoleTextFragment.swift
[336/594] Compiling ConsoleKitTerminal ANSI.swift
[337/594] Compiling HashTreeCollections TreeSet+Equatable.swift
[338/594] Compiling HashTreeCollections TreeSet+ExpressibleByArrayLiteral.swift
[339/594] Compiling HashTreeCollections TreeSet+Extras.swift
[340/594] Compiling HashTreeCollections TreeSet+Filter.swift
[341/594] Compiling HashTreeCollections TreeSet+Hashable.swift
[342/594] Compiling HashTreeCollections TreeSet+Sendable.swift
[343/594] Compiling HashTreeCollections TreeSet+Sequence.swift
[344/594] Compiling HashTreeCollections TreeSet+SetAlgebra Initializers.swift
[345/602] Emitting module ContainersPreview
[351/602] Compiling ConsoleKitTerminal Console+Choose.swift
[352/602] Compiling ConsoleKitTerminal ProgressBar.swift
[353/602] Compiling ConsoleKitTerminal Console+Clear.swift
[354/602] Compiling ConsoleKitTerminal Console+Ephemeral.swift
[355/602] Compiling ConsoleKitTerminal ActivityBar.swift
[366/602] Compiling ConsoleKitTerminal Console.swift
[367/602] Compiling ConsoleKitTerminal Terminal.swift
[368/602] Compiling ContainersPreview Shared.swift
[369/602] Compiling ContainersPreview SpanIterator.swift
[370/602] Compiling ContainersPreview UniqueBox.swift
[371/602] Compiling RoutingKit Router.swift
[372/602] Compiling RoutingKit PathComponent.swift
[373/602] Compiling RoutingKit Parameters.swift
[374/602] Compiling RoutingKit AnyRouter.swift
[375/602] Emitting module RoutingKit
[376/602] Compiling RoutingKit TrieRouter.swift
[382/602] Compiling ConsoleKitTerminal readpassphrase_linux.swift
[385/602] Compiling ConsoleKitTerminal AnySendableHashable.swift
[410/602] Compiling HashTreeCollections TreeSet+SetAlgebra isStrictSuperset.swift
[422/602] Emitting module Metrics
[423/602] Compiling Metrics Metrics.swift
[426/644] Compiling DequeModule UniqueDeque+Consumption.swift
[427/644] Compiling DequeModule UniqueDeque+Container.swift
[428/644] Compiling DequeModule UniqueDeque+Deprecated.swift
[429/644] Compiling DequeModule UniqueDeque+Descriptions.swift
[430/644] Compiling DequeModule RigidDeque+Hashable.swift
[431/644] Compiling DequeModule RigidDeque+Initializers.swift
[432/644] Compiling DequeModule RigidDeque+Insertions.swift
[433/644] Compiling DequeModule RigidDeque+Prepend.swift
[434/644] Compiling DequeModule RigidDeque+Removals.swift
[435/648] Compiling DequeModule UniqueDeque+Insertions.swift
[436/648] Compiling DequeModule UniqueDeque+Prepend.swift
[437/648] Compiling DequeModule UniqueDeque+Removals.swift
[438/648] Compiling DequeModule UniqueDeque+Replacements.swift
[440/648] Compiling HashTreeCollections TreeSet+SetAlgebra isSubset.swift
[441/648] Compiling HashTreeCollections TreeSet+SetAlgebra isSuperset.swift
[442/648] Compiling HashTreeCollections TreeSet+SetAlgebra subtract.swift
[443/648] Compiling HashTreeCollections TreeSet+SetAlgebra subtracting.swift
[444/648] Compiling HashTreeCollections TreeSet+SetAlgebra symmetricDifference.swift
[445/648] Compiling HashTreeCollections TreeSet+SetAlgebra union.swift
[446/648] Compiling HashTreeCollections TreeSet.swift
[447/703] Emitting module SwiftASN1
[448/703] Compiling BitCollections BinaryInteger extensions.swift
[449/703] Compiling BitCollections BitArray+BitwiseOperations.swift
[450/703] Compiling BitCollections BitArray+ChunkedBitsIterators.swift
[451/703] Emitting module ConsoleKitTerminal
[455/705] Compiling BitCollections BitArray+Codable.swift
[456/705] Compiling BitCollections BitArray+Collection.swift
[457/705] Compiling BitCollections BitArray+Copy.swift
[458/705] Compiling BitCollections BitArray+CustomReflectable.swift
[459/705] Compiling BitCollections BitArray+Descriptions.swift
[460/705] Compiling BitCollections BitArray+Equatable.swift
[461/705] Compiling BitCollections BitArray+ExpressibleByArrayLiteral.swift
[462/705] Compiling BitCollections BitArray+ExpressibleByStringLiteral.swift
[463/705] Compiling BitCollections BitArray+Extras.swift
[464/705] Compiling BitCollections BitArray+RangeReplaceableCollection.swift
[465/705] Compiling BitCollections BitSet+SetAlgebra union.swift
[466/705] Compiling BitCollections BitSet+Sorted Collection APIs.swift
[467/705] Compiling BitCollections BitSet.Counted.swift
[468/705] Compiling BitCollections BitSet.Index.swift
[469/705] Compiling BitCollections BitSet+SetAlgebra conformance.swift
[470/705] Compiling BitCollections BitSet+SetAlgebra formIntersection.swift
[471/705] Compiling BitCollections BitSet+SetAlgebra formSymmetricDifference.swift
[472/705] Compiling BitCollections BitSet+Initializers.swift
[473/705] Compiling BitCollections BitSet+Invariants.swift
[474/705] Compiling BitCollections BitSet+Random.swift
[475/705] Compiling BitCollections BitSet+SetAlgebra basics.swift
[476/705] Compiling BitCollections BitSet+SetAlgebra subtracting.swift
[477/705] Compiling BitCollections BitSet+SetAlgebra symmetricDifference.swift
[478/705] Compiling ConsoleKitTerminal ConsoleLogger.swift
[479/705] Compiling ConsoleKitTerminal LoggerFragment.swift
[480/705] Compiling BitCollections BitSet+SetAlgebra isSuperset.swift
[481/705] Compiling BitCollections BitSet+SetAlgebra subtract.swift
[482/705] Compiling BitCollections BitSet+Extras.swift
[483/705] Compiling BitCollections BitSet+Hashable.swift
[484/705] Compiling BitCollections BitArray+Hashable.swift
[485/705] Compiling BitCollections BitArray+Initializers.swift
[486/705] Compiling BitCollections BitArray+Invariants.swift
[487/705] Compiling BitCollections BitArray+LosslessStringConvertible.swift
[488/705] Compiling BitCollections BitArray+RandomBits.swift
[489/705] Compiling BitCollections BitSet+SetAlgebra isEqualSet.swift
[490/705] Compiling BitCollections BitSet+SetAlgebra isStrictSubset.swift
[491/705] Compiling BitCollections BitSet+SetAlgebra formUnion.swift
[492/705] Compiling BitCollections BitSet+SetAlgebra intersection.swift
[493/705] Compiling BitCollections BitSet+SetAlgebra isDisjoint.swift
[494/705] Compiling BitCollections BitSet+Codable.swift
[495/705] Compiling BitCollections BitSet+CustomDebugStringConvertible.swift
[496/705] Compiling BitCollections BitSet+CustomReflectable.swift
[509/705] Compiling BitCollections BitArray+Fill.swift
[513/705] Compiling BitCollections BitArray+Shifts.swift
[514/705] Compiling BitCollections BitArray+Testing.swift
[515/705] Compiling BitCollections BitArray._UnsafeHandle.swift
[516/705] Compiling BitCollections BitArray.swift
[517/705] Compiling BitCollections BitSet+BidirectionalCollection.swift
[529/705] Compiling BitCollections BitSet+CustomStringConvertible.swift
[530/705] Compiling BitCollections BitSet+Equatable.swift
[531/705] Compiling BitCollections BitSet+ExpressibleByArrayLiteral.swift
[561/711] Compiling BitCollections BitSet._UnsafeHandle.swift
[562/711] Compiling BitCollections BitSet.swift
[563/711] Compiling BitCollections Range+Utilities.swift
[564/711] Compiling BitCollections Slice+Utilities.swift
[565/711] Compiling BitCollections UInt+Tricks.swift
[566/711] Compiling BitCollections _Word.swift
[578/711] Compiling HashTreeCollections _HashNodeHeader.swift
[579/711] Compiling HashTreeCollections _HashSlot.swift
[580/711] Compiling HashTreeCollections _HashStack.swift
[581/711] Compiling HashTreeCollections _HashTreeIterator.swift
[582/711] Compiling HashTreeCollections _HashTreeStatistics.swift
[583/711] Compiling HashTreeCollections _RawHashNode+UnsafeHandle.swift
[584/775] Compiling CryptoExtras BoringSSLHelpers.swift
[585/775] Compiling CryptoExtras CryptoKitErrors_boring.swift
[586/775] Compiling CryptoExtras Data+Extensions.swift
[587/775] Compiling CryptoExtras DigestType.swift
[588/775] Compiling CryptoExtras RSA.swift
[589/775] Compiling CryptoExtras RSA_boring.swift
[590/775] Compiling CryptoExtras Reexport.swift
[591/775] Compiling CryptoExtras Zeroization_boring.swift
[592/775] Compiling CryptoExtras VOPRF+API.swift
[593/775] Compiling CryptoExtras VOPRFClient.swift
[594/775] Compiling CryptoExtras VOPRFServer.swift
[595/775] Compiling CryptoExtras BoringSSLPassphraseCallbackManager.swift
[596/775] Compiling CryptoExtras RSA+BlindSigning.swift
[597/775] Compiling CryptoExtras Error.swift
[598/775] Compiling CryptoExtras AES_CBC.swift
[599/775] Compiling CryptoExtras AES_CFB.swift
[600/775] Compiling CryptoExtras AES_CTR.swift
[601/775] Compiling CryptoExtras AES_GCM_SIV.swift
[602/775] Compiling CryptoExtras IntegerEncoding.swift
[603/775] Compiling CryptoExtras PEMDocument.swift
[604/775] Compiling CryptoExtras PrettyBytes.swift
[605/775] Compiling CryptoExtras SubjectPublicKeyInfo.swift
[606/775] Compiling CryptoExtras ThreadOps.swift
[607/775] Compiling CryptoExtras ThreadPosix.swift
[610/775] Compiling CryptoExtras Block Function.swift
[611/775] Compiling CryptoExtras AES_CBC_boring.swift
[612/775] Compiling CryptoExtras AES_CFB_boring.swift
[613/775] Compiling CryptoExtras I2OSP.swift
[614/775] Emitting module Atomics
[615/775] Compiling CryptoExtras BoringSSLSHA512256Context.swift
[616/775] Compiling CryptoExtras BoringSSLSHA512256HashFunction.swift
[617/775] Compiling CryptoExtras SHA512256.swift
[618/775] Compiling CryptoExtras SHA512256Digest.swift
[619/775] Compiling CryptoExtras Curve25519+PEM.swift
[620/775] Compiling CryptoExtras ObjectIdentifier.swift
[621/775] Compiling CryptoExtras PKCS8DERRepresentation.swift
[622/775] Compiling CryptoExtras PBKDF2_commoncrypto.swift
[623/775] Compiling CryptoExtras PBKDF2.swift
[624/775] Compiling CryptoExtras Scrypt_boring.swift
[625/775] Emitting module BitCollections
[638/775] Compiling CryptoExtras Scrypt.swift
[639/775] Compiling CryptoExtras OPRF.swift
[640/775] Compiling CryptoExtras OPRFClient.swift
[641/775] Compiling CryptoExtras OPRFServer.swift
[644/775] Emitting module _RopeModule
[645/775] Compiling CryptoExtras ChaCha20CTR_boring.swift
[646/775] Compiling CryptoExtras ChaCha20CTR.swift
[647/775] Compiling CryptoExtras PKCS8PrivateKey.swift
[648/775] Compiling CryptoExtras RFC8410AlgorithmIdentifier.swift
[649/775] Compiling CryptoExtras ECToolbox_boring.swift
[650/775] Compiling CryptoExtras ECToolbox.swift
[702/775] Compiling CryptoExtras AES_CTR_boring.swift
[703/775] Compiling CryptoExtras AES_GCM_SIV_boring.swift
[707/797] Compiling CryptoExtras CMAC.swift
[708/797] Compiling ConsoleKitCommands CommandGroup.swift
[709/797] Compiling ConsoleKitCommands CommandInput.swift
[710/799] Compiling ConsoleKitCommands GenerateAutocompleteCommand.swift
[711/799] Compiling ConsoleKitCommands MergedAsyncCommandGroup.swift
[712/799] Emitting module OrderedCollections
[713/799] Compiling ConsoleKitCommands AsyncCommands.swift
[714/799] Compiling ConsoleKitCommands GenerateAsyncAutocompleteCommand.swift
[715/799] Compiling ConsoleKitCommands AnyCommand.swift
[716/799] Compiling ConsoleKitCommands Argument.swift
[717/799] Compiling ConsoleKitCommands CommandSignature.swift
[718/799] Emitting module Algorithms
[719/799] Emitting module CryptoExtras
[720/806] Compiling ConsoleKitCommands String+LevenshteinDistance.swift
[721/806] Compiling ConsoleKitCommands Utilities.swift
[722/806] Emitting module DequeModule
[723/806] Compiling ConsoleKitCommands Commands.swift
[724/806] Compiling ConsoleKitCommands Console+Run.swift
[725/806] Emitting module ConsoleKitCommands
[726/806] Compiling ConsoleKitCommands Command.swift
[727/806] Compiling ConsoleKitCommands CommandContext.swift
[728/806] Compiling ConsoleKitCommands CommandError.swift
[729/806] Compiling ConsoleKitCommands AnyAsyncCommand.swift
[730/806] Compiling ConsoleKitCommands AsyncCommand.swift
[731/806] Compiling ConsoleKitCommands AsyncCommandGroup.swift
[732/806] Compiling ConsoleKitCommands Flag.swift
[733/806] Compiling ConsoleKitCommands Option.swift
[734/806] Compiling ConsoleKitCommands ConsoleError.swift
[735/806] Compiling ConsoleKitCommands Completion.swift
[736/844] Emitting module HashTreeCollections
[737/873] Compiling NIOCore Codec.swift
[738/873] Compiling CryptoExtras ThreadWindows.swift
[739/873] Compiling CryptoExtras DLEQ.swift
[740/873] Compiling CryptoExtras Prover.swift
[741/873] Compiling CryptoExtras Verifier.swift
[742/873] Compiling CryptoExtras ZKPToolbox.swift
[743/873] Compiling CryptoExtras resource_bundle_accessor.swift
[744/873] Compiling NIOCore ByteBuffer-hex.swift
[745/873] Compiling NIOCore ByteBuffer-int.swift
[746/873] Compiling NIOCore ByteBuffer-lengthPrefix.swift
[747/873] Compiling NIOCore ByteBuffer-multi-int.swift
[748/873] Compiling NIOCore ByteBuffer-quicBinaryEncodingStrategy.swift
[749/873] Compiling NIOCore ByteBuffer-views.swift
[750/873] Compiling NIOCore Channel.swift
[751/873] Compiling NIOCore NIOPooledRecvBufferAllocator.swift
[752/873] Compiling NIOCore NIOScheduledCallback.swift
[753/873] Compiling NIOCore NIOSendable.swift
[754/873] Compiling NIOCore NIOSplitLinesMessageDecoder.swift
[755/873] Compiling NIOCore NIOTransportAccessibleChannelCore.swift
[756/873] Compiling NIOCore RecvByteBufferAllocator.swift
[757/873] Compiling NIOCore SingleStepByteToMessageDecoder.swift
[758/873] Compiling ConsoleKit Exports.swift
[759/873] Emitting module ConsoleKit
[760/879] Compiling NIOCore Linux.swift
[761/879] Compiling NIOCore ChannelHandler.swift
[762/879] Compiling NIOCore ChannelHandlers.swift
[763/879] Compiling NIOCore ChannelInvoker.swift
[764/879] Compiling NIOCore ChannelOption.swift
[765/879] Compiling NIOCore ChannelPipeline.swift
[766/879] Compiling NIOCore CircularBuffer.swift
[767/879] Compiling NIOCore AddressedEnvelope.swift
[768/879] Compiling NIOCore AsyncAwaitSupport.swift
[769/879] Compiling NIOCore AsyncChannel.swift
[770/879] Compiling NIOCore AsyncChannelHandler.swift
[771/879] Compiling NIOCore AsyncChannelInboundStream.swift
[772/879] Compiling NIOCore AsyncChannelOutboundWriter.swift
[773/879] Compiling NIOCore NIOAsyncSequenceProducer.swift
[774/879] Compiling NIOCore NIOAsyncSequenceProducerStrategies.swift
[775/879] Compiling NIOCore MarkedCircularBuffer.swift
[776/879] Compiling NIOCore MulticastChannel.swift
[777/879] Compiling NIOCore NIOAny.swift
[778/879] Compiling NIOCore NIOCloseOnErrorHandler.swift
[779/879] Compiling NIOCore NIOCoreSendableMetatype.swift
[780/879] Compiling NIOCore NIODecodedAsyncSequence.swift
[781/879] Compiling NIOCore EventLoopFuture+Deprecated.swift
[782/879] Compiling NIOCore EventLoopFuture+WithEventLoop.swift
[783/879] Compiling NIOCore EventLoopFuture.swift
[784/879] Compiling NIOCore FileDescriptor.swift
[785/879] Compiling NIOCore FileHandle.swift
[786/879] Compiling NIOCore FileRegion.swift
[787/879] Compiling NIOCore GlobalSingletons.swift
[788/879] Compiling NIOCore ConvenienceOptionSupport.swift
[789/879] Compiling NIOCore DeadChannel.swift
[790/879] Compiling NIOCore DispatchQueue+WithFuture.swift
[791/879] Compiling NIOCore EventLoop+Deprecated.swift
[792/879] Compiling NIOCore EventLoop+SerialExecutor.swift
[793/879] Compiling NIOCore EventLoop.swift
[794/879] Compiling NIOCore EventLoopFuture+AssumeIsolated.swift
[795/879] Compiling NIOCore NIOAsyncWriter.swift
[796/879] Compiling NIOCore NIOThrowingAsyncSequenceProducer.swift
[797/879] Compiling NIOCore BSDSocketAPI.swift
[798/879] Compiling NIOCore ByteBuffer-aux.swift
[799/879] Compiling NIOCore ByteBuffer-binaryEncodedLengthPrefix.swift
[800/879] Compiling NIOCore ByteBuffer-conversions.swift
[801/879] Compiling NIOCore ByteBuffer-core.swift
[802/879] Compiling NIOCore NIOLoopBound.swift
[803/879] Compiling NIOCore IO.swift
[804/879] Compiling NIOCore IOData.swift
[805/879] Compiling NIOCore IPProtocol.swift
[806/879] Compiling NIOCore IntegerBitPacking.swift
[807/879] Compiling NIOCore IntegerTypes.swift
[808/879] Compiling NIOCore Interfaces.swift
[809/879] Compiling Collections HeapModule reexports.swift
[810/879] Compiling Collections OrderedCollections reexports.swift
[811/879] Compiling Collections HashTreeCollections reexports.swift
[812/879] Compiling Collections DequeModule reexports.swift
[813/879] Emitting module Collections
[814/879] Compiling Collections BitCollections reexports.swift
[829/888] Compiling _CryptoExtras Exports.swift
[830/888] Emitting module _CryptoExtras
[846/986] Compiling X509 OrganizationalUnitName.swift
[847/986] Compiling X509 StateOrProvinceName.swift
[848/986] Compiling X509 StreetAddress.swift
[849/986] Compiling X509 Error.swift
[850/986] Compiling X509 AuthorityInformationAccess.swift
[851/986] Compiling X509 AuthorityKeyIdentifier.swift
[852/986] Compiling X509 BasicConstraints.swift
[853/986] Compiling X509 CMSIssuerAndSerialNumber.swift
[854/986] Compiling X509 CMSOperations.swift
[855/986] Compiling X509 CMSSignature.swift
[856/986] Compiling X509 CMSSignedData.swift
[857/986] Compiling X509 CMSSignerIdentifier.swift
[858/986] Compiling X509 CMSSignerInfo.swift
[859/986] Compiling X509 CMSVersion.swift
[860/986] Compiling X509 Curve25519+DER.swift
[861/986] Compiling X509 OCSPTBSRequest.swift
[862/986] Compiling X509 OCSPVersion.swift
[863/986] Compiling X509 PKCS8PrivateKey.swift
[864/986] Compiling X509 PromiseAndFuture.swift
[865/986] Compiling X509 RDNAttribute.swift
[866/986] Compiling X509 RandomNumberGenerator+bytes.swift
[867/986] Compiling X509 UnverifiedChain.swift
[868/986] Compiling X509 ValidatedCertificateChain.swift
[869/986] Compiling X509 VerificationDiagnostic.swift
[870/986] Compiling X509 Verifier.swift
[871/986] Compiling X509 CustomPrivateKey.swift
[872/986] Compiling X509 Digests.swift
[873/986] Compiling X509 DistinguishedName.swift
[874/986] Compiling X509 CommonName.swift
[875/986] Compiling X509 CountryName.swift
[876/986] Compiling X509 DNBuilder.swift
[877/986] Compiling X509 DomainComponent.swift
[878/986] Compiling X509 EmailAddress.swift
[879/986] Compiling X509 LocalityName.swift
[880/986] Compiling X509 OrganizationName.swift
[881/986] Compiling X509 AllOfPolicies.swift
[882/986] Compiling X509 AnyPolicy.swift
[883/986] Compiling X509 CertificateStore.swift
[884/986] Compiling X509 CustomCertificateStore.swift
[885/986] Compiling X509 OneOfPolicies.swift
[886/986] Compiling X509 PolicyBuilder.swift
[887/986] Compiling X509 BasicConstraintsPolicy.swift
[888/986] Compiling X509 DNSNames.swift
[889/986] Compiling X509 ExpiryPolicy.swift
[890/986] Compiling X509 IPConstraints.swift
[891/996] Compiling X509 SubjectKeyIdentifier.swift
[892/996] Compiling X509 Extension.swift
[893/996] Compiling X509 Extensions.swift
[894/996] Compiling X509 ExtensionsBuilder.swift
[895/996] Compiling X509 GeneralName.swift
[896/996] Compiling X509 Lock.swift
[897/996] Compiling X509 LockedValueBox.swift
[898/996] Compiling X509 BasicOCSPResponse.swift
[899/996] Compiling X509 DirectoryString.swift
[900/996] Compiling X509 OCSPCertID.swift
[901/996] Compiling X509 OCSPCertStatus.swift
[902/996] Compiling X509 CMSAttribute.swift
[903/996] Compiling X509 CMSContentInfo.swift
[904/996] Compiling X509 CMSEncapsulatedContentInfo.swift
[913/996] Compiling X509 CSRAttribute.swift
[914/996] Compiling X509 CSRAttributes.swift
[915/996] Compiling X509 CSRVersion.swift
[916/996] Compiling X509 CertificateSigningRequest.swift
[917/996] Compiling X509 CertificationRequestInfo.swift
[918/996] Compiling X509 ExtensionRequest.swift
[919/996] Compiling X509 Certificate.swift
[920/996] Compiling X509 CertificatePrivateKey.swift
[921/996] Compiling X509 CertificatePublicKey.swift
[922/996] Compiling X509 CertificateSerialNumber.swift
[923/996] Compiling X509 CertificateVersion.swift
[930/996] Compiling X509 ExtendedKeyUsage.swift
[931/996] Compiling X509 ExtensionIdentifiers.swift
[932/996] Compiling X509 KeyUsage.swift
[933/996] Compiling X509 NameConstraints.swift
[934/996] Compiling X509 SubjectAlternativeName.swift
[946/996] Compiling X509 OCSPExtensionID.swift
[947/996] Compiling X509 OCSPNonce.swift
[948/996] Compiling X509 OCSPPolicy.swift
[949/996] Compiling X509 OCSPRequest.swift
[950/996] Compiling X509 OCSPResponse.swift
[951/996] Compiling X509 OCSPResponseBytes.swift
[952/996] Compiling X509 OCSPResponseData.swift
[953/996] Compiling X509 OCSPResponseStatus.swift
[954/996] Compiling X509 OCSPSignature.swift
[955/996] Compiling X509 OCSPSingleRequest.swift
[956/996] Compiling X509 OCSPSingleResponse.swift
[963/996] Compiling X509 RelativeDistinguishedName.swift
[964/996] Compiling X509 SEC1PrivateKey.swift
[965/996] Compiling X509 SecKeyWrapper.swift
[966/996] Compiling X509 Signature.swift
[967/996] Compiling X509 SignatureAlgorithm.swift
[968/996] Compiling X509 NameConstraintsPolicy.swift
[969/996] Compiling X509 RFC5280Policy.swift
[970/996] Compiling X509 URIConstraints.swift
[971/996] Compiling X509 VersionPolicy.swift
[972/996] Compiling X509 ServerIdentityPolicy.swift
[973/996] Compiling X509 TrustRootLoading.swift
[978/996] Compiling X509 VerifierPolicy.swift
[979/996] Compiling X509 AlgorithmIdentifier.swift
[980/996] Compiling X509 ECDSASignature.swift
[981/996] Compiling X509 RSAPKCS1PublicKey.swift
[982/996] Compiling X509 SubjectPublicKeyInfo.swift
[983/996] Compiling X509 TBSCertificate.swift
[984/996] Compiling X509 Time.swift
[985/996] Compiling X509 TimeCalculations.swift
[986/996] Compiling X509 Validity.swift
[987/996] Compiling X509 X509SendableMetatype.swift
[995/996] Emitting module X509
[996/1035] Emitting module NIOCore
[997/1064] Compiling JWTKit MLDSAError.swift
/Users/admin/builder/spi-builder-workspace/.build/checkouts/jwt-kit/Sources/JWTKit/MLDSA/MLDSAType.swift:13:11: error: cannot find type 'MLDSA65' in scope
11 | @_spi(PostQuantum)
12 | @available(iOS 26.0, macOS 26.0, watchOS 26.0, tvOS 26.0, *)
13 | extension MLDSA65: MLDSAType {
   |           `- error: cannot find type 'MLDSA65' in scope
14 |     public static var name: String { "ML-DSA-65" }
15 | }
/Users/admin/builder/spi-builder-workspace/.build/checkouts/jwt-kit/Sources/JWTKit/MLDSA/MLDSAType.swift:19:11: error: cannot find type 'MLDSA87' in scope
17 | @_spi(PostQuantum)
18 | @available(iOS 26.0, macOS 26.0, watchOS 26.0, tvOS 26.0, *)
19 | extension MLDSA87: MLDSAType {
   |           `- error: cannot find type 'MLDSA87' in scope
20 |     public static var name: String { "ML-DSA-87" }
21 | }
[998/1064] Compiling JWTKit MLDSAKey.swift
/Users/admin/builder/spi-builder-workspace/.build/checkouts/jwt-kit/Sources/JWTKit/MLDSA/MLDSAType.swift:13:11: error: cannot find type 'MLDSA65' in scope
11 | @_spi(PostQuantum)
12 | @available(iOS 26.0, macOS 26.0, watchOS 26.0, tvOS 26.0, *)
13 | extension MLDSA65: MLDSAType {
   |           `- error: cannot find type 'MLDSA65' in scope
14 |     public static var name: String { "ML-DSA-65" }
15 | }
/Users/admin/builder/spi-builder-workspace/.build/checkouts/jwt-kit/Sources/JWTKit/MLDSA/MLDSAType.swift:19:11: error: cannot find type 'MLDSA87' in scope
17 | @_spi(PostQuantum)
18 | @available(iOS 26.0, macOS 26.0, watchOS 26.0, tvOS 26.0, *)
19 | extension MLDSA87: MLDSAType {
   |           `- error: cannot find type 'MLDSA87' in scope
20 |     public static var name: String { "ML-DSA-87" }
21 | }
[999/1064] Compiling JWTKit MLDSASigner.swift
/Users/admin/builder/spi-builder-workspace/.build/checkouts/jwt-kit/Sources/JWTKit/MLDSA/MLDSAType.swift:13:11: error: cannot find type 'MLDSA65' in scope
11 | @_spi(PostQuantum)
12 | @available(iOS 26.0, macOS 26.0, watchOS 26.0, tvOS 26.0, *)
13 | extension MLDSA65: MLDSAType {
   |           `- error: cannot find type 'MLDSA65' in scope
14 |     public static var name: String { "ML-DSA-65" }
15 | }
/Users/admin/builder/spi-builder-workspace/.build/checkouts/jwt-kit/Sources/JWTKit/MLDSA/MLDSAType.swift:19:11: error: cannot find type 'MLDSA87' in scope
17 | @_spi(PostQuantum)
18 | @available(iOS 26.0, macOS 26.0, watchOS 26.0, tvOS 26.0, *)
19 | extension MLDSA87: MLDSAType {
   |           `- error: cannot find type 'MLDSA87' in scope
20 |     public static var name: String { "ML-DSA-87" }
21 | }
[1000/1064] Compiling JWTKit MLDSAType.swift
/Users/admin/builder/spi-builder-workspace/.build/checkouts/jwt-kit/Sources/JWTKit/MLDSA/MLDSAType.swift:13:11: error: cannot find type 'MLDSA65' in scope
11 | @_spi(PostQuantum)
12 | @available(iOS 26.0, macOS 26.0, watchOS 26.0, tvOS 26.0, *)
13 | extension MLDSA65: MLDSAType {
   |           `- error: cannot find type 'MLDSA65' in scope
14 |     public static var name: String { "ML-DSA-65" }
15 | }
/Users/admin/builder/spi-builder-workspace/.build/checkouts/jwt-kit/Sources/JWTKit/MLDSA/MLDSAType.swift:19:11: error: cannot find type 'MLDSA87' in scope
17 | @_spi(PostQuantum)
18 | @available(iOS 26.0, macOS 26.0, watchOS 26.0, tvOS 26.0, *)
19 | extension MLDSA87: MLDSAType {
   |           `- error: cannot find type 'MLDSA87' in scope
20 |     public static var name: String { "ML-DSA-87" }
21 | }
[1001/1064] Compiling JWTKit JWTKeyCollection+UnsecuredNone.swift
/Users/admin/builder/spi-builder-workspace/.build/checkouts/jwt-kit/Sources/JWTKit/MLDSA/MLDSAType.swift:13:11: error: cannot find type 'MLDSA65' in scope
11 | @_spi(PostQuantum)
12 | @available(iOS 26.0, macOS 26.0, watchOS 26.0, tvOS 26.0, *)
13 | extension MLDSA65: MLDSAType {
   |           `- error: cannot find type 'MLDSA65' in scope
14 |     public static var name: String { "ML-DSA-65" }
15 | }
/Users/admin/builder/spi-builder-workspace/.build/checkouts/jwt-kit/Sources/JWTKit/MLDSA/MLDSAType.swift:19:11: error: cannot find type 'MLDSA87' in scope
17 | @_spi(PostQuantum)
18 | @available(iOS 26.0, macOS 26.0, watchOS 26.0, tvOS 26.0, *)
19 | extension MLDSA87: MLDSAType {
   |           `- error: cannot find type 'MLDSA87' in scope
20 |     public static var name: String { "ML-DSA-87" }
21 | }
[1002/1064] Compiling JWTKit UnsecuredNoneSigner.swift
/Users/admin/builder/spi-builder-workspace/.build/checkouts/jwt-kit/Sources/JWTKit/MLDSA/MLDSAType.swift:13:11: error: cannot find type 'MLDSA65' in scope
11 | @_spi(PostQuantum)
12 | @available(iOS 26.0, macOS 26.0, watchOS 26.0, tvOS 26.0, *)
13 | extension MLDSA65: MLDSAType {
   |           `- error: cannot find type 'MLDSA65' in scope
14 |     public static var name: String { "ML-DSA-65" }
15 | }
/Users/admin/builder/spi-builder-workspace/.build/checkouts/jwt-kit/Sources/JWTKit/MLDSA/MLDSAType.swift:19:11: error: cannot find type 'MLDSA87' in scope
17 | @_spi(PostQuantum)
18 | @available(iOS 26.0, macOS 26.0, watchOS 26.0, tvOS 26.0, *)
19 | extension MLDSA87: MLDSAType {
   |           `- error: cannot find type 'MLDSA87' in scope
20 |     public static var name: String { "ML-DSA-87" }
21 | }
[1003/1064] Compiling JWTKit JWTKeyCollection+RSA.swift
/Users/admin/builder/spi-builder-workspace/.build/checkouts/jwt-kit/Sources/JWTKit/MLDSA/MLDSAType.swift:13:11: error: cannot find type 'MLDSA65' in scope
11 | @_spi(PostQuantum)
12 | @available(iOS 26.0, macOS 26.0, watchOS 26.0, tvOS 26.0, *)
13 | extension MLDSA65: MLDSAType {
   |           `- error: cannot find type 'MLDSA65' in scope
14 |     public static var name: String { "ML-DSA-65" }
15 | }
/Users/admin/builder/spi-builder-workspace/.build/checkouts/jwt-kit/Sources/JWTKit/MLDSA/MLDSAType.swift:19:11: error: cannot find type 'MLDSA87' in scope
17 | @_spi(PostQuantum)
18 | @available(iOS 26.0, macOS 26.0, watchOS 26.0, tvOS 26.0, *)
19 | extension MLDSA87: MLDSAType {
   |           `- error: cannot find type 'MLDSA87' in scope
20 |     public static var name: String { "ML-DSA-87" }
21 | }
[1004/1078] Compiling JWTKit AudienceClaim.swift
[1005/1078] Compiling JWTKit BoolClaim.swift
[1006/1078] Compiling JWTKit ExpirationClaim.swift
[1007/1078] Compiling JWTKit GoogleHostedDomainClaim.swift
[1008/1078] Compiling JWTKit IDClaim.swift
[1009/1078] Compiling JWTKit IssuedAtClaim.swift
[1010/1078] Compiling JWTKit IssuerClaim.swift
[1011/1078] Compiling JWTKit JWTClaim.swift
[1012/1078] Compiling JWTKit ECDSACurveType.swift
[1013/1078] Compiling JWTKit ECDSAError.swift
[1014/1078] Compiling JWTKit ECDSAKeyTypes.swift
[1015/1078] Compiling JWTKit ECDSASigner.swift
[1016/1078] Compiling JWTKit ECDSASigningAlgorithm.swift
[1017/1078] Compiling JWTKit JWTKeyCollection+ECDSA.swift
[1018/1078] Compiling JWTKit P256+CurveType.swift
[1019/1078] Compiling JWTKit P384+CurveType.swift
error: emit-module command failed with exit code 1 (use -v to see invocation)
[1020/1131] Compiling NIOPosix PosixSingletons.swift
[1021/1131] Compiling NIOPosix RawSocketBootstrap.swift
[1022/1131] Compiling NIOPosix Resolver.swift
[1023/1131] Compiling NIOPosix Selectable.swift
[1024/1131] Compiling NIOPosix FileDescriptor.swift
[1025/1131] Compiling NIOPosix GetaddrinfoResolver.swift
[1026/1131] Compiling NIOPosix HappyEyeballs.swift
[1027/1131] Compiling NIOPosix IO.swift
[1028/1131] Emitting module JWTKit
/Users/admin/builder/spi-builder-workspace/.build/checkouts/jwt-kit/Sources/JWTKit/MLDSA/MLDSA65+MLDSAKey.swift:5:11: error: cannot find type 'MLDSA65' in scope
 3 | @_spi(PostQuantum)
 4 | @available(iOS 26.0, macOS 26.0, watchOS 26.0, tvOS 26.0, *)
 5 | extension MLDSA65.PublicKey: MLDSAPublicKey {
   |           `- error: cannot find type 'MLDSA65' in scope
 6 |     public typealias MLDSAType = MLDSA65
 7 | }
/Users/admin/builder/spi-builder-workspace/.build/checkouts/jwt-kit/Sources/JWTKit/MLDSA/MLDSA65+MLDSAKey.swift:11:11: error: cannot find type 'MLDSA65' in scope
 9 | @_spi(PostQuantum)
10 | @available(iOS 26.0, macOS 26.0, watchOS 26.0, tvOS 26.0, *)
11 | extension MLDSA65.PrivateKey: MLDSAPrivateKey {
   |           `- error: cannot find type 'MLDSA65' in scope
12 |     public typealias MLDSAType = MLDSA65
13 | }
/Users/admin/builder/spi-builder-workspace/.build/checkouts/jwt-kit/Sources/JWTKit/MLDSA/MLDSA65+MLDSAKey.swift:17:53: error: cannot find type 'MLDSA65' in scope
15 | @_spi(PostQuantum)
16 | @available(iOS 26.0, macOS 26.0, watchOS 26.0, tvOS 26.0, *)
17 | public typealias MLDSA65PublicKey = MLDSA.PublicKey<MLDSA65>
   |                                                     `- error: cannot find type 'MLDSA65' in scope
18 |
19 | @_spi(PostQuantum)
/Users/admin/builder/spi-builder-workspace/.build/checkouts/jwt-kit/Sources/JWTKit/MLDSA/MLDSA65+MLDSAKey.swift:21:55: error: cannot find type 'MLDSA65' in scope
19 | @_spi(PostQuantum)
20 | @available(iOS 26.0, macOS 26.0, watchOS 26.0, tvOS 26.0, *)
21 | public typealias MLDSA65PrivateKey = MLDSA.PrivateKey<MLDSA65>
   |                                                       `- error: cannot find type 'MLDSA65' in scope
22 |
/Users/admin/builder/spi-builder-workspace/.build/checkouts/jwt-kit/Sources/JWTKit/MLDSA/MLDSA87+MLDSAKey.swift:5:11: error: cannot find type 'MLDSA87' in scope
 3 | @_spi(PostQuantum)
 4 | @available(iOS 26.0, macOS 26.0, watchOS 26.0, tvOS 26.0, *)
 5 | extension MLDSA87.PublicKey: MLDSAPublicKey {
   |           `- error: cannot find type 'MLDSA87' in scope
 6 |     public typealias MLDSAType = MLDSA87
 7 | }
/Users/admin/builder/spi-builder-workspace/.build/checkouts/jwt-kit/Sources/JWTKit/MLDSA/MLDSA87+MLDSAKey.swift:11:11: error: cannot find type 'MLDSA87' in scope
 9 | @_spi(PostQuantum)
10 | @available(iOS 26.0, macOS 26.0, watchOS 26.0, tvOS 26.0, *)
11 | extension MLDSA87.PrivateKey: MLDSAPrivateKey {
   |           `- error: cannot find type 'MLDSA87' in scope
12 |     public typealias MLDSAType = MLDSA87
13 | }
/Users/admin/builder/spi-builder-workspace/.build/checkouts/jwt-kit/Sources/JWTKit/MLDSA/MLDSA87+MLDSAKey.swift:17:53: error: cannot find type 'MLDSA87' in scope
15 | @_spi(PostQuantum)
16 | @available(iOS 26.0, macOS 26.0, watchOS 26.0, tvOS 26.0, *)
17 | public typealias MLDSA87PublicKey = MLDSA.PublicKey<MLDSA87>
   |                                                     `- error: cannot find type 'MLDSA87' in scope
18 |
19 | @_spi(PostQuantum)
/Users/admin/builder/spi-builder-workspace/.build/checkouts/jwt-kit/Sources/JWTKit/MLDSA/MLDSA87+MLDSAKey.swift:21:55: error: cannot find type 'MLDSA87' in scope
19 | @_spi(PostQuantum)
20 | @available(iOS 26.0, macOS 26.0, watchOS 26.0, tvOS 26.0, *)
21 | public typealias MLDSA87PrivateKey = MLDSA.PrivateKey<MLDSA87>
   |                                                       `- error: cannot find type 'MLDSA87' in scope
22 |
/Users/admin/builder/spi-builder-workspace/.build/checkouts/jwt-kit/Sources/JWTKit/MLDSA/MLDSAType.swift:13:11: error: cannot find type 'MLDSA65' in scope
11 | @_spi(PostQuantum)
12 | @available(iOS 26.0, macOS 26.0, watchOS 26.0, tvOS 26.0, *)
13 | extension MLDSA65: MLDSAType {
   |           `- error: cannot find type 'MLDSA65' in scope
14 |     public static var name: String { "ML-DSA-65" }
15 | }
/Users/admin/builder/spi-builder-workspace/.build/checkouts/jwt-kit/Sources/JWTKit/MLDSA/MLDSAType.swift:19:11: error: cannot find type 'MLDSA87' in scope
17 | @_spi(PostQuantum)
18 | @available(iOS 26.0, macOS 26.0, watchOS 26.0, tvOS 26.0, *)
19 | extension MLDSA87: MLDSAType {
   |           `- error: cannot find type 'MLDSA87' in scope
20 |     public static var name: String { "ML-DSA-87" }
21 | }
[1029/1131] Compiling JWTKit JWTMultiValueClaim.swift
[1030/1131] Compiling JWTKit JWTUnixEpochClaim.swift
[1031/1131] Compiling JWTKit LocaleClaim.swift
[1032/1131] Compiling JWTKit NotBeforeClaim.swift
[1033/1131] Compiling JWTKit SubjectClaim.swift
[1034/1131] Compiling JWTKit TenantIDClaim.swift
[1035/1131] Compiling JWTKit ECDSA.swift
[1036/1131] Compiling JWTKit ECDSACurve.swift
[1037/1131] Compiling NIOFoundationEssentialsCompat Codable+ByteBuffer.swift
[1038/1131] Emitting module NIOFoundationEssentialsCompat
[1039/1131] Compiling NIOFoundationEssentialsCompat ByteBuffer-foundation.swift
[1040/1131] Compiling NIOPosix SocketChannel.swift
[1041/1131] Compiling NIOPosix SocketProtocols.swift
[1042/1131] Compiling NIOPosix BaseSocketChannel.swift
[1043/1131] Compiling NIOPosix BaseStreamSocketChannel.swift
[1044/1131] Compiling NIOPosix Bootstrap.swift
[1045/1131] Compiling NIOPosix ControlMessage.swift
[1046/1131] Compiling NIOPosix DatagramVectorReadManager.swift
[1047/1131] Compiling NIOPosix System.swift
[1048/1131] Compiling NIOPosix Thread.swift
[1049/1131] Compiling NIOPosix ThreadPosix.swift
[1050/1131] Compiling NIOPosix ThreadWindows.swift
[1051/1131] Compiling NIOPosix SelectorWSAPoll.swift
[1052/1131] Compiling NIOPosix ServerSocket.swift
[1053/1131] Compiling NIOPosix Socket.swift
[1054/1131] Compiling NIOPosix Errors+Any.swift
[1055/1131] Compiling NIOPosix NIOThreadPool.swift
[1056/1131] Compiling NIOPosix NonBlockingFileIO.swift
[1057/1131] Compiling NIOPosix PendingDatagramWritesManager.swift
[1058/1131] Compiling NIOPosix PendingWritesManager.swift
[1059/1131] Compiling NIOPosix PipeChannel.swift
[1060/1131] Compiling NIOPosix PipePair.swift
[1061/1131] Compiling NIOPosix Linux.swift
/Users/admin/builder/spi-builder-workspace/.build/checkouts/jwt-kit/Sources/JWTKit/MLDSA/MLDSA65+MLDSAKey.swift:5:11: error: cannot find type 'MLDSA65' in scope
 3 | @_spi(PostQuantum)
 4 | @available(iOS 26.0, macOS 26.0, watchOS 26.0, tvOS 26.0, *)
 5 | extension MLDSA65.PublicKey: MLDSAPublicKey {
   |           `- error: cannot find type 'MLDSA65' in scope
 6 |     public typealias MLDSAType = MLDSA65
 7 | }
/Users/admin/builder/spi-builder-workspace/.build/checkouts/jwt-kit/Sources/JWTKit/MLDSA/MLDSA65+MLDSAKey.swift:11:11: error: cannot find type 'MLDSA65' in scope
 9 | @_spi(PostQuantum)
10 | @available(iOS 26.0, macOS 26.0, watchOS 26.0, tvOS 26.0, *)
11 | extension MLDSA65.PrivateKey: MLDSAPrivateKey {
   |           `- error: cannot find type 'MLDSA65' in scope
12 |     public typealias MLDSAType = MLDSA65
13 | }
/Users/admin/builder/spi-builder-workspace/.build/checkouts/jwt-kit/Sources/JWTKit/MLDSA/MLDSA65+MLDSAKey.swift:17:53: error: cannot find type 'MLDSA65' in scope
15 | @_spi(PostQuantum)
16 | @available(iOS 26.0, macOS 26.0, watchOS 26.0, tvOS 26.0, *)
17 | public typealias MLDSA65PublicKey = MLDSA.PublicKey<MLDSA65>
   |                                                     `- error: cannot find type 'MLDSA65' in scope
18 |
19 | @_spi(PostQuantum)
/Users/admin/builder/spi-builder-workspace/.build/checkouts/jwt-kit/Sources/JWTKit/MLDSA/MLDSA65+MLDSAKey.swift:21:55: error: cannot find type 'MLDSA65' in scope
19 | @_spi(PostQuantum)
20 | @available(iOS 26.0, macOS 26.0, watchOS 26.0, tvOS 26.0, *)
21 | public typealias MLDSA65PrivateKey = MLDSA.PrivateKey<MLDSA65>
   |                                                       `- error: cannot find type 'MLDSA65' in scope
22 |
/Users/admin/builder/spi-builder-workspace/.build/checkouts/jwt-kit/Sources/JWTKit/MLDSA/MLDSA87+MLDSAKey.swift:5:11: error: cannot find type 'MLDSA87' in scope
 3 | @_spi(PostQuantum)
 4 | @available(iOS 26.0, macOS 26.0, watchOS 26.0, tvOS 26.0, *)
 5 | extension MLDSA87.PublicKey: MLDSAPublicKey {
   |           `- error: cannot find type 'MLDSA87' in scope
 6 |     public typealias MLDSAType = MLDSA87
 7 | }
/Users/admin/builder/spi-builder-workspace/.build/checkouts/jwt-kit/Sources/JWTKit/MLDSA/MLDSA87+MLDSAKey.swift:11:11: error: cannot find type 'MLDSA87' in scope
 9 | @_spi(PostQuantum)
10 | @available(iOS 26.0, macOS 26.0, watchOS 26.0, tvOS 26.0, *)
11 | extension MLDSA87.PrivateKey: MLDSAPrivateKey {
   |           `- error: cannot find type 'MLDSA87' in scope
12 |     public typealias MLDSAType = MLDSA87
13 | }
/Users/admin/builder/spi-builder-workspace/.build/checkouts/jwt-kit/Sources/JWTKit/MLDSA/MLDSA87+MLDSAKey.swift:17:53: error: cannot find type 'MLDSA87' in scope
15 | @_spi(PostQuantum)
16 | @available(iOS 26.0, macOS 26.0, watchOS 26.0, tvOS 26.0, *)
17 | public typealias MLDSA87PublicKey = MLDSA.PublicKey<MLDSA87>
   |                                                     `- error: cannot find type 'MLDSA87' in scope
18 |
19 | @_spi(PostQuantum)
/Users/admin/builder/spi-builder-workspace/.build/checkouts/jwt-kit/Sources/JWTKit/MLDSA/MLDSA87+MLDSAKey.swift:21:55: error: cannot find type 'MLDSA87' in scope
19 | @_spi(PostQuantum)
20 | @available(iOS 26.0, macOS 26.0, watchOS 26.0, tvOS 26.0, *)
21 | public typealias MLDSA87PrivateKey = MLDSA.PrivateKey<MLDSA87>
   |                                                       `- error: cannot find type 'MLDSA87' in scope
22 |
/Users/admin/builder/spi-builder-workspace/.build/checkouts/jwt-kit/Sources/JWTKit/MLDSA/MLDSA65+MLDSAKey.swift:6:34: error: cannot find type 'MLDSA65' in scope
 4 | @available(iOS 26.0, macOS 26.0, watchOS 26.0, tvOS 26.0, *)
 5 | extension MLDSA65.PublicKey: MLDSAPublicKey {
 6 |     public typealias MLDSAType = MLDSA65
   |                                  `- error: cannot find type 'MLDSA65' in scope
 7 | }
 8 |
/Users/admin/builder/spi-builder-workspace/.build/checkouts/jwt-kit/Sources/JWTKit/MLDSA/MLDSA65+MLDSAKey.swift:12:34: error: cannot find type 'MLDSA65' in scope
10 | @available(iOS 26.0, macOS 26.0, watchOS 26.0, tvOS 26.0, *)
11 | extension MLDSA65.PrivateKey: MLDSAPrivateKey {
12 |     public typealias MLDSAType = MLDSA65
   |                                  `- error: cannot find type 'MLDSA65' in scope
13 | }
14 |
/Users/admin/builder/spi-builder-workspace/.build/checkouts/jwt-kit/Sources/JWTKit/MLDSA/MLDSA87+MLDSAKey.swift:6:34: error: cannot find type 'MLDSA87' in scope
 4 | @available(iOS 26.0, macOS 26.0, watchOS 26.0, tvOS 26.0, *)
 5 | extension MLDSA87.PublicKey: MLDSAPublicKey {
 6 |     public typealias MLDSAType = MLDSA87
   |                                  `- error: cannot find type 'MLDSA87' in scope
 7 | }
 8 |
/Users/admin/builder/spi-builder-workspace/.build/checkouts/jwt-kit/Sources/JWTKit/MLDSA/MLDSA87+MLDSAKey.swift:12:34: error: cannot find type 'MLDSA87' in scope
10 | @available(iOS 26.0, macOS 26.0, watchOS 26.0, tvOS 26.0, *)
11 | extension MLDSA87.PrivateKey: MLDSAPrivateKey {
12 |     public typealias MLDSAType = MLDSA87
   |                                  `- error: cannot find type 'MLDSA87' in scope
13 | }
14 |
[1062/1131] Compiling NIOPosix LinuxCPUSet.swift
/Users/admin/builder/spi-builder-workspace/.build/checkouts/jwt-kit/Sources/JWTKit/MLDSA/MLDSA65+MLDSAKey.swift:5:11: error: cannot find type 'MLDSA65' in scope
 3 | @_spi(PostQuantum)
 4 | @available(iOS 26.0, macOS 26.0, watchOS 26.0, tvOS 26.0, *)
 5 | extension MLDSA65.PublicKey: MLDSAPublicKey {
   |           `- error: cannot find type 'MLDSA65' in scope
 6 |     public typealias MLDSAType = MLDSA65
 7 | }
/Users/admin/builder/spi-builder-workspace/.build/checkouts/jwt-kit/Sources/JWTKit/MLDSA/MLDSA65+MLDSAKey.swift:11:11: error: cannot find type 'MLDSA65' in scope
 9 | @_spi(PostQuantum)
10 | @available(iOS 26.0, macOS 26.0, watchOS 26.0, tvOS 26.0, *)
11 | extension MLDSA65.PrivateKey: MLDSAPrivateKey {
   |           `- error: cannot find type 'MLDSA65' in scope
12 |     public typealias MLDSAType = MLDSA65
13 | }
/Users/admin/builder/spi-builder-workspace/.build/checkouts/jwt-kit/Sources/JWTKit/MLDSA/MLDSA65+MLDSAKey.swift:17:53: error: cannot find type 'MLDSA65' in scope
15 | @_spi(PostQuantum)
16 | @available(iOS 26.0, macOS 26.0, watchOS 26.0, tvOS 26.0, *)
17 | public typealias MLDSA65PublicKey = MLDSA.PublicKey<MLDSA65>
   |                                                     `- error: cannot find type 'MLDSA65' in scope
18 |
19 | @_spi(PostQuantum)
/Users/admin/builder/spi-builder-workspace/.build/checkouts/jwt-kit/Sources/JWTKit/MLDSA/MLDSA65+MLDSAKey.swift:21:55: error: cannot find type 'MLDSA65' in scope
19 | @_spi(PostQuantum)
20 | @available(iOS 26.0, macOS 26.0, watchOS 26.0, tvOS 26.0, *)
21 | public typealias MLDSA65PrivateKey = MLDSA.PrivateKey<MLDSA65>
   |                                                       `- error: cannot find type 'MLDSA65' in scope
22 |
/Users/admin/builder/spi-builder-workspace/.build/checkouts/jwt-kit/Sources/JWTKit/MLDSA/MLDSA87+MLDSAKey.swift:5:11: error: cannot find type 'MLDSA87' in scope
 3 | @_spi(PostQuantum)
 4 | @available(iOS 26.0, macOS 26.0, watchOS 26.0, tvOS 26.0, *)
 5 | extension MLDSA87.PublicKey: MLDSAPublicKey {
   |           `- error: cannot find type 'MLDSA87' in scope
 6 |     public typealias MLDSAType = MLDSA87
 7 | }
/Users/admin/builder/spi-builder-workspace/.build/checkouts/jwt-kit/Sources/JWTKit/MLDSA/MLDSA87+MLDSAKey.swift:11:11: error: cannot find type 'MLDSA87' in scope
 9 | @_spi(PostQuantum)
10 | @available(iOS 26.0, macOS 26.0, watchOS 26.0, tvOS 26.0, *)
11 | extension MLDSA87.PrivateKey: MLDSAPrivateKey {
   |           `- error: cannot find type 'MLDSA87' in scope
12 |     public typealias MLDSAType = MLDSA87
13 | }
/Users/admin/builder/spi-builder-workspace/.build/checkouts/jwt-kit/Sources/JWTKit/MLDSA/MLDSA87+MLDSAKey.swift:17:53: error: cannot find type 'MLDSA87' in scope
15 | @_spi(PostQuantum)
16 | @available(iOS 26.0, macOS 26.0, watchOS 26.0, tvOS 26.0, *)
17 | public typealias MLDSA87PublicKey = MLDSA.PublicKey<MLDSA87>
   |                                                     `- error: cannot find type 'MLDSA87' in scope
18 |
19 | @_spi(PostQuantum)
/Users/admin/builder/spi-builder-workspace/.build/checkouts/jwt-kit/Sources/JWTKit/MLDSA/MLDSA87+MLDSAKey.swift:21:55: error: cannot find type 'MLDSA87' in scope
19 | @_spi(PostQuantum)
20 | @available(iOS 26.0, macOS 26.0, watchOS 26.0, tvOS 26.0, *)
21 | public typealias MLDSA87PrivateKey = MLDSA.PrivateKey<MLDSA87>
   |                                                       `- error: cannot find type 'MLDSA87' in scope
22 |
/Users/admin/builder/spi-builder-workspace/.build/checkouts/jwt-kit/Sources/JWTKit/MLDSA/MLDSA65+MLDSAKey.swift:6:34: error: cannot find type 'MLDSA65' in scope
 4 | @available(iOS 26.0, macOS 26.0, watchOS 26.0, tvOS 26.0, *)
 5 | extension MLDSA65.PublicKey: MLDSAPublicKey {
 6 |     public typealias MLDSAType = MLDSA65
   |                                  `- error: cannot find type 'MLDSA65' in scope
 7 | }
 8 |
/Users/admin/builder/spi-builder-workspace/.build/checkouts/jwt-kit/Sources/JWTKit/MLDSA/MLDSA65+MLDSAKey.swift:12:34: error: cannot find type 'MLDSA65' in scope
10 | @available(iOS 26.0, macOS 26.0, watchOS 26.0, tvOS 26.0, *)
11 | extension MLDSA65.PrivateKey: MLDSAPrivateKey {
12 |     public typealias MLDSAType = MLDSA65
   |                                  `- error: cannot find type 'MLDSA65' in scope
13 | }
14 |
/Users/admin/builder/spi-builder-workspace/.build/checkouts/jwt-kit/Sources/JWTKit/MLDSA/MLDSA87+MLDSAKey.swift:6:34: error: cannot find type 'MLDSA87' in scope
 4 | @available(iOS 26.0, macOS 26.0, watchOS 26.0, tvOS 26.0, *)
 5 | extension MLDSA87.PublicKey: MLDSAPublicKey {
 6 |     public typealias MLDSAType = MLDSA87
   |                                  `- error: cannot find type 'MLDSA87' in scope
 7 | }
 8 |
/Users/admin/builder/spi-builder-workspace/.build/checkouts/jwt-kit/Sources/JWTKit/MLDSA/MLDSA87+MLDSAKey.swift:12:34: error: cannot find type 'MLDSA87' in scope
10 | @available(iOS 26.0, macOS 26.0, watchOS 26.0, tvOS 26.0, *)
11 | extension MLDSA87.PrivateKey: MLDSAPrivateKey {
12 |     public typealias MLDSAType = MLDSA87
   |                                  `- error: cannot find type 'MLDSA87' in scope
13 | }
14 |
[1063/1131] Compiling NIOPosix LinuxUring.swift
/Users/admin/builder/spi-builder-workspace/.build/checkouts/jwt-kit/Sources/JWTKit/MLDSA/MLDSA65+MLDSAKey.swift:5:11: error: cannot find type 'MLDSA65' in scope
 3 | @_spi(PostQuantum)
 4 | @available(iOS 26.0, macOS 26.0, watchOS 26.0, tvOS 26.0, *)
 5 | extension MLDSA65.PublicKey: MLDSAPublicKey {
   |           `- error: cannot find type 'MLDSA65' in scope
 6 |     public typealias MLDSAType = MLDSA65
 7 | }
/Users/admin/builder/spi-builder-workspace/.build/checkouts/jwt-kit/Sources/JWTKit/MLDSA/MLDSA65+MLDSAKey.swift:11:11: error: cannot find type 'MLDSA65' in scope
 9 | @_spi(PostQuantum)
10 | @available(iOS 26.0, macOS 26.0, watchOS 26.0, tvOS 26.0, *)
11 | extension MLDSA65.PrivateKey: MLDSAPrivateKey {
   |           `- error: cannot find type 'MLDSA65' in scope
12 |     public typealias MLDSAType = MLDSA65
13 | }
/Users/admin/builder/spi-builder-workspace/.build/checkouts/jwt-kit/Sources/JWTKit/MLDSA/MLDSA65+MLDSAKey.swift:17:53: error: cannot find type 'MLDSA65' in scope
15 | @_spi(PostQuantum)
16 | @available(iOS 26.0, macOS 26.0, watchOS 26.0, tvOS 26.0, *)
17 | public typealias MLDSA65PublicKey = MLDSA.PublicKey<MLDSA65>
   |                                                     `- error: cannot find type 'MLDSA65' in scope
18 |
19 | @_spi(PostQuantum)
/Users/admin/builder/spi-builder-workspace/.build/checkouts/jwt-kit/Sources/JWTKit/MLDSA/MLDSA65+MLDSAKey.swift:21:55: error: cannot find type 'MLDSA65' in scope
19 | @_spi(PostQuantum)
20 | @available(iOS 26.0, macOS 26.0, watchOS 26.0, tvOS 26.0, *)
21 | public typealias MLDSA65PrivateKey = MLDSA.PrivateKey<MLDSA65>
   |                                                       `- error: cannot find type 'MLDSA65' in scope
22 |
/Users/admin/builder/spi-builder-workspace/.build/checkouts/jwt-kit/Sources/JWTKit/MLDSA/MLDSA87+MLDSAKey.swift:5:11: error: cannot find type 'MLDSA87' in scope
 3 | @_spi(PostQuantum)
 4 | @available(iOS 26.0, macOS 26.0, watchOS 26.0, tvOS 26.0, *)
 5 | extension MLDSA87.PublicKey: MLDSAPublicKey {
   |           `- error: cannot find type 'MLDSA87' in scope
 6 |     public typealias MLDSAType = MLDSA87
 7 | }
/Users/admin/builder/spi-builder-workspace/.build/checkouts/jwt-kit/Sources/JWTKit/MLDSA/MLDSA87+MLDSAKey.swift:11:11: error: cannot find type 'MLDSA87' in scope
 9 | @_spi(PostQuantum)
10 | @available(iOS 26.0, macOS 26.0, watchOS 26.0, tvOS 26.0, *)
11 | extension MLDSA87.PrivateKey: MLDSAPrivateKey {
   |           `- error: cannot find type 'MLDSA87' in scope
12 |     public typealias MLDSAType = MLDSA87
13 | }
/Users/admin/builder/spi-builder-workspace/.build/checkouts/jwt-kit/Sources/JWTKit/MLDSA/MLDSA87+MLDSAKey.swift:17:53: error: cannot find type 'MLDSA87' in scope
15 | @_spi(PostQuantum)
16 | @available(iOS 26.0, macOS 26.0, watchOS 26.0, tvOS 26.0, *)
17 | public typealias MLDSA87PublicKey = MLDSA.PublicKey<MLDSA87>
   |                                                     `- error: cannot find type 'MLDSA87' in scope
18 |
19 | @_spi(PostQuantum)
/Users/admin/builder/spi-builder-workspace/.build/checkouts/jwt-kit/Sources/JWTKit/MLDSA/MLDSA87+MLDSAKey.swift:21:55: error: cannot find type 'MLDSA87' in scope
19 | @_spi(PostQuantum)
20 | @available(iOS 26.0, macOS 26.0, watchOS 26.0, tvOS 26.0, *)
21 | public typealias MLDSA87PrivateKey = MLDSA.PrivateKey<MLDSA87>
   |                                                       `- error: cannot find type 'MLDSA87' in scope
22 |
/Users/admin/builder/spi-builder-workspace/.build/checkouts/jwt-kit/Sources/JWTKit/MLDSA/MLDSA65+MLDSAKey.swift:6:34: error: cannot find type 'MLDSA65' in scope
 4 | @available(iOS 26.0, macOS 26.0, watchOS 26.0, tvOS 26.0, *)
 5 | extension MLDSA65.PublicKey: MLDSAPublicKey {
 6 |     public typealias MLDSAType = MLDSA65
   |                                  `- error: cannot find type 'MLDSA65' in scope
 7 | }
 8 |
/Users/admin/builder/spi-builder-workspace/.build/checkouts/jwt-kit/Sources/JWTKit/MLDSA/MLDSA65+MLDSAKey.swift:12:34: error: cannot find type 'MLDSA65' in scope
10 | @available(iOS 26.0, macOS 26.0, watchOS 26.0, tvOS 26.0, *)
11 | extension MLDSA65.PrivateKey: MLDSAPrivateKey {
12 |     public typealias MLDSAType = MLDSA65
   |                                  `- error: cannot find type 'MLDSA65' in scope
13 | }
14 |
/Users/admin/builder/spi-builder-workspace/.build/checkouts/jwt-kit/Sources/JWTKit/MLDSA/MLDSA87+MLDSAKey.swift:6:34: error: cannot find type 'MLDSA87' in scope
 4 | @available(iOS 26.0, macOS 26.0, watchOS 26.0, tvOS 26.0, *)
 5 | extension MLDSA87.PublicKey: MLDSAPublicKey {
 6 |     public typealias MLDSAType = MLDSA87
   |                                  `- error: cannot find type 'MLDSA87' in scope
 7 | }
 8 |
/Users/admin/builder/spi-builder-workspace/.build/checkouts/jwt-kit/Sources/JWTKit/MLDSA/MLDSA87+MLDSAKey.swift:12:34: error: cannot find type 'MLDSA87' in scope
10 | @available(iOS 26.0, macOS 26.0, watchOS 26.0, tvOS 26.0, *)
11 | extension MLDSA87.PrivateKey: MLDSAPrivateKey {
12 |     public typealias MLDSAType = MLDSA87
   |                                  `- error: cannot find type 'MLDSA87' in scope
13 | }
14 |
[1064/1131] Compiling NIOPosix MultiThreadedEventLoopGroup.swift
/Users/admin/builder/spi-builder-workspace/.build/checkouts/jwt-kit/Sources/JWTKit/MLDSA/MLDSA65+MLDSAKey.swift:5:11: error: cannot find type 'MLDSA65' in scope
 3 | @_spi(PostQuantum)
 4 | @available(iOS 26.0, macOS 26.0, watchOS 26.0, tvOS 26.0, *)
 5 | extension MLDSA65.PublicKey: MLDSAPublicKey {
   |           `- error: cannot find type 'MLDSA65' in scope
 6 |     public typealias MLDSAType = MLDSA65
 7 | }
/Users/admin/builder/spi-builder-workspace/.build/checkouts/jwt-kit/Sources/JWTKit/MLDSA/MLDSA65+MLDSAKey.swift:11:11: error: cannot find type 'MLDSA65' in scope
 9 | @_spi(PostQuantum)
10 | @available(iOS 26.0, macOS 26.0, watchOS 26.0, tvOS 26.0, *)
11 | extension MLDSA65.PrivateKey: MLDSAPrivateKey {
   |           `- error: cannot find type 'MLDSA65' in scope
12 |     public typealias MLDSAType = MLDSA65
13 | }
/Users/admin/builder/spi-builder-workspace/.build/checkouts/jwt-kit/Sources/JWTKit/MLDSA/MLDSA65+MLDSAKey.swift:17:53: error: cannot find type 'MLDSA65' in scope
15 | @_spi(PostQuantum)
16 | @available(iOS 26.0, macOS 26.0, watchOS 26.0, tvOS 26.0, *)
17 | public typealias MLDSA65PublicKey = MLDSA.PublicKey<MLDSA65>
   |                                                     `- error: cannot find type 'MLDSA65' in scope
18 |
19 | @_spi(PostQuantum)
/Users/admin/builder/spi-builder-workspace/.build/checkouts/jwt-kit/Sources/JWTKit/MLDSA/MLDSA65+MLDSAKey.swift:21:55: error: cannot find type 'MLDSA65' in scope
19 | @_spi(PostQuantum)
20 | @available(iOS 26.0, macOS 26.0, watchOS 26.0, tvOS 26.0, *)
21 | public typealias MLDSA65PrivateKey = MLDSA.PrivateKey<MLDSA65>
   |                                                       `- error: cannot find type 'MLDSA65' in scope
22 |
/Users/admin/builder/spi-builder-workspace/.build/checkouts/jwt-kit/Sources/JWTKit/MLDSA/MLDSA87+MLDSAKey.swift:5:11: error: cannot find type 'MLDSA87' in scope
 3 | @_spi(PostQuantum)
 4 | @available(iOS 26.0, macOS 26.0, watchOS 26.0, tvOS 26.0, *)
 5 | extension MLDSA87.PublicKey: MLDSAPublicKey {
   |           `- error: cannot find type 'MLDSA87' in scope
 6 |     public typealias MLDSAType = MLDSA87
 7 | }
/Users/admin/builder/spi-builder-workspace/.build/checkouts/jwt-kit/Sources/JWTKit/MLDSA/MLDSA87+MLDSAKey.swift:11:11: error: cannot find type 'MLDSA87' in scope
 9 | @_spi(PostQuantum)
10 | @available(iOS 26.0, macOS 26.0, watchOS 26.0, tvOS 26.0, *)
11 | extension MLDSA87.PrivateKey: MLDSAPrivateKey {
   |           `- error: cannot find type 'MLDSA87' in scope
12 |     public typealias MLDSAType = MLDSA87
13 | }
/Users/admin/builder/spi-builder-workspace/.build/checkouts/jwt-kit/Sources/JWTKit/MLDSA/MLDSA87+MLDSAKey.swift:17:53: error: cannot find type 'MLDSA87' in scope
15 | @_spi(PostQuantum)
16 | @available(iOS 26.0, macOS 26.0, watchOS 26.0, tvOS 26.0, *)
17 | public typealias MLDSA87PublicKey = MLDSA.PublicKey<MLDSA87>
   |                                                     `- error: cannot find type 'MLDSA87' in scope
18 |
19 | @_spi(PostQuantum)
/Users/admin/builder/spi-builder-workspace/.build/checkouts/jwt-kit/Sources/JWTKit/MLDSA/MLDSA87+MLDSAKey.swift:21:55: error: cannot find type 'MLDSA87' in scope
19 | @_spi(PostQuantum)
20 | @available(iOS 26.0, macOS 26.0, watchOS 26.0, tvOS 26.0, *)
21 | public typealias MLDSA87PrivateKey = MLDSA.PrivateKey<MLDSA87>
   |                                                       `- error: cannot find type 'MLDSA87' in scope
22 |
/Users/admin/builder/spi-builder-workspace/.build/checkouts/jwt-kit/Sources/JWTKit/MLDSA/MLDSA65+MLDSAKey.swift:6:34: error: cannot find type 'MLDSA65' in scope
 4 | @available(iOS 26.0, macOS 26.0, watchOS 26.0, tvOS 26.0, *)
 5 | extension MLDSA65.PublicKey: MLDSAPublicKey {
 6 |     public typealias MLDSAType = MLDSA65
   |                                  `- error: cannot find type 'MLDSA65' in scope
 7 | }
 8 |
/Users/admin/builder/spi-builder-workspace/.build/checkouts/jwt-kit/Sources/JWTKit/MLDSA/MLDSA65+MLDSAKey.swift:12:34: error: cannot find type 'MLDSA65' in scope
10 | @available(iOS 26.0, macOS 26.0, watchOS 26.0, tvOS 26.0, *)
11 | extension MLDSA65.PrivateKey: MLDSAPrivateKey {
12 |     public typealias MLDSAType = MLDSA65
   |                                  `- error: cannot find type 'MLDSA65' in scope
13 | }
14 |
/Users/admin/builder/spi-builder-workspace/.build/checkouts/jwt-kit/Sources/JWTKit/MLDSA/MLDSA87+MLDSAKey.swift:6:34: error: cannot find type 'MLDSA87' in scope
 4 | @available(iOS 26.0, macOS 26.0, watchOS 26.0, tvOS 26.0, *)
 5 | extension MLDSA87.PublicKey: MLDSAPublicKey {
 6 |     public typealias MLDSAType = MLDSA87
   |                                  `- error: cannot find type 'MLDSA87' in scope
 7 | }
 8 |
/Users/admin/builder/spi-builder-workspace/.build/checkouts/jwt-kit/Sources/JWTKit/MLDSA/MLDSA87+MLDSAKey.swift:12:34: error: cannot find type 'MLDSA87' in scope
10 | @available(iOS 26.0, macOS 26.0, watchOS 26.0, tvOS 26.0, *)
11 | extension MLDSA87.PrivateKey: MLDSAPrivateKey {
12 |     public typealias MLDSAType = MLDSA87
   |                                  `- error: cannot find type 'MLDSA87' in scope
13 | }
14 |
[1065/1131] Compiling NIOPosix NIOPosixSendableMetatype.swift
/Users/admin/builder/spi-builder-workspace/.build/checkouts/jwt-kit/Sources/JWTKit/MLDSA/MLDSA65+MLDSAKey.swift:5:11: error: cannot find type 'MLDSA65' in scope
 3 | @_spi(PostQuantum)
 4 | @available(iOS 26.0, macOS 26.0, watchOS 26.0, tvOS 26.0, *)
 5 | extension MLDSA65.PublicKey: MLDSAPublicKey {
   |           `- error: cannot find type 'MLDSA65' in scope
 6 |     public typealias MLDSAType = MLDSA65
 7 | }
/Users/admin/builder/spi-builder-workspace/.build/checkouts/jwt-kit/Sources/JWTKit/MLDSA/MLDSA65+MLDSAKey.swift:11:11: error: cannot find type 'MLDSA65' in scope
 9 | @_spi(PostQuantum)
10 | @available(iOS 26.0, macOS 26.0, watchOS 26.0, tvOS 26.0, *)
11 | extension MLDSA65.PrivateKey: MLDSAPrivateKey {
   |           `- error: cannot find type 'MLDSA65' in scope
12 |     public typealias MLDSAType = MLDSA65
13 | }
/Users/admin/builder/spi-builder-workspace/.build/checkouts/jwt-kit/Sources/JWTKit/MLDSA/MLDSA65+MLDSAKey.swift:17:53: error: cannot find type 'MLDSA65' in scope
15 | @_spi(PostQuantum)
16 | @available(iOS 26.0, macOS 26.0, watchOS 26.0, tvOS 26.0, *)
17 | public typealias MLDSA65PublicKey = MLDSA.PublicKey<MLDSA65>
   |                                                     `- error: cannot find type 'MLDSA65' in scope
18 |
19 | @_spi(PostQuantum)
/Users/admin/builder/spi-builder-workspace/.build/checkouts/jwt-kit/Sources/JWTKit/MLDSA/MLDSA65+MLDSAKey.swift:21:55: error: cannot find type 'MLDSA65' in scope
19 | @_spi(PostQuantum)
20 | @available(iOS 26.0, macOS 26.0, watchOS 26.0, tvOS 26.0, *)
21 | public typealias MLDSA65PrivateKey = MLDSA.PrivateKey<MLDSA65>
   |                                                       `- error: cannot find type 'MLDSA65' in scope
22 |
/Users/admin/builder/spi-builder-workspace/.build/checkouts/jwt-kit/Sources/JWTKit/MLDSA/MLDSA87+MLDSAKey.swift:5:11: error: cannot find type 'MLDSA87' in scope
 3 | @_spi(PostQuantum)
 4 | @available(iOS 26.0, macOS 26.0, watchOS 26.0, tvOS 26.0, *)
 5 | extension MLDSA87.PublicKey: MLDSAPublicKey {
   |           `- error: cannot find type 'MLDSA87' in scope
 6 |     public typealias MLDSAType = MLDSA87
 7 | }
/Users/admin/builder/spi-builder-workspace/.build/checkouts/jwt-kit/Sources/JWTKit/MLDSA/MLDSA87+MLDSAKey.swift:11:11: error: cannot find type 'MLDSA87' in scope
 9 | @_spi(PostQuantum)
10 | @available(iOS 26.0, macOS 26.0, watchOS 26.0, tvOS 26.0, *)
11 | extension MLDSA87.PrivateKey: MLDSAPrivateKey {
   |           `- error: cannot find type 'MLDSA87' in scope
12 |     public typealias MLDSAType = MLDSA87
13 | }
/Users/admin/builder/spi-builder-workspace/.build/checkouts/jwt-kit/Sources/JWTKit/MLDSA/MLDSA87+MLDSAKey.swift:17:53: error: cannot find type 'MLDSA87' in scope
15 | @_spi(PostQuantum)
16 | @available(iOS 26.0, macOS 26.0, watchOS 26.0, tvOS 26.0, *)
17 | public typealias MLDSA87PublicKey = MLDSA.PublicKey<MLDSA87>
   |                                                     `- error: cannot find type 'MLDSA87' in scope
18 |
19 | @_spi(PostQuantum)
/Users/admin/builder/spi-builder-workspace/.build/checkouts/jwt-kit/Sources/JWTKit/MLDSA/MLDSA87+MLDSAKey.swift:21:55: error: cannot find type 'MLDSA87' in scope
19 | @_spi(PostQuantum)
20 | @available(iOS 26.0, macOS 26.0, watchOS 26.0, tvOS 26.0, *)
21 | public typealias MLDSA87PrivateKey = MLDSA.PrivateKey<MLDSA87>
   |                                                       `- error: cannot find type 'MLDSA87' in scope
22 |
/Users/admin/builder/spi-builder-workspace/.build/checkouts/jwt-kit/Sources/JWTKit/MLDSA/MLDSA65+MLDSAKey.swift:6:34: error: cannot find type 'MLDSA65' in scope
 4 | @available(iOS 26.0, macOS 26.0, watchOS 26.0, tvOS 26.0, *)
 5 | extension MLDSA65.PublicKey: MLDSAPublicKey {
 6 |     public typealias MLDSAType = MLDSA65
   |                                  `- error: cannot find type 'MLDSA65' in scope
 7 | }
 8 |
/Users/admin/builder/spi-builder-workspace/.build/checkouts/jwt-kit/Sources/JWTKit/MLDSA/MLDSA65+MLDSAKey.swift:12:34: error: cannot find type 'MLDSA65' in scope
10 | @available(iOS 26.0, macOS 26.0, watchOS 26.0, tvOS 26.0, *)
11 | extension MLDSA65.PrivateKey: MLDSAPrivateKey {
12 |     public typealias MLDSAType = MLDSA65
   |                                  `- error: cannot find type 'MLDSA65' in scope
13 | }
14 |
/Users/admin/builder/spi-builder-workspace/.build/checkouts/jwt-kit/Sources/JWTKit/MLDSA/MLDSA87+MLDSAKey.swift:6:34: error: cannot find type 'MLDSA87' in scope
 4 | @available(iOS 26.0, macOS 26.0, watchOS 26.0, tvOS 26.0, *)
 5 | extension MLDSA87.PublicKey: MLDSAPublicKey {
 6 |     public typealias MLDSAType = MLDSA87
   |                                  `- error: cannot find type 'MLDSA87' in scope
 7 | }
 8 |
/Users/admin/builder/spi-builder-workspace/.build/checkouts/jwt-kit/Sources/JWTKit/MLDSA/MLDSA87+MLDSAKey.swift:12:34: error: cannot find type 'MLDSA87' in scope
10 | @available(iOS 26.0, macOS 26.0, watchOS 26.0, tvOS 26.0, *)
11 | extension MLDSA87.PrivateKey: MLDSAPrivateKey {
12 |     public typealias MLDSAType = MLDSA87
   |                                  `- error: cannot find type 'MLDSA87' in scope
13 | }
14 |
[1066/1131] Compiling NIOPosix NIORandomizedDNSResolver.swift
/Users/admin/builder/spi-builder-workspace/.build/checkouts/jwt-kit/Sources/JWTKit/MLDSA/MLDSA65+MLDSAKey.swift:5:11: error: cannot find type 'MLDSA65' in scope
 3 | @_spi(PostQuantum)
 4 | @available(iOS 26.0, macOS 26.0, watchOS 26.0, tvOS 26.0, *)
 5 | extension MLDSA65.PublicKey: MLDSAPublicKey {
   |           `- error: cannot find type 'MLDSA65' in scope
 6 |     public typealias MLDSAType = MLDSA65
 7 | }
/Users/admin/builder/spi-builder-workspace/.build/checkouts/jwt-kit/Sources/JWTKit/MLDSA/MLDSA65+MLDSAKey.swift:11:11: error: cannot find type 'MLDSA65' in scope
 9 | @_spi(PostQuantum)
10 | @available(iOS 26.0, macOS 26.0, watchOS 26.0, tvOS 26.0, *)
11 | extension MLDSA65.PrivateKey: MLDSAPrivateKey {
   |           `- error: cannot find type 'MLDSA65' in scope
12 |     public typealias MLDSAType = MLDSA65
13 | }
/Users/admin/builder/spi-builder-workspace/.build/checkouts/jwt-kit/Sources/JWTKit/MLDSA/MLDSA65+MLDSAKey.swift:17:53: error: cannot find type 'MLDSA65' in scope
15 | @_spi(PostQuantum)
16 | @available(iOS 26.0, macOS 26.0, watchOS 26.0, tvOS 26.0, *)
17 | public typealias MLDSA65PublicKey = MLDSA.PublicKey<MLDSA65>
   |                                                     `- error: cannot find type 'MLDSA65' in scope
18 |
19 | @_spi(PostQuantum)
/Users/admin/builder/spi-builder-workspace/.build/checkouts/jwt-kit/Sources/JWTKit/MLDSA/MLDSA65+MLDSAKey.swift:21:55: error: cannot find type 'MLDSA65' in scope
19 | @_spi(PostQuantum)
20 | @available(iOS 26.0, macOS 26.0, watchOS 26.0, tvOS 26.0, *)
21 | public typealias MLDSA65PrivateKey = MLDSA.PrivateKey<MLDSA65>
   |                                                       `- error: cannot find type 'MLDSA65' in scope
22 |
/Users/admin/builder/spi-builder-workspace/.build/checkouts/jwt-kit/Sources/JWTKit/MLDSA/MLDSA87+MLDSAKey.swift:5:11: error: cannot find type 'MLDSA87' in scope
 3 | @_spi(PostQuantum)
 4 | @available(iOS 26.0, macOS 26.0, watchOS 26.0, tvOS 26.0, *)
 5 | extension MLDSA87.PublicKey: MLDSAPublicKey {
   |           `- error: cannot find type 'MLDSA87' in scope
 6 |     public typealias MLDSAType = MLDSA87
 7 | }
/Users/admin/builder/spi-builder-workspace/.build/checkouts/jwt-kit/Sources/JWTKit/MLDSA/MLDSA87+MLDSAKey.swift:11:11: error: cannot find type 'MLDSA87' in scope
 9 | @_spi(PostQuantum)
10 | @available(iOS 26.0, macOS 26.0, watchOS 26.0, tvOS 26.0, *)
11 | extension MLDSA87.PrivateKey: MLDSAPrivateKey {
   |           `- error: cannot find type 'MLDSA87' in scope
12 |     public typealias MLDSAType = MLDSA87
13 | }
/Users/admin/builder/spi-builder-workspace/.build/checkouts/jwt-kit/Sources/JWTKit/MLDSA/MLDSA87+MLDSAKey.swift:17:53: error: cannot find type 'MLDSA87' in scope
15 | @_spi(PostQuantum)
16 | @available(iOS 26.0, macOS 26.0, watchOS 26.0, tvOS 26.0, *)
17 | public typealias MLDSA87PublicKey = MLDSA.PublicKey<MLDSA87>
   |                                                     `- error: cannot find type 'MLDSA87' in scope
18 |
19 | @_spi(PostQuantum)
/Users/admin/builder/spi-builder-workspace/.build/checkouts/jwt-kit/Sources/JWTKit/MLDSA/MLDSA87+MLDSAKey.swift:21:55: error: cannot find type 'MLDSA87' in scope
19 | @_spi(PostQuantum)
20 | @available(iOS 26.0, macOS 26.0, watchOS 26.0, tvOS 26.0, *)
21 | public typealias MLDSA87PrivateKey = MLDSA.PrivateKey<MLDSA87>
   |                                                       `- error: cannot find type 'MLDSA87' in scope
22 |
/Users/admin/builder/spi-builder-workspace/.build/checkouts/jwt-kit/Sources/JWTKit/MLDSA/MLDSA65+MLDSAKey.swift:6:34: error: cannot find type 'MLDSA65' in scope
 4 | @available(iOS 26.0, macOS 26.0, watchOS 26.0, tvOS 26.0, *)
 5 | extension MLDSA65.PublicKey: MLDSAPublicKey {
 6 |     public typealias MLDSAType = MLDSA65
   |                                  `- error: cannot find type 'MLDSA65' in scope
 7 | }
 8 |
/Users/admin/builder/spi-builder-workspace/.build/checkouts/jwt-kit/Sources/JWTKit/MLDSA/MLDSA65+MLDSAKey.swift:12:34: error: cannot find type 'MLDSA65' in scope
10 | @available(iOS 26.0, macOS 26.0, watchOS 26.0, tvOS 26.0, *)
11 | extension MLDSA65.PrivateKey: MLDSAPrivateKey {
12 |     public typealias MLDSAType = MLDSA65
   |                                  `- error: cannot find type 'MLDSA65' in scope
13 | }
14 |
/Users/admin/builder/spi-builder-workspace/.build/checkouts/jwt-kit/Sources/JWTKit/MLDSA/MLDSA87+MLDSAKey.swift:6:34: error: cannot find type 'MLDSA87' in scope
 4 | @available(iOS 26.0, macOS 26.0, watchOS 26.0, tvOS 26.0, *)
 5 | extension MLDSA87.PublicKey: MLDSAPublicKey {
 6 |     public typealias MLDSAType = MLDSA87
   |                                  `- error: cannot find type 'MLDSA87' in scope
 7 | }
 8 |
/Users/admin/builder/spi-builder-workspace/.build/checkouts/jwt-kit/Sources/JWTKit/MLDSA/MLDSA87+MLDSAKey.swift:12:34: error: cannot find type 'MLDSA87' in scope
10 | @available(iOS 26.0, macOS 26.0, watchOS 26.0, tvOS 26.0, *)
11 | extension MLDSA87.PrivateKey: MLDSAPrivateKey {
12 |     public typealias MLDSAType = MLDSA87
   |                                  `- error: cannot find type 'MLDSA87' in scope
13 | }
14 |
[1067/1131] Compiling NIOPosix StructuredConcurrencyHelpers.swift
/Users/admin/builder/spi-builder-workspace/.build/checkouts/jwt-kit/Sources/JWTKit/MLDSA/MLDSA65+MLDSAKey.swift:5:11: error: cannot find type 'MLDSA65' in scope
 3 | @_spi(PostQuantum)
 4 | @available(iOS 26.0, macOS 26.0, watchOS 26.0, tvOS 26.0, *)
 5 | extension MLDSA65.PublicKey: MLDSAPublicKey {
   |           `- error: cannot find type 'MLDSA65' in scope
 6 |     public typealias MLDSAType = MLDSA65
 7 | }
/Users/admin/builder/spi-builder-workspace/.build/checkouts/jwt-kit/Sources/JWTKit/MLDSA/MLDSA65+MLDSAKey.swift:11:11: error: cannot find type 'MLDSA65' in scope
 9 | @_spi(PostQuantum)
10 | @available(iOS 26.0, macOS 26.0, watchOS 26.0, tvOS 26.0, *)
11 | extension MLDSA65.PrivateKey: MLDSAPrivateKey {
   |           `- error: cannot find type 'MLDSA65' in scope
12 |     public typealias MLDSAType = MLDSA65
13 | }
/Users/admin/builder/spi-builder-workspace/.build/checkouts/jwt-kit/Sources/JWTKit/MLDSA/MLDSA65+MLDSAKey.swift:17:53: error: cannot find type 'MLDSA65' in scope
15 | @_spi(PostQuantum)
16 | @available(iOS 26.0, macOS 26.0, watchOS 26.0, tvOS 26.0, *)
17 | public typealias MLDSA65PublicKey = MLDSA.PublicKey<MLDSA65>
   |                                                     `- error: cannot find type 'MLDSA65' in scope
18 |
19 | @_spi(PostQuantum)
/Users/admin/builder/spi-builder-workspace/.build/checkouts/jwt-kit/Sources/JWTKit/MLDSA/MLDSA65+MLDSAKey.swift:21:55: error: cannot find type 'MLDSA65' in scope
19 | @_spi(PostQuantum)
20 | @available(iOS 26.0, macOS 26.0, watchOS 26.0, tvOS 26.0, *)
21 | public typealias MLDSA65PrivateKey = MLDSA.PrivateKey<MLDSA65>
   |                                                       `- error: cannot find type 'MLDSA65' in scope
22 |
/Users/admin/builder/spi-builder-workspace/.build/checkouts/jwt-kit/Sources/JWTKit/MLDSA/MLDSA87+MLDSAKey.swift:5:11: error: cannot find type 'MLDSA87' in scope
 3 | @_spi(PostQuantum)
 4 | @available(iOS 26.0, macOS 26.0, watchOS 26.0, tvOS 26.0, *)
 5 | extension MLDSA87.PublicKey: MLDSAPublicKey {
   |           `- error: cannot find type 'MLDSA87' in scope
 6 |     public typealias MLDSAType = MLDSA87
 7 | }
/Users/admin/builder/spi-builder-workspace/.build/checkouts/jwt-kit/Sources/JWTKit/MLDSA/MLDSA87+MLDSAKey.swift:11:11: error: cannot find type 'MLDSA87' in scope
 9 | @_spi(PostQuantum)
10 | @available(iOS 26.0, macOS 26.0, watchOS 26.0, tvOS 26.0, *)
11 | extension MLDSA87.PrivateKey: MLDSAPrivateKey {
   |           `- error: cannot find type 'MLDSA87' in scope
12 |     public typealias MLDSAType = MLDSA87
13 | }
/Users/admin/builder/spi-builder-workspace/.build/checkouts/jwt-kit/Sources/JWTKit/MLDSA/MLDSA87+MLDSAKey.swift:17:53: error: cannot find type 'MLDSA87' in scope
15 | @_spi(PostQuantum)
16 | @available(iOS 26.0, macOS 26.0, watchOS 26.0, tvOS 26.0, *)
17 | public typealias MLDSA87PublicKey = MLDSA.PublicKey<MLDSA87>
   |                                                     `- error: cannot find type 'MLDSA87' in scope
18 |
19 | @_spi(PostQuantum)
/Users/admin/builder/spi-builder-workspace/.build/checkouts/jwt-kit/Sources/JWTKit/MLDSA/MLDSA87+MLDSAKey.swift:21:55: error: cannot find type 'MLDSA87' in scope
19 | @_spi(PostQuantum)
20 | @available(iOS 26.0, macOS 26.0, watchOS 26.0, tvOS 26.0, *)
21 | public typealias MLDSA87PrivateKey = MLDSA.PrivateKey<MLDSA87>
   |                                                       `- error: cannot find type 'MLDSA87' in scope
22 |
/Users/admin/builder/spi-builder-workspace/.build/checkouts/jwt-kit/Sources/JWTKit/MLDSA/MLDSA65+MLDSAKey.swift:6:34: error: cannot find type 'MLDSA65' in scope
 4 | @available(iOS 26.0, macOS 26.0, watchOS 26.0, tvOS 26.0, *)
 5 | extension MLDSA65.PublicKey: MLDSAPublicKey {
 6 |     public typealias MLDSAType = MLDSA65
   |                                  `- error: cannot find type 'MLDSA65' in scope
 7 | }
 8 |
/Users/admin/builder/spi-builder-workspace/.build/checkouts/jwt-kit/Sources/JWTKit/MLDSA/MLDSA65+MLDSAKey.swift:12:34: error: cannot find type 'MLDSA65' in scope
10 | @available(iOS 26.0, macOS 26.0, watchOS 26.0, tvOS 26.0, *)
11 | extension MLDSA65.PrivateKey: MLDSAPrivateKey {
12 |     public typealias MLDSAType = MLDSA65
   |                                  `- error: cannot find type 'MLDSA65' in scope
13 | }
14 |
/Users/admin/builder/spi-builder-workspace/.build/checkouts/jwt-kit/Sources/JWTKit/MLDSA/MLDSA87+MLDSAKey.swift:6:34: error: cannot find type 'MLDSA87' in scope
 4 | @available(iOS 26.0, macOS 26.0, watchOS 26.0, tvOS 26.0, *)
 5 | extension MLDSA87.PublicKey: MLDSAPublicKey {
 6 |     public typealias MLDSAType = MLDSA87
   |                                  `- error: cannot find type 'MLDSA87' in scope
 7 | }
 8 |
/Users/admin/builder/spi-builder-workspace/.build/checkouts/jwt-kit/Sources/JWTKit/MLDSA/MLDSA87+MLDSAKey.swift:12:34: error: cannot find type 'MLDSA87' in scope
10 | @available(iOS 26.0, macOS 26.0, watchOS 26.0, tvOS 26.0, *)
11 | extension MLDSA87.PrivateKey: MLDSAPrivateKey {
12 |     public typealias MLDSAType = MLDSA87
   |                                  `- error: cannot find type 'MLDSA87' in scope
13 | }
14 |
[1068/1131] Compiling NIOEmbedded AsyncTestingChannel.swift
[1069/1131] Compiling NIOEmbedded AsyncTestingEventLoop.swift
[1070/1131] Compiling NIOEmbedded Embedded.swift
[1071/1131] Emitting module NIOEmbedded
[1072/1131] Compiling JWTKit AppleIdentityToken.swift
[1073/1131] Compiling JWTKit FirebaseAuthIdentityToken.swift
[1074/1131] Compiling JWTKit GoogleIdentityToken.swift
[1075/1131] Compiling JWTKit MicrosoftIdentityToken.swift
[1076/1131] Compiling JWTKit EmptyPolicy.swift
[1077/1131] Compiling JWTKit ValidationTimePayload.swift
[1078/1131] Compiling JWTKit X5CVerifier.swift
[1090/1131] Compiling NIOPosix Pool.swift
[1091/1131] Compiling NIOPosix PosixSingletons+ConcurrencyTakeOver.swift
[1096/1131] Compiling NIOPosix BSDSocketAPICommon.swift
[1097/1131] Compiling NIOPosix BSDSocketAPIPosix.swift
[1098/1131] Compiling NIOPosix BSDSocketAPIWindows.swift
[1099/1131] Compiling NIOPosix BaseSocket.swift
[1100/1131] Compiling NIOPosix BaseSocketChannel+AccessibleTransport.swift
[1101/1131] Compiling NIOPosix BaseSocketChannel+SocketOptionProvider.swift
BUILD FAILURE 6.1 macosSpm