The Swift Package Index logo.Swift Package Index

Track the adoption of Swift 6 strict concurrency checks for data race safety. How many packages are Ready for Swift 6?

Build Information

Failed to build RichTextView with Swift 5.10 for watchOS using Xcode 15.4 at master.

Build Command

env DEVELOPER_DIR=/Applications/Xcode-15.3.0-Beta.2.app xcrun xcodebuild -IDEClonedSourcePackagesDirPathOverride=$workDir/.dependencies -skipMacroValidation -skipPackagePluginValidation -derivedDataPath $workDir/.derivedData build -scheme RichTextView -destination generic/platform=watchos

Build Log

SwiftEmitModule normal arm64_32 Emitting\ module\ for\ SwiftRichString (in target 'SwiftRichString' from project 'SwiftRichString')
    cd /Users/builder/builds/UKfvDsi8u/3/finestructure/swiftpackageindex-builder/spi-builder-workspace/.dependencies/checkouts/SwiftRichString
    builtin-swiftTaskExecution -- /Applications/Xcode-15.3.0-Beta.2.app/Contents/Developer/Toolchains/XcodeDefault.xctoolchain/usr/bin/swift-frontend -frontend -emit-module -experimental-skip-non-inlinable-function-bodies-without-types /Users/builder/builds/UKfvDsi8u/3/finestructure/swiftpackageindex-builder/spi-builder-workspace/.dependencies/checkouts/SwiftRichString/Sources/SwiftRichString/Attributes/ColorConvertible.swift /Users/builder/builds/UKfvDsi8u/3/finestructure/swiftpackageindex-builder/spi-builder-workspace/.dependencies/checkouts/SwiftRichString/Sources/SwiftRichString/Attributes/CommonsAttributes.swift /Users/builder/builds/UKfvDsi8u/3/finestructure/swiftpackageindex-builder/spi-builder-workspace/.dependencies/checkouts/SwiftRichString/Sources/SwiftRichString/Attributes/DynamicText.swift /Users/builder/builds/UKfvDsi8u/3/finestructure/swiftpackageindex-builder/spi-builder-workspace/.dependencies/checkouts/SwiftRichString/Sources/SwiftRichString/Attributes/FontConvertible.swift /Users/builder/builds/UKfvDsi8u/3/finestructure/swiftpackageindex-builder/spi-builder-workspace/.dependencies/checkouts/SwiftRichString/Sources/SwiftRichString/Attributes/FontData.swift /Users/builder/builds/UKfvDsi8u/3/finestructure/swiftpackageindex-builder/spi-builder-workspace/.dependencies/checkouts/SwiftRichString/Sources/SwiftRichString/Attributes/FontInfoAttribute.swift /Users/builder/builds/UKfvDsi8u/3/finestructure/swiftpackageindex-builder/spi-builder-workspace/.dependencies/checkouts/SwiftRichString/Sources/SwiftRichString/Attributes/TextTransform.swift /Users/builder/builds/UKfvDsi8u/3/finestructure/swiftpackageindex-builder/spi-builder-workspace/.dependencies/checkouts/SwiftRichString/Sources/SwiftRichString/Attributes/URLRepresentable.swift /Users/builder/builds/UKfvDsi8u/3/finestructure/swiftpackageindex-builder/spi-builder-workspace/.dependencies/checkouts/SwiftRichString/Sources/SwiftRichString/Extensions/AttributedString+Attachments.swift /Users/builder/builds/UKfvDsi8u/3/finestructure/swiftpackageindex-builder/spi-builder-workspace/.dependencies/checkouts/SwiftRichString/Sources/SwiftRichString/Extensions/AttributedString+Extension.swift /Users/builder/builds/UKfvDsi8u/3/finestructure/swiftpackageindex-builder/spi-builder-workspace/.dependencies/checkouts/SwiftRichString/Sources/SwiftRichString/Extensions/AttributedString+FunctionBuilder.swift /Users/builder/builds/UKfvDsi8u/3/finestructure/swiftpackageindex-builder/spi-builder-workspace/.dependencies/checkouts/SwiftRichString/Sources/SwiftRichString/Extensions/String+Ext.swift /Users/builder/builds/UKfvDsi8u/3/finestructure/swiftpackageindex-builder/spi-builder-workspace/.dependencies/checkouts/SwiftRichString/Sources/SwiftRichString/Extensions/String+Subscript.swift /Users/builder/builds/UKfvDsi8u/3/finestructure/swiftpackageindex-builder/spi-builder-workspace/.dependencies/checkouts/SwiftRichString/Sources/SwiftRichString/Extensions/SystemFonts.swift /Users/builder/builds/UKfvDsi8u/3/finestructure/swiftpackageindex-builder/spi-builder-workspace/.dependencies/checkouts/SwiftRichString/Sources/SwiftRichString/Extensions/UIKit+Extras.swift /Users/builder/builds/UKfvDsi8u/3/finestructure/swiftpackageindex-builder/spi-builder-workspace/.dependencies/checkouts/SwiftRichString/Sources/SwiftRichString/Style/Style.swift /Users/builder/builds/UKfvDsi8u/3/finestructure/swiftpackageindex-builder/spi-builder-workspace/.dependencies/checkouts/SwiftRichString/Sources/SwiftRichString/Style/StyleGroup.swift /Users/builder/builds/UKfvDsi8u/3/finestructure/swiftpackageindex-builder/spi-builder-workspace/.dependencies/checkouts/SwiftRichString/Sources/SwiftRichString/Style/StyleProtocol.swift /Users/builder/builds/UKfvDsi8u/3/finestructure/swiftpackageindex-builder/spi-builder-workspace/.dependencies/checkouts/SwiftRichString/Sources/SwiftRichString/Style/StyleRegEx.swift /Users/builder/builds/UKfvDsi8u/3/finestructure/swiftpackageindex-builder/spi-builder-workspace/.dependencies/checkouts/SwiftRichString/Sources/SwiftRichString/Style/StylesManager.swift /Users/builder/builds/UKfvDsi8u/3/finestructure/swiftpackageindex-builder/spi-builder-workspace/.dependencies/checkouts/SwiftRichString/Sources/SwiftRichString/Support/AssociatedValues.swift /Users/builder/builds/UKfvDsi8u/3/finestructure/swiftpackageindex-builder/spi-builder-workspace/.dependencies/checkouts/SwiftRichString/Sources/SwiftRichString/Support/AsyncTextAttachment.swift /Users/builder/builds/UKfvDsi8u/3/finestructure/swiftpackageindex-builder/spi-builder-workspace/.dependencies/checkouts/SwiftRichString/Sources/SwiftRichString/Support/Compatibility.swift /Users/builder/builds/UKfvDsi8u/3/finestructure/swiftpackageindex-builder/spi-builder-workspace/.dependencies/checkouts/SwiftRichString/Sources/SwiftRichString/Support/Extensions.swift /Users/builder/builds/UKfvDsi8u/3/finestructure/swiftpackageindex-builder/spi-builder-workspace/.dependencies/checkouts/SwiftRichString/Sources/SwiftRichString/Support/OrderedDictionary.swift /Users/builder/builds/UKfvDsi8u/3/finestructure/swiftpackageindex-builder/spi-builder-workspace/.dependencies/checkouts/SwiftRichString/Sources/SwiftRichString/Support/XMLDynamicAttributesResolver.swift /Users/builder/builds/UKfvDsi8u/3/finestructure/swiftpackageindex-builder/spi-builder-workspace/.dependencies/checkouts/SwiftRichString/Sources/SwiftRichString/Support/XMLStringBuilder.swift -target arm64_32-apple-watchos5.0 -enable-objc-interop -sdk /Applications/Xcode-15.3.0-Beta.2.app/Contents/Developer/Platforms/WatchOS.platform/Developer/SDKs/WatchOS10.4.sdk -I /Users/builder/builds/UKfvDsi8u/3/finestructure/swiftpackageindex-builder/spi-builder-workspace/.derivedData/Build/Products/Debug-watchos -I /Applications/Xcode-15.3.0-Beta.2.app/Contents/Developer/Platforms/WatchOS.platform/Developer/usr/lib -F /Users/builder/builds/UKfvDsi8u/3/finestructure/swiftpackageindex-builder/spi-builder-workspace/.derivedData/Build/Products/Debug-watchos -F /Applications/Xcode-15.3.0-Beta.2.app/Contents/Developer/Platforms/WatchOS.platform/Developer/Library/Frameworks -F /Applications/Xcode-15.3.0-Beta.2.app/Contents/Developer/Platforms/WatchOS.platform/Developer/SDKs/WatchOS10.4.sdk/Developer/Library/Frameworks -no-color-diagnostics -enable-testing -g -module-cache-path /Users/builder/builds/UKfvDsi8u/3/finestructure/swiftpackageindex-builder/spi-builder-workspace/.derivedData/ModuleCache.noindex -suppress-warnings -swift-version 5 -enforce-exclusivity\=checked -Onone -D SWIFT_PACKAGE -D DEBUG -D Xcode -serialize-debugging-options -const-gather-protocols-file /Users/builder/builds/UKfvDsi8u/3/finestructure/swiftpackageindex-builder/spi-builder-workspace/.derivedData/Build/Intermediates.noindex/SwiftRichString.build/Debug-watchos/SwiftRichString.build/Objects-normal/arm64_32/SwiftRichString_const_extract_protocols.json -empty-abi-descriptor -validate-clang-modules-once -clang-build-session-file /Users/builder/builds/UKfvDsi8u/3/finestructure/swiftpackageindex-builder/spi-builder-workspace/.derivedData/ModuleCache.noindex/Session.modulevalidation -Xcc -working-directory -Xcc /Users/builder/builds/UKfvDsi8u/3/finestructure/swiftpackageindex-builder/spi-builder-workspace/.dependencies/checkouts/SwiftRichString -resource-dir /Applications/Xcode-15.3.0-Beta.2.app/Contents/Developer/Toolchains/XcodeDefault.xctoolchain/usr/lib/swift -enable-anonymous-context-mangled-names -Xcc -ivfsstatcache -Xcc /Users/builder/builds/UKfvDsi8u/3/finestructure/swiftpackageindex-builder/spi-builder-workspace/.derivedData/SDKStatCaches.noindex/watchos10.4-21T5196c-188b4c5c5639cdba02b95625249bd203.sdkstatcache -Xcc -I/Users/builder/builds/UKfvDsi8u/3/finestructure/swiftpackageindex-builder/spi-builder-workspace/.derivedData/Build/Intermediates.noindex/SwiftRichString.build/Debug-watchos/SwiftRichString.build/swift-overrides.hmap -Xcc -I/Users/builder/builds/UKfvDsi8u/3/finestructure/swiftpackageindex-builder/spi-builder-workspace/.derivedData/Build/Products/Debug-watchos/include -Xcc -I/Users/builder/builds/UKfvDsi8u/3/finestructure/swiftpackageindex-builder/spi-builder-workspace/.derivedData/Build/Intermediates.noindex/SwiftRichString.build/Debug-watchos/SwiftRichString.build/DerivedSources-normal/arm64_32 -Xcc -I/Users/builder/builds/UKfvDsi8u/3/finestructure/swiftpackageindex-builder/spi-builder-workspace/.derivedData/Build/Intermediates.noindex/SwiftRichString.build/Debug-watchos/SwiftRichString.build/DerivedSources/arm64_32 -Xcc -I/Users/builder/builds/UKfvDsi8u/3/finestructure/swiftpackageindex-builder/spi-builder-workspace/.derivedData/Build/Intermediates.noindex/SwiftRichString.build/Debug-watchos/SwiftRichString.build/DerivedSources -Xcc -DSWIFT_PACKAGE -Xcc -DDEBUG\=1 -module-name SwiftRichString -disable-clang-spi -target-sdk-version 10.4 -target-sdk-name watchos10.4 -external-plugin-path /Applications/Xcode-15.3.0-Beta.2.app/Contents/Developer/Platforms/WatchOS.platform/Developer/SDKs/WatchOS10.4.sdk/usr/lib/swift/host/plugins\#/Applications/Xcode-15.3.0-Beta.2.app/Contents/Developer/Platforms/WatchOS.platform/Developer/SDKs/WatchOS10.4.sdk/usr/bin/swift-plugin-server -external-plugin-path /Applications/Xcode-15.3.0-Beta.2.app/Contents/Developer/Platforms/WatchOS.platform/Developer/SDKs/WatchOS10.4.sdk/usr/local/lib/swift/host/plugins\#/Applications/Xcode-15.3.0-Beta.2.app/Contents/Developer/Platforms/WatchOS.platform/Developer/SDKs/WatchOS10.4.sdk/usr/bin/swift-plugin-server -external-plugin-path /Applications/Xcode-15.3.0-Beta.2.app/Contents/Developer/Platforms/WatchOS.platform/Developer/usr/lib/swift/host/plugins\#/Applications/Xcode-15.3.0-Beta.2.app/Contents/Developer/Platforms/WatchOS.platform/Developer/usr/bin/swift-plugin-server -external-plugin-path /Applications/Xcode-15.3.0-Beta.2.app/Contents/Developer/Platforms/WatchOS.platform/Developer/usr/local/lib/swift/host/plugins\#/Applications/Xcode-15.3.0-Beta.2.app/Contents/Developer/Platforms/WatchOS.platform/Developer/usr/bin/swift-plugin-server -plugin-path /Applications/Xcode-15.3.0-Beta.2.app/Contents/Developer/Toolchains/XcodeDefault.xctoolchain/usr/lib/swift/host/plugins -plugin-path /Applications/Xcode-15.3.0-Beta.2.app/Contents/Developer/Toolchains/XcodeDefault.xctoolchain/usr/local/lib/swift/host/plugins -emit-module-doc-path /Users/builder/builds/UKfvDsi8u/3/finestructure/swiftpackageindex-builder/spi-builder-workspace/.derivedData/Build/Intermediates.noindex/SwiftRichString.build/Debug-watchos/SwiftRichString.build/Objects-normal/arm64_32/SwiftRichString.swiftdoc -emit-module-source-info-path /Users/builder/builds/UKfvDsi8u/3/finestructure/swiftpackageindex-builder/spi-builder-workspace/.derivedData/Build/Intermediates.noindex/SwiftRichString.build/Debug-watchos/SwiftRichString.build/Objects-normal/arm64_32/SwiftRichString.swiftsourceinfo -emit-objc-header-path /Users/builder/builds/UKfvDsi8u/3/finestructure/swiftpackageindex-builder/spi-builder-workspace/.derivedData/Build/Intermediates.noindex/SwiftRichString.build/Debug-watchos/SwiftRichString.build/Objects-normal/arm64_32/SwiftRichString-Swift.h -serialize-diagnostics-path /Users/builder/builds/UKfvDsi8u/3/finestructure/swiftpackageindex-builder/spi-builder-workspace/.derivedData/Build/Intermediates.noindex/SwiftRichString.build/Debug-watchos/SwiftRichString.build/Objects-normal/arm64_32/SwiftRichString-master-emit-module.dia -emit-dependencies-path /Users/builder/builds/UKfvDsi8u/3/finestructure/swiftpackageindex-builder/spi-builder-workspace/.derivedData/Build/Intermediates.noindex/SwiftRichString.build/Debug-watchos/SwiftRichString.build/Objects-normal/arm64_32/SwiftRichString-master-emit-module.d -o /Users/builder/builds/UKfvDsi8u/3/finestructure/swiftpackageindex-builder/spi-builder-workspace/.derivedData/Build/Intermediates.noindex/SwiftRichString.build/Debug-watchos/SwiftRichString.build/Objects-normal/arm64_32/SwiftRichString.swiftmodule -emit-abi-descriptor-path /Users/builder/builds/UKfvDsi8u/3/finestructure/swiftpackageindex-builder/spi-builder-workspace/.derivedData/Build/Intermediates.noindex/SwiftRichString.build/Debug-watchos/SwiftRichString.build/Objects-normal/arm64_32/SwiftRichString.abi.json
SwiftDriver SnapKit normal arm64_32 com.apple.xcode.tools.swift.compiler (in target 'SnapKit' from project 'SnapKit')
    cd /Users/builder/builds/UKfvDsi8u/3/finestructure/swiftpackageindex-builder/spi-builder-workspace/.dependencies/checkouts/SnapKit
    builtin-SwiftDriver -- /Applications/Xcode-15.3.0-Beta.2.app/Contents/Developer/Toolchains/XcodeDefault.xctoolchain/usr/bin/swiftc -module-name SnapKit -Onone -enforce-exclusivity\=checked @/Users/builder/builds/UKfvDsi8u/3/finestructure/swiftpackageindex-builder/spi-builder-workspace/.derivedData/Build/Intermediates.noindex/SnapKit.build/Debug-watchos/SnapKit.build/Objects-normal/arm64_32/SnapKit.SwiftFileList -DSWIFT_PACKAGE -DDEBUG -DXcode -sdk /Applications/Xcode-15.3.0-Beta.2.app/Contents/Developer/Platforms/WatchOS.platform/Developer/SDKs/WatchOS10.4.sdk -target arm64_32-apple-watchos5.0 -g -module-cache-path /Users/builder/builds/UKfvDsi8u/3/finestructure/swiftpackageindex-builder/spi-builder-workspace/.derivedData/ModuleCache.noindex -Xfrontend -serialize-debugging-options -enable-testing -suppress-warnings -index-store-path /Users/builder/builds/UKfvDsi8u/3/finestructure/swiftpackageindex-builder/spi-builder-workspace/.derivedData/Index.noindex/DataStore -swift-version 5 -I /Users/builder/builds/UKfvDsi8u/3/finestructure/swiftpackageindex-builder/spi-builder-workspace/.derivedData/Build/Products/Debug-watchos -I /Applications/Xcode-15.3.0-Beta.2.app/Contents/Developer/Platforms/WatchOS.platform/Developer/usr/lib -F /Users/builder/builds/UKfvDsi8u/3/finestructure/swiftpackageindex-builder/spi-builder-workspace/.derivedData/Build/Products/Debug-watchos -F /Applications/Xcode-15.3.0-Beta.2.app/Contents/Developer/Platforms/WatchOS.platform/Developer/Library/Frameworks -F /Applications/Xcode-15.3.0-Beta.2.app/Contents/Developer/Platforms/WatchOS.platform/Developer/SDKs/WatchOS10.4.sdk/Developer/Library/Frameworks -c -j8 -enable-batch-mode -incremental -Xcc -ivfsstatcache -Xcc /Users/builder/builds/UKfvDsi8u/3/finestructure/swiftpackageindex-builder/spi-builder-workspace/.derivedData/SDKStatCaches.noindex/watchos10.4-21T5196c-188b4c5c5639cdba02b95625249bd203.sdkstatcache -output-file-map /Users/builder/builds/UKfvDsi8u/3/finestructure/swiftpackageindex-builder/spi-builder-workspace/.derivedData/Build/Intermediates.noindex/SnapKit.build/Debug-watchos/SnapKit.build/Objects-normal/arm64_32/SnapKit-OutputFileMap.json -use-frontend-parseable-output -save-temps -no-color-diagnostics -serialize-diagnostics -emit-dependencies -emit-module -emit-module-path /Users/builder/builds/UKfvDsi8u/3/finestructure/swiftpackageindex-builder/spi-builder-workspace/.derivedData/Build/Intermediates.noindex/SnapKit.build/Debug-watchos/SnapKit.build/Objects-normal/arm64_32/SnapKit.swiftmodule -validate-clang-modules-once -clang-build-session-file /Users/builder/builds/UKfvDsi8u/3/finestructure/swiftpackageindex-builder/spi-builder-workspace/.derivedData/ModuleCache.noindex/Session.modulevalidation -Xcc -I/Users/builder/builds/UKfvDsi8u/3/finestructure/swiftpackageindex-builder/spi-builder-workspace/.derivedData/Build/Intermediates.noindex/SnapKit.build/Debug-watchos/SnapKit.build/swift-overrides.hmap -emit-const-values -Xfrontend -const-gather-protocols-file -Xfrontend /Users/builder/builds/UKfvDsi8u/3/finestructure/swiftpackageindex-builder/spi-builder-workspace/.derivedData/Build/Intermediates.noindex/SnapKit.build/Debug-watchos/SnapKit.build/Objects-normal/arm64_32/SnapKit_const_extract_protocols.json -Xcc -I/Users/builder/builds/UKfvDsi8u/3/finestructure/swiftpackageindex-builder/spi-builder-workspace/.derivedData/Build/Products/Debug-watchos/include -Xcc -I/Users/builder/builds/UKfvDsi8u/3/finestructure/swiftpackageindex-builder/spi-builder-workspace/.derivedData/Build/Intermediates.noindex/SnapKit.build/Debug-watchos/SnapKit.build/DerivedSources-normal/arm64_32 -Xcc -I/Users/builder/builds/UKfvDsi8u/3/finestructure/swiftpackageindex-builder/spi-builder-workspace/.derivedData/Build/Intermediates.noindex/SnapKit.build/Debug-watchos/SnapKit.build/DerivedSources/arm64_32 -Xcc -I/Users/builder/builds/UKfvDsi8u/3/finestructure/swiftpackageindex-builder/spi-builder-workspace/.derivedData/Build/Intermediates.noindex/SnapKit.build/Debug-watchos/SnapKit.build/DerivedSources -Xcc -DSWIFT_PACKAGE -Xcc -DDEBUG\=1 -emit-objc-header -emit-objc-header-path /Users/builder/builds/UKfvDsi8u/3/finestructure/swiftpackageindex-builder/spi-builder-workspace/.derivedData/Build/Intermediates.noindex/SnapKit.build/Debug-watchos/SnapKit.build/Objects-normal/arm64_32/SnapKit-Swift.h -working-directory /Users/builder/builds/UKfvDsi8u/3/finestructure/swiftpackageindex-builder/spi-builder-workspace/.dependencies/checkouts/SnapKit -experimental-emit-module-separately -disable-cmo
SwiftEmitModule normal armv7k Emitting\ module\ for\ SnapKit (in target 'SnapKit' from project 'SnapKit')
    cd /Users/builder/builds/UKfvDsi8u/3/finestructure/swiftpackageindex-builder/spi-builder-workspace/.dependencies/checkouts/SnapKit
    builtin-swiftTaskExecution -- /Applications/Xcode-15.3.0-Beta.2.app/Contents/Developer/Toolchains/XcodeDefault.xctoolchain/usr/bin/swift-frontend -frontend -emit-module -experimental-skip-non-inlinable-function-bodies-without-types /Users/builder/builds/UKfvDsi8u/3/finestructure/swiftpackageindex-builder/spi-builder-workspace/.dependencies/checkouts/SnapKit/Source/Constraint.swift /Users/builder/builds/UKfvDsi8u/3/finestructure/swiftpackageindex-builder/spi-builder-workspace/.dependencies/checkouts/SnapKit/Source/ConstraintAttributes.swift /Users/builder/builds/UKfvDsi8u/3/finestructure/swiftpackageindex-builder/spi-builder-workspace/.dependencies/checkouts/SnapKit/Source/ConstraintConfig.swift /Users/builder/builds/UKfvDsi8u/3/finestructure/swiftpackageindex-builder/spi-builder-workspace/.dependencies/checkouts/SnapKit/Source/ConstraintConstantTarget.swift /Users/builder/builds/UKfvDsi8u/3/finestructure/swiftpackageindex-builder/spi-builder-workspace/.dependencies/checkouts/SnapKit/Source/ConstraintDSL.swift /Users/builder/builds/UKfvDsi8u/3/finestructure/swiftpackageindex-builder/spi-builder-workspace/.dependencies/checkouts/SnapKit/Source/ConstraintDescription.swift /Users/builder/builds/UKfvDsi8u/3/finestructure/swiftpackageindex-builder/spi-builder-workspace/.dependencies/checkouts/SnapKit/Source/ConstraintDirectionalInsetTarget.swift /Users/builder/builds/UKfvDsi8u/3/finestructure/swiftpackageindex-builder/spi-builder-workspace/.dependencies/checkouts/SnapKit/Source/ConstraintDirectionalInsets.swift /Users/builder/builds/UKfvDsi8u/3/finestructure/swiftpackageindex-builder/spi-builder-workspace/.dependencies/checkouts/SnapKit/Source/ConstraintInsetTarget.swift /Users/builder/builds/UKfvDsi8u/3/finestructure/swiftpackageindex-builder/spi-builder-workspace/.dependencies/checkouts/SnapKit/Source/ConstraintInsets.swift /Users/builder/builds/UKfvDsi8u/3/finestructure/swiftpackageindex-builder/spi-builder-workspace/.dependencies/checkouts/SnapKit/Source/ConstraintItem.swift /Users/builder/builds/UKfvDsi8u/3/finestructure/swiftpackageindex-builder/spi-builder-workspace/.dependencies/checkouts/SnapKit/Source/ConstraintLayoutGuide+Extensions.swift /Users/builder/builds/UKfvDsi8u/3/finestructure/swiftpackageindex-builder/spi-builder-workspace/.dependencies/checkouts/SnapKit/Source/ConstraintLayoutGuide.swift /Users/builder/builds/UKfvDsi8u/3/finestructure/swiftpackageindex-builder/spi-builder-workspace/.dependencies/checkouts/SnapKit/Source/ConstraintLayoutGuideDSL.swift /Users/builder/builds/UKfvDsi8u/3/finestructure/swiftpackageindex-builder/spi-builder-workspace/.dependencies/checkouts/SnapKit/Source/ConstraintLayoutSupport.swift /Users/builder/builds/UKfvDsi8u/3/finestructure/swiftpackageindex-builder/spi-builder-workspace/.dependencies/checkouts/SnapKit/Source/ConstraintLayoutSupportDSL.swift /Users/builder/builds/UKfvDsi8u/3/finestructure/swiftpackageindex-builder/spi-builder-workspace/.dependencies/checkouts/SnapKit/Source/ConstraintMaker.swift /Users/builder/builds/UKfvDsi8u/3/finestructure/swiftpackageindex-builder/spi-builder-workspace/.dependencies/checkouts/SnapKit/Source/ConstraintMakerEditable.swift /Users/builder/builds/UKfvDsi8u/3/finestructure/swiftpackageindex-builder/spi-builder-workspace/.dependencies/checkouts/SnapKit/Source/ConstraintMakerExtendable.swift /Users/builder/builds/UKfvDsi8u/3/finestructure/swiftpackageindex-builder/spi-builder-workspace/.dependencies/checkouts/SnapKit/Source/ConstraintMakerFinalizable.swift /Users/builder/builds/UKfvDsi8u/3/finestructure/swiftpackageindex-builder/spi-builder-workspace/.dependencies/checkouts/SnapKit/Source/ConstraintMakerPriortizable.swift /Users/builder/builds/UKfvDsi8u/3/finestructure/swiftpackageindex-builder/spi-builder-workspace/.dependencies/checkouts/SnapKit/Source/ConstraintMakerRelatable.swift /Users/builder/builds/UKfvDsi8u/3/finestructure/swiftpackageindex-builder/spi-builder-workspace/.dependencies/checkouts/SnapKit/Source/ConstraintMultiplierTarget.swift /Users/builder/builds/UKfvDsi8u/3/finestructure/swiftpackageindex-builder/spi-builder-workspace/.dependencies/checkouts/SnapKit/Source/ConstraintOffsetTarget.swift /Users/builder/builds/UKfvDsi8u/3/finestructure/swiftpackageindex-builder/spi-builder-workspace/.dependencies/checkouts/SnapKit/Source/ConstraintPriority.swift /Users/builder/builds/UKfvDsi8u/3/finestructure/swiftpackageindex-builder/spi-builder-workspace/.dependencies/checkouts/SnapKit/Source/ConstraintPriorityTarget.swift /Users/builder/builds/UKfvDsi8u/3/finestructure/swiftpackageindex-builder/spi-builder-workspace/.dependencies/checkouts/SnapKit/Source/ConstraintRelatableTarget.swift /Users/builder/builds/UKfvDsi8u/3/finestructure/swiftpackageindex-builder/spi-builder-workspace/.dependencies/checkouts/SnapKit/Source/ConstraintRelation.swift /Users/builder/builds/UKfvDsi8u/3/finestructure/swiftpackageindex-builder/spi-builder-workspace/.dependencies/checkouts/SnapKit/Source/ConstraintView+Extensions.swift /Users/builder/builds/UKfvDsi8u/3/finestructure/swiftpackageindex-builder/spi-builder-workspace/.dependencies/checkouts/SnapKit/Source/ConstraintView.swift /Users/builder/builds/UKfvDsi8u/3/finestructure/swiftpackageindex-builder/spi-builder-workspace/.dependencies/checkouts/SnapKit/Source/ConstraintViewDSL.swift /Users/builder/builds/UKfvDsi8u/3/finestructure/swiftpackageindex-builder/spi-builder-workspace/.dependencies/checkouts/SnapKit/Source/Debugging.swift /Users/builder/builds/UKfvDsi8u/3/finestructure/swiftpackageindex-builder/spi-builder-workspace/.dependencies/checkouts/SnapKit/Source/LayoutConstraint.swift /Users/builder/builds/UKfvDsi8u/3/finestructure/swiftpackageindex-builder/spi-builder-workspace/.dependencies/checkouts/SnapKit/Source/LayoutConstraintItem.swift /Users/builder/builds/UKfvDsi8u/3/finestructure/swiftpackageindex-builder/spi-builder-workspace/.dependencies/checkouts/SnapKit/Source/Typealiases.swift /Users/builder/builds/UKfvDsi8u/3/finestructure/swiftpackageindex-builder/spi-builder-workspace/.dependencies/checkouts/SnapKit/Source/UILayoutSupport+Extensions.swift -target armv7k-apple-watchos5.0 -enable-objc-interop -sdk /Applications/Xcode-15.3.0-Beta.2.app/Contents/Developer/Platforms/WatchOS.platform/Developer/SDKs/WatchOS10.4.sdk -I /Users/builder/builds/UKfvDsi8u/3/finestructure/swiftpackageindex-builder/spi-builder-workspace/.derivedData/Build/Products/Debug-watchos -I /Applications/Xcode-15.3.0-Beta.2.app/Contents/Developer/Platforms/WatchOS.platform/Developer/usr/lib -F /Users/builder/builds/UKfvDsi8u/3/finestructure/swiftpackageindex-builder/spi-builder-workspace/.derivedData/Build/Products/Debug-watchos -F /Applications/Xcode-15.3.0-Beta.2.app/Contents/Developer/Platforms/WatchOS.platform/Developer/Library/Frameworks -F /Applications/Xcode-15.3.0-Beta.2.app/Contents/Developer/Platforms/WatchOS.platform/Developer/SDKs/WatchOS10.4.sdk/Developer/Library/Frameworks -no-color-diagnostics -enable-testing -g -module-cache-path /Users/builder/builds/UKfvDsi8u/3/finestructure/swiftpackageindex-builder/spi-builder-workspace/.derivedData/ModuleCache.noindex -suppress-warnings -swift-version 5 -enforce-exclusivity\=checked -Onone -D SWIFT_PACKAGE -D DEBUG -D Xcode -serialize-debugging-options -const-gather-protocols-file /Users/builder/builds/UKfvDsi8u/3/finestructure/swiftpackageindex-builder/spi-builder-workspace/.derivedData/Build/Intermediates.noindex/SnapKit.build/Debug-watchos/SnapKit.build/Objects-normal/armv7k/SnapKit_const_extract_protocols.json -empty-abi-descriptor -validate-clang-modules-once -clang-build-session-file /Users/builder/builds/UKfvDsi8u/3/finestructure/swiftpackageindex-builder/spi-builder-workspace/.derivedData/ModuleCache.noindex/Session.modulevalidation -Xcc -working-directory -Xcc /Users/builder/builds/UKfvDsi8u/3/finestructure/swiftpackageindex-builder/spi-builder-workspace/.dependencies/checkouts/SnapKit -resource-dir /Applications/Xcode-15.3.0-Beta.2.app/Contents/Developer/Toolchains/XcodeDefault.xctoolchain/usr/lib/swift -enable-anonymous-context-mangled-names -Xcc -ivfsstatcache -Xcc /Users/builder/builds/UKfvDsi8u/3/finestructure/swiftpackageindex-builder/spi-builder-workspace/.derivedData/SDKStatCaches.noindex/watchos10.4-21T5196c-188b4c5c5639cdba02b95625249bd203.sdkstatcache -Xcc -I/Users/builder/builds/UKfvDsi8u/3/finestructure/swiftpackageindex-builder/spi-builder-workspace/.derivedData/Build/Intermediates.noindex/SnapKit.build/Debug-watchos/SnapKit.build/swift-overrides.hmap -Xcc -I/Users/builder/builds/UKfvDsi8u/3/finestructure/swiftpackageindex-builder/spi-builder-workspace/.derivedData/Build/Products/Debug-watchos/include -Xcc -I/Users/builder/builds/UKfvDsi8u/3/finestructure/swiftpackageindex-builder/spi-builder-workspace/.derivedData/Build/Intermediates.noindex/SnapKit.build/Debug-watchos/SnapKit.build/DerivedSources-normal/armv7k -Xcc -I/Users/builder/builds/UKfvDsi8u/3/finestructure/swiftpackageindex-builder/spi-builder-workspace/.derivedData/Build/Intermediates.noindex/SnapKit.build/Debug-watchos/SnapKit.build/DerivedSources/armv7k -Xcc -I/Users/builder/builds/UKfvDsi8u/3/finestructure/swiftpackageindex-builder/spi-builder-workspace/.derivedData/Build/Intermediates.noindex/SnapKit.build/Debug-watchos/SnapKit.build/DerivedSources -Xcc -DSWIFT_PACKAGE -Xcc -DDEBUG\=1 -module-name SnapKit -disable-clang-spi -target-sdk-version 10.4 -target-sdk-name watchos10.4 -external-plugin-path /Applications/Xcode-15.3.0-Beta.2.app/Contents/Developer/Platforms/WatchOS.platform/Developer/SDKs/WatchOS10.4.sdk/usr/lib/swift/host/plugins\#/Applications/Xcode-15.3.0-Beta.2.app/Contents/Developer/Platforms/WatchOS.platform/Developer/SDKs/WatchOS10.4.sdk/usr/bin/swift-plugin-server -external-plugin-path /Applications/Xcode-15.3.0-Beta.2.app/Contents/Developer/Platforms/WatchOS.platform/Developer/SDKs/WatchOS10.4.sdk/usr/local/lib/swift/host/plugins\#/Applications/Xcode-15.3.0-Beta.2.app/Contents/Developer/Platforms/WatchOS.platform/Developer/SDKs/WatchOS10.4.sdk/usr/bin/swift-plugin-server -external-plugin-path /Applications/Xcode-15.3.0-Beta.2.app/Contents/Developer/Platforms/WatchOS.platform/Developer/usr/lib/swift/host/plugins\#/Applications/Xcode-15.3.0-Beta.2.app/Contents/Developer/Platforms/WatchOS.platform/Developer/usr/bin/swift-plugin-server -external-plugin-path /Applications/Xcode-15.3.0-Beta.2.app/Contents/Developer/Platforms/WatchOS.platform/Developer/usr/local/lib/swift/host/plugins\#/Applications/Xcode-15.3.0-Beta.2.app/Contents/Developer/Platforms/WatchOS.platform/Developer/usr/bin/swift-plugin-server -plugin-path /Applications/Xcode-15.3.0-Beta.2.app/Contents/Developer/Toolchains/XcodeDefault.xctoolchain/usr/lib/swift/host/plugins -plugin-path /Applications/Xcode-15.3.0-Beta.2.app/Contents/Developer/Toolchains/XcodeDefault.xctoolchain/usr/local/lib/swift/host/plugins -emit-module-doc-path /Users/builder/builds/UKfvDsi8u/3/finestructure/swiftpackageindex-builder/spi-builder-workspace/.derivedData/Build/Intermediates.noindex/SnapKit.build/Debug-watchos/SnapKit.build/Objects-normal/armv7k/SnapKit.swiftdoc -emit-module-source-info-path /Users/builder/builds/UKfvDsi8u/3/finestructure/swiftpackageindex-builder/spi-builder-workspace/.derivedData/Build/Intermediates.noindex/SnapKit.build/Debug-watchos/SnapKit.build/Objects-normal/armv7k/SnapKit.swiftsourceinfo -emit-objc-header-path /Users/builder/builds/UKfvDsi8u/3/finestructure/swiftpackageindex-builder/spi-builder-workspace/.derivedData/Build/Intermediates.noindex/SnapKit.build/Debug-watchos/SnapKit.build/Objects-normal/armv7k/SnapKit-Swift.h -serialize-diagnostics-path /Users/builder/builds/UKfvDsi8u/3/finestructure/swiftpackageindex-builder/spi-builder-workspace/.derivedData/Build/Intermediates.noindex/SnapKit.build/Debug-watchos/SnapKit.build/Objects-normal/armv7k/SnapKit-master-emit-module.dia -emit-dependencies-path /Users/builder/builds/UKfvDsi8u/3/finestructure/swiftpackageindex-builder/spi-builder-workspace/.derivedData/Build/Intermediates.noindex/SnapKit.build/Debug-watchos/SnapKit.build/Objects-normal/armv7k/SnapKit-master-emit-module.d -o /Users/builder/builds/UKfvDsi8u/3/finestructure/swiftpackageindex-builder/spi-builder-workspace/.derivedData/Build/Intermediates.noindex/SnapKit.build/Debug-watchos/SnapKit.build/Objects-normal/armv7k/SnapKit.swiftmodule -emit-abi-descriptor-path /Users/builder/builds/UKfvDsi8u/3/finestructure/swiftpackageindex-builder/spi-builder-workspace/.derivedData/Build/Intermediates.noindex/SnapKit.build/Debug-watchos/SnapKit.build/Objects-normal/armv7k/SnapKit.abi.json
/Users/builder/builds/UKfvDsi8u/3/finestructure/swiftpackageindex-builder/spi-builder-workspace/.dependencies/checkouts/SnapKit/Source/Constraint.swift:27:12: error: no such module 'AppKit'
    import AppKit
           ^
SwiftDriver SnapKit normal arm64 com.apple.xcode.tools.swift.compiler (in target 'SnapKit' from project 'SnapKit')
    cd /Users/builder/builds/UKfvDsi8u/3/finestructure/swiftpackageindex-builder/spi-builder-workspace/.dependencies/checkouts/SnapKit
    builtin-SwiftDriver -- /Applications/Xcode-15.3.0-Beta.2.app/Contents/Developer/Toolchains/XcodeDefault.xctoolchain/usr/bin/swiftc -module-name SnapKit -Onone -enforce-exclusivity\=checked @/Users/builder/builds/UKfvDsi8u/3/finestructure/swiftpackageindex-builder/spi-builder-workspace/.derivedData/Build/Intermediates.noindex/SnapKit.build/Debug-watchos/SnapKit.build/Objects-normal/arm64/SnapKit.SwiftFileList -DSWIFT_PACKAGE -DDEBUG -DXcode -sdk /Applications/Xcode-15.3.0-Beta.2.app/Contents/Developer/Platforms/WatchOS.platform/Developer/SDKs/WatchOS10.4.sdk -target arm64-apple-watchos5.0 -g -module-cache-path /Users/builder/builds/UKfvDsi8u/3/finestructure/swiftpackageindex-builder/spi-builder-workspace/.derivedData/ModuleCache.noindex -Xfrontend -serialize-debugging-options -enable-testing -suppress-warnings -index-store-path /Users/builder/builds/UKfvDsi8u/3/finestructure/swiftpackageindex-builder/spi-builder-workspace/.derivedData/Index.noindex/DataStore -swift-version 5 -I /Users/builder/builds/UKfvDsi8u/3/finestructure/swiftpackageindex-builder/spi-builder-workspace/.derivedData/Build/Products/Debug-watchos -I /Applications/Xcode-15.3.0-Beta.2.app/Contents/Developer/Platforms/WatchOS.platform/Developer/usr/lib -F /Users/builder/builds/UKfvDsi8u/3/finestructure/swiftpackageindex-builder/spi-builder-workspace/.derivedData/Build/Products/Debug-watchos -F /Applications/Xcode-15.3.0-Beta.2.app/Contents/Developer/Platforms/WatchOS.platform/Developer/Library/Frameworks -F /Applications/Xcode-15.3.0-Beta.2.app/Contents/Developer/Platforms/WatchOS.platform/Developer/SDKs/WatchOS10.4.sdk/Developer/Library/Frameworks -c -j8 -enable-batch-mode -incremental -Xcc -ivfsstatcache -Xcc /Users/builder/builds/UKfvDsi8u/3/finestructure/swiftpackageindex-builder/spi-builder-workspace/.derivedData/SDKStatCaches.noindex/watchos10.4-21T5196c-188b4c5c5639cdba02b95625249bd203.sdkstatcache -output-file-map /Users/builder/builds/UKfvDsi8u/3/finestructure/swiftpackageindex-builder/spi-builder-workspace/.derivedData/Build/Intermediates.noindex/SnapKit.build/Debug-watchos/SnapKit.build/Objects-normal/arm64/SnapKit-OutputFileMap.json -use-frontend-parseable-output -save-temps -no-color-diagnostics -serialize-diagnostics -emit-dependencies -emit-module -emit-module-path /Users/builder/builds/UKfvDsi8u/3/finestructure/swiftpackageindex-builder/spi-builder-workspace/.derivedData/Build/Intermediates.noindex/SnapKit.build/Debug-watchos/SnapKit.build/Objects-normal/arm64/SnapKit.swiftmodule -validate-clang-modules-once -clang-build-session-file /Users/builder/builds/UKfvDsi8u/3/finestructure/swiftpackageindex-builder/spi-builder-workspace/.derivedData/ModuleCache.noindex/Session.modulevalidation -Xcc -I/Users/builder/builds/UKfvDsi8u/3/finestructure/swiftpackageindex-builder/spi-builder-workspace/.derivedData/Build/Intermediates.noindex/SnapKit.build/Debug-watchos/SnapKit.build/swift-overrides.hmap -emit-const-values -Xfrontend -const-gather-protocols-file -Xfrontend /Users/builder/builds/UKfvDsi8u/3/finestructure/swiftpackageindex-builder/spi-builder-workspace/.derivedData/Build/Intermediates.noindex/SnapKit.build/Debug-watchos/SnapKit.build/Objects-normal/arm64/SnapKit_const_extract_protocols.json -Xcc -I/Users/builder/builds/UKfvDsi8u/3/finestructure/swiftpackageindex-builder/spi-builder-workspace/.derivedData/Build/Products/Debug-watchos/include -Xcc -I/Users/builder/builds/UKfvDsi8u/3/finestructure/swiftpackageindex-builder/spi-builder-workspace/.derivedData/Build/Intermediates.noindex/SnapKit.build/Debug-watchos/SnapKit.build/DerivedSources-normal/arm64 -Xcc -I/Users/builder/builds/UKfvDsi8u/3/finestructure/swiftpackageindex-builder/spi-builder-workspace/.derivedData/Build/Intermediates.noindex/SnapKit.build/Debug-watchos/SnapKit.build/DerivedSources/arm64 -Xcc -I/Users/builder/builds/UKfvDsi8u/3/finestructure/swiftpackageindex-builder/spi-builder-workspace/.derivedData/Build/Intermediates.noindex/SnapKit.build/Debug-watchos/SnapKit.build/DerivedSources -Xcc -DSWIFT_PACKAGE -Xcc -DDEBUG\=1 -emit-objc-header -emit-objc-header-path /Users/builder/builds/UKfvDsi8u/3/finestructure/swiftpackageindex-builder/spi-builder-workspace/.derivedData/Build/Intermediates.noindex/SnapKit.build/Debug-watchos/SnapKit.build/Objects-normal/arm64/SnapKit-Swift.h -working-directory /Users/builder/builds/UKfvDsi8u/3/finestructure/swiftpackageindex-builder/spi-builder-workspace/.dependencies/checkouts/SnapKit -experimental-emit-module-separately -disable-cmo
SwiftEmitModule normal arm64_32 Emitting\ module\ for\ SnapKit (in target 'SnapKit' from project 'SnapKit')
    cd /Users/builder/builds/UKfvDsi8u/3/finestructure/swiftpackageindex-builder/spi-builder-workspace/.dependencies/checkouts/SnapKit
    builtin-swiftTaskExecution -- /Applications/Xcode-15.3.0-Beta.2.app/Contents/Developer/Toolchains/XcodeDefault.xctoolchain/usr/bin/swift-frontend -frontend -emit-module -experimental-skip-non-inlinable-function-bodies-without-types /Users/builder/builds/UKfvDsi8u/3/finestructure/swiftpackageindex-builder/spi-builder-workspace/.dependencies/checkouts/SnapKit/Source/Constraint.swift /Users/builder/builds/UKfvDsi8u/3/finestructure/swiftpackageindex-builder/spi-builder-workspace/.dependencies/checkouts/SnapKit/Source/ConstraintAttributes.swift /Users/builder/builds/UKfvDsi8u/3/finestructure/swiftpackageindex-builder/spi-builder-workspace/.dependencies/checkouts/SnapKit/Source/ConstraintConfig.swift /Users/builder/builds/UKfvDsi8u/3/finestructure/swiftpackageindex-builder/spi-builder-workspace/.dependencies/checkouts/SnapKit/Source/ConstraintConstantTarget.swift /Users/builder/builds/UKfvDsi8u/3/finestructure/swiftpackageindex-builder/spi-builder-workspace/.dependencies/checkouts/SnapKit/Source/ConstraintDSL.swift /Users/builder/builds/UKfvDsi8u/3/finestructure/swiftpackageindex-builder/spi-builder-workspace/.dependencies/checkouts/SnapKit/Source/ConstraintDescription.swift /Users/builder/builds/UKfvDsi8u/3/finestructure/swiftpackageindex-builder/spi-builder-workspace/.dependencies/checkouts/SnapKit/Source/ConstraintDirectionalInsetTarget.swift /Users/builder/builds/UKfvDsi8u/3/finestructure/swiftpackageindex-builder/spi-builder-workspace/.dependencies/checkouts/SnapKit/Source/ConstraintDirectionalInsets.swift /Users/builder/builds/UKfvDsi8u/3/finestructure/swiftpackageindex-builder/spi-builder-workspace/.dependencies/checkouts/SnapKit/Source/ConstraintInsetTarget.swift /Users/builder/builds/UKfvDsi8u/3/finestructure/swiftpackageindex-builder/spi-builder-workspace/.dependencies/checkouts/SnapKit/Source/ConstraintInsets.swift /Users/builder/builds/UKfvDsi8u/3/finestructure/swiftpackageindex-builder/spi-builder-workspace/.dependencies/checkouts/SnapKit/Source/ConstraintItem.swift /Users/builder/builds/UKfvDsi8u/3/finestructure/swiftpackageindex-builder/spi-builder-workspace/.dependencies/checkouts/SnapKit/Source/ConstraintLayoutGuide+Extensions.swift /Users/builder/builds/UKfvDsi8u/3/finestructure/swiftpackageindex-builder/spi-builder-workspace/.dependencies/checkouts/SnapKit/Source/ConstraintLayoutGuide.swift /Users/builder/builds/UKfvDsi8u/3/finestructure/swiftpackageindex-builder/spi-builder-workspace/.dependencies/checkouts/SnapKit/Source/ConstraintLayoutGuideDSL.swift /Users/builder/builds/UKfvDsi8u/3/finestructure/swiftpackageindex-builder/spi-builder-workspace/.dependencies/checkouts/SnapKit/Source/ConstraintLayoutSupport.swift /Users/builder/builds/UKfvDsi8u/3/finestructure/swiftpackageindex-builder/spi-builder-workspace/.dependencies/checkouts/SnapKit/Source/ConstraintLayoutSupportDSL.swift /Users/builder/builds/UKfvDsi8u/3/finestructure/swiftpackageindex-builder/spi-builder-workspace/.dependencies/checkouts/SnapKit/Source/ConstraintMaker.swift /Users/builder/builds/UKfvDsi8u/3/finestructure/swiftpackageindex-builder/spi-builder-workspace/.dependencies/checkouts/SnapKit/Source/ConstraintMakerEditable.swift /Users/builder/builds/UKfvDsi8u/3/finestructure/swiftpackageindex-builder/spi-builder-workspace/.dependencies/checkouts/SnapKit/Source/ConstraintMakerExtendable.swift /Users/builder/builds/UKfvDsi8u/3/finestructure/swiftpackageindex-builder/spi-builder-workspace/.dependencies/checkouts/SnapKit/Source/ConstraintMakerFinalizable.swift /Users/builder/builds/UKfvDsi8u/3/finestructure/swiftpackageindex-builder/spi-builder-workspace/.dependencies/checkouts/SnapKit/Source/ConstraintMakerPriortizable.swift /Users/builder/builds/UKfvDsi8u/3/finestructure/swiftpackageindex-builder/spi-builder-workspace/.dependencies/checkouts/SnapKit/Source/ConstraintMakerRelatable.swift /Users/builder/builds/UKfvDsi8u/3/finestructure/swiftpackageindex-builder/spi-builder-workspace/.dependencies/checkouts/SnapKit/Source/ConstraintMultiplierTarget.swift /Users/builder/builds/UKfvDsi8u/3/finestructure/swiftpackageindex-builder/spi-builder-workspace/.dependencies/checkouts/SnapKit/Source/ConstraintOffsetTarget.swift /Users/builder/builds/UKfvDsi8u/3/finestructure/swiftpackageindex-builder/spi-builder-workspace/.dependencies/checkouts/SnapKit/Source/ConstraintPriority.swift /Users/builder/builds/UKfvDsi8u/3/finestructure/swiftpackageindex-builder/spi-builder-workspace/.dependencies/checkouts/SnapKit/Source/ConstraintPriorityTarget.swift /Users/builder/builds/UKfvDsi8u/3/finestructure/swiftpackageindex-builder/spi-builder-workspace/.dependencies/checkouts/SnapKit/Source/ConstraintRelatableTarget.swift /Users/builder/builds/UKfvDsi8u/3/finestructure/swiftpackageindex-builder/spi-builder-workspace/.dependencies/checkouts/SnapKit/Source/ConstraintRelation.swift /Users/builder/builds/UKfvDsi8u/3/finestructure/swiftpackageindex-builder/spi-builder-workspace/.dependencies/checkouts/SnapKit/Source/ConstraintView+Extensions.swift /Users/builder/builds/UKfvDsi8u/3/finestructure/swiftpackageindex-builder/spi-builder-workspace/.dependencies/checkouts/SnapKit/Source/ConstraintView.swift /Users/builder/builds/UKfvDsi8u/3/finestructure/swiftpackageindex-builder/spi-builder-workspace/.dependencies/checkouts/SnapKit/Source/ConstraintViewDSL.swift /Users/builder/builds/UKfvDsi8u/3/finestructure/swiftpackageindex-builder/spi-builder-workspace/.dependencies/checkouts/SnapKit/Source/Debugging.swift /Users/builder/builds/UKfvDsi8u/3/finestructure/swiftpackageindex-builder/spi-builder-workspace/.dependencies/checkouts/SnapKit/Source/LayoutConstraint.swift /Users/builder/builds/UKfvDsi8u/3/finestructure/swiftpackageindex-builder/spi-builder-workspace/.dependencies/checkouts/SnapKit/Source/LayoutConstraintItem.swift /Users/builder/builds/UKfvDsi8u/3/finestructure/swiftpackageindex-builder/spi-builder-workspace/.dependencies/checkouts/SnapKit/Source/Typealiases.swift /Users/builder/builds/UKfvDsi8u/3/finestructure/swiftpackageindex-builder/spi-builder-workspace/.dependencies/checkouts/SnapKit/Source/UILayoutSupport+Extensions.swift -target arm64_32-apple-watchos5.0 -enable-objc-interop -sdk /Applications/Xcode-15.3.0-Beta.2.app/Contents/Developer/Platforms/WatchOS.platform/Developer/SDKs/WatchOS10.4.sdk -I /Users/builder/builds/UKfvDsi8u/3/finestructure/swiftpackageindex-builder/spi-builder-workspace/.derivedData/Build/Products/Debug-watchos -I /Applications/Xcode-15.3.0-Beta.2.app/Contents/Developer/Platforms/WatchOS.platform/Developer/usr/lib -F /Users/builder/builds/UKfvDsi8u/3/finestructure/swiftpackageindex-builder/spi-builder-workspace/.derivedData/Build/Products/Debug-watchos -F /Applications/Xcode-15.3.0-Beta.2.app/Contents/Developer/Platforms/WatchOS.platform/Developer/Library/Frameworks -F /Applications/Xcode-15.3.0-Beta.2.app/Contents/Developer/Platforms/WatchOS.platform/Developer/SDKs/WatchOS10.4.sdk/Developer/Library/Frameworks -no-color-diagnostics -enable-testing -g -module-cache-path /Users/builder/builds/UKfvDsi8u/3/finestructure/swiftpackageindex-builder/spi-builder-workspace/.derivedData/ModuleCache.noindex -suppress-warnings -swift-version 5 -enforce-exclusivity\=checked -Onone -D SWIFT_PACKAGE -D DEBUG -D Xcode -serialize-debugging-options -const-gather-protocols-file /Users/builder/builds/UKfvDsi8u/3/finestructure/swiftpackageindex-builder/spi-builder-workspace/.derivedData/Build/Intermediates.noindex/SnapKit.build/Debug-watchos/SnapKit.build/Objects-normal/arm64_32/SnapKit_const_extract_protocols.json -empty-abi-descriptor -validate-clang-modules-once -clang-build-session-file /Users/builder/builds/UKfvDsi8u/3/finestructure/swiftpackageindex-builder/spi-builder-workspace/.derivedData/ModuleCache.noindex/Session.modulevalidation -Xcc -working-directory -Xcc /Users/builder/builds/UKfvDsi8u/3/finestructure/swiftpackageindex-builder/spi-builder-workspace/.dependencies/checkouts/SnapKit -resource-dir /Applications/Xcode-15.3.0-Beta.2.app/Contents/Developer/Toolchains/XcodeDefault.xctoolchain/usr/lib/swift -enable-anonymous-context-mangled-names -Xcc -ivfsstatcache -Xcc /Users/builder/builds/UKfvDsi8u/3/finestructure/swiftpackageindex-builder/spi-builder-workspace/.derivedData/SDKStatCaches.noindex/watchos10.4-21T5196c-188b4c5c5639cdba02b95625249bd203.sdkstatcache -Xcc -I/Users/builder/builds/UKfvDsi8u/3/finestructure/swiftpackageindex-builder/spi-builder-workspace/.derivedData/Build/Intermediates.noindex/SnapKit.build/Debug-watchos/SnapKit.build/swift-overrides.hmap -Xcc -I/Users/builder/builds/UKfvDsi8u/3/finestructure/swiftpackageindex-builder/spi-builder-workspace/.derivedData/Build/Products/Debug-watchos/include -Xcc -I/Users/builder/builds/UKfvDsi8u/3/finestructure/swiftpackageindex-builder/spi-builder-workspace/.derivedData/Build/Intermediates.noindex/SnapKit.build/Debug-watchos/SnapKit.build/DerivedSources-normal/arm64_32 -Xcc -I/Users/builder/builds/UKfvDsi8u/3/finestructure/swiftpackageindex-builder/spi-builder-workspace/.derivedData/Build/Intermediates.noindex/SnapKit.build/Debug-watchos/SnapKit.build/DerivedSources/arm64_32 -Xcc -I/Users/builder/builds/UKfvDsi8u/3/finestructure/swiftpackageindex-builder/spi-builder-workspace/.derivedData/Build/Intermediates.noindex/SnapKit.build/Debug-watchos/SnapKit.build/DerivedSources -Xcc -DSWIFT_PACKAGE -Xcc -DDEBUG\=1 -module-name SnapKit -disable-clang-spi -target-sdk-version 10.4 -target-sdk-name watchos10.4 -external-plugin-path /Applications/Xcode-15.3.0-Beta.2.app/Contents/Developer/Platforms/WatchOS.platform/Developer/SDKs/WatchOS10.4.sdk/usr/lib/swift/host/plugins\#/Applications/Xcode-15.3.0-Beta.2.app/Contents/Developer/Platforms/WatchOS.platform/Developer/SDKs/WatchOS10.4.sdk/usr/bin/swift-plugin-server -external-plugin-path /Applications/Xcode-15.3.0-Beta.2.app/Contents/Developer/Platforms/WatchOS.platform/Developer/SDKs/WatchOS10.4.sdk/usr/local/lib/swift/host/plugins\#/Applications/Xcode-15.3.0-Beta.2.app/Contents/Developer/Platforms/WatchOS.platform/Developer/SDKs/WatchOS10.4.sdk/usr/bin/swift-plugin-server -external-plugin-path /Applications/Xcode-15.3.0-Beta.2.app/Contents/Developer/Platforms/WatchOS.platform/Developer/usr/lib/swift/host/plugins\#/Applications/Xcode-15.3.0-Beta.2.app/Contents/Developer/Platforms/WatchOS.platform/Developer/usr/bin/swift-plugin-server -external-plugin-path /Applications/Xcode-15.3.0-Beta.2.app/Contents/Developer/Platforms/WatchOS.platform/Developer/usr/local/lib/swift/host/plugins\#/Applications/Xcode-15.3.0-Beta.2.app/Contents/Developer/Platforms/WatchOS.platform/Developer/usr/bin/swift-plugin-server -plugin-path /Applications/Xcode-15.3.0-Beta.2.app/Contents/Developer/Toolchains/XcodeDefault.xctoolchain/usr/lib/swift/host/plugins -plugin-path /Applications/Xcode-15.3.0-Beta.2.app/Contents/Developer/Toolchains/XcodeDefault.xctoolchain/usr/local/lib/swift/host/plugins -emit-module-doc-path /Users/builder/builds/UKfvDsi8u/3/finestructure/swiftpackageindex-builder/spi-builder-workspace/.derivedData/Build/Intermediates.noindex/SnapKit.build/Debug-watchos/SnapKit.build/Objects-normal/arm64_32/SnapKit.swiftdoc -emit-module-source-info-path /Users/builder/builds/UKfvDsi8u/3/finestructure/swiftpackageindex-builder/spi-builder-workspace/.derivedData/Build/Intermediates.noindex/SnapKit.build/Debug-watchos/SnapKit.build/Objects-normal/arm64_32/SnapKit.swiftsourceinfo -emit-objc-header-path /Users/builder/builds/UKfvDsi8u/3/finestructure/swiftpackageindex-builder/spi-builder-workspace/.derivedData/Build/Intermediates.noindex/SnapKit.build/Debug-watchos/SnapKit.build/Objects-normal/arm64_32/SnapKit-Swift.h -serialize-diagnostics-path /Users/builder/builds/UKfvDsi8u/3/finestructure/swiftpackageindex-builder/spi-builder-workspace/.derivedData/Build/Intermediates.noindex/SnapKit.build/Debug-watchos/SnapKit.build/Objects-normal/arm64_32/SnapKit-master-emit-module.dia -emit-dependencies-path /Users/builder/builds/UKfvDsi8u/3/finestructure/swiftpackageindex-builder/spi-builder-workspace/.derivedData/Build/Intermediates.noindex/SnapKit.build/Debug-watchos/SnapKit.build/Objects-normal/arm64_32/SnapKit-master-emit-module.d -o /Users/builder/builds/UKfvDsi8u/3/finestructure/swiftpackageindex-builder/spi-builder-workspace/.derivedData/Build/Intermediates.noindex/SnapKit.build/Debug-watchos/SnapKit.build/Objects-normal/arm64_32/SnapKit.swiftmodule -emit-abi-descriptor-path /Users/builder/builds/UKfvDsi8u/3/finestructure/swiftpackageindex-builder/spi-builder-workspace/.derivedData/Build/Intermediates.noindex/SnapKit.build/Debug-watchos/SnapKit.build/Objects-normal/arm64_32/SnapKit.abi.json
/Users/builder/builds/UKfvDsi8u/3/finestructure/swiftpackageindex-builder/spi-builder-workspace/.dependencies/checkouts/SnapKit/Source/Constraint.swift:27:12: error: no such module 'AppKit'
    import AppKit
           ^
SwiftEmitModule normal arm64 Emitting\ module\ for\ SnapKit (in target 'SnapKit' from project 'SnapKit')
    cd /Users/builder/builds/UKfvDsi8u/3/finestructure/swiftpackageindex-builder/spi-builder-workspace/.dependencies/checkouts/SnapKit
    builtin-swiftTaskExecution -- /Applications/Xcode-15.3.0-Beta.2.app/Contents/Developer/Toolchains/XcodeDefault.xctoolchain/usr/bin/swift-frontend -frontend -emit-module -experimental-skip-non-inlinable-function-bodies-without-types /Users/builder/builds/UKfvDsi8u/3/finestructure/swiftpackageindex-builder/spi-builder-workspace/.dependencies/checkouts/SnapKit/Source/Constraint.swift /Users/builder/builds/UKfvDsi8u/3/finestructure/swiftpackageindex-builder/spi-builder-workspace/.dependencies/checkouts/SnapKit/Source/ConstraintAttributes.swift /Users/builder/builds/UKfvDsi8u/3/finestructure/swiftpackageindex-builder/spi-builder-workspace/.dependencies/checkouts/SnapKit/Source/ConstraintConfig.swift /Users/builder/builds/UKfvDsi8u/3/finestructure/swiftpackageindex-builder/spi-builder-workspace/.dependencies/checkouts/SnapKit/Source/ConstraintConstantTarget.swift /Users/builder/builds/UKfvDsi8u/3/finestructure/swiftpackageindex-builder/spi-builder-workspace/.dependencies/checkouts/SnapKit/Source/ConstraintDSL.swift /Users/builder/builds/UKfvDsi8u/3/finestructure/swiftpackageindex-builder/spi-builder-workspace/.dependencies/checkouts/SnapKit/Source/ConstraintDescription.swift /Users/builder/builds/UKfvDsi8u/3/finestructure/swiftpackageindex-builder/spi-builder-workspace/.dependencies/checkouts/SnapKit/Source/ConstraintDirectionalInsetTarget.swift /Users/builder/builds/UKfvDsi8u/3/finestructure/swiftpackageindex-builder/spi-builder-workspace/.dependencies/checkouts/SnapKit/Source/ConstraintDirectionalInsets.swift /Users/builder/builds/UKfvDsi8u/3/finestructure/swiftpackageindex-builder/spi-builder-workspace/.dependencies/checkouts/SnapKit/Source/ConstraintInsetTarget.swift /Users/builder/builds/UKfvDsi8u/3/finestructure/swiftpackageindex-builder/spi-builder-workspace/.dependencies/checkouts/SnapKit/Source/ConstraintInsets.swift /Users/builder/builds/UKfvDsi8u/3/finestructure/swiftpackageindex-builder/spi-builder-workspace/.dependencies/checkouts/SnapKit/Source/ConstraintItem.swift /Users/builder/builds/UKfvDsi8u/3/finestructure/swiftpackageindex-builder/spi-builder-workspace/.dependencies/checkouts/SnapKit/Source/ConstraintLayoutGuide+Extensions.swift /Users/builder/builds/UKfvDsi8u/3/finestructure/swiftpackageindex-builder/spi-builder-workspace/.dependencies/checkouts/SnapKit/Source/ConstraintLayoutGuide.swift /Users/builder/builds/UKfvDsi8u/3/finestructure/swiftpackageindex-builder/spi-builder-workspace/.dependencies/checkouts/SnapKit/Source/ConstraintLayoutGuideDSL.swift /Users/builder/builds/UKfvDsi8u/3/finestructure/swiftpackageindex-builder/spi-builder-workspace/.dependencies/checkouts/SnapKit/Source/ConstraintLayoutSupport.swift /Users/builder/builds/UKfvDsi8u/3/finestructure/swiftpackageindex-builder/spi-builder-workspace/.dependencies/checkouts/SnapKit/Source/ConstraintLayoutSupportDSL.swift /Users/builder/builds/UKfvDsi8u/3/finestructure/swiftpackageindex-builder/spi-builder-workspace/.dependencies/checkouts/SnapKit/Source/ConstraintMaker.swift /Users/builder/builds/UKfvDsi8u/3/finestructure/swiftpackageindex-builder/spi-builder-workspace/.dependencies/checkouts/SnapKit/Source/ConstraintMakerEditable.swift /Users/builder/builds/UKfvDsi8u/3/finestructure/swiftpackageindex-builder/spi-builder-workspace/.dependencies/checkouts/SnapKit/Source/ConstraintMakerExtendable.swift /Users/builder/builds/UKfvDsi8u/3/finestructure/swiftpackageindex-builder/spi-builder-workspace/.dependencies/checkouts/SnapKit/Source/ConstraintMakerFinalizable.swift /Users/builder/builds/UKfvDsi8u/3/finestructure/swiftpackageindex-builder/spi-builder-workspace/.dependencies/checkouts/SnapKit/Source/ConstraintMakerPriortizable.swift /Users/builder/builds/UKfvDsi8u/3/finestructure/swiftpackageindex-builder/spi-builder-workspace/.dependencies/checkouts/SnapKit/Source/ConstraintMakerRelatable.swift /Users/builder/builds/UKfvDsi8u/3/finestructure/swiftpackageindex-builder/spi-builder-workspace/.dependencies/checkouts/SnapKit/Source/ConstraintMultiplierTarget.swift /Users/builder/builds/UKfvDsi8u/3/finestructure/swiftpackageindex-builder/spi-builder-workspace/.dependencies/checkouts/SnapKit/Source/ConstraintOffsetTarget.swift /Users/builder/builds/UKfvDsi8u/3/finestructure/swiftpackageindex-builder/spi-builder-workspace/.dependencies/checkouts/SnapKit/Source/ConstraintPriority.swift /Users/builder/builds/UKfvDsi8u/3/finestructure/swiftpackageindex-builder/spi-builder-workspace/.dependencies/checkouts/SnapKit/Source/ConstraintPriorityTarget.swift /Users/builder/builds/UKfvDsi8u/3/finestructure/swiftpackageindex-builder/spi-builder-workspace/.dependencies/checkouts/SnapKit/Source/ConstraintRelatableTarget.swift /Users/builder/builds/UKfvDsi8u/3/finestructure/swiftpackageindex-builder/spi-builder-workspace/.dependencies/checkouts/SnapKit/Source/ConstraintRelation.swift /Users/builder/builds/UKfvDsi8u/3/finestructure/swiftpackageindex-builder/spi-builder-workspace/.dependencies/checkouts/SnapKit/Source/ConstraintView+Extensions.swift /Users/builder/builds/UKfvDsi8u/3/finestructure/swiftpackageindex-builder/spi-builder-workspace/.dependencies/checkouts/SnapKit/Source/ConstraintView.swift /Users/builder/builds/UKfvDsi8u/3/finestructure/swiftpackageindex-builder/spi-builder-workspace/.dependencies/checkouts/SnapKit/Source/ConstraintViewDSL.swift /Users/builder/builds/UKfvDsi8u/3/finestructure/swiftpackageindex-builder/spi-builder-workspace/.dependencies/checkouts/SnapKit/Source/Debugging.swift /Users/builder/builds/UKfvDsi8u/3/finestructure/swiftpackageindex-builder/spi-builder-workspace/.dependencies/checkouts/SnapKit/Source/LayoutConstraint.swift /Users/builder/builds/UKfvDsi8u/3/finestructure/swiftpackageindex-builder/spi-builder-workspace/.dependencies/checkouts/SnapKit/Source/LayoutConstraintItem.swift /Users/builder/builds/UKfvDsi8u/3/finestructure/swiftpackageindex-builder/spi-builder-workspace/.dependencies/checkouts/SnapKit/Source/Typealiases.swift /Users/builder/builds/UKfvDsi8u/3/finestructure/swiftpackageindex-builder/spi-builder-workspace/.dependencies/checkouts/SnapKit/Source/UILayoutSupport+Extensions.swift -target arm64-apple-watchos5.0 -Xllvm -aarch64-use-tbi -enable-objc-interop -sdk /Applications/Xcode-15.3.0-Beta.2.app/Contents/Developer/Platforms/WatchOS.platform/Developer/SDKs/WatchOS10.4.sdk -I /Users/builder/builds/UKfvDsi8u/3/finestructure/swiftpackageindex-builder/spi-builder-workspace/.derivedData/Build/Products/Debug-watchos -I /Applications/Xcode-15.3.0-Beta.2.app/Contents/Developer/Platforms/WatchOS.platform/Developer/usr/lib -F /Users/builder/builds/UKfvDsi8u/3/finestructure/swiftpackageindex-builder/spi-builder-workspace/.derivedData/Build/Products/Debug-watchos -F /Applications/Xcode-15.3.0-Beta.2.app/Contents/Developer/Platforms/WatchOS.platform/Developer/Library/Frameworks -F /Applications/Xcode-15.3.0-Beta.2.app/Contents/Developer/Platforms/WatchOS.platform/Developer/SDKs/WatchOS10.4.sdk/Developer/Library/Frameworks -no-color-diagnostics -enable-testing -g -module-cache-path /Users/builder/builds/UKfvDsi8u/3/finestructure/swiftpackageindex-builder/spi-builder-workspace/.derivedData/ModuleCache.noindex -suppress-warnings -swift-version 5 -enforce-exclusivity\=checked -Onone -D SWIFT_PACKAGE -D DEBUG -D Xcode -serialize-debugging-options -const-gather-protocols-file /Users/builder/builds/UKfvDsi8u/3/finestructure/swiftpackageindex-builder/spi-builder-workspace/.derivedData/Build/Intermediates.noindex/SnapKit.build/Debug-watchos/SnapKit.build/Objects-normal/arm64/SnapKit_const_extract_protocols.json -empty-abi-descriptor -validate-clang-modules-once -clang-build-session-file /Users/builder/builds/UKfvDsi8u/3/finestructure/swiftpackageindex-builder/spi-builder-workspace/.derivedData/ModuleCache.noindex/Session.modulevalidation -Xcc -working-directory -Xcc /Users/builder/builds/UKfvDsi8u/3/finestructure/swiftpackageindex-builder/spi-builder-workspace/.dependencies/checkouts/SnapKit -resource-dir /Applications/Xcode-15.3.0-Beta.2.app/Contents/Developer/Toolchains/XcodeDefault.xctoolchain/usr/lib/swift -enable-anonymous-context-mangled-names -Xcc -ivfsstatcache -Xcc /Users/builder/builds/UKfvDsi8u/3/finestructure/swiftpackageindex-builder/spi-builder-workspace/.derivedData/SDKStatCaches.noindex/watchos10.4-21T5196c-188b4c5c5639cdba02b95625249bd203.sdkstatcache -Xcc -I/Users/builder/builds/UKfvDsi8u/3/finestructure/swiftpackageindex-builder/spi-builder-workspace/.derivedData/Build/Intermediates.noindex/SnapKit.build/Debug-watchos/SnapKit.build/swift-overrides.hmap -Xcc -I/Users/builder/builds/UKfvDsi8u/3/finestructure/swiftpackageindex-builder/spi-builder-workspace/.derivedData/Build/Products/Debug-watchos/include -Xcc -I/Users/builder/builds/UKfvDsi8u/3/finestructure/swiftpackageindex-builder/spi-builder-workspace/.derivedData/Build/Intermediates.noindex/SnapKit.build/Debug-watchos/SnapKit.build/DerivedSources-normal/arm64 -Xcc -I/Users/builder/builds/UKfvDsi8u/3/finestructure/swiftpackageindex-builder/spi-builder-workspace/.derivedData/Build/Intermediates.noindex/SnapKit.build/Debug-watchos/SnapKit.build/DerivedSources/arm64 -Xcc -I/Users/builder/builds/UKfvDsi8u/3/finestructure/swiftpackageindex-builder/spi-builder-workspace/.derivedData/Build/Intermediates.noindex/SnapKit.build/Debug-watchos/SnapKit.build/DerivedSources -Xcc -DSWIFT_PACKAGE -Xcc -DDEBUG\=1 -module-name SnapKit -disable-clang-spi -target-sdk-version 10.4 -target-sdk-name watchos10.4 -external-plugin-path /Applications/Xcode-15.3.0-Beta.2.app/Contents/Developer/Platforms/WatchOS.platform/Developer/SDKs/WatchOS10.4.sdk/usr/lib/swift/host/plugins\#/Applications/Xcode-15.3.0-Beta.2.app/Contents/Developer/Platforms/WatchOS.platform/Developer/SDKs/WatchOS10.4.sdk/usr/bin/swift-plugin-server -external-plugin-path /Applications/Xcode-15.3.0-Beta.2.app/Contents/Developer/Platforms/WatchOS.platform/Developer/SDKs/WatchOS10.4.sdk/usr/local/lib/swift/host/plugins\#/Applications/Xcode-15.3.0-Beta.2.app/Contents/Developer/Platforms/WatchOS.platform/Developer/SDKs/WatchOS10.4.sdk/usr/bin/swift-plugin-server -external-plugin-path /Applications/Xcode-15.3.0-Beta.2.app/Contents/Developer/Platforms/WatchOS.platform/Developer/usr/lib/swift/host/plugins\#/Applications/Xcode-15.3.0-Beta.2.app/Contents/Developer/Platforms/WatchOS.platform/Developer/usr/bin/swift-plugin-server -external-plugin-path /Applications/Xcode-15.3.0-Beta.2.app/Contents/Developer/Platforms/WatchOS.platform/Developer/usr/local/lib/swift/host/plugins\#/Applications/Xcode-15.3.0-Beta.2.app/Contents/Developer/Platforms/WatchOS.platform/Developer/usr/bin/swift-plugin-server -plugin-path /Applications/Xcode-15.3.0-Beta.2.app/Contents/Developer/Toolchains/XcodeDefault.xctoolchain/usr/lib/swift/host/plugins -plugin-path /Applications/Xcode-15.3.0-Beta.2.app/Contents/Developer/Toolchains/XcodeDefault.xctoolchain/usr/local/lib/swift/host/plugins -emit-module-doc-path /Users/builder/builds/UKfvDsi8u/3/finestructure/swiftpackageindex-builder/spi-builder-workspace/.derivedData/Build/Intermediates.noindex/SnapKit.build/Debug-watchos/SnapKit.build/Objects-normal/arm64/SnapKit.swiftdoc -emit-module-source-info-path /Users/builder/builds/UKfvDsi8u/3/finestructure/swiftpackageindex-builder/spi-builder-workspace/.derivedData/Build/Intermediates.noindex/SnapKit.build/Debug-watchos/SnapKit.build/Objects-normal/arm64/SnapKit.swiftsourceinfo -emit-objc-header-path /Users/builder/builds/UKfvDsi8u/3/finestructure/swiftpackageindex-builder/spi-builder-workspace/.derivedData/Build/Intermediates.noindex/SnapKit.build/Debug-watchos/SnapKit.build/Objects-normal/arm64/SnapKit-Swift.h -serialize-diagnostics-path /Users/builder/builds/UKfvDsi8u/3/finestructure/swiftpackageindex-builder/spi-builder-workspace/.derivedData/Build/Intermediates.noindex/SnapKit.build/Debug-watchos/SnapKit.build/Objects-normal/arm64/SnapKit-master-emit-module.dia -emit-dependencies-path /Users/builder/builds/UKfvDsi8u/3/finestructure/swiftpackageindex-builder/spi-builder-workspace/.derivedData/Build/Intermediates.noindex/SnapKit.build/Debug-watchos/SnapKit.build/Objects-normal/arm64/SnapKit-master-emit-module.d -o /Users/builder/builds/UKfvDsi8u/3/finestructure/swiftpackageindex-builder/spi-builder-workspace/.derivedData/Build/Intermediates.noindex/SnapKit.build/Debug-watchos/SnapKit.build/Objects-normal/arm64/SnapKit.swiftmodule -emit-abi-descriptor-path /Users/builder/builds/UKfvDsi8u/3/finestructure/swiftpackageindex-builder/spi-builder-workspace/.derivedData/Build/Intermediates.noindex/SnapKit.build/Debug-watchos/SnapKit.build/Objects-normal/arm64/SnapKit.abi.json
/Users/builder/builds/UKfvDsi8u/3/finestructure/swiftpackageindex-builder/spi-builder-workspace/.dependencies/checkouts/SnapKit/Source/Constraint.swift:27:12: error: no such module 'AppKit'
    import AppKit
           ^
SwiftDriver Down normal armv7k com.apple.xcode.tools.swift.compiler (in target 'Down' from project 'Down')
    cd /Users/builder/builds/UKfvDsi8u/3/finestructure/swiftpackageindex-builder/spi-builder-workspace/.dependencies/checkouts/Down
    builtin-SwiftDriver -- /Applications/Xcode-15.3.0-Beta.2.app/Contents/Developer/Toolchains/XcodeDefault.xctoolchain/usr/bin/swiftc -module-name Down -Onone -enforce-exclusivity\=checked @/Users/builder/builds/UKfvDsi8u/3/finestructure/swiftpackageindex-builder/spi-builder-workspace/.derivedData/Build/Intermediates.noindex/Down.build/Debug-watchos/Down.build/Objects-normal/armv7k/Down.SwiftFileList -DSWIFT_PACKAGE -DDEBUG -Xcc -fmodule-map-file\=/Users/builder/builds/UKfvDsi8u/3/finestructure/swiftpackageindex-builder/spi-builder-workspace/.derivedData/Build/Intermediates.noindex/GeneratedModuleMaps-watchos/libcmark.modulemap -DXcode -sdk /Applications/Xcode-15.3.0-Beta.2.app/Contents/Developer/Platforms/WatchOS.platform/Developer/SDKs/WatchOS10.4.sdk -target armv7k-apple-watchos5.0 -g -module-cache-path /Users/builder/builds/UKfvDsi8u/3/finestructure/swiftpackageindex-builder/spi-builder-workspace/.derivedData/ModuleCache.noindex -Xfrontend -serialize-debugging-options -enable-testing -suppress-warnings -index-store-path /Users/builder/builds/UKfvDsi8u/3/finestructure/swiftpackageindex-builder/spi-builder-workspace/.derivedData/Index.noindex/DataStore -swift-version 5 -I /Users/builder/builds/UKfvDsi8u/3/finestructure/swiftpackageindex-builder/spi-builder-workspace/.derivedData/Build/Products/Debug-watchos -I /Applications/Xcode-15.3.0-Beta.2.app/Contents/Developer/Platforms/WatchOS.platform/Developer/usr/lib -F /Users/builder/builds/UKfvDsi8u/3/finestructure/swiftpackageindex-builder/spi-builder-workspace/.derivedData/Build/Products/Debug-watchos/PackageFrameworks -F /Users/builder/builds/UKfvDsi8u/3/finestructure/swiftpackageindex-builder/spi-builder-workspace/.derivedData/Build/Products/Debug-watchos -F /Applications/Xcode-15.3.0-Beta.2.app/Contents/Developer/Platforms/WatchOS.platform/Developer/Library/Frameworks -F /Applications/Xcode-15.3.0-Beta.2.app/Contents/Developer/Platforms/WatchOS.platform/Developer/SDKs/WatchOS10.4.sdk/Developer/Library/Frameworks -c -j8 -enable-batch-mode -incremental -Xcc -ivfsstatcache -Xcc /Users/builder/builds/UKfvDsi8u/3/finestructure/swiftpackageindex-builder/spi-builder-workspace/.derivedData/SDKStatCaches.noindex/watchos10.4-21T5196c-188b4c5c5639cdba02b95625249bd203.sdkstatcache -output-file-map /Users/builder/builds/UKfvDsi8u/3/finestructure/swiftpackageindex-builder/spi-builder-workspace/.derivedData/Build/Intermediates.noindex/Down.build/Debug-watchos/Down.build/Objects-normal/armv7k/Down-OutputFileMap.json -use-frontend-parseable-output -save-temps -no-color-diagnostics -serialize-diagnostics -emit-dependencies -emit-module -emit-module-path /Users/builder/builds/UKfvDsi8u/3/finestructure/swiftpackageindex-builder/spi-builder-workspace/.derivedData/Build/Intermediates.noindex/Down.build/Debug-watchos/Down.build/Objects-normal/armv7k/Down.swiftmodule -validate-clang-modules-once -clang-build-session-file /Users/builder/builds/UKfvDsi8u/3/finestructure/swiftpackageindex-builder/spi-builder-workspace/.derivedData/ModuleCache.noindex/Session.modulevalidation -Xcc -I/Users/builder/builds/UKfvDsi8u/3/finestructure/swiftpackageindex-builder/spi-builder-workspace/.derivedData/Build/Intermediates.noindex/Down.build/Debug-watchos/Down.build/swift-overrides.hmap -emit-const-values -Xfrontend -const-gather-protocols-file -Xfrontend /Users/builder/builds/UKfvDsi8u/3/finestructure/swiftpackageindex-builder/spi-builder-workspace/.derivedData/Build/Intermediates.noindex/Down.build/Debug-watchos/Down.build/Objects-normal/armv7k/Down_const_extract_protocols.json -Xcc -I/Users/builder/builds/UKfvDsi8u/3/finestructure/swiftpackageindex-builder/spi-builder-workspace/.dependencies/checkouts/Down/Sources/cmark -Xcc -I/Users/builder/builds/UKfvDsi8u/3/finestructure/swiftpackageindex-builder/spi-builder-workspace/.derivedData/Build/Products/Debug-watchos/include -Xcc -I/Users/builder/builds/UKfvDsi8u/3/finestructure/swiftpackageindex-builder/spi-builder-workspace/.derivedData/Build/Intermediates.noindex/Down.build/Debug-watchos/Down.build/DerivedSources-normal/armv7k -Xcc -I/Users/builder/builds/UKfvDsi8u/3/finestructure/swiftpackageindex-builder/spi-builder-workspace/.derivedData/Build/Intermediates.noindex/Down.build/Debug-watchos/Down.build/DerivedSources/armv7k -Xcc -I/Users/builder/builds/UKfvDsi8u/3/finestructure/swiftpackageindex-builder/spi-builder-workspace/.derivedData/Build/Intermediates.noindex/Down.build/Debug-watchos/Down.build/DerivedSources -Xcc -DSWIFT_PACKAGE -Xcc -DDEBUG\=1 -emit-objc-header -emit-objc-header-path /Users/builder/builds/UKfvDsi8u/3/finestructure/swiftpackageindex-builder/spi-builder-workspace/.derivedData/Build/Intermediates.noindex/Down.build/Debug-watchos/Down.build/Objects-normal/armv7k/Down-Swift.h -working-directory /Users/builder/builds/UKfvDsi8u/3/finestructure/swiftpackageindex-builder/spi-builder-workspace/.dependencies/checkouts/Down -experimental-emit-module-separately -disable-cmo
SwiftDriver Down normal arm64_32 com.apple.xcode.tools.swift.compiler (in target 'Down' from project 'Down')
    cd /Users/builder/builds/UKfvDsi8u/3/finestructure/swiftpackageindex-builder/spi-builder-workspace/.dependencies/checkouts/Down
    builtin-SwiftDriver -- /Applications/Xcode-15.3.0-Beta.2.app/Contents/Developer/Toolchains/XcodeDefault.xctoolchain/usr/bin/swiftc -module-name Down -Onone -enforce-exclusivity\=checked @/Users/builder/builds/UKfvDsi8u/3/finestructure/swiftpackageindex-builder/spi-builder-workspace/.derivedData/Build/Intermediates.noindex/Down.build/Debug-watchos/Down.build/Objects-normal/arm64_32/Down.SwiftFileList -DSWIFT_PACKAGE -DDEBUG -Xcc -fmodule-map-file\=/Users/builder/builds/UKfvDsi8u/3/finestructure/swiftpackageindex-builder/spi-builder-workspace/.derivedData/Build/Intermediates.noindex/GeneratedModuleMaps-watchos/libcmark.modulemap -DXcode -sdk /Applications/Xcode-15.3.0-Beta.2.app/Contents/Developer/Platforms/WatchOS.platform/Developer/SDKs/WatchOS10.4.sdk -target arm64_32-apple-watchos5.0 -g -module-cache-path /Users/builder/builds/UKfvDsi8u/3/finestructure/swiftpackageindex-builder/spi-builder-workspace/.derivedData/ModuleCache.noindex -Xfrontend -serialize-debugging-options -enable-testing -suppress-warnings -index-store-path /Users/builder/builds/UKfvDsi8u/3/finestructure/swiftpackageindex-builder/spi-builder-workspace/.derivedData/Index.noindex/DataStore -swift-version 5 -I /Users/builder/builds/UKfvDsi8u/3/finestructure/swiftpackageindex-builder/spi-builder-workspace/.derivedData/Build/Products/Debug-watchos -I /Applications/Xcode-15.3.0-Beta.2.app/Contents/Developer/Platforms/WatchOS.platform/Developer/usr/lib -F /Users/builder/builds/UKfvDsi8u/3/finestructure/swiftpackageindex-builder/spi-builder-workspace/.derivedData/Build/Products/Debug-watchos/PackageFrameworks -F /Users/builder/builds/UKfvDsi8u/3/finestructure/swiftpackageindex-builder/spi-builder-workspace/.derivedData/Build/Products/Debug-watchos -F /Applications/Xcode-15.3.0-Beta.2.app/Contents/Developer/Platforms/WatchOS.platform/Developer/Library/Frameworks -F /Applications/Xcode-15.3.0-Beta.2.app/Contents/Developer/Platforms/WatchOS.platform/Developer/SDKs/WatchOS10.4.sdk/Developer/Library/Frameworks -c -j8 -enable-batch-mode -incremental -Xcc -ivfsstatcache -Xcc /Users/builder/builds/UKfvDsi8u/3/finestructure/swiftpackageindex-builder/spi-builder-workspace/.derivedData/SDKStatCaches.noindex/watchos10.4-21T5196c-188b4c5c5639cdba02b95625249bd203.sdkstatcache -output-file-map /Users/builder/builds/UKfvDsi8u/3/finestructure/swiftpackageindex-builder/spi-builder-workspace/.derivedData/Build/Intermediates.noindex/Down.build/Debug-watchos/Down.build/Objects-normal/arm64_32/Down-OutputFileMap.json -use-frontend-parseable-output -save-temps -no-color-diagnostics -serialize-diagnostics -emit-dependencies -emit-module -emit-module-path /Users/builder/builds/UKfvDsi8u/3/finestructure/swiftpackageindex-builder/spi-builder-workspace/.derivedData/Build/Intermediates.noindex/Down.build/Debug-watchos/Down.build/Objects-normal/arm64_32/Down.swiftmodule -validate-clang-modules-once -clang-build-session-file /Users/builder/builds/UKfvDsi8u/3/finestructure/swiftpackageindex-builder/spi-builder-workspace/.derivedData/ModuleCache.noindex/Session.modulevalidation -Xcc -I/Users/builder/builds/UKfvDsi8u/3/finestructure/swiftpackageindex-builder/spi-builder-workspace/.derivedData/Build/Intermediates.noindex/Down.build/Debug-watchos/Down.build/swift-overrides.hmap -emit-const-values -Xfrontend -const-gather-protocols-file -Xfrontend /Users/builder/builds/UKfvDsi8u/3/finestructure/swiftpackageindex-builder/spi-builder-workspace/.derivedData/Build/Intermediates.noindex/Down.build/Debug-watchos/Down.build/Objects-normal/arm64_32/Down_const_extract_protocols.json -Xcc -I/Users/builder/builds/UKfvDsi8u/3/finestructure/swiftpackageindex-builder/spi-builder-workspace/.dependencies/checkouts/Down/Sources/cmark -Xcc -I/Users/builder/builds/UKfvDsi8u/3/finestructure/swiftpackageindex-builder/spi-builder-workspace/.derivedData/Build/Products/Debug-watchos/include -Xcc -I/Users/builder/builds/UKfvDsi8u/3/finestructure/swiftpackageindex-builder/spi-builder-workspace/.derivedData/Build/Intermediates.noindex/Down.build/Debug-watchos/Down.build/DerivedSources-normal/arm64_32 -Xcc -I/Users/builder/builds/UKfvDsi8u/3/finestructure/swiftpackageindex-builder/spi-builder-workspace/.derivedData/Build/Intermediates.noindex/Down.build/Debug-watchos/Down.build/DerivedSources/arm64_32 -Xcc -I/Users/builder/builds/UKfvDsi8u/3/finestructure/swiftpackageindex-builder/spi-builder-workspace/.derivedData/Build/Intermediates.noindex/Down.build/Debug-watchos/Down.build/DerivedSources -Xcc -DSWIFT_PACKAGE -Xcc -DDEBUG\=1 -emit-objc-header -emit-objc-header-path /Users/builder/builds/UKfvDsi8u/3/finestructure/swiftpackageindex-builder/spi-builder-workspace/.derivedData/Build/Intermediates.noindex/Down.build/Debug-watchos/Down.build/Objects-normal/arm64_32/Down-Swift.h -working-directory /Users/builder/builds/UKfvDsi8u/3/finestructure/swiftpackageindex-builder/spi-builder-workspace/.dependencies/checkouts/Down -experimental-emit-module-separately -disable-cmo
SwiftEmitModule normal armv7k Emitting\ module\ for\ Down (in target 'Down' from project 'Down')
    cd /Users/builder/builds/UKfvDsi8u/3/finestructure/swiftpackageindex-builder/spi-builder-workspace/.dependencies/checkouts/Down
    builtin-swiftTaskExecution -- /Applications/Xcode-15.3.0-Beta.2.app/Contents/Developer/Toolchains/XcodeDefault.xctoolchain/usr/bin/swift-frontend -frontend -emit-module -experimental-skip-non-inlinable-function-bodies-without-types /Users/builder/builds/UKfvDsi8u/3/finestructure/swiftpackageindex-builder/spi-builder-workspace/.derivedData/Build/Intermediates.noindex/Down.build/Debug-watchos/Down.build/DerivedSources/resource_bundle_accessor.swift /Users/builder/builds/UKfvDsi8u/3/finestructure/swiftpackageindex-builder/spi-builder-workspace/.dependencies/checkouts/Down/Sources/Down/AST/Nodes/BaseNode.swift /Users/builder/builds/UKfvDsi8u/3/finestructure/swiftpackageindex-builder/spi-builder-workspace/.dependencies/checkouts/Down/Sources/Down/AST/Nodes/BlockQuote.swift /Users/builder/builds/UKfvDsi8u/3/finestructure/swiftpackageindex-builder/spi-builder-workspace/.dependencies/checkouts/Down/Sources/Down/AST/Nodes/ChildSequence.swift /Users/builder/builds/UKfvDsi8u/3/finestructure/swiftpackageindex-builder/spi-builder-workspace/.dependencies/checkouts/Down/Sources/Down/AST/Nodes/Code.swift /Users/builder/builds/UKfvDsi8u/3/finestructure/swiftpackageindex-builder/spi-builder-workspace/.dependencies/checkouts/Down/Sources/Down/AST/Nodes/CodeBlock.swift /Users/builder/builds/UKfvDsi8u/3/finestructure/swiftpackageindex-builder/spi-builder-workspace/.dependencies/checkouts/Down/Sources/Down/AST/Nodes/CustomBlock.swift /Users/builder/builds/UKfvDsi8u/3/finestructure/swiftpackageindex-builder/spi-builder-workspace/.dependencies/checkouts/Down/Sources/Down/AST/Nodes/CustomInline.swift /Users/builder/builds/UKfvDsi8u/3/finestructure/swiftpackageindex-builder/spi-builder-workspace/.dependencies/checkouts/Down/Sources/Down/AST/Nodes/Document.swift /Users/builder/builds/UKfvDsi8u/3/finestructure/swiftpackageindex-builder/spi-builder-workspace/.dependencies/checkouts/Down/Sources/Down/AST/Nodes/Emphasis.swift /Users/builder/builds/UKfvDsi8u/3/finestructure/swiftpackageindex-builder/spi-builder-workspace/.dependencies/checkouts/Down/Sources/Down/AST/Nodes/Heading.swift /Users/builder/builds/UKfvDsi8u/3/finestructure/swiftpackageindex-builder/spi-builder-workspace/.dependencies/checkouts/Down/Sources/Down/AST/Nodes/HtmlBlock.swift /Users/builder/builds/UKfvDsi8u/3/finestructure/swiftpackageindex-builder/spi-builder-workspace/.dependencies/checkouts/Down/Sources/Down/AST/Nodes/HtmlInline.swift /Users/builder/builds/UKfvDsi8u/3/finestructure/swiftpackageindex-builder/spi-builder-workspace/.dependencies/checkouts/Down/Sources/Down/AST/Nodes/Image.swift /Users/builder/builds/UKfvDsi8u/3/finestructure/swiftpackageindex-builder/spi-builder-workspace/.dependencies/checkouts/Down/Sources/Down/AST/Nodes/Item.swift /Users/builder/builds/UKfvDsi8u/3/finestructure/swiftpackageindex-builder/spi-builder-workspace/.dependencies/checkouts/Down/Sources/Down/AST/Nodes/LineBreak.swift /Users/builder/builds/UKfvDsi8u/3/finestructure/swiftpackageindex-builder/spi-builder-workspace/.dependencies/checkouts/Down/Sources/Down/AST/Nodes/Link.swift /Users/builder/builds/UKfvDsi8u/3/finestructure/swiftpackageindex-builder/spi-builder-workspace/.dependencies/checkouts/Down/Sources/Down/AST/Nodes/List.swift /Users/builder/builds/UKfvDsi8u/3/finestructure/swiftpackageindex-builder/spi-builder-workspace/.dependencies/checkouts/Down/Sources/Down/AST/Nodes/Node.swift /Users/builder/builds/UKfvDsi8u/3/finestructure/swiftpackageindex-builder/spi-builder-workspace/.dependencies/checkouts/Down/Sources/Down/AST/Nodes/Paragraph.swift /Users/builder/builds/UKfvDsi8u/3/finestructure/swiftpackageindex-builder/spi-builder-workspace/.dependencies/checkouts/Down/Sources/Down/AST/Nodes/SoftBreak.swift /Users/builder/builds/UKfvDsi8u/3/finestructure/swiftpackageindex-builder/spi-builder-workspace/.dependencies/checkouts/Down/Sources/Down/AST/Nodes/Strong.swift /Users/builder/builds/UKfvDsi8u/3/finestructure/swiftpackageindex-builder/spi-builder-workspace/.dependencies/checkouts/Down/Sources/Down/AST/Nodes/Text.swift /Users/builder/builds/UKfvDsi8u/3/finestructure/swiftpackageindex-builder/spi-builder-workspace/.dependencies/checkouts/Down/Sources/Down/AST/Nodes/ThematicBreak.swift /Users/builder/builds/UKfvDsi8u/3/finestructure/swiftpackageindex-builder/spi-builder-workspace/.dependencies/checkouts/Down/Sources/Down/AST/Styling/Attribute\ Collections/ColorCollection.swift /Users/builder/builds/UKfvDsi8u/3/finestructure/swiftpackageindex-builder/spi-builder-workspace/.dependencies/checkouts/Down/Sources/Down/AST/Styling/Attribute\ Collections/FontCollection.swift /Users/builder/builds/UKfvDsi8u/3/finestructure/swiftpackageindex-builder/spi-builder-workspace/.dependencies/checkouts/Down/Sources/Down/AST/Styling/Attribute\ Collections/ParagraphStyleCollection.swift /Users/builder/builds/UKfvDsi8u/3/finestructure/swiftpackageindex-builder/spi-builder-workspace/.dependencies/checkouts/Down/Sources/Down/AST/Styling/Custom\ Attributes/BlockBackgroundColorAttribute.swift /Users/builder/builds/UKfvDsi8u/3/finestructure/swiftpackageindex-builder/spi-builder-workspace/.dependencies/checkouts/Down/Sources/Down/AST/Styling/Custom\ Attributes/QuoteStripeAttribute.swift /Users/builder/builds/UKfvDsi8u/3/finestructure/swiftpackageindex-builder/spi-builder-workspace/.dependencies/checkouts/Down/Sources/Down/AST/Styling/Custom\ Attributes/ThematicBreakAttribute.swift /Users/builder/builds/UKfvDsi8u/3/finestructure/swiftpackageindex-builder/spi-builder-workspace/.dependencies/checkouts/Down/Sources/Down/AST/Styling/Helpers/Extensions/CGPoint+Translate.swift /Users/builder/builds/UKfvDsi8u/3/finestructure/swiftpackageindex-builder/spi-builder-workspace/.dependencies/checkouts/Down/Sources/Down/AST/Styling/Helpers/Extensions/CGRect+Helpers.swift /Users/builder/builds/UKfvDsi8u/3/finestructure/swiftpackageindex-builder/spi-builder-workspace/.dependencies/checkouts/Down/Sources/Down/AST/Styling/Helpers/Extensions/NSAttributedString+Helpers.swift /Users/builder/builds/UKfvDsi8u/3/finestructure/swiftpackageindex-builder/spi-builder-workspace/.dependencies/checkouts/Down/Sources/Down/AST/Styling/Helpers/Extensions/NSMutableAttributedString+Attributes.swift /Users/builder/builds/UKfvDsi8u/3/finestructure/swiftpackageindex-builder/spi-builder-workspace/.dependencies/checkouts/Down/Sources/Down/AST/Styling/Helpers/Extensions/UIFont+Traits.swift /Users/builder/builds/UKfvDsi8u/3/finestructure/swiftpackageindex-builder/spi-builder-workspace/.dependencies/checkouts/Down/Sources/Down/AST/Styling/Helpers/ListItemParagraphStyler.swift /Users/builder/builds/UKfvDsi8u/3/finestructure/swiftpackageindex-builder/spi-builder-workspace/.dependencies/checkouts/Down/Sources/Down/AST/Styling/Layout\ Managers/DownDebugLayoutManager.swift /Users/builder/builds/UKfvDsi8u/3/finestructure/swiftpackageindex-builder/spi-builder-workspace/.dependencies/checkouts/Down/Sources/Down/AST/Styling/Layout\ Managers/DownLayoutManager.swift /Users/builder/builds/UKfvDsi8u/3/finestructure/swiftpackageindex-builder/spi-builder-workspace/.dependencies/checkouts/Down/Sources/Down/AST/Styling/Options/CodeBlockOptions.swift /Users/builder/builds/UKfvDsi8u/3/finestructure/swiftpackageindex-builder/spi-builder-workspace/.dependencies/checkouts/Down/Sources/Down/AST/Styling/Options/ListItemOptions.swift /Users/builder/builds/UKfvDsi8u/3/finestructure/swiftpackageindex-builder/spi-builder-workspace/.dependencies/checkouts/Down/Sources/Down/AST/Styling/Options/QuoteStripeOptions.swift /Users/builder/builds/UKfvDsi8u/3/finestructure/swiftpackageindex-builder/spi-builder-workspace/.dependencies/checkouts/Down/Sources/Down/AST/Styling/Options/ThematicBreakOptions.swift /Users/builder/builds/UKfvDsi8u/3/finestructure/swiftpackageindex-builder/spi-builder-workspace/.dependencies/checkouts/Down/Sources/Down/AST/Styling/Stylers/DownStyler.swift /Users/builder/builds/UKfvDsi8u/3/finestructure/swiftpackageindex-builder/spi-builder-workspace/.dependencies/checkouts/Down/Sources/Down/AST/Styling/Stylers/DownStylerConfiguration.swift /Users/builder/builds/UKfvDsi8u/3/finestructure/swiftpackageindex-builder/spi-builder-workspace/.dependencies/checkouts/Down/Sources/Down/AST/Styling/Stylers/Styler.swift /Users/builder/builds/UKfvDsi8u/3/finestructure/swiftpackageindex-builder/spi-builder-workspace/.dependencies/checkouts/Down/Sources/Down/AST/Styling/Text\ Views/DownDebugTextView.swift /Users/builder/builds/UKfvDsi8u/3/finestructure/swiftpackageindex-builder/spi-builder-workspace/.dependencies/checkouts/Down/Sources/Down/AST/Styling/Text\ Views/DownTextView.swift /Users/builder/builds/UKfvDsi8u/3/finestructure/swiftpackageindex-builder/spi-builder-workspace/.dependencies/checkouts/Down/Sources/Down/AST/Visitors/AttributedStringVisitor.swift /Users/builder/builds/UKfvDsi8u/3/finestructure/swiftpackageindex-builder/spi-builder-workspace/.dependencies/checkouts/Down/Sources/Down/AST/Visitors/DebugVisitor.swift /Users/builder/builds/UKfvDsi8u/3/finestructure/swiftpackageindex-builder/spi-builder-workspace/.dependencies/checkouts/Down/Sources/Down/AST/Visitors/ListItemPrefixGenerator.swift /Users/builder/builds/UKfvDsi8u/3/finestructure/swiftpackageindex-builder/spi-builder-workspace/.dependencies/checkouts/Down/Sources/Down/AST/Visitors/Visitor.swift /Users/builder/builds/UKfvDsi8u/3/finestructure/swiftpackageindex-builder/spi-builder-workspace/.dependencies/checkouts/Down/Sources/Down/Down.swift /Users/builder/builds/UKfvDsi8u/3/finestructure/swiftpackageindex-builder/spi-builder-workspace/.dependencies/checkouts/Down/Sources/Down/Enums\ \&\ Options/DownErrors.swift /Users/builder/builds/UKfvDsi8u/3/finestructure/swiftpackageindex-builder/spi-builder-workspace/.dependencies/checkouts/Down/Sources/Down/Enums\ \&\ Options/DownOptions.swift /Users/builder/builds/UKfvDsi8u/3/finestructure/swiftpackageindex-builder/spi-builder-workspace/.dependencies/checkouts/Down/Sources/Down/Extensions/NSAttributedString+HTML.swift /Users/builder/builds/UKfvDsi8u/3/finestructure/swiftpackageindex-builder/spi-builder-workspace/.dependencies/checkouts/Down/Sources/Down/Extensions/String+ToHTML.swift /Users/builder/builds/UKfvDsi8u/3/finestructure/swiftpackageindex-builder/spi-builder-workspace/.dependencies/checkouts/Down/Sources/Down/Renderers/DownASTRenderable.swift /Users/builder/builds/UKfvDsi8u/3/finestructure/swiftpackageindex-builder/spi-builder-workspace/.dependencies/checkouts/Down/Sources/Down/Renderers/DownAttributedStringRenderable.swift /Users/builder/builds/UKfvDsi8u/3/finestructure/swiftpackageindex-builder/spi-builder-workspace/.dependencies/checkouts/Down/Sources/Down/Renderers/DownCommonMarkRenderable.swift /Users/builder/builds/UKfvDsi8u/3/finestructure/swiftpackageindex-builder/spi-builder-workspace/.dependencies/checkouts/Down/Sources/Down/Renderers/DownGroffRenderable.swift /Users/builder/builds/UKfvDsi8u/3/finestructure/swiftpackageindex-builder/spi-builder-workspace/.dependencies/checkouts/Down/Sources/Down/Renderers/DownHTMLRenderable.swift /Users/builder/builds/UKfvDsi8u/3/finestructure/swiftpackageindex-builder/spi-builder-workspace/.dependencies/checkouts/Down/Sources/Down/Renderers/DownLaTeXRenderable.swift /Users/builder/builds/UKfvDsi8u/3/finestructure/swiftpackageindex-builder/spi-builder-workspace/.dependencies/checkouts/Down/Sources/Down/Renderers/DownRenderable.swift /Users/builder/builds/UKfvDsi8u/3/finestructure/swiftpackageindex-builder/spi-builder-workspace/.dependencies/checkouts/Down/Sources/Down/Renderers/DownXMLRenderable.swift /Users/builder/builds/UKfvDsi8u/3/finestructure/swiftpackageindex-builder/spi-builder-workspace/.dependencies/checkouts/Down/Sources/Down/Views/BundleHelper.swift /Users/builder/builds/UKfvDsi8u/3/finestructure/swiftpackageindex-builder/spi-builder-workspace/.dependencies/checkouts/Down/Sources/Down/Views/DownView.swift -target armv7k-apple-watchos5.0 -enable-objc-interop -sdk /Applications/Xcode-15.3.0-Beta.2.app/Contents/Developer/Platforms/WatchOS.platform/Developer/SDKs/WatchOS10.4.sdk -I /Users/builder/builds/UKfvDsi8u/3/finestructure/swiftpackageindex-builder/spi-builder-workspace/.derivedData/Build/Products/Debug-watchos -I /Applications/Xcode-15.3.0-Beta.2.app/Contents/Developer/Platforms/WatchOS.platform/Developer/usr/lib -F /Users/builder/builds/UKfvDsi8u/3/finestructure/swiftpackageindex-builder/spi-builder-workspace/.derivedData/Build/Products/Debug-watchos/PackageFrameworks -F /Users/builder/builds/UKfvDsi8u/3/finestructure/swiftpackageindex-builder/spi-builder-workspace/.derivedData/Build/Products/Debug-watchos -F /Applications/Xcode-15.3.0-Beta.2.app/Contents/Developer/Platforms/WatchOS.platform/Developer/Library/Frameworks -F /Applications/Xcode-15.3.0-Beta.2.app/Contents/Developer/Platforms/WatchOS.platform/Developer/SDKs/WatchOS10.4.sdk/Developer/Library/Frameworks -no-color-diagnostics -enable-testing -g -module-cache-path /Users/builder/builds/UKfvDsi8u/3/finestructure/swiftpackageindex-builder/spi-builder-workspace/.derivedData/ModuleCache.noindex -suppress-warnings -swift-version 5 -enforce-exclusivity\=checked -Onone -D SWIFT_PACKAGE -D DEBUG -D Xcode -serialize-debugging-options -const-gather-protocols-file /Users/builder/builds/UKfvDsi8u/3/finestructure/swiftpackageindex-builder/spi-builder-workspace/.derivedData/Build/Intermediates.noindex/Down.build/Debug-watchos/Down.build/Objects-normal/armv7k/Down_const_extract_protocols.json -empty-abi-descriptor -validate-clang-modules-once -clang-build-session-file /Users/builder/builds/UKfvDsi8u/3/finestructure/swiftpackageindex-builder/spi-builder-workspace/.derivedData/ModuleCache.noindex/Session.modulevalidation -Xcc -working-directory -Xcc /Users/builder/builds/UKfvDsi8u/3/finestructure/swiftpackageindex-builder/spi-builder-workspace/.dependencies/checkouts/Down -resource-dir /Applications/Xcode-15.3.0-Beta.2.app/Contents/Developer/Toolchains/XcodeDefault.xctoolchain/usr/lib/swift -enable-anonymous-context-mangled-names -Xcc -fmodule-map-file\=/Users/builder/builds/UKfvDsi8u/3/finestructure/swiftpackageindex-builder/spi-builder-workspace/.derivedData/Build/Intermediates.noindex/GeneratedModuleMaps-watchos/libcmark.modulemap -Xcc -ivfsstatcache -Xcc /Users/builder/builds/UKfvDsi8u/3/finestructure/swiftpackageindex-builder/spi-builder-workspace/.derivedData/SDKStatCaches.noindex/watchos10.4-21T5196c-188b4c5c5639cdba02b95625249bd203.sdkstatcache -Xcc -I/Users/builder/builds/UKfvDsi8u/3/finestructure/swiftpackageindex-builder/spi-builder-workspace/.derivedData/Build/Intermediates.noindex/Down.build/Debug-watchos/Down.build/swift-overrides.hmap -Xcc -I/Users/builder/builds/UKfvDsi8u/3/finestructure/swiftpackageindex-builder/spi-builder-workspace/.dependencies/checkouts/Down/Sources/cmark -Xcc -I/Users/builder/builds/UKfvDsi8u/3/finestructure/swiftpackageindex-builder/spi-builder-workspace/.derivedData/Build/Products/Debug-watchos/include -Xcc -I/Users/builder/builds/UKfvDsi8u/3/finestructure/swiftpackageindex-builder/spi-builder-workspace/.derivedData/Build/Intermediates.noindex/Down.build/Debug-watchos/Down.build/DerivedSources-normal/armv7k -Xcc -I/Users/builder/builds/UKfvDsi8u/3/finestructure/swiftpackageindex-builder/spi-builder-workspace/.derivedData/Build/Intermediates.noindex/Down.build/Debug-watchos/Down.build/DerivedSources/armv7k -Xcc -I/Users/builder/builds/UKfvDsi8u/3/finestructure/swiftpackageindex-builder/spi-builder-workspace/.derivedData/Build/Intermediates.noindex/Down.build/Debug-watchos/Down.build/DerivedSources -Xcc -DSWIFT_PACKAGE -Xcc -DDEBUG\=1 -module-name Down -disable-clang-spi -target-sdk-version 10.4 -target-sdk-name watchos10.4 -external-plugin-path /Applications/Xcode-15.3.0-Beta.2.app/Contents/Developer/Platforms/WatchOS.platform/Developer/SDKs/WatchOS10.4.sdk/usr/lib/swift/host/plugins\#/Applications/Xcode-15.3.0-Beta.2.app/Contents/Developer/Platforms/WatchOS.platform/Developer/SDKs/WatchOS10.4.sdk/usr/bin/swift-plugin-server -external-plugin-path /Applications/Xcode-15.3.0-Beta.2.app/Contents/Developer/Platforms/WatchOS.platform/Developer/SDKs/WatchOS10.4.sdk/usr/local/lib/swift/host/plugins\#/Applications/Xcode-15.3.0-Beta.2.app/Contents/Developer/Platforms/WatchOS.platform/Developer/SDKs/WatchOS10.4.sdk/usr/bin/swift-plugin-server -external-plugin-path /Applications/Xcode-15.3.0-Beta.2.app/Contents/Developer/Platforms/WatchOS.platform/Developer/usr/lib/swift/host/plugins\#/Applications/Xcode-15.3.0-Beta.2.app/Contents/Developer/Platforms/WatchOS.platform/Developer/usr/bin/swift-plugin-server -external-plugin-path /Applications/Xcode-15.3.0-Beta.2.app/Contents/Developer/Platforms/WatchOS.platform/Developer/usr/local/lib/swift/host/plugins\#/Applications/Xcode-15.3.0-Beta.2.app/Contents/Developer/Platforms/WatchOS.platform/Developer/usr/bin/swift-plugin-server -plugin-path /Applications/Xcode-15.3.0-Beta.2.app/Contents/Developer/Toolchains/XcodeDefault.xctoolchain/usr/lib/swift/host/plugins -plugin-path /Applications/Xcode-15.3.0-Beta.2.app/Contents/Developer/Toolchains/XcodeDefault.xctoolchain/usr/local/lib/swift/host/plugins -emit-module-doc-path /Users/builder/builds/UKfvDsi8u/3/finestructure/swiftpackageindex-builder/spi-builder-workspace/.derivedData/Build/Intermediates.noindex/Down.build/Debug-watchos/Down.build/Objects-normal/armv7k/Down.swiftdoc -emit-module-source-info-path /Users/builder/builds/UKfvDsi8u/3/finestructure/swiftpackageindex-builder/spi-builder-workspace/.derivedData/Build/Intermediates.noindex/Down.build/Debug-watchos/Down.build/Objects-normal/armv7k/Down.swiftsourceinfo -emit-objc-header-path /Users/builder/builds/UKfvDsi8u/3/finestructure/swiftpackageindex-builder/spi-builder-workspace/.derivedData/Build/Intermediates.noindex/Down.build/Debug-watchos/Down.build/Objects-normal/armv7k/Down-Swift.h -serialize-diagnostics-path /Users/builder/builds/UKfvDsi8u/3/finestructure/swiftpackageindex-builder/spi-builder-workspace/.derivedData/Build/Intermediates.noindex/Down.build/Debug-watchos/Down.build/Objects-normal/armv7k/Down-master-emit-module.dia -emit-dependencies-path /Users/builder/builds/UKfvDsi8u/3/finestructure/swiftpackageindex-builder/spi-builder-workspace/.derivedData/Build/Intermediates.noindex/Down.build/Debug-watchos/Down.build/Objects-normal/armv7k/Down-master-emit-module.d -o /Users/builder/builds/UKfvDsi8u/3/finestructure/swiftpackageindex-builder/spi-builder-workspace/.derivedData/Build/Intermediates.noindex/Down.build/Debug-watchos/Down.build/Objects-normal/armv7k/Down.swiftmodule -emit-abi-descriptor-path /Users/builder/builds/UKfvDsi8u/3/finestructure/swiftpackageindex-builder/spi-builder-workspace/.derivedData/Build/Intermediates.noindex/Down.build/Debug-watchos/Down.build/Objects-normal/armv7k/Down.abi.json
SwiftDriver Down normal arm64 com.apple.xcode.tools.swift.compiler (in target 'Down' from project 'Down')
    cd /Users/builder/builds/UKfvDsi8u/3/finestructure/swiftpackageindex-builder/spi-builder-workspace/.dependencies/checkouts/Down
    builtin-SwiftDriver -- /Applications/Xcode-15.3.0-Beta.2.app/Contents/Developer/Toolchains/XcodeDefault.xctoolchain/usr/bin/swiftc -module-name Down -Onone -enforce-exclusivity\=checked @/Users/builder/builds/UKfvDsi8u/3/finestructure/swiftpackageindex-builder/spi-builder-workspace/.derivedData/Build/Intermediates.noindex/Down.build/Debug-watchos/Down.build/Objects-normal/arm64/Down.SwiftFileList -DSWIFT_PACKAGE -DDEBUG -Xcc -fmodule-map-file\=/Users/builder/builds/UKfvDsi8u/3/finestructure/swiftpackageindex-builder/spi-builder-workspace/.derivedData/Build/Intermediates.noindex/GeneratedModuleMaps-watchos/libcmark.modulemap -DXcode -sdk /Applications/Xcode-15.3.0-Beta.2.app/Contents/Developer/Platforms/WatchOS.platform/Developer/SDKs/WatchOS10.4.sdk -target arm64-apple-watchos5.0 -g -module-cache-path /Users/builder/builds/UKfvDsi8u/3/finestructure/swiftpackageindex-builder/spi-builder-workspace/.derivedData/ModuleCache.noindex -Xfrontend -serialize-debugging-options -enable-testing -suppress-warnings -index-store-path /Users/builder/builds/UKfvDsi8u/3/finestructure/swiftpackageindex-builder/spi-builder-workspace/.derivedData/Index.noindex/DataStore -swift-version 5 -I /Users/builder/builds/UKfvDsi8u/3/finestructure/swiftpackageindex-builder/spi-builder-workspace/.derivedData/Build/Products/Debug-watchos -I /Applications/Xcode-15.3.0-Beta.2.app/Contents/Developer/Platforms/WatchOS.platform/Developer/usr/lib -F /Users/builder/builds/UKfvDsi8u/3/finestructure/swiftpackageindex-builder/spi-builder-workspace/.derivedData/Build/Products/Debug-watchos/PackageFrameworks -F /Users/builder/builds/UKfvDsi8u/3/finestructure/swiftpackageindex-builder/spi-builder-workspace/.derivedData/Build/Products/Debug-watchos -F /Applications/Xcode-15.3.0-Beta.2.app/Contents/Developer/Platforms/WatchOS.platform/Developer/Library/Frameworks -F /Applications/Xcode-15.3.0-Beta.2.app/Contents/Developer/Platforms/WatchOS.platform/Developer/SDKs/WatchOS10.4.sdk/Developer/Library/Frameworks -c -j8 -enable-batch-mode -incremental -Xcc -ivfsstatcache -Xcc /Users/builder/builds/UKfvDsi8u/3/finestructure/swiftpackageindex-builder/spi-builder-workspace/.derivedData/SDKStatCaches.noindex/watchos10.4-21T5196c-188b4c5c5639cdba02b95625249bd203.sdkstatcache -output-file-map /Users/builder/builds/UKfvDsi8u/3/finestructure/swiftpackageindex-builder/spi-builder-workspace/.derivedData/Build/Intermediates.noindex/Down.build/Debug-watchos/Down.build/Objects-normal/arm64/Down-OutputFileMap.json -use-frontend-parseable-output -save-temps -no-color-diagnostics -serialize-diagnostics -emit-dependencies -emit-module -emit-module-path /Users/builder/builds/UKfvDsi8u/3/finestructure/swiftpackageindex-builder/spi-builder-workspace/.derivedData/Build/Intermediates.noindex/Down.build/Debug-watchos/Down.build/Objects-normal/arm64/Down.swiftmodule -validate-clang-modules-once -clang-build-session-file /Users/builder/builds/UKfvDsi8u/3/finestructure/swiftpackageindex-builder/spi-builder-workspace/.derivedData/ModuleCache.noindex/Session.modulevalidation -Xcc -I/Users/builder/builds/UKfvDsi8u/3/finestructure/swiftpackageindex-builder/spi-builder-workspace/.derivedData/Build/Intermediates.noindex/Down.build/Debug-watchos/Down.build/swift-overrides.hmap -emit-const-values -Xfrontend -const-gather-protocols-file -Xfrontend /Users/builder/builds/UKfvDsi8u/3/finestructure/swiftpackageindex-builder/spi-builder-workspace/.derivedData/Build/Intermediates.noindex/Down.build/Debug-watchos/Down.build/Objects-normal/arm64/Down_const_extract_protocols.json -Xcc -I/Users/builder/builds/UKfvDsi8u/3/finestructure/swiftpackageindex-builder/spi-builder-workspace/.dependencies/checkouts/Down/Sources/cmark -Xcc -I/Users/builder/builds/UKfvDsi8u/3/finestructure/swiftpackageindex-builder/spi-builder-workspace/.derivedData/Build/Products/Debug-watchos/include -Xcc -I/Users/builder/builds/UKfvDsi8u/3/finestructure/swiftpackageindex-builder/spi-builder-workspace/.derivedData/Build/Intermediates.noindex/Down.build/Debug-watchos/Down.build/DerivedSources-normal/arm64 -Xcc -I/Users/builder/builds/UKfvDsi8u/3/finestructure/swiftpackageindex-builder/spi-builder-workspace/.derivedData/Build/Intermediates.noindex/Down.build/Debug-watchos/Down.build/DerivedSources/arm64 -Xcc -I/Users/builder/builds/UKfvDsi8u/3/finestructure/swiftpackageindex-builder/spi-builder-workspace/.derivedData/Build/Intermediates.noindex/Down.build/Debug-watchos/Down.build/DerivedSources -Xcc -DSWIFT_PACKAGE -Xcc -DDEBUG\=1 -emit-objc-header -emit-objc-header-path /Users/builder/builds/UKfvDsi8u/3/finestructure/swiftpackageindex-builder/spi-builder-workspace/.derivedData/Build/Intermediates.noindex/Down.build/Debug-watchos/Down.build/Objects-normal/arm64/Down-Swift.h -working-directory /Users/builder/builds/UKfvDsi8u/3/finestructure/swiftpackageindex-builder/spi-builder-workspace/.dependencies/checkouts/Down -experimental-emit-module-separately -disable-cmo
SwiftEmitModule normal arm64_32 Emitting\ module\ for\ Down (in target 'Down' from project 'Down')
    cd /Users/builder/builds/UKfvDsi8u/3/finestructure/swiftpackageindex-builder/spi-builder-workspace/.dependencies/checkouts/Down
    builtin-swiftTaskExecution -- /Applications/Xcode-15.3.0-Beta.2.app/Contents/Developer/Toolchains/XcodeDefault.xctoolchain/usr/bin/swift-frontend -frontend -emit-module -experimental-skip-non-inlinable-function-bodies-without-types /Users/builder/builds/UKfvDsi8u/3/finestructure/swiftpackageindex-builder/spi-builder-workspace/.derivedData/Build/Intermediates.noindex/Down.build/Debug-watchos/Down.build/DerivedSources/resource_bundle_accessor.swift /Users/builder/builds/UKfvDsi8u/3/finestructure/swiftpackageindex-builder/spi-builder-workspace/.dependencies/checkouts/Down/Sources/Down/AST/Nodes/BaseNode.swift /Users/builder/builds/UKfvDsi8u/3/finestructure/swiftpackageindex-builder/spi-builder-workspace/.dependencies/checkouts/Down/Sources/Down/AST/Nodes/BlockQuote.swift /Users/builder/builds/UKfvDsi8u/3/finestructure/swiftpackageindex-builder/spi-builder-workspace/.dependencies/checkouts/Down/Sources/Down/AST/Nodes/ChildSequence.swift /Users/builder/builds/UKfvDsi8u/3/finestructure/swiftpackageindex-builder/spi-builder-workspace/.dependencies/checkouts/Down/Sources/Down/AST/Nodes/Code.swift /Users/builder/builds/UKfvDsi8u/3/finestructure/swiftpackageindex-builder/spi-builder-workspace/.dependencies/checkouts/Down/Sources/Down/AST/Nodes/CodeBlock.swift /Users/builder/builds/UKfvDsi8u/3/finestructure/swiftpackageindex-builder/spi-builder-workspace/.dependencies/checkouts/Down/Sources/Down/AST/Nodes/CustomBlock.swift /Users/builder/builds/UKfvDsi8u/3/finestructure/swiftpackageindex-builder/spi-builder-workspace/.dependencies/checkouts/Down/Sources/Down/AST/Nodes/CustomInline.swift /Users/builder/builds/UKfvDsi8u/3/finestructure/swiftpackageindex-builder/spi-builder-workspace/.dependencies/checkouts/Down/Sources/Down/AST/Nodes/Document.swift /Users/builder/builds/UKfvDsi8u/3/finestructure/swiftpackageindex-builder/spi-builder-workspace/.dependencies/checkouts/Down/Sources/Down/AST/Nodes/Emphasis.swift /Users/builder/builds/UKfvDsi8u/3/finestructure/swiftpackageindex-builder/spi-builder-workspace/.dependencies/checkouts/Down/Sources/Down/AST/Nodes/Heading.swift /Users/builder/builds/UKfvDsi8u/3/finestructure/swiftpackageindex-builder/spi-builder-workspace/.dependencies/checkouts/Down/Sources/Down/AST/Nodes/HtmlBlock.swift /Users/builder/builds/UKfvDsi8u/3/finestructure/swiftpackageindex-builder/spi-builder-workspace/.dependencies/checkouts/Down/Sources/Down/AST/Nodes/HtmlInline.swift /Users/builder/builds/UKfvDsi8u/3/finestructure/swiftpackageindex-builder/spi-builder-workspace/.dependencies/checkouts/Down/Sources/Down/AST/Nodes/Image.swift /Users/builder/builds/UKfvDsi8u/3/finestructure/swiftpackageindex-builder/spi-builder-workspace/.dependencies/checkouts/Down/Sources/Down/AST/Nodes/Item.swift /Users/builder/builds/UKfvDsi8u/3/finestructure/swiftpackageindex-builder/spi-builder-workspace/.dependencies/checkouts/Down/Sources/Down/AST/Nodes/LineBreak.swift /Users/builder/builds/UKfvDsi8u/3/finestructure/swiftpackageindex-builder/spi-builder-workspace/.dependencies/checkouts/Down/Sources/Down/AST/Nodes/Link.swift /Users/builder/builds/UKfvDsi8u/3/finestructure/swiftpackageindex-builder/spi-builder-workspace/.dependencies/checkouts/Down/Sources/Down/AST/Nodes/List.swift /Users/builder/builds/UKfvDsi8u/3/finestructure/swiftpackageindex-builder/spi-builder-workspace/.dependencies/checkouts/Down/Sources/Down/AST/Nodes/Node.swift /Users/builder/builds/UKfvDsi8u/3/finestructure/swiftpackageindex-builder/spi-builder-workspace/.dependencies/checkouts/Down/Sources/Down/AST/Nodes/Paragraph.swift /Users/builder/builds/UKfvDsi8u/3/finestructure/swiftpackageindex-builder/spi-builder-workspace/.dependencies/checkouts/Down/Sources/Down/AST/Nodes/SoftBreak.swift /Users/builder/builds/UKfvDsi8u/3/finestructure/swiftpackageindex-builder/spi-builder-workspace/.dependencies/checkouts/Down/Sources/Down/AST/Nodes/Strong.swift /Users/builder/builds/UKfvDsi8u/3/finestructure/swiftpackageindex-builder/spi-builder-workspace/.dependencies/checkouts/Down/Sources/Down/AST/Nodes/Text.swift /Users/builder/builds/UKfvDsi8u/3/finestructure/swiftpackageindex-builder/spi-builder-workspace/.dependencies/checkouts/Down/Sources/Down/AST/Nodes/ThematicBreak.swift /Users/builder/builds/UKfvDsi8u/3/finestructure/swiftpackageindex-builder/spi-builder-workspace/.dependencies/checkouts/Down/Sources/Down/AST/Styling/Attribute\ Collections/ColorCollection.swift /Users/builder/builds/UKfvDsi8u/3/finestructure/swiftpackageindex-builder/spi-builder-workspace/.dependencies/checkouts/Down/Sources/Down/AST/Styling/Attribute\ Collections/FontCollection.swift /Users/builder/builds/UKfvDsi8u/3/finestructure/swiftpackageindex-builder/spi-builder-workspace/.dependencies/checkouts/Down/Sources/Down/AST/Styling/Attribute\ Collections/ParagraphStyleCollection.swift /Users/builder/builds/UKfvDsi8u/3/finestructure/swiftpackageindex-builder/spi-builder-workspace/.dependencies/checkouts/Down/Sources/Down/AST/Styling/Custom\ Attributes/BlockBackgroundColorAttribute.swift /Users/builder/builds/UKfvDsi8u/3/finestructure/swiftpackageindex-builder/spi-builder-workspace/.dependencies/checkouts/Down/Sources/Down/AST/Styling/Custom\ Attributes/QuoteStripeAttribute.swift /Users/builder/builds/UKfvDsi8u/3/finestructure/swiftpackageindex-builder/spi-builder-workspace/.dependencies/checkouts/Down/Sources/Down/AST/Styling/Custom\ Attributes/ThematicBreakAttribute.swift /Users/builder/builds/UKfvDsi8u/3/finestructure/swiftpackageindex-builder/spi-builder-workspace/.dependencies/checkouts/Down/Sources/Down/AST/Styling/Helpers/Extensions/CGPoint+Translate.swift /Users/builder/builds/UKfvDsi8u/3/finestructure/swiftpackageindex-builder/spi-builder-workspace/.dependencies/checkouts/Down/Sources/Down/AST/Styling/Helpers/Extensions/CGRect+Helpers.swift /Users/builder/builds/UKfvDsi8u/3/finestructure/swiftpackageindex-builder/spi-builder-workspace/.dependencies/checkouts/Down/Sources/Down/AST/Styling/Helpers/Extensions/NSAttributedString+Helpers.swift /Users/builder/builds/UKfvDsi8u/3/finestructure/swiftpackageindex-builder/spi-builder-workspace/.dependencies/checkouts/Down/Sources/Down/AST/Styling/Helpers/Extensions/NSMutableAttributedString+Attributes.swift /Users/builder/builds/UKfvDsi8u/3/finestructure/swiftpackageindex-builder/spi-builder-workspace/.dependencies/checkouts/Down/Sources/Down/AST/Styling/Helpers/Extensions/UIFont+Traits.swift /Users/builder/builds/UKfvDsi8u/3/finestructure/swiftpackageindex-builder/spi-builder-workspace/.dependencies/checkouts/Down/Sources/Down/AST/Styling/Helpers/ListItemParagraphStyler.swift /Users/builder/builds/UKfvDsi8u/3/finestructure/swiftpackageindex-builder/spi-builder-workspace/.dependencies/checkouts/Down/Sources/Down/AST/Styling/Layout\ Managers/DownDebugLayoutManager.swift /Users/builder/builds/UKfvDsi8u/3/finestructure/swiftpackageindex-builder/spi-builder-workspace/.dependencies/checkouts/Down/Sources/Down/AST/Styling/Layout\ Managers/DownLayoutManager.swift /Users/builder/builds/UKfvDsi8u/3/finestructure/swiftpackageindex-builder/spi-builder-workspace/.dependencies/checkouts/Down/Sources/Down/AST/Styling/Options/CodeBlockOptions.swift /Users/builder/builds/UKfvDsi8u/3/finestructure/swiftpackageindex-builder/spi-builder-workspace/.dependencies/checkouts/Down/Sources/Down/AST/Styling/Options/ListItemOptions.swift /Users/builder/builds/UKfvDsi8u/3/finestructure/swiftpackageindex-builder/spi-builder-workspace/.dependencies/checkouts/Down/Sources/Down/AST/Styling/Options/QuoteStripeOptions.swift /Users/builder/builds/UKfvDsi8u/3/finestructure/swiftpackageindex-builder/spi-builder-workspace/.dependencies/checkouts/Down/Sources/Down/AST/Styling/Options/ThematicBreakOptions.swift /Users/builder/builds/UKfvDsi8u/3/finestructure/swiftpackageindex-builder/spi-builder-workspace/.dependencies/checkouts/Down/Sources/Down/AST/Styling/Stylers/DownStyler.swift /Users/builder/builds/UKfvDsi8u/3/finestructure/swiftpackageindex-builder/spi-builder-workspace/.dependencies/checkouts/Down/Sources/Down/AST/Styling/Stylers/DownStylerConfiguration.swift /Users/builder/builds/UKfvDsi8u/3/finestructure/swiftpackageindex-builder/spi-builder-workspace/.dependencies/checkouts/Down/Sources/Down/AST/Styling/Stylers/Styler.swift /Users/builder/builds/UKfvDsi8u/3/finestructure/swiftpackageindex-builder/spi-builder-workspace/.dependencies/checkouts/Down/Sources/Down/AST/Styling/Text\ Views/DownDebugTextView.swift /Users/builder/builds/UKfvDsi8u/3/finestructure/swiftpackageindex-builder/spi-builder-workspace/.dependencies/checkouts/Down/Sources/Down/AST/Styling/Text\ Views/DownTextView.swift /Users/builder/builds/UKfvDsi8u/3/finestructure/swiftpackageindex-builder/spi-builder-workspace/.dependencies/checkouts/Down/Sources/Down/AST/Visitors/AttributedStringVisitor.swift /Users/builder/builds/UKfvDsi8u/3/finestructure/swiftpackageindex-builder/spi-builder-workspace/.dependencies/checkouts/Down/Sources/Down/AST/Visitors/DebugVisitor.swift /Users/builder/builds/UKfvDsi8u/3/finestructure/swiftpackageindex-builder/spi-builder-workspace/.dependencies/checkouts/Down/Sources/Down/AST/Visitors/ListItemPrefixGenerator.swift /Users/builder/builds/UKfvDsi8u/3/finestructure/swiftpackageindex-builder/spi-builder-workspace/.dependencies/checkouts/Down/Sources/Down/AST/Visitors/Visitor.swift /Users/builder/builds/UKfvDsi8u/3/finestructure/swiftpackageindex-builder/spi-builder-workspace/.dependencies/checkouts/Down/Sources/Down/Down.swift /Users/builder/builds/UKfvDsi8u/3/finestructure/swiftpackageindex-builder/spi-builder-workspace/.dependencies/checkouts/Down/Sources/Down/Enums\ \&\ Options/DownErrors.swift /Users/builder/builds/UKfvDsi8u/3/finestructure/swiftpackageindex-builder/spi-builder-workspace/.dependencies/checkouts/Down/Sources/Down/Enums\ \&\ Options/DownOptions.swift /Users/builder/builds/UKfvDsi8u/3/finestructure/swiftpackageindex-builder/spi-builder-workspace/.dependencies/checkouts/Down/Sources/Down/Extensions/NSAttributedString+HTML.swift /Users/builder/builds/UKfvDsi8u/3/finestructure/swiftpackageindex-builder/spi-builder-workspace/.dependencies/checkouts/Down/Sources/Down/Extensions/String+ToHTML.swift /Users/builder/builds/UKfvDsi8u/3/finestructure/swiftpackageindex-builder/spi-builder-workspace/.dependencies/checkouts/Down/Sources/Down/Renderers/DownASTRenderable.swift /Users/builder/builds/UKfvDsi8u/3/finestructure/swiftpackageindex-builder/spi-builder-workspace/.dependencies/checkouts/Down/Sources/Down/Renderers/DownAttributedStringRenderable.swift /Users/builder/builds/UKfvDsi8u/3/finestructure/swiftpackageindex-builder/spi-builder-workspace/.dependencies/checkouts/Down/Sources/Down/Renderers/DownCommonMarkRenderable.swift /Users/builder/builds/UKfvDsi8u/3/finestructure/swiftpackageindex-builder/spi-builder-workspace/.dependencies/checkouts/Down/Sources/Down/Renderers/DownGroffRenderable.swift /Users/builder/builds/UKfvDsi8u/3/finestructure/swiftpackageindex-builder/spi-builder-workspace/.dependencies/checkouts/Down/Sources/Down/Renderers/DownHTMLRenderable.swift /Users/builder/builds/UKfvDsi8u/3/finestructure/swiftpackageindex-builder/spi-builder-workspace/.dependencies/checkouts/Down/Sources/Down/Renderers/DownLaTeXRenderable.swift /Users/builder/builds/UKfvDsi8u/3/finestructure/swiftpackageindex-builder/spi-builder-workspace/.dependencies/checkouts/Down/Sources/Down/Renderers/DownRenderable.swift /Users/builder/builds/UKfvDsi8u/3/finestructure/swiftpackageindex-builder/spi-builder-workspace/.dependencies/checkouts/Down/Sources/Down/Renderers/DownXMLRenderable.swift /Users/builder/builds/UKfvDsi8u/3/finestructure/swiftpackageindex-builder/spi-builder-workspace/.dependencies/checkouts/Down/Sources/Down/Views/BundleHelper.swift /Users/builder/builds/UKfvDsi8u/3/finestructure/swiftpackageindex-builder/spi-builder-workspace/.dependencies/checkouts/Down/Sources/Down/Views/DownView.swift -target arm64_32-apple-watchos5.0 -enable-objc-interop -sdk /Applications/Xcode-15.3.0-Beta.2.app/Contents/Developer/Platforms/WatchOS.platform/Developer/SDKs/WatchOS10.4.sdk -I /Users/builder/builds/UKfvDsi8u/3/finestructure/swiftpackageindex-builder/spi-builder-workspace/.derivedData/Build/Products/Debug-watchos -I /Applications/Xcode-15.3.0-Beta.2.app/Contents/Developer/Platforms/WatchOS.platform/Developer/usr/lib -F /Users/builder/builds/UKfvDsi8u/3/finestructure/swiftpackageindex-builder/spi-builder-workspace/.derivedData/Build/Products/Debug-watchos/PackageFrameworks -F /Users/builder/builds/UKfvDsi8u/3/finestructure/swiftpackageindex-builder/spi-builder-workspace/.derivedData/Build/Products/Debug-watchos -F /Applications/Xcode-15.3.0-Beta.2.app/Contents/Developer/Platforms/WatchOS.platform/Developer/Library/Frameworks -F /Applications/Xcode-15.3.0-Beta.2.app/Contents/Developer/Platforms/WatchOS.platform/Developer/SDKs/WatchOS10.4.sdk/Developer/Library/Frameworks -no-color-diagnostics -enable-testing -g -module-cache-path /Users/builder/builds/UKfvDsi8u/3/finestructure/swiftpackageindex-builder/spi-builder-workspace/.derivedData/ModuleCache.noindex -suppress-warnings -swift-version 5 -enforce-exclusivity\=checked -Onone -D SWIFT_PACKAGE -D DEBUG -D Xcode -serialize-debugging-options -const-gather-protocols-file /Users/builder/builds/UKfvDsi8u/3/finestructure/swiftpackageindex-builder/spi-builder-workspace/.derivedData/Build/Intermediates.noindex/Down.build/Debug-watchos/Down.build/Objects-normal/arm64_32/Down_const_extract_protocols.json -empty-abi-descriptor -validate-clang-modules-once -clang-build-session-file /Users/builder/builds/UKfvDsi8u/3/finestructure/swiftpackageindex-builder/spi-builder-workspace/.derivedData/ModuleCache.noindex/Session.modulevalidation -Xcc -working-directory -Xcc /Users/builder/builds/UKfvDsi8u/3/finestructure/swiftpackageindex-builder/spi-builder-workspace/.dependencies/checkouts/Down -resource-dir /Applications/Xcode-15.3.0-Beta.2.app/Contents/Developer/Toolchains/XcodeDefault.xctoolchain/usr/lib/swift -enable-anonymous-context-mangled-names -Xcc -fmodule-map-file\=/Users/builder/builds/UKfvDsi8u/3/finestructure/swiftpackageindex-builder/spi-builder-workspace/.derivedData/Build/Intermediates.noindex/GeneratedModuleMaps-watchos/libcmark.modulemap -Xcc -ivfsstatcache -Xcc /Users/builder/builds/UKfvDsi8u/3/finestructure/swiftpackageindex-builder/spi-builder-workspace/.derivedData/SDKStatCaches.noindex/watchos10.4-21T5196c-188b4c5c5639cdba02b95625249bd203.sdkstatcache -Xcc -I/Users/builder/builds/UKfvDsi8u/3/finestructure/swiftpackageindex-builder/spi-builder-workspace/.derivedData/Build/Intermediates.noindex/Down.build/Debug-watchos/Down.build/swift-overrides.hmap -Xcc -I/Users/builder/builds/UKfvDsi8u/3/finestructure/swiftpackageindex-builder/spi-builder-workspace/.dependencies/checkouts/Down/Sources/cmark -Xcc -I/Users/builder/builds/UKfvDsi8u/3/finestructure/swiftpackageindex-builder/spi-builder-workspace/.derivedData/Build/Products/Debug-watchos/include -Xcc -I/Users/builder/builds/UKfvDsi8u/3/finestructure/swiftpackageindex-builder/spi-builder-workspace/.derivedData/Build/Intermediates.noindex/Down.build/Debug-watchos/Down.build/DerivedSources-normal/arm64_32 -Xcc -I/Users/builder/builds/UKfvDsi8u/3/finestructure/swiftpackageindex-builder/spi-builder-workspace/.derivedData/Build/Intermediates.noindex/Down.build/Debug-watchos/Down.build/DerivedSources/arm64_32 -Xcc -I/Users/builder/builds/UKfvDsi8u/3/finestructure/swiftpackageindex-builder/spi-builder-workspace/.derivedData/Build/Intermediates.noindex/Down.build/Debug-watchos/Down.build/DerivedSources -Xcc -DSWIFT_PACKAGE -Xcc -DDEBUG\=1 -module-name Down -disable-clang-spi -target-sdk-version 10.4 -target-sdk-name watchos10.4 -external-plugin-path /Applications/Xcode-15.3.0-Beta.2.app/Contents/Developer/Platforms/WatchOS.platform/Developer/SDKs/WatchOS10.4.sdk/usr/lib/swift/host/plugins\#/Applications/Xcode-15.3.0-Beta.2.app/Contents/Developer/Platforms/WatchOS.platform/Developer/SDKs/WatchOS10.4.sdk/usr/bin/swift-plugin-server -external-plugin-path /Applications/Xcode-15.3.0-Beta.2.app/Contents/Developer/Platforms/WatchOS.platform/Developer/SDKs/WatchOS10.4.sdk/usr/local/lib/swift/host/plugins\#/Applications/Xcode-15.3.0-Beta.2.app/Contents/Developer/Platforms/WatchOS.platform/Developer/SDKs/WatchOS10.4.sdk/usr/bin/swift-plugin-server -external-plugin-path /Applications/Xcode-15.3.0-Beta.2.app/Contents/Developer/Platforms/WatchOS.platform/Developer/usr/lib/swift/host/plugins\#/Applications/Xcode-15.3.0-Beta.2.app/Contents/Developer/Platforms/WatchOS.platform/Developer/usr/bin/swift-plugin-server -external-plugin-path /Applications/Xcode-15.3.0-Beta.2.app/Contents/Developer/Platforms/WatchOS.platform/Developer/usr/local/lib/swift/host/plugins\#/Applications/Xcode-15.3.0-Beta.2.app/Contents/Developer/Platforms/WatchOS.platform/Developer/usr/bin/swift-plugin-server -plugin-path /Applications/Xcode-15.3.0-Beta.2.app/Contents/Developer/Toolchains/XcodeDefault.xctoolchain/usr/lib/swift/host/plugins -plugin-path /Applications/Xcode-15.3.0-Beta.2.app/Contents/Developer/Toolchains/XcodeDefault.xctoolchain/usr/local/lib/swift/host/plugins -emit-module-doc-path /Users/builder/builds/UKfvDsi8u/3/finestructure/swiftpackageindex-builder/spi-builder-workspace/.derivedData/Build/Intermediates.noindex/Down.build/Debug-watchos/Down.build/Objects-normal/arm64_32/Down.swiftdoc -emit-module-source-info-path /Users/builder/builds/UKfvDsi8u/3/finestructure/swiftpackageindex-builder/spi-builder-workspace/.derivedData/Build/Intermediates.noindex/Down.build/Debug-watchos/Down.build/Objects-normal/arm64_32/Down.swiftsourceinfo -emit-objc-header-path /Users/builder/builds/UKfvDsi8u/3/finestructure/swiftpackageindex-builder/spi-builder-workspace/.derivedData/Build/Intermediates.noindex/Down.build/Debug-watchos/Down.build/Objects-normal/arm64_32/Down-Swift.h -serialize-diagnostics-path /Users/builder/builds/UKfvDsi8u/3/finestructure/swiftpackageindex-builder/spi-builder-workspace/.derivedData/Build/Intermediates.noindex/Down.build/Debug-watchos/Down.build/Objects-normal/arm64_32/Down-master-emit-module.dia -emit-dependencies-path /Users/builder/builds/UKfvDsi8u/3/finestructure/swiftpackageindex-builder/spi-builder-workspace/.derivedData/Build/Intermediates.noindex/Down.build/Debug-watchos/Down.build/Objects-normal/arm64_32/Down-master-emit-module.d -o /Users/builder/builds/UKfvDsi8u/3/finestructure/swiftpackageindex-builder/spi-builder-workspace/.derivedData/Build/Intermediates.noindex/Down.build/Debug-watchos/Down.build/Objects-normal/arm64_32/Down.swiftmodule -emit-abi-descriptor-path /Users/builder/builds/UKfvDsi8u/3/finestructure/swiftpackageindex-builder/spi-builder-workspace/.derivedData/Build/Intermediates.noindex/Down.build/Debug-watchos/Down.build/Objects-normal/arm64_32/Down.abi.json
SwiftEmitModule normal arm64 Emitting\ module\ for\ Down (in target 'Down' from project 'Down')
    cd /Users/builder/builds/UKfvDsi8u/3/finestructure/swiftpackageindex-builder/spi-builder-workspace/.dependencies/checkouts/Down
    builtin-swiftTaskExecution -- /Applications/Xcode-15.3.0-Beta.2.app/Contents/Developer/Toolchains/XcodeDefault.xctoolchain/usr/bin/swift-frontend -frontend -emit-module -experimental-skip-non-inlinable-function-bodies-without-types /Users/builder/builds/UKfvDsi8u/3/finestructure/swiftpackageindex-builder/spi-builder-workspace/.derivedData/Build/Intermediates.noindex/Down.build/Debug-watchos/Down.build/DerivedSources/resource_bundle_accessor.swift /Users/builder/builds/UKfvDsi8u/3/finestructure/swiftpackageindex-builder/spi-builder-workspace/.dependencies/checkouts/Down/Sources/Down/AST/Nodes/BaseNode.swift /Users/builder/builds/UKfvDsi8u/3/finestructure/swiftpackageindex-builder/spi-builder-workspace/.dependencies/checkouts/Down/Sources/Down/AST/Nodes/BlockQuote.swift /Users/builder/builds/UKfvDsi8u/3/finestructure/swiftpackageindex-builder/spi-builder-workspace/.dependencies/checkouts/Down/Sources/Down/AST/Nodes/ChildSequence.swift /Users/builder/builds/UKfvDsi8u/3/finestructure/swiftpackageindex-builder/spi-builder-workspace/.dependencies/checkouts/Down/Sources/Down/AST/Nodes/Code.swift /Users/builder/builds/UKfvDsi8u/3/finestructure/swiftpackageindex-builder/spi-builder-workspace/.dependencies/checkouts/Down/Sources/Down/AST/Nodes/CodeBlock.swift /Users/builder/builds/UKfvDsi8u/3/finestructure/swiftpackageindex-builder/spi-builder-workspace/.dependencies/checkouts/Down/Sources/Down/AST/Nodes/CustomBlock.swift /Users/builder/builds/UKfvDsi8u/3/finestructure/swiftpackageindex-builder/spi-builder-workspace/.dependencies/checkouts/Down/Sources/Down/AST/Nodes/CustomInline.swift /Users/builder/builds/UKfvDsi8u/3/finestructure/swiftpackageindex-builder/spi-builder-workspace/.dependencies/checkouts/Down/Sources/Down/AST/Nodes/Document.swift /Users/builder/builds/UKfvDsi8u/3/finestructure/swiftpackageindex-builder/spi-builder-workspace/.dependencies/checkouts/Down/Sources/Down/AST/Nodes/Emphasis.swift /Users/builder/builds/UKfvDsi8u/3/finestructure/swiftpackageindex-builder/spi-builder-workspace/.dependencies/checkouts/Down/Sources/Down/AST/Nodes/Heading.swift /Users/builder/builds/UKfvDsi8u/3/finestructure/swiftpackageindex-builder/spi-builder-workspace/.dependencies/checkouts/Down/Sources/Down/AST/Nodes/HtmlBlock.swift /Users/builder/builds/UKfvDsi8u/3/finestructure/swiftpackageindex-builder/spi-builder-workspace/.dependencies/checkouts/Down/Sources/Down/AST/Nodes/HtmlInline.swift /Users/builder/builds/UKfvDsi8u/3/finestructure/swiftpackageindex-builder/spi-builder-workspace/.dependencies/checkouts/Down/Sources/Down/AST/Nodes/Image.swift /Users/builder/builds/UKfvDsi8u/3/finestructure/swiftpackageindex-builder/spi-builder-workspace/.dependencies/checkouts/Down/Sources/Down/AST/Nodes/Item.swift /Users/builder/builds/UKfvDsi8u/3/finestructure/swiftpackageindex-builder/spi-builder-workspace/.dependencies/checkouts/Down/Sources/Down/AST/Nodes/LineBreak.swift /Users/builder/builds/UKfvDsi8u/3/finestructure/swiftpackageindex-builder/spi-builder-workspace/.dependencies/checkouts/Down/Sources/Down/AST/Nodes/Link.swift /Users/builder/builds/UKfvDsi8u/3/finestructure/swiftpackageindex-builder/spi-builder-workspace/.dependencies/checkouts/Down/Sources/Down/AST/Nodes/List.swift /Users/builder/builds/UKfvDsi8u/3/finestructure/swiftpackageindex-builder/spi-builder-workspace/.dependencies/checkouts/Down/Sources/Down/AST/Nodes/Node.swift /Users/builder/builds/UKfvDsi8u/3/finestructure/swiftpackageindex-builder/spi-builder-workspace/.dependencies/checkouts/Down/Sources/Down/AST/Nodes/Paragraph.swift /Users/builder/builds/UKfvDsi8u/3/finestructure/swiftpackageindex-builder/spi-builder-workspace/.dependencies/checkouts/Down/Sources/Down/AST/Nodes/SoftBreak.swift /Users/builder/builds/UKfvDsi8u/3/finestructure/swiftpackageindex-builder/spi-builder-workspace/.dependencies/checkouts/Down/Sources/Down/AST/Nodes/Strong.swift /Users/builder/builds/UKfvDsi8u/3/finestructure/swiftpackageindex-builder/spi-builder-workspace/.dependencies/checkouts/Down/Sources/Down/AST/Nodes/Text.swift /Users/builder/builds/UKfvDsi8u/3/finestructure/swiftpackageindex-builder/spi-builder-workspace/.dependencies/checkouts/Down/Sources/Down/AST/Nodes/ThematicBreak.swift /Users/builder/builds/UKfvDsi8u/3/finestructure/swiftpackageindex-builder/spi-builder-workspace/.dependencies/checkouts/Down/Sources/Down/AST/Styling/Attribute\ Collections/ColorCollection.swift /Users/builder/builds/UKfvDsi8u/3/finestructure/swiftpackageindex-builder/spi-builder-workspace/.dependencies/checkouts/Down/Sources/Down/AST/Styling/Attribute\ Collections/FontCollection.swift /Users/builder/builds/UKfvDsi8u/3/finestructure/swiftpackageindex-builder/spi-builder-workspace/.dependencies/checkouts/Down/Sources/Down/AST/Styling/Attribute\ Collections/ParagraphStyleCollection.swift /Users/builder/builds/UKfvDsi8u/3/finestructure/swiftpackageindex-builder/spi-builder-workspace/.dependencies/checkouts/Down/Sources/Down/AST/Styling/Custom\ Attributes/BlockBackgroundColorAttribute.swift /Users/builder/builds/UKfvDsi8u/3/finestructure/swiftpackageindex-builder/spi-builder-workspace/.dependencies/checkouts/Down/Sources/Down/AST/Styling/Custom\ Attributes/QuoteStripeAttribute.swift /Users/builder/builds/UKfvDsi8u/3/finestructure/swiftpackageindex-builder/spi-builder-workspace/.dependencies/checkouts/Down/Sources/Down/AST/Styling/Custom\ Attributes/ThematicBreakAttribute.swift /Users/builder/builds/UKfvDsi8u/3/finestructure/swiftpackageindex-builder/spi-builder-workspace/.dependencies/checkouts/Down/Sources/Down/AST/Styling/Helpers/Extensions/CGPoint+Translate.swift /Users/builder/builds/UKfvDsi8u/3/finestructure/swiftpackageindex-builder/spi-builder-workspace/.dependencies/checkouts/Down/Sources/Down/AST/Styling/Helpers/Extensions/CGRect+Helpers.swift /Users/builder/builds/UKfvDsi8u/3/finestructure/swiftpackageindex-builder/spi-builder-workspace/.dependencies/checkouts/Down/Sources/Down/AST/Styling/Helpers/Extensions/NSAttributedString+Helpers.swift /Users/builder/builds/UKfvDsi8u/3/finestructure/swiftpackageindex-builder/spi-builder-workspace/.dependencies/checkouts/Down/Sources/Down/AST/Styling/Helpers/Extensions/NSMutableAttributedString+Attributes.swift /Users/builder/builds/UKfvDsi8u/3/finestructure/swiftpackageindex-builder/spi-builder-workspace/.dependencies/checkouts/Down/Sources/Down/AST/Styling/Helpers/Extensions/UIFont+Traits.swift /Users/builder/builds/UKfvDsi8u/3/finestructure/swiftpackageindex-builder/spi-builder-workspace/.dependencies/checkouts/Down/Sources/Down/AST/Styling/Helpers/ListItemParagraphStyler.swift /Users/builder/builds/UKfvDsi8u/3/finestructure/swiftpackageindex-builder/spi-builder-workspace/.dependencies/checkouts/Down/Sources/Down/AST/Styling/Layout\ Managers/DownDebugLayoutManager.swift /Users/builder/builds/UKfvDsi8u/3/finestructure/swiftpackageindex-builder/spi-builder-workspace/.dependencies/checkouts/Down/Sources/Down/AST/Styling/Layout\ Managers/DownLayoutManager.swift /Users/builder/builds/UKfvDsi8u/3/finestructure/swiftpackageindex-builder/spi-builder-workspace/.dependencies/checkouts/Down/Sources/Down/AST/Styling/Options/CodeBlockOptions.swift /Users/builder/builds/UKfvDsi8u/3/finestructure/swiftpackageindex-builder/spi-builder-workspace/.dependencies/checkouts/Down/Sources/Down/AST/Styling/Options/ListItemOptions.swift /Users/builder/builds/UKfvDsi8u/3/finestructure/swiftpackageindex-builder/spi-builder-workspace/.dependencies/checkouts/Down/Sources/Down/AST/Styling/Options/QuoteStripeOptions.swift /Users/builder/builds/UKfvDsi8u/3/finestructure/swiftpackageindex-builder/spi-builder-workspace/.dependencies/checkouts/Down/Sources/Down/AST/Styling/Options/ThematicBreakOptions.swift /Users/builder/builds/UKfvDsi8u/3/finestructure/swiftpackageindex-builder/spi-builder-workspace/.dependencies/checkouts/Down/Sources/Down/AST/Styling/Stylers/DownStyler.swift /Users/builder/builds/UKfvDsi8u/3/finestructure/swiftpackageindex-builder/spi-builder-workspace/.dependencies/checkouts/Down/Sources/Down/AST/Styling/Stylers/DownStylerConfiguration.swift /Users/builder/builds/UKfvDsi8u/3/finestructure/swiftpackageindex-builder/spi-builder-workspace/.dependencies/checkouts/Down/Sources/Down/AST/Styling/Stylers/Styler.swift /Users/builder/builds/UKfvDsi8u/3/finestructure/swiftpackageindex-builder/spi-builder-workspace/.dependencies/checkouts/Down/Sources/Down/AST/Styling/Text\ Views/DownDebugTextView.swift /Users/builder/builds/UKfvDsi8u/3/finestructure/swiftpackageindex-builder/spi-builder-workspace/.dependencies/checkouts/Down/Sources/Down/AST/Styling/Text\ Views/DownTextView.swift /Users/builder/builds/UKfvDsi8u/3/finestructure/swiftpackageindex-builder/spi-builder-workspace/.dependencies/checkouts/Down/Sources/Down/AST/Visitors/AttributedStringVisitor.swift /Users/builder/builds/UKfvDsi8u/3/finestructure/swiftpackageindex-builder/spi-builder-workspace/.dependencies/checkouts/Down/Sources/Down/AST/Visitors/DebugVisitor.swift /Users/builder/builds/UKfvDsi8u/3/finestructure/swiftpackageindex-builder/spi-builder-workspace/.dependencies/checkouts/Down/Sources/Down/AST/Visitors/ListItemPrefixGenerator.swift /Users/builder/builds/UKfvDsi8u/3/finestructure/swiftpackageindex-builder/spi-builder-workspace/.dependencies/checkouts/Down/Sources/Down/AST/Visitors/Visitor.swift /Users/builder/builds/UKfvDsi8u/3/finestructure/swiftpackageindex-builder/spi-builder-workspace/.dependencies/checkouts/Down/Sources/Down/Down.swift /Users/builder/builds/UKfvDsi8u/3/finestructure/swiftpackageindex-builder/spi-builder-workspace/.dependencies/checkouts/Down/Sources/Down/Enums\ \&\ Options/DownErrors.swift /Users/builder/builds/UKfvDsi8u/3/finestructure/swiftpackageindex-builder/spi-builder-workspace/.dependencies/checkouts/Down/Sources/Down/Enums\ \&\ Options/DownOptions.swift /Users/builder/builds/UKfvDsi8u/3/finestructure/swiftpackageindex-builder/spi-builder-workspace/.dependencies/checkouts/Down/Sources/Down/Extensions/NSAttributedString+HTML.swift /Users/builder/builds/UKfvDsi8u/3/finestructure/swiftpackageindex-builder/spi-builder-workspace/.dependencies/checkouts/Down/Sources/Down/Extensions/String+ToHTML.swift /Users/builder/builds/UKfvDsi8u/3/finestructure/swiftpackageindex-builder/spi-builder-workspace/.dependencies/checkouts/Down/Sources/Down/Renderers/DownASTRenderable.swift /Users/builder/builds/UKfvDsi8u/3/finestructure/swiftpackageindex-builder/spi-builder-workspace/.dependencies/checkouts/Down/Sources/Down/Renderers/DownAttributedStringRenderable.swift /Users/builder/builds/UKfvDsi8u/3/finestructure/swiftpackageindex-builder/spi-builder-workspace/.dependencies/checkouts/Down/Sources/Down/Renderers/DownCommonMarkRenderable.swift /Users/builder/builds/UKfvDsi8u/3/finestructure/swiftpackageindex-builder/spi-builder-workspace/.dependencies/checkouts/Down/Sources/Down/Renderers/DownGroffRenderable.swift /Users/builder/builds/UKfvDsi8u/3/finestructure/swiftpackageindex-builder/spi-builder-workspace/.dependencies/checkouts/Down/Sources/Down/Renderers/DownHTMLRenderable.swift /Users/builder/builds/UKfvDsi8u/3/finestructure/swiftpackageindex-builder/spi-builder-workspace/.dependencies/checkouts/Down/Sources/Down/Renderers/DownLaTeXRenderable.swift /Users/builder/builds/UKfvDsi8u/3/finestructure/swiftpackageindex-builder/spi-builder-workspace/.dependencies/checkouts/Down/Sources/Down/Renderers/DownRenderable.swift /Users/builder/builds/UKfvDsi8u/3/finestructure/swiftpackageindex-builder/spi-builder-workspace/.dependencies/checkouts/Down/Sources/Down/Renderers/DownXMLRenderable.swift /Users/builder/builds/UKfvDsi8u/3/finestructure/swiftpackageindex-builder/spi-builder-workspace/.dependencies/checkouts/Down/Sources/Down/Views/BundleHelper.swift /Users/builder/builds/UKfvDsi8u/3/finestructure/swiftpackageindex-builder/spi-builder-workspace/.dependencies/checkouts/Down/Sources/Down/Views/DownView.swift -target arm64-apple-watchos5.0 -Xllvm -aarch64-use-tbi -enable-objc-interop -sdk /Applications/Xcode-15.3.0-Beta.2.app/Contents/Developer/Platforms/WatchOS.platform/Developer/SDKs/WatchOS10.4.sdk -I /Users/builder/builds/UKfvDsi8u/3/finestructure/swiftpackageindex-builder/spi-builder-workspace/.derivedData/Build/Products/Debug-watchos -I /Applications/Xcode-15.3.0-Beta.2.app/Contents/Developer/Platforms/WatchOS.platform/Developer/usr/lib -F /Users/builder/builds/UKfvDsi8u/3/finestructure/swiftpackageindex-builder/spi-builder-workspace/.derivedData/Build/Products/Debug-watchos/PackageFrameworks -F /Users/builder/builds/UKfvDsi8u/3/finestructure/swiftpackageindex-builder/spi-builder-workspace/.derivedData/Build/Products/Debug-watchos -F /Applications/Xcode-15.3.0-Beta.2.app/Contents/Developer/Platforms/WatchOS.platform/Developer/Library/Frameworks -F /Applications/Xcode-15.3.0-Beta.2.app/Contents/Developer/Platforms/WatchOS.platform/Developer/SDKs/WatchOS10.4.sdk/Developer/Library/Frameworks -no-color-diagnostics -enable-testing -g -module-cache-path /Users/builder/builds/UKfvDsi8u/3/finestructure/swiftpackageindex-builder/spi-builder-workspace/.derivedData/ModuleCache.noindex -suppress-warnings -swift-version 5 -enforce-exclusivity\=checked -Onone -D SWIFT_PACKAGE -D DEBUG -D Xcode -serialize-debugging-options -const-gather-protocols-file /Users/builder/builds/UKfvDsi8u/3/finestructure/swiftpackageindex-builder/spi-builder-workspace/.derivedData/Build/Intermediates.noindex/Down.build/Debug-watchos/Down.build/Objects-normal/arm64/Down_const_extract_protocols.json -empty-abi-descriptor -validate-clang-modules-once -clang-build-session-file /Users/builder/builds/UKfvDsi8u/3/finestructure/swiftpackageindex-builder/spi-builder-workspace/.derivedData/ModuleCache.noindex/Session.modulevalidation -Xcc -working-directory -Xcc /Users/builder/builds/UKfvDsi8u/3/finestructure/swiftpackageindex-builder/spi-builder-workspace/.dependencies/checkouts/Down -resource-dir /Applications/Xcode-15.3.0-Beta.2.app/Contents/Developer/Toolchains/XcodeDefault.xctoolchain/usr/lib/swift -enable-anonymous-context-mangled-names -Xcc -fmodule-map-file\=/Users/builder/builds/UKfvDsi8u/3/finestructure/swiftpackageindex-builder/spi-builder-workspace/.derivedData/Build/Intermediates.noindex/GeneratedModuleMaps-watchos/libcmark.modulemap -Xcc -ivfsstatcache -Xcc /Users/builder/builds/UKfvDsi8u/3/finestructure/swiftpackageindex-builder/spi-builder-workspace/.derivedData/SDKStatCaches.noindex/watchos10.4-21T5196c-188b4c5c5639cdba02b95625249bd203.sdkstatcache -Xcc -I/Users/builder/builds/UKfvDsi8u/3/finestructure/swiftpackageindex-builder/spi-builder-workspace/.derivedData/Build/Intermediates.noindex/Down.build/Debug-watchos/Down.build/swift-overrides.hmap -Xcc -I/Users/builder/builds/UKfvDsi8u/3/finestructure/swiftpackageindex-builder/spi-builder-workspace/.dependencies/checkouts/Down/Sources/cmark -Xcc -I/Users/builder/builds/UKfvDsi8u/3/finestructure/swiftpackageindex-builder/spi-builder-workspace/.derivedData/Build/Products/Debug-watchos/include -Xcc -I/Users/builder/builds/UKfvDsi8u/3/finestructure/swiftpackageindex-builder/spi-builder-workspace/.derivedData/Build/Intermediates.noindex/Down.build/Debug-watchos/Down.build/DerivedSources-normal/arm64 -Xcc -I/Users/builder/builds/UKfvDsi8u/3/finestructure/swiftpackageindex-builder/spi-builder-workspace/.derivedData/Build/Intermediates.noindex/Down.build/Debug-watchos/Down.build/DerivedSources/arm64 -Xcc -I/Users/builder/builds/UKfvDsi8u/3/finestructure/swiftpackageindex-builder/spi-builder-workspace/.derivedData/Build/Intermediates.noindex/Down.build/Debug-watchos/Down.build/DerivedSources -Xcc -DSWIFT_PACKAGE -Xcc -DDEBUG\=1 -module-name Down -disable-clang-spi -target-sdk-version 10.4 -target-sdk-name watchos10.4 -external-plugin-path /Applications/Xcode-15.3.0-Beta.2.app/Contents/Developer/Platforms/WatchOS.platform/Developer/SDKs/WatchOS10.4.sdk/usr/lib/swift/host/plugins\#/Applications/Xcode-15.3.0-Beta.2.app/Contents/Developer/Platforms/WatchOS.platform/Developer/SDKs/WatchOS10.4.sdk/usr/bin/swift-plugin-server -external-plugin-path /Applications/Xcode-15.3.0-Beta.2.app/Contents/Developer/Platforms/WatchOS.platform/Developer/SDKs/WatchOS10.4.sdk/usr/local/lib/swift/host/plugins\#/Applications/Xcode-15.3.0-Beta.2.app/Contents/Developer/Platforms/WatchOS.platform/Developer/SDKs/WatchOS10.4.sdk/usr/bin/swift-plugin-server -external-plugin-path /Applications/Xcode-15.3.0-Beta.2.app/Contents/Developer/Platforms/WatchOS.platform/Developer/usr/lib/swift/host/plugins\#/Applications/Xcode-15.3.0-Beta.2.app/Contents/Developer/Platforms/WatchOS.platform/Developer/usr/bin/swift-plugin-server -external-plugin-path /Applications/Xcode-15.3.0-Beta.2.app/Contents/Developer/Platforms/WatchOS.platform/Developer/usr/local/lib/swift/host/plugins\#/Applications/Xcode-15.3.0-Beta.2.app/Contents/Developer/Platforms/WatchOS.platform/Developer/usr/bin/swift-plugin-server -plugin-path /Applications/Xcode-15.3.0-Beta.2.app/Contents/Developer/Toolchains/XcodeDefault.xctoolchain/usr/lib/swift/host/plugins -plugin-path /Applications/Xcode-15.3.0-Beta.2.app/Contents/Developer/Toolchains/XcodeDefault.xctoolchain/usr/local/lib/swift/host/plugins -emit-module-doc-path /Users/builder/builds/UKfvDsi8u/3/finestructure/swiftpackageindex-builder/spi-builder-workspace/.derivedData/Build/Intermediates.noindex/Down.build/Debug-watchos/Down.build/Objects-normal/arm64/Down.swiftdoc -emit-module-source-info-path /Users/builder/builds/UKfvDsi8u/3/finestructure/swiftpackageindex-builder/spi-builder-workspace/.derivedData/Build/Intermediates.noindex/Down.build/Debug-watchos/Down.build/Objects-normal/arm64/Down.swiftsourceinfo -emit-objc-header-path /Users/builder/builds/UKfvDsi8u/3/finestructure/swiftpackageindex-builder/spi-builder-workspace/.derivedData/Build/Intermediates.noindex/Down.build/Debug-watchos/Down.build/Objects-normal/arm64/Down-Swift.h -serialize-diagnostics-path /Users/builder/builds/UKfvDsi8u/3/finestructure/swiftpackageindex-builder/spi-builder-workspace/.derivedData/Build/Intermediates.noindex/Down.build/Debug-watchos/Down.build/Objects-normal/arm64/Down-master-emit-module.dia -emit-dependencies-path /Users/builder/builds/UKfvDsi8u/3/finestructure/swiftpackageindex-builder/spi-builder-workspace/.derivedData/Build/Intermediates.noindex/Down.build/Debug-watchos/Down.build/Objects-normal/arm64/Down-master-emit-module.d -o /Users/builder/builds/UKfvDsi8u/3/finestructure/swiftpackageindex-builder/spi-builder-workspace/.derivedData/Build/Intermediates.noindex/Down.build/Debug-watchos/Down.build/Objects-normal/arm64/Down.swiftmodule -emit-abi-descriptor-path /Users/builder/builds/UKfvDsi8u/3/finestructure/swiftpackageindex-builder/spi-builder-workspace/.derivedData/Build/Intermediates.noindex/Down.build/Debug-watchos/Down.build/Objects-normal/arm64/Down.abi.json
Command SwiftEmitModule failed with a nonzero exit code
SwiftDriver\ Compilation\ Requirements SnapKit normal armv7k com.apple.xcode.tools.swift.compiler (in target 'SnapKit' from project 'SnapKit')
    cd /Users/builder/builds/UKfvDsi8u/3/finestructure/swiftpackageindex-builder/spi-builder-workspace/.dependencies/checkouts/SnapKit
    builtin-Swift-Compilation-Requirements -- /Applications/Xcode-15.3.0-Beta.2.app/Contents/Developer/Toolchains/XcodeDefault.xctoolchain/usr/bin/swiftc -module-name SnapKit -Onone -enforce-exclusivity\=checked @/Users/builder/builds/UKfvDsi8u/3/finestructure/swiftpackageindex-builder/spi-builder-workspace/.derivedData/Build/Intermediates.noindex/SnapKit.build/Debug-watchos/SnapKit.build/Objects-normal/armv7k/SnapKit.SwiftFileList -DSWIFT_PACKAGE -DDEBUG -DXcode -sdk /Applications/Xcode-15.3.0-Beta.2.app/Contents/Developer/Platforms/WatchOS.platform/Developer/SDKs/WatchOS10.4.sdk -target armv7k-apple-watchos5.0 -g -module-cache-path /Users/builder/builds/UKfvDsi8u/3/finestructure/swiftpackageindex-builder/spi-builder-workspace/.derivedData/ModuleCache.noindex -Xfrontend -serialize-debugging-options -enable-testing -suppress-warnings -index-store-path /Users/builder/builds/UKfvDsi8u/3/finestructure/swiftpackageindex-builder/spi-builder-workspace/.derivedData/Index.noindex/DataStore -swift-version 5 -I /Users/builder/builds/UKfvDsi8u/3/finestructure/swiftpackageindex-builder/spi-builder-workspace/.derivedData/Build/Products/Debug-watchos -I /Applications/Xcode-15.3.0-Beta.2.app/Contents/Developer/Platforms/WatchOS.platform/Developer/usr/lib -F /Users/builder/builds/UKfvDsi8u/3/finestructure/swiftpackageindex-builder/spi-builder-workspace/.derivedData/Build/Products/Debug-watchos -F /Applications/Xcode-15.3.0-Beta.2.app/Contents/Developer/Platforms/WatchOS.platform/Developer/Library/Frameworks -F /Applications/Xcode-15.3.0-Beta.2.app/Contents/Developer/Platforms/WatchOS.platform/Developer/SDKs/WatchOS10.4.sdk/Developer/Library/Frameworks -c -j8 -enable-batch-mode -incremental -Xcc -ivfsstatcache -Xcc /Users/builder/builds/UKfvDsi8u/3/finestructure/swiftpackageindex-builder/spi-builder-workspace/.derivedData/SDKStatCaches.noindex/watchos10.4-21T5196c-188b4c5c5639cdba02b95625249bd203.sdkstatcache -output-file-map /Users/builder/builds/UKfvDsi8u/3/finestructure/swiftpackageindex-builder/spi-builder-workspace/.derivedData/Build/Intermediates.noindex/SnapKit.build/Debug-watchos/SnapKit.build/Objects-normal/armv7k/SnapKit-OutputFileMap.json -use-frontend-parseable-output -save-temps -no-color-diagnostics -serialize-diagnostics -emit-dependencies -emit-module -emit-module-path /Users/builder/builds/UKfvDsi8u/3/finestructure/swiftpackageindex-builder/spi-builder-workspace/.derivedData/Build/Intermediates.noindex/SnapKit.build/Debug-watchos/SnapKit.build/Objects-normal/armv7k/SnapKit.swiftmodule -validate-clang-modules-once -clang-build-session-file /Users/builder/builds/UKfvDsi8u/3/finestructure/swiftpackageindex-builder/spi-builder-workspace/.derivedData/ModuleCache.noindex/Session.modulevalidation -Xcc -I/Users/builder/builds/UKfvDsi8u/3/finestructure/swiftpackageindex-builder/spi-builder-workspace/.derivedData/Build/Intermediates.noindex/SnapKit.build/Debug-watchos/SnapKit.build/swift-overrides.hmap -emit-const-values -Xfrontend -const-gather-protocols-file -Xfrontend /Users/builder/builds/UKfvDsi8u/3/finestructure/swiftpackageindex-builder/spi-builder-workspace/.derivedData/Build/Intermediates.noindex/SnapKit.build/Debug-watchos/SnapKit.build/Objects-normal/armv7k/SnapKit_const_extract_protocols.json -Xcc -I/Users/builder/builds/UKfvDsi8u/3/finestructure/swiftpackageindex-builder/spi-builder-workspace/.derivedData/Build/Products/Debug-watchos/include -Xcc -I/Users/builder/builds/UKfvDsi8u/3/finestructure/swiftpackageindex-builder/spi-builder-workspace/.derivedData/Build/Intermediates.noindex/SnapKit.build/Debug-watchos/SnapKit.build/DerivedSources-normal/armv7k -Xcc -I/Users/builder/builds/UKfvDsi8u/3/finestructure/swiftpackageindex-builder/spi-builder-workspace/.derivedData/Build/Intermediates.noindex/SnapKit.build/Debug-watchos/SnapKit.build/DerivedSources/armv7k -Xcc -I/Users/builder/builds/UKfvDsi8u/3/finestructure/swiftpackageindex-builder/spi-builder-workspace/.derivedData/Build/Intermediates.noindex/SnapKit.build/Debug-watchos/SnapKit.build/DerivedSources -Xcc -DSWIFT_PACKAGE -Xcc -DDEBUG\=1 -emit-objc-header -emit-objc-header-path /Users/builder/builds/UKfvDsi8u/3/finestructure/swiftpackageindex-builder/spi-builder-workspace/.derivedData/Build/Intermediates.noindex/SnapKit.build/Debug-watchos/SnapKit.build/Objects-normal/armv7k/SnapKit-Swift.h -working-directory /Users/builder/builds/UKfvDsi8u/3/finestructure/swiftpackageindex-builder/spi-builder-workspace/.dependencies/checkouts/SnapKit -experimental-emit-module-separately -disable-cmo
2024-02-15 12:08:56.994 xcodebuild[27499:14846452] Requested but did not find extension point with identifier Xcode.DVTDeviceFoundation.Aspect for extension Xcode.IDEiOSSupportCore.Aspect.NBDD of plug-in com.apple.dt.IDE.IDEiOSSupportCore
2024-02-15 12:08:59.122 xcodebuild[27499:14846452] [MT] DVTPlugInQuery: Requested but did not find extension point with identifier 'Xcode.DVTDeviceFoundation.CompatibleDeviceFamilyPair'. This is programmer error; code should only request extension points that are defined by itself or its dependencies.
** BUILD FAILED **
The following build commands failed:
	SwiftEmitModule normal armv7k Emitting\ module\ for\ SnapKit (in target 'SnapKit' from project 'SnapKit')
	SwiftEmitModule normal arm64 Emitting\ module\ for\ Down (in target 'Down' from project 'Down')
(2 failures)
Command line invocation:
    /Applications/Xcode-15.3.0-Beta.2.app/Contents/Developer/usr/bin/xcodebuild -IDEClonedSourcePackagesDirPathOverride=/Users/builder/builds/UKfvDsi8u/3/finestructure/swiftpackageindex-builder/spi-builder-workspace/.dependencies -skipMacroValidation -skipPackagePluginValidation -derivedDataPath /Users/builder/builds/UKfvDsi8u/3/finestructure/swiftpackageindex-builder/spi-builder-workspace/.derivedData build -scheme RichTextView -destination generic/platform=watchos
User defaults from command line:
    IDEClonedSourcePackagesDirPathOverride = /Users/builder/builds/UKfvDsi8u/3/finestructure/swiftpackageindex-builder/spi-builder-workspace/.dependencies
    IDEDerivedDataPathOverride = /Users/builder/builds/UKfvDsi8u/3/finestructure/swiftpackageindex-builder/spi-builder-workspace/.derivedData
    IDEPackageSupportUseBuiltinSCM = YES
Resolve Package Graph
Resolved source packages:
  RichTextView: /Users/builder/builds/UKfvDsi8u/3/finestructure/swiftpackageindex-builder/spi-builder-workspace
  Down: https://github.com/johnxnguyen/Down @ 0.11.0
  SnapKit: https://github.com/SnapKit/SnapKit @ 5.0.1
  iosMath: https://github.com/tophatmonocle/iosMath @ 1.1.2
  SwiftRichString: https://github.com/tophatmonocle/SwiftRichString @ master (e0b72d5)
Prepare packages
ComputeTargetDependencyGraph
note: Building targets in dependency order
note: Target dependency graph (13 targets)
    Target 'RichTextView' in project 'RichTextView'
        ➜ Explicit dependency on target 'RichTextView' in project 'RichTextView'
        ➜ Explicit dependency on target 'Down' in project 'Down'
        ➜ Explicit dependency on target 'SnapKit' in project 'SnapKit'
        ➜ Explicit dependency on target 'iosMath' in project 'iosMath'
        ➜ Explicit dependency on target 'SwiftRichString' in project 'SwiftRichString'
    Target 'RichTextView' in project 'RichTextView'
        ➜ Explicit dependency on target 'Down' in project 'Down'
        ➜ Explicit dependency on target 'SnapKit' in project 'SnapKit'
        ➜ Explicit dependency on target 'iosMath' in project 'iosMath'
        ➜ Explicit dependency on target 'SwiftRichString' in project 'SwiftRichString'
    Target 'SwiftRichString' in project 'SwiftRichString'
        ➜ Explicit dependency on target 'SwiftRichString' in project 'SwiftRichString'
    Target 'SwiftRichString' in project 'SwiftRichString' (no dependencies)
    Target 'iosMath' in project 'iosMath'
        ➜ Explicit dependency on target 'iosMath' in project 'iosMath'
        ➜ Explicit dependency on target 'iosMath_iosMath' in project 'iosMath'
    Target 'iosMath' in project 'iosMath'
        ➜ Explicit dependency on target 'iosMath_iosMath' in project 'iosMath'
    Target 'iosMath_iosMath' in project 'iosMath' (no dependencies)
    Target 'SnapKit' in project 'SnapKit'
        ➜ Explicit dependency on target 'SnapKit' in project 'SnapKit'
    Target 'SnapKit' in project 'SnapKit' (no dependencies)
    Target 'Down' in project 'Down'
        ➜ Explicit dependency on target 'Down' in project 'Down'
        ➜ Explicit dependency on target 'Down_Down' in project 'Down'
        ➜ Explicit dependency on target 'libcmark' in project 'Down'
    Target 'Down' in project 'Down'
        ➜ Explicit dependency on target 'Down_Down' in project 'Down'
        ➜ Explicit dependency on target 'libcmark' in project 'Down'
    Target 'libcmark' in project 'Down' (no dependencies)
    Target 'Down_Down' in project 'Down' (no dependencies)
GatherProvisioningInputs
CreateBuildDescription
ClangStatCache /Applications/Xcode-15.3.0-Beta.2.app/Contents/Developer/Toolchains/XcodeDefault.xctoolchain/usr/bin/clang-stat-cache /Applications/Xcode-15.3.0-Beta.2.app/Contents/Developer/Platforms/WatchOS.platform/Developer/SDKs/WatchOS10.4.sdk /Users/builder/builds/UKfvDsi8u/3/finestructure/swiftpackageindex-builder/spi-builder-workspace/.derivedData/SDKStatCaches.noindex/watchos10.4-21T5196c-188b4c5c5639cdba02b95625249bd203.sdkstatcache
    cd /Users/builder/builds/UKfvDsi8u/3/finestructure/swiftpackageindex-builder/spi-builder-workspace/.swiftpm/xcode
    /Applications/Xcode-15.3.0-Beta.2.app/Contents/Developer/Toolchains/XcodeDefault.xctoolchain/usr/bin/clang-stat-cache /Applications/Xcode-15.3.0-Beta.2.app/Contents/Developer/Platforms/WatchOS.platform/Developer/SDKs/WatchOS10.4.sdk -o /Users/builder/builds/UKfvDsi8u/3/finestructure/swiftpackageindex-builder/spi-builder-workspace/.derivedData/SDKStatCaches.noindex/watchos10.4-21T5196c-188b4c5c5639cdba02b95625249bd203.sdkstatcache
RegisterExecutionPolicyException /Users/builder/builds/UKfvDsi8u/3/finestructure/swiftpackageindex-builder/spi-builder-workspace/.derivedData/Build/Products/Debug-watchos/Down_Down.bundle (in target 'Down_Down' from project 'Down')
    cd /Users/builder/builds/UKfvDsi8u/3/finestructure/swiftpackageindex-builder/spi-builder-workspace/.dependencies/checkouts/Down
    builtin-RegisterExecutionPolicyException /Users/builder/builds/UKfvDsi8u/3/finestructure/swiftpackageindex-builder/spi-builder-workspace/.derivedData/Build/Products/Debug-watchos/Down_Down.bundle
Touch /Users/builder/builds/UKfvDsi8u/3/finestructure/swiftpackageindex-builder/spi-builder-workspace/.derivedData/Build/Products/Debug-watchos/Down_Down.bundle (in target 'Down_Down' from project 'Down')
    cd /Users/builder/builds/UKfvDsi8u/3/finestructure/swiftpackageindex-builder/spi-builder-workspace/.dependencies/checkouts/Down
    /usr/bin/touch -c /Users/builder/builds/UKfvDsi8u/3/finestructure/swiftpackageindex-builder/spi-builder-workspace/.derivedData/Build/Products/Debug-watchos/Down_Down.bundle
CompileC /Users/builder/builds/UKfvDsi8u/3/finestructure/swiftpackageindex-builder/spi-builder-workspace/.derivedData/Build/Intermediates.noindex/iosMath.build/Debug-watchos/iosMath.build/Objects-normal/armv7k/NSColor+HexString.o /Users/builder/builds/UKfvDsi8u/3/finestructure/swiftpackageindex-builder/spi-builder-workspace/.dependencies/checkouts/iosMath/Sources/NSColor+HexString.m normal armv7k objective-c com.apple.compilers.llvm.clang.1_0.compiler (in target 'iosMath' from project 'iosMath')
    cd /Users/builder/builds/UKfvDsi8u/3/finestructure/swiftpackageindex-builder/spi-builder-workspace/.dependencies/checkouts/iosMath
    /Applications/Xcode-15.3.0-Beta.2.app/Contents/Developer/Toolchains/XcodeDefault.xctoolchain/usr/bin/clang -x objective-c -ivfsstatcache /Users/builder/builds/UKfvDsi8u/3/finestructure/swiftpackageindex-builder/spi-builder-workspace/.derivedData/SDKStatCaches.noindex/watchos10.4-21T5196c-188b4c5c5639cdba02b95625249bd203.sdkstatcache -fmessage-length\=0 -fdiagnostics-show-note-include-stack -fmacro-backtrace-limit\=0 -fno-color-diagnostics -fmodules-prune-interval\=86400 -fmodules-prune-after\=345600 -fbuild-session-file\=/Users/builder/builds/UKfvDsi8u/3/finestructure/swiftpackageindex-builder/spi-builder-workspace/.derivedData/ModuleCache.noindex/Session.modulevalidation -fmodules-validate-once-per-build-session -Wnon-modular-include-in-framework-module -Werror\=non-modular-include-in-framework-module -Wno-trigraphs -Wno-missing-field-initializers -Wno-missing-prototypes -Wno-return-type -Wno-implicit-atomic-properties -Wno-objc-interface-ivars -Wno-arc-repeated-use-of-weak -Wno-missing-braces -Wparentheses -Wswitch -Wno-unused-function -Wno-unused-label -Wno-unused-parameter -Wno-unused-variable -Wunused-value -Wno-empty-body -Wno-uninitialized -Wno-unknown-pragmas -w -Wno-shadow -Wno-four-char-constants -Wno-conversion -Wno-constant-conversion -Wno-int-conversion -Wno-bool-conversion -Wno-enum-conversion -Wno-float-conversion -Wno-non-literal-null-conversion -Wno-objc-literal-conversion -Wno-shorten-64-to-32 -Wpointer-sign -Wno-newline-eof -Wno-selector -Wno-strict-selector-match -Wno-undeclared-selector -Wno-deprecated-implementations -Wno-implicit-fallthrough -fstrict-aliasing -Wprotocol -Wdeprecated-declarations -Wno-sign-conversion -Wno-infinite-recursion -Wno-comma -Wno-block-capture-autoreleasing -Wno-strict-prototypes -Wno-semicolon-before-method-body -index-store-path /Users/builder/builds/UKfvDsi8u/3/finestructure/swiftpackageindex-builder/spi-builder-workspace/.derivedData/Index.noindex/DataStore @/Users/builder/builds/UKfvDsi8u/3/finestructure/swiftpackageindex-builder/spi-builder-workspace/.derivedData/Build/Intermediates.noindex/iosMath.build/Debug-watchos/iosMath.build/Objects-normal/armv7k/e6072d4f65d7061329687fe24e3d63a7-common-args.resp -include /Users/builder/builds/UKfvDsi8u/3/finestructure/swiftpackageindex-builder/spi-builder-workspace/.derivedData/Build/Intermediates.noindex/iosMath.build/Debug-watchos/iosMath.build/DerivedSources/resource_bundle_accessor.h -MMD -MT dependencies -MF /Users/builder/builds/UKfvDsi8u/3/finestructure/swiftpackageindex-builder/spi-builder-workspace/.derivedData/Build/Intermediates.noindex/iosMath.build/Debug-watchos/iosMath.build/Objects-normal/armv7k/NSColor+HexString.d --serialize-diagnostics /Users/builder/builds/UKfvDsi8u/3/finestructure/swiftpackageindex-builder/spi-builder-workspace/.derivedData/Build/Intermediates.noindex/iosMath.build/Debug-watchos/iosMath.build/Objects-normal/armv7k/NSColor+HexString.dia -c /Users/builder/builds/UKfvDsi8u/3/finestructure/swiftpackageindex-builder/spi-builder-workspace/.dependencies/checkouts/iosMath/Sources/NSColor+HexString.m -o /Users/builder/builds/UKfvDsi8u/3/finestructure/swiftpackageindex-builder/spi-builder-workspace/.derivedData/Build/Intermediates.noindex/iosMath.build/Debug-watchos/iosMath.build/Objects-normal/armv7k/NSColor+HexString.o -index-unit-output-path /iosMath.build/Debug-watchos/iosMath.build/Objects-normal/armv7k/NSColor+HexString.o
CompileC /Users/builder/builds/UKfvDsi8u/3/finestructure/swiftpackageindex-builder/spi-builder-workspace/.derivedData/Build/Intermediates.noindex/iosMath.build/Debug-watchos/iosMath.build/Objects-normal/armv7k/NSBezierPath+addLineToPoint.o /Users/builder/builds/UKfvDsi8u/3/finestructure/swiftpackageindex-builder/spi-builder-workspace/.dependencies/checkouts/iosMath/Sources/NSBezierPath+addLineToPoint.m normal armv7k objective-c com.apple.compilers.llvm.clang.1_0.compiler (in target 'iosMath' from project 'iosMath')
    cd /Users/builder/builds/UKfvDsi8u/3/finestructure/swiftpackageindex-builder/spi-builder-workspace/.dependencies/checkouts/iosMath
    /Applications/Xcode-15.3.0-Beta.2.app/Contents/Developer/Toolchains/XcodeDefault.xctoolchain/usr/bin/clang -x objective-c -ivfsstatcache /Users/builder/builds/UKfvDsi8u/3/finestructure/swiftpackageindex-builder/spi-builder-workspace/.derivedData/SDKStatCaches.noindex/watchos10.4-21T5196c-188b4c5c5639cdba02b95625249bd203.sdkstatcache -fmessage-length\=0 -fdiagnostics-show-note-include-stack -fmacro-backtrace-limit\=0 -fno-color-diagnostics -fmodules-prune-interval\=86400 -fmodules-prune-after\=345600 -fbuild-session-file\=/Users/builder/builds/UKfvDsi8u/3/finestructure/swiftpackageindex-builder/spi-builder-workspace/.derivedData/ModuleCache.noindex/Session.modulevalidation -fmodules-validate-once-per-build-session -Wnon-modular-include-in-framework-module -Werror\=non-modular-include-in-framework-module -Wno-trigraphs -Wno-missing-field-initializers -Wno-missing-prototypes -Wno-return-type -Wno-implicit-atomic-properties -Wno-objc-interface-ivars -Wno-arc-repeated-use-of-weak -Wno-missing-braces -Wparentheses -Wswitch -Wno-unused-function -Wno-unused-label -Wno-unused-parameter -Wno-unused-variable -Wunused-value -Wno-empty-body -Wno-uninitialized -Wno-unknown-pragmas -w -Wno-shadow -Wno-four-char-constants -Wno-conversion -Wno-constant-conversion -Wno-int-conversion -Wno-bool-conversion -Wno-enum-conversion -Wno-float-conversion -Wno-non-literal-null-conversion -Wno-objc-literal-conversion -Wno-shorten-64-to-32 -Wpointer-sign -Wno-newline-eof -Wno-selector -Wno-strict-selector-match -Wno-undeclared-selector -Wno-deprecated-implementations -Wno-implicit-fallthrough -fstrict-aliasing -Wprotocol -Wdeprecated-declarations -Wno-sign-conversion -Wno-infinite-recursion -Wno-comma -Wno-block-capture-autoreleasing -Wno-strict-prototypes -Wno-semicolon-before-method-body -index-store-path /Users/builder/builds/UKfvDsi8u/3/finestructure/swiftpackageindex-builder/spi-builder-workspace/.derivedData/Index.noindex/DataStore @/Users/builder/builds/UKfvDsi8u/3/finestructure/swiftpackageindex-builder/spi-builder-workspace/.derivedData/Build/Intermediates.noindex/iosMath.build/Debug-watchos/iosMath.build/Objects-normal/armv7k/e6072d4f65d7061329687fe24e3d63a7-common-args.resp -include /Users/builder/builds/UKfvDsi8u/3/finestructure/swiftpackageindex-builder/spi-builder-workspace/.derivedData/Build/Intermediates.noindex/iosMath.build/Debug-watchos/iosMath.build/DerivedSources/resource_bundle_accessor.h -MMD -MT dependencies -MF /Users/builder/builds/UKfvDsi8u/3/finestructure/swiftpackageindex-builder/spi-builder-workspace/.derivedData/Build/Intermediates.noindex/iosMath.build/Debug-watchos/iosMath.build/Objects-normal/armv7k/NSBezierPath+addLineToPoint.d --serialize-diagnostics /Users/builder/builds/UKfvDsi8u/3/finestructure/swiftpackageindex-builder/spi-builder-workspace/.derivedData/Build/Intermediates.noindex/iosMath.build/Debug-watchos/iosMath.build/Objects-normal/armv7k/NSBezierPath+addLineToPoint.dia -c /Users/builder/builds/UKfvDsi8u/3/finestructure/swiftpackageindex-builder/spi-builder-workspace/.dependencies/checkouts/iosMath/Sources/NSBezierPath+addLineToPoint.m -o /Users/builder/builds/UKfvDsi8u/3/finestructure/swiftpackageindex-builder/spi-builder-workspace/.derivedData/Build/Intermediates.noindex/iosMath.build/Debug-watchos/iosMath.build/Objects-normal/armv7k/NSBezierPath+addLineToPoint.o -index-unit-output-path /iosMath.build/Debug-watchos/iosMath.build/Objects-normal/armv7k/NSBezierPath+addLineToPoint.o
CompileC /Users/builder/builds/UKfvDsi8u/3/finestructure/swiftpackageindex-builder/spi-builder-workspace/.derivedData/Build/Intermediates.noindex/iosMath.build/Debug-watchos/iosMath.build/Objects-normal/armv7k/MTUnicode.o /Users/builder/builds/UKfvDsi8u/3/finestructure/swiftpackageindex-builder/spi-builder-workspace/.dependencies/checkouts/iosMath/Sources/MTUnicode.m normal armv7k objective-c com.apple.compilers.llvm.clang.1_0.compiler (in target 'iosMath' from project 'iosMath')
    cd /Users/builder/builds/UKfvDsi8u/3/finestructure/swiftpackageindex-builder/spi-builder-workspace/.dependencies/checkouts/iosMath
    /Applications/Xcode-15.3.0-Beta.2.app/Contents/Developer/Toolchains/XcodeDefault.xctoolchain/usr/bin/clang -x objective-c -ivfsstatcache /Users/builder/builds/UKfvDsi8u/3/finestructure/swiftpackageindex-builder/spi-builder-workspace/.derivedData/SDKStatCaches.noindex/watchos10.4-21T5196c-188b4c5c5639cdba02b95625249bd203.sdkstatcache -fmessage-length\=0 -fdiagnostics-show-note-include-stack -fmacro-backtrace-limit\=0 -fno-color-diagnostics -fmodules-prune-interval\=86400 -fmodules-prune-after\=345600 -fbuild-session-file\=/Users/builder/builds/UKfvDsi8u/3/finestructure/swiftpackageindex-builder/spi-builder-workspace/.derivedData/ModuleCache.noindex/Session.modulevalidation -fmodules-validate-once-per-build-session -Wnon-modular-include-in-framework-module -Werror\=non-modular-include-in-framework-module -Wno-trigraphs -Wno-missing-field-initializers -Wno-missing-prototypes -Wno-return-type -Wno-implicit-atomic-properties -Wno-objc-interface-ivars -Wno-arc-repeated-use-of-weak -Wno-missing-braces -Wparentheses -Wswitch -Wno-unused-function -Wno-unused-label -Wno-unused-parameter -Wno-unused-variable -Wunused-value -Wno-empty-body -Wno-uninitialized -Wno-unknown-pragmas -w -Wno-shadow -Wno-four-char-constants -Wno-conversion -Wno-constant-conversion -Wno-int-conversion -Wno-bool-conversion -Wno-enum-conversion -Wno-float-conversion -Wno-non-literal-null-conversion -Wno-objc-literal-conversion -Wno-shorten-64-to-32 -Wpointer-sign -Wno-newline-eof -Wno-selector -Wno-strict-selector-match -Wno-undeclared-selector -Wno-deprecated-implementations -Wno-implicit-fallthrough -fstrict-aliasing -Wprotocol -Wdeprecated-declarations -Wno-sign-conversion -Wno-infinite-recursion -Wno-comma -Wno-block-capture-autoreleasing -Wno-strict-prototypes -Wno-semicolon-before-method-body -index-store-path /Users/builder/builds/UKfvDsi8u/3/finestructure/swiftpackageindex-builder/spi-builder-workspace/.derivedData/Index.noindex/DataStore @/Users/builder/builds/UKfvDsi8u/3/finestructure/swiftpackageindex-builder/spi-builder-workspace/.derivedData/Build/Intermediates.noindex/iosMath.build/Debug-watchos/iosMath.build/Objects-normal/armv7k/e6072d4f65d7061329687fe24e3d63a7-common-args.resp -include /Users/builder/builds/UKfvDsi8u/3/finestructure/swiftpackageindex-builder/spi-builder-workspace/.derivedData/Build/Intermediates.noindex/iosMath.build/Debug-watchos/iosMath.build/DerivedSources/resource_bundle_accessor.h -MMD -MT dependencies -MF /Users/builder/builds/UKfvDsi8u/3/finestructure/swiftpackageindex-builder/spi-builder-workspace/.derivedData/Build/Intermediates.noindex/iosMath.build/Debug-watchos/iosMath.build/Objects-normal/armv7k/MTUnicode.d --serialize-diagnostics /Users/builder/builds/UKfvDsi8u/3/finestructure/swiftpackageindex-builder/spi-builder-workspace/.derivedData/Build/Intermediates.noindex/iosMath.build/Debug-watchos/iosMath.build/Objects-normal/armv7k/MTUnicode.dia -c /Users/builder/builds/UKfvDsi8u/3/finestructure/swiftpackageindex-builder/spi-builder-workspace/.dependencies/checkouts/iosMath/Sources/MTUnicode.m -o /Users/builder/builds/UKfvDsi8u/3/finestructure/swiftpackageindex-builder/spi-builder-workspace/.derivedData/Build/Intermediates.noindex/iosMath.build/Debug-watchos/iosMath.build/Objects-normal/armv7k/MTUnicode.o -index-unit-output-path /iosMath.build/Debug-watchos/iosMath.build/Objects-normal/armv7k/MTUnicode.o
CompileC /Users/builder/builds/UKfvDsi8u/3/finestructure/swiftpackageindex-builder/spi-builder-workspace/.derivedData/Build/Intermediates.noindex/iosMath.build/Debug-watchos/iosMath.build/Objects-normal/armv7k/MTTypesetter.o /Users/builder/builds/UKfvDsi8u/3/finestructure/swiftpackageindex-builder/spi-builder-workspace/.dependencies/checkouts/iosMath/Sources/MTTypesetter.m normal armv7k objective-c com.apple.compilers.llvm.clang.1_0.compiler (in target 'iosMath' from project 'iosMath')
    cd /Users/builder/builds/UKfvDsi8u/3/finestructure/swiftpackageindex-builder/spi-builder-workspace/.dependencies/checkouts/iosMath
    /Applications/Xcode-15.3.0-Beta.2.app/Contents/Developer/Toolchains/XcodeDefault.xctoolchain/usr/bin/clang -x objective-c -ivfsstatcache /Users/builder/builds/UKfvDsi8u/3/finestructure/swiftpackageindex-builder/spi-builder-workspace/.derivedData/SDKStatCaches.noindex/watchos10.4-21T5196c-188b4c5c5639cdba02b95625249bd203.sdkstatcache -fmessage-length\=0 -fdiagnostics-show-note-include-stack -fmacro-backtrace-limit\=0 -fno-color-diagnostics -fmodules-prune-interval\=86400 -fmodules-prune-after\=345600 -fbuild-session-file\=/Users/builder/builds/UKfvDsi8u/3/finestructure/swiftpackageindex-builder/spi-builder-workspace/.derivedData/ModuleCache.noindex/Session.modulevalidation -fmodules-validate-once-per-build-session -Wnon-modular-include-in-framework-module -Werror\=non-modular-include-in-framework-module -Wno-trigraphs -Wno-missing-field-initializers -Wno-missing-prototypes -Wno-return-type -Wno-implicit-atomic-properties -Wno-objc-interface-ivars -Wno-arc-repeated-use-of-weak -Wno-missing-braces -Wparentheses -Wswitch -Wno-unused-function -Wno-unused-label -Wno-unused-parameter -Wno-unused-variable -Wunused-value -Wno-empty-body -Wno-uninitialized -Wno-unknown-pragmas -w -Wno-shadow -Wno-four-char-constants -Wno-conversion -Wno-constant-conversion -Wno-int-conversion -Wno-bool-conversion -Wno-enum-conversion -Wno-float-conversion -Wno-non-literal-null-conversion -Wno-objc-literal-conversion -Wno-shorten-64-to-32 -Wpointer-sign -Wno-newline-eof -Wno-selector -Wno-strict-selector-match -Wno-undeclared-selector -Wno-deprecated-implementations -Wno-implicit-fallthrough -fstrict-aliasing -Wprotocol -Wdeprecated-declarations -Wno-sign-conversion -Wno-infinite-recursion -Wno-comma -Wno-block-capture-autoreleasing -Wno-strict-prototypes -Wno-semicolon-before-method-body -index-store-path /Users/builder/builds/UKfvDsi8u/3/finestructure/swiftpackageindex-builder/spi-builder-workspace/.derivedData/Index.noindex/DataStore @/Users/builder/builds/UKfvDsi8u/3/finestructure/swiftpackageindex-builder/spi-builder-workspace/.derivedData/Build/Intermediates.noindex/iosMath.build/Debug-watchos/iosMath.build/Objects-normal/armv7k/e6072d4f65d7061329687fe24e3d63a7-common-args.resp -include /Users/builder/builds/UKfvDsi8u/3/finestructure/swiftpackageindex-builder/spi-builder-workspace/.derivedData/Build/Intermediates.noindex/iosMath.build/Debug-watchos/iosMath.build/DerivedSources/resource_bundle_accessor.h -MMD -MT dependencies -MF /Users/builder/builds/UKfvDsi8u/3/finestructure/swiftpackageindex-builder/spi-builder-workspace/.derivedData/Build/Intermediates.noindex/iosMath.build/Debug-watchos/iosMath.build/Objects-normal/armv7k/MTTypesetter.d --serialize-diagnostics /Users/builder/builds/UKfvDsi8u/3/finestructure/swiftpackageindex-builder/spi-builder-workspace/.derivedData/Build/Intermediates.noindex/iosMath.build/Debug-watchos/iosMath.build/Objects-normal/armv7k/MTTypesetter.dia -c /Users/builder/builds/UKfvDsi8u/3/finestructure/swiftpackageindex-builder/spi-builder-workspace/.dependencies/checkouts/iosMath/Sources/MTTypesetter.m -o /Users/builder/builds/UKfvDsi8u/3/finestructure/swiftpackageindex-builder/spi-builder-workspace/.derivedData/Build/Intermediates.noindex/iosMath.build/Debug-watchos/iosMath.build/Objects-normal/armv7k/MTTypesetter.o -index-unit-output-path /iosMath.build/Debug-watchos/iosMath.build/Objects-normal/armv7k/MTTypesetter.o
In file included from /Users/builder/builds/UKfvDsi8u/3/finestructure/swiftpackageindex-builder/spi-builder-workspace/.dependencies/checkouts/iosMath/Sources/MTTypesetter.m:11:
In file included from /Users/builder/builds/UKfvDsi8u/3/finestructure/swiftpackageindex-builder/spi-builder-workspace/.dependencies/checkouts/iosMath/Sources/MTTypesetter.h:13:
/Users/builder/builds/UKfvDsi8u/3/finestructure/swiftpackageindex-builder/spi-builder-workspace/.dependencies/checkouts/iosMath/Sources/PublicHeaders/MTMathListDisplay.h:13:9: fatal error: module 'QuartzCore' not found
@import QuartzCore;
 ~~~~~~~^~~~~~~~~~
CompileC /Users/builder/builds/UKfvDsi8u/3/finestructure/swiftpackageindex-builder/spi-builder-workspace/.derivedData/Build/Intermediates.noindex/iosMath.build/Debug-watchos/iosMath.build/Objects-normal/armv7k/MTMathUILabel.o /Users/builder/builds/UKfvDsi8u/3/finestructure/swiftpackageindex-builder/spi-builder-workspace/.dependencies/checkouts/iosMath/Sources/MTMathUILabel.m normal armv7k objective-c com.apple.compilers.llvm.clang.1_0.compiler (in target 'iosMath' from project 'iosMath')
    cd /Users/builder/builds/UKfvDsi8u/3/finestructure/swiftpackageindex-builder/spi-builder-workspace/.dependencies/checkouts/iosMath
    /Applications/Xcode-15.3.0-Beta.2.app/Contents/Developer/Toolchains/XcodeDefault.xctoolchain/usr/bin/clang -x objective-c -ivfsstatcache /Users/builder/builds/UKfvDsi8u/3/finestructure/swiftpackageindex-builder/spi-builder-workspace/.derivedData/SDKStatCaches.noindex/watchos10.4-21T5196c-188b4c5c5639cdba02b95625249bd203.sdkstatcache -fmessage-length\=0 -fdiagnostics-show-note-include-stack -fmacro-backtrace-limit\=0 -fno-color-diagnostics -fmodules-prune-interval\=86400 -fmodules-prune-after\=345600 -fbuild-session-file\=/Users/builder/builds/UKfvDsi8u/3/finestructure/swiftpackageindex-builder/spi-builder-workspace/.derivedData/ModuleCache.noindex/Session.modulevalidation -fmodules-validate-once-per-build-session -Wnon-modular-include-in-framework-module -Werror\=non-modular-include-in-framework-module -Wno-trigraphs -Wno-missing-field-initializers -Wno-missing-prototypes -Wno-return-type -Wno-implicit-atomic-properties -Wno-objc-interface-ivars -Wno-arc-repeated-use-of-weak -Wno-missing-braces -Wparentheses -Wswitch -Wno-unused-function -Wno-unused-label -Wno-unused-parameter -Wno-unused-variable -Wunused-value -Wno-empty-body -Wno-uninitialized -Wno-unknown-pragmas -w -Wno-shadow -Wno-four-char-constants -Wno-conversion -Wno-constant-conversion -Wno-int-conversion -Wno-bool-conversion -Wno-enum-conversion -Wno-float-conversion -Wno-non-literal-null-conversion -Wno-objc-literal-conversion -Wno-shorten-64-to-32 -Wpointer-sign -Wno-newline-eof -Wno-selector -Wno-strict-selector-match -Wno-undeclared-selector -Wno-deprecated-implementations -Wno-implicit-fallthrough -fstrict-aliasing -Wprotocol -Wdeprecated-declarations -Wno-sign-conversion -Wno-infinite-recursion -Wno-comma -Wno-block-capture-autoreleasing -Wno-strict-prototypes -Wno-semicolon-before-method-body -index-store-path /Users/builder/builds/UKfvDsi8u/3/finestructure/swiftpackageindex-builder/spi-builder-workspace/.derivedData/Index.noindex/DataStore @/Users/builder/builds/UKfvDsi8u/3/finestructure/swiftpackageindex-builder/spi-builder-workspace/.derivedData/Build/Intermediates.noindex/iosMath.build/Debug-watchos/iosMath.build/Objects-normal/armv7k/e6072d4f65d7061329687fe24e3d63a7-common-args.resp -include /Users/builder/builds/UKfvDsi8u/3/finestructure/swiftpackageindex-builder/spi-builder-workspace/.derivedData/Build/Intermediates.noindex/iosMath.build/Debug-watchos/iosMath.build/DerivedSources/resource_bundle_accessor.h -MMD -MT dependencies -MF /Users/builder/builds/UKfvDsi8u/3/finestructure/swiftpackageindex-builder/spi-builder-workspace/.derivedData/Build/Intermediates.noindex/iosMath.build/Debug-watchos/iosMath.build/Objects-normal/armv7k/MTMathUILabel.d --serialize-diagnostics /Users/builder/builds/UKfvDsi8u/3/finestructure/swiftpackageindex-builder/spi-builder-workspace/.derivedData/Build/Intermediates.noindex/iosMath.build/Debug-watchos/iosMath.build/Objects-normal/armv7k/MTMathUILabel.dia -c /Users/builder/builds/UKfvDsi8u/3/finestructure/swiftpackageindex-builder/spi-builder-workspace/.dependencies/checkouts/iosMath/Sources/MTMathUILabel.m -o /Users/builder/builds/UKfvDsi8u/3/finestructure/swiftpackageindex-builder/spi-builder-workspace/.derivedData/Build/Intermediates.noindex/iosMath.build/Debug-watchos/iosMath.build/Objects-normal/armv7k/MTMathUILabel.o -index-unit-output-path /iosMath.build/Debug-watchos/iosMath.build/Objects-normal/armv7k/MTMathUILabel.o
In file included from /Users/builder/builds/UKfvDsi8u/3/finestructure/swiftpackageindex-builder/spi-builder-workspace/.dependencies/checkouts/iosMath/Sources/MTMathUILabel.m:12:
In file included from /Users/builder/builds/UKfvDsi8u/3/finestructure/swiftpackageindex-builder/spi-builder-workspace/.dependencies/checkouts/iosMath/Sources/PublicHeaders/MTMathUILabel.h:15:
/Users/builder/builds/UKfvDsi8u/3/finestructure/swiftpackageindex-builder/spi-builder-workspace/.dependencies/checkouts/iosMath/Sources/PublicHeaders/MTConfig.h:25:9: error: unknown type name 'UILabel'
typedef UILabel         MTLabel;
        ^
In file included from /Users/builder/builds/UKfvDsi8u/3/finestructure/swiftpackageindex-builder/spi-builder-workspace/.dependencies/checkouts/iosMath/Sources/MTMathUILabel.m:12:
In file included from /Users/builder/builds/UKfvDsi8u/3/finestructure/swiftpackageindex-builder/spi-builder-workspace/.dependencies/checkouts/iosMath/Sources/PublicHeaders/MTMathUILabel.h:19:
/Users/builder/builds/UKfvDsi8u/3/finestructure/swiftpackageindex-builder/spi-builder-workspace/.dependencies/checkouts/iosMath/Sources/PublicHeaders/MTMathListDisplay.h:13:9: fatal error: module 'QuartzCore' not found
@import QuartzCore;
 ~~~~~~~^~~~~~~~~~
2 errors generated.
CompileC /Users/builder/builds/UKfvDsi8u/3/finestructure/swiftpackageindex-builder/spi-builder-workspace/.derivedData/Build/Intermediates.noindex/iosMath.build/Debug-watchos/iosMath.build/Objects-normal/armv7k/MTMathListIndex.o /Users/builder/builds/UKfvDsi8u/3/finestructure/swiftpackageindex-builder/spi-builder-workspace/.dependencies/checkouts/iosMath/Sources/MTMathListIndex.m normal armv7k objective-c com.apple.compilers.llvm.clang.1_0.compiler (in target 'iosMath' from project 'iosMath')
    cd /Users/builder/builds/UKfvDsi8u/3/finestructure/swiftpackageindex-builder/spi-builder-workspace/.dependencies/checkouts/iosMath
    /Applications/Xcode-15.3.0-Beta.2.app/Contents/Developer/Toolchains/XcodeDefault.xctoolchain/usr/bin/clang -x objective-c -ivfsstatcache /Users/builder/builds/UKfvDsi8u/3/finestructure/swiftpackageindex-builder/spi-builder-workspace/.derivedData/SDKStatCaches.noindex/watchos10.4-21T5196c-188b4c5c5639cdba02b95625249bd203.sdkstatcache -fmessage-length\=0 -fdiagnostics-show-note-include-stack -fmacro-backtrace-limit\=0 -fno-color-diagnostics -fmodules-prune-interval\=86400 -fmodules-prune-after\=345600 -fbuild-session-file\=/Users/builder/builds/UKfvDsi8u/3/finestructure/swiftpackageindex-builder/spi-builder-workspace/.derivedData/ModuleCache.noindex/Session.modulevalidation -fmodules-validate-once-per-build-session -Wnon-modular-include-in-framework-module -Werror\=non-modular-include-in-framework-module -Wno-trigraphs -Wno-missing-field-initializers -Wno-missing-prototypes -Wno-return-type -Wno-implicit-atomic-properties -Wno-objc-interface-ivars -Wno-arc-repeated-use-of-weak -Wno-missing-braces -Wparentheses -Wswitch -Wno-unused-function -Wno-unused-label -Wno-unused-parameter -Wno-unused-variable -Wunused-value -Wno-empty-body -Wno-uninitialized -Wno-unknown-pragmas -w -Wno-shadow -Wno-four-char-constants -Wno-conversion -Wno-constant-conversion -Wno-int-conversion -Wno-bool-conversion -Wno-enum-conversion -Wno-float-conversion -Wno-non-literal-null-conversion -Wno-objc-literal-conversion -Wno-shorten-64-to-32 -Wpointer-sign -Wno-newline-eof -Wno-selector -Wno-strict-selector-match -Wno-undeclared-selector -Wno-deprecated-implementations -Wno-implicit-fallthrough -fstrict-aliasing -Wprotocol -Wdeprecated-declarations -Wno-sign-conversion -Wno-infinite-recursion -Wno-comma -Wno-block-capture-autoreleasing -Wno-strict-prototypes -Wno-semicolon-before-method-body -index-store-path /Users/builder/builds/UKfvDsi8u/3/finestructure/swiftpackageindex-builder/spi-builder-workspace/.derivedData/Index.noindex/DataStore @/Users/builder/builds/UKfvDsi8u/3/finestructure/swiftpackageindex-builder/spi-builder-workspace/.derivedData/Build/Intermediates.noindex/iosMath.build/Debug-watchos/iosMath.build/Objects-normal/armv7k/e6072d4f65d7061329687fe24e3d63a7-common-args.resp -include /Users/builder/builds/UKfvDsi8u/3/finestructure/swiftpackageindex-builder/spi-builder-workspace/.derivedData/Build/Intermediates.noindex/iosMath.build/Debug-watchos/iosMath.build/DerivedSources/resource_bundle_accessor.h -MMD -MT dependencies -MF /Users/builder/builds/UKfvDsi8u/3/finestructure/swiftpackageindex-builder/spi-builder-workspace/.derivedData/Build/Intermediates.noindex/iosMath.build/Debug-watchos/iosMath.build/Objects-normal/armv7k/MTMathListIndex.d --serialize-diagnostics /Users/builder/builds/UKfvDsi8u/3/finestructure/swiftpackageindex-builder/spi-builder-workspace/.derivedData/Build/Intermediates.noindex/iosMath.build/Debug-watchos/iosMath.build/Objects-normal/armv7k/MTMathListIndex.dia -c /Users/builder/builds/UKfvDsi8u/3/finestructure/swiftpackageindex-builder/spi-builder-workspace/.dependencies/checkouts/iosMath/Sources/MTMathListIndex.m -o /Users/builder/builds/UKfvDsi8u/3/finestructure/swiftpackageindex-builder/spi-builder-workspace/.derivedData/Build/Intermediates.noindex/iosMath.build/Debug-watchos/iosMath.build/Objects-normal/armv7k/MTMathListIndex.o -index-unit-output-path /iosMath.build/Debug-watchos/iosMath.build/Objects-normal/armv7k/MTMathListIndex.o
CompileC /Users/builder/builds/UKfvDsi8u/3/finestructure/swiftpackageindex-builder/spi-builder-workspace/.derivedData/Build/Intermediates.noindex/iosMath.build/Debug-watchos/iosMath.build/Objects-normal/armv7k/MTMathListDisplay.o /Users/builder/builds/UKfvDsi8u/3/finestructure/swiftpackageindex-builder/spi-builder-workspace/.dependencies/checkouts/iosMath/Sources/MTMathListDisplay.m normal armv7k objective-c com.apple.compilers.llvm.clang.1_0.compiler (in target 'iosMath' from project 'iosMath')
    cd /Users/builder/builds/UKfvDsi8u/3/finestructure/swiftpackageindex-builder/spi-builder-workspace/.dependencies/checkouts/iosMath
    /Applications/Xcode-15.3.0-Beta.2.app/Contents/Developer/Toolchains/XcodeDefault.xctoolchain/usr/bin/clang -x objective-c -ivfsstatcache /Users/builder/builds/UKfvDsi8u/3/finestructure/swiftpackageindex-builder/spi-builder-workspace/.derivedData/SDKStatCaches.noindex/watchos10.4-21T5196c-188b4c5c5639cdba02b95625249bd203.sdkstatcache -fmessage-length\=0 -fdiagnostics-show-note-include-stack -fmacro-backtrace-limit\=0 -fno-color-diagnostics -fmodules-prune-interval\=86400 -fmodules-prune-after\=345600 -fbuild-session-file\=/Users/builder/builds/UKfvDsi8u/3/finestructure/swiftpackageindex-builder/spi-builder-workspace/.derivedData/ModuleCache.noindex/Session.modulevalidation -fmodules-validate-once-per-build-session -Wnon-modular-include-in-framework-module -Werror\=non-modular-include-in-framework-module -Wno-trigraphs -Wno-missing-field-initializers -Wno-missing-prototypes -Wno-return-type -Wno-implicit-atomic-properties -Wno-objc-interface-ivars -Wno-arc-repeated-use-of-weak -Wno-missing-braces -Wparentheses -Wswitch -Wno-unused-function -Wno-unused-label -Wno-unused-parameter -Wno-unused-variable -Wunused-value -Wno-empty-body -Wno-uninitialized -Wno-unknown-pragmas -w -Wno-shadow -Wno-four-char-constants -Wno-conversion -Wno-constant-conversion -Wno-int-conversion -Wno-bool-conversion -Wno-enum-conversion -Wno-float-conversion -Wno-non-literal-null-conversion -Wno-objc-literal-conversion -Wno-shorten-64-to-32 -Wpointer-sign -Wno-newline-eof -Wno-selector -Wno-strict-selector-match -Wno-undeclared-selector -Wno-deprecated-implementations -Wno-implicit-fallthrough -fstrict-aliasing -Wprotocol -Wdeprecated-declarations -Wno-sign-conversion -Wno-infinite-recursion -Wno-comma -Wno-block-capture-autoreleasing -Wno-strict-prototypes -Wno-semicolon-before-method-body -index-store-path /Users/builder/builds/UKfvDsi8u/3/finestructure/swiftpackageindex-builder/spi-builder-workspace/.derivedData/Index.noindex/DataStore @/Users/builder/builds/UKfvDsi8u/3/finestructure/swiftpackageindex-builder/spi-builder-workspace/.derivedData/Build/Intermediates.noindex/iosMath.build/Debug-watchos/iosMath.build/Objects-normal/armv7k/e6072d4f65d7061329687fe24e3d63a7-common-args.resp -include /Users/builder/builds/UKfvDsi8u/3/finestructure/swiftpackageindex-builder/spi-builder-workspace/.derivedData/Build/Intermediates.noindex/iosMath.build/Debug-watchos/iosMath.build/DerivedSources/resource_bundle_accessor.h -MMD -MT dependencies -MF /Users/builder/builds/UKfvDsi8u/3/finestructure/swiftpackageindex-builder/spi-builder-workspace/.derivedData/Build/Intermediates.noindex/iosMath.build/Debug-watchos/iosMath.build/Objects-normal/armv7k/MTMathListDisplay.d --serialize-diagnostics /Users/builder/builds/UKfvDsi8u/3/finestructure/swiftpackageindex-builder/spi-builder-workspace/.derivedData/Build/Intermediates.noindex/iosMath.build/Debug-watchos/iosMath.build/Objects-normal/armv7k/MTMathListDisplay.dia -c /Users/builder/builds/UKfvDsi8u/3/finestructure/swiftpackageindex-builder/spi-builder-workspace/.dependencies/checkouts/iosMath/Sources/MTMathListDisplay.m -o /Users/builder/builds/UKfvDsi8u/3/finestructure/swiftpackageindex-builder/spi-builder-workspace/.derivedData/Build/Intermediates.noindex/iosMath.build/Debug-watchos/iosMath.build/Objects-normal/armv7k/MTMathListDisplay.o -index-unit-output-path /iosMath.build/Debug-watchos/iosMath.build/Objects-normal/armv7k/MTMathListDisplay.o
In file included from /Users/builder/builds/UKfvDsi8u/3/finestructure/swiftpackageindex-builder/spi-builder-workspace/.dependencies/checkouts/iosMath/Sources/MTMathListDisplay.m:16:
/Users/builder/builds/UKfvDsi8u/3/finestructure/swiftpackageindex-builder/spi-builder-workspace/.dependencies/checkouts/iosMath/Sources/PublicHeaders/MTMathListDisplay.h:13:9: fatal error: module 'QuartzCore' not found
@import QuartzCore;
 ~~~~~~~^~~~~~~~~~
CompileC /Users/builder/builds/UKfvDsi8u/3/finestructure/swiftpackageindex-builder/spi-builder-workspace/.derivedData/Build/Intermediates.noindex/iosMath.build/Debug-watchos/iosMath.build/Objects-normal/armv7k/MTMathListBuilder.o /Users/builder/builds/UKfvDsi8u/3/finestructure/swiftpackageindex-builder/spi-builder-workspace/.dependencies/checkouts/iosMath/Sources/MTMathListBuilder.m normal armv7k objective-c com.apple.compilers.llvm.clang.1_0.compiler (in target 'iosMath' from project 'iosMath')
    cd /Users/builder/builds/UKfvDsi8u/3/finestructure/swiftpackageindex-builder/spi-builder-workspace/.dependencies/checkouts/iosMath
    /Applications/Xcode-15.3.0-Beta.2.app/Contents/Developer/Toolchains/XcodeDefault.xctoolchain/usr/bin/clang -x objective-c -ivfsstatcache /Users/builder/builds/UKfvDsi8u/3/finestructure/swiftpackageindex-builder/spi-builder-workspace/.derivedData/SDKStatCaches.noindex/watchos10.4-21T5196c-188b4c5c5639cdba02b95625249bd203.sdkstatcache -fmessage-length\=0 -fdiagnostics-show-note-include-stack -fmacro-backtrace-limit\=0 -fno-color-diagnostics -fmodules-prune-interval\=86400 -fmodules-prune-after\=345600 -fbuild-session-file\=/Users/builder/builds/UKfvDsi8u/3/finestructure/swiftpackageindex-builder/spi-builder-workspace/.derivedData/ModuleCache.noindex/Session.modulevalidation -fmodules-validate-once-per-build-session -Wnon-modular-include-in-framework-module -Werror\=non-modular-include-in-framework-module -Wno-trigraphs -Wno-missing-field-initializers -Wno-missing-prototypes -Wno-return-type -Wno-implicit-atomic-properties -Wno-objc-interface-ivars -Wno-arc-repeated-use-of-weak -Wno-missing-braces -Wparentheses -Wswitch -Wno-unused-function -Wno-unused-label -Wno-unused-parameter -Wno-unused-variable -Wunused-value -Wno-empty-body -Wno-uninitialized -Wno-unknown-pragmas -w -Wno-shadow -Wno-four-char-constants -Wno-conversion -Wno-constant-conversion -Wno-int-conversion -Wno-bool-conversion -Wno-enum-conversion -Wno-float-conversion -Wno-non-literal-null-conversion -Wno-objc-literal-conversion -Wno-shorten-64-to-32 -Wpointer-sign -Wno-newline-eof -Wno-selector -Wno-strict-selector-match -Wno-undeclared-selector -Wno-deprecated-implementations -Wno-implicit-fallthrough -fstrict-aliasing -Wprotocol -Wdeprecated-declarations -Wno-sign-conversion -Wno-infinite-recursion -Wno-comma -Wno-block-capture-autoreleasing -Wno-strict-prototypes -Wno-semicolon-before-method-body -index-store-path /Users/builder/builds/UKfvDsi8u/3/finestructure/swiftpackageindex-builder/spi-builder-workspace/.derivedData/Index.noindex/DataStore @/Users/builder/builds/UKfvDsi8u/3/finestructure/swiftpackageindex-builder/spi-builder-workspace/.derivedData/Build/Intermediates.noindex/iosMath.build/Debug-watchos/iosMath.build/Objects-normal/armv7k/e6072d4f65d7061329687fe24e3d63a7-common-args.resp -include /Users/builder/builds/UKfvDsi8u/3/finestructure/swiftpackageindex-builder/spi-builder-workspace/.derivedData/Build/Intermediates.noindex/iosMath.build/Debug-watchos/iosMath.build/DerivedSources/resource_bundle_accessor.h -MMD -MT dependencies -MF /Users/builder/builds/UKfvDsi8u/3/finestructure/swiftpackageindex-builder/spi-builder-workspace/.derivedData/Build/Intermediates.noindex/iosMath.build/Debug-watchos/iosMath.build/Objects-normal/armv7k/MTMathListBuilder.d --serialize-diagnostics /Users/builder/builds/UKfvDsi8u/3/finestructure/swiftpackageindex-builder/spi-builder-workspace/.derivedData/Build/Intermediates.noindex/iosMath.build/Debug-watchos/iosMath.build/Objects-normal/armv7k/MTMathListBuilder.dia -c /Users/builder/builds/UKfvDsi8u/3/finestructure/swiftpackageindex-builder/spi-builder-workspace/.dependencies/checkouts/iosMath/Sources/MTMathListBuilder.m -o /Users/builder/builds/UKfvDsi8u/3/finestructure/swiftpackageindex-builder/spi-builder-workspace/.derivedData/Build/Intermediates.noindex/iosMath.build/Debug-watchos/iosMath.build/Objects-normal/armv7k/MTMathListBuilder.o -index-unit-output-path /iosMath.build/Debug-watchos/iosMath.build/Objects-normal/armv7k/MTMathListBuilder.o
SwiftDriver SwiftRichString normal arm64_32 com.apple.xcode.tools.swift.compiler (in target 'SwiftRichString' from project 'SwiftRichString')
    cd /Users/builder/builds/UKfvDsi8u/3/finestructure/swiftpackageindex-builder/spi-builder-workspace/.dependencies/checkouts/SwiftRichString
    builtin-SwiftDriver -- /Applications/Xcode-15.3.0-Beta.2.app/Contents/Developer/Toolchains/XcodeDefault.xctoolchain/usr/bin/swiftc -module-name SwiftRichString -Onone -enforce-exclusivity\=checked @/Users/builder/builds/UKfvDsi8u/3/finestructure/swiftpackageindex-builder/spi-builder-workspace/.derivedData/Build/Intermediates.noindex/SwiftRichString.build/Debug-watchos/SwiftRichString.build/Objects-normal/arm64_32/SwiftRichString.SwiftFileList -DSWIFT_PACKAGE -DDEBUG -DXcode -sdk /Applications/Xcode-15.3.0-Beta.2.app/Contents/Developer/Platforms/WatchOS.platform/Developer/SDKs/WatchOS10.4.sdk -target arm64_32-apple-watchos5.0 -g -module-cache-path /Users/builder/builds/UKfvDsi8u/3/finestructure/swiftpackageindex-builder/spi-builder-workspace/.derivedData/ModuleCache.noindex -Xfrontend -serialize-debugging-options -enable-testing -suppress-warnings -index-store-path /Users/builder/builds/UKfvDsi8u/3/finestructure/swiftpackageindex-builder/spi-builder-workspace/.derivedData/Index.noindex/DataStore -swift-version 5 -I /Users/builder/builds/UKfvDsi8u/3/finestructure/swiftpackageindex-builder/spi-builder-workspace/.derivedData/Build/Products/Debug-watchos -I /Applications/Xcode-15.3.0-Beta.2.app/Contents/Developer/Platforms/WatchOS.platform/Developer/usr/lib -F /Users/builder/builds/UKfvDsi8u/3/finestructure/swiftpackageindex-builder/spi-builder-workspace/.derivedData/Build/Products/Debug-watchos -F /Applications/Xcode-15.3.0-Beta.2.app/Contents/Developer/Platforms/WatchOS.platform/Developer/Library/Frameworks -F /Applications/Xcode-15.3.0-Beta.2.app/Contents/Developer/Platforms/WatchOS.platform/Developer/SDKs/WatchOS10.4.sdk/Developer/Library/Frameworks -c -j8 -enable-batch-mode -incremental -Xcc -ivfsstatcache -Xcc /Users/builder/builds/UKfvDsi8u/3/finestructure/swiftpackageindex-builder/spi-builder-workspace/.derivedData/SDKStatCaches.noindex/watchos10.4-21T5196c-188b4c5c5639cdba02b95625249bd203.sdkstatcache -output-file-map /Users/builder/builds/UKfvDsi8u/3/finestructure/swiftpackageindex-builder/spi-builder-workspace/.derivedData/Build/Intermediates.noindex/SwiftRichString.build/Debug-watchos/SwiftRichString.build/Objects-normal/arm64_32/SwiftRichString-OutputFileMap.json -use-frontend-parseable-output -save-temps -no-color-diagnostics -serialize-diagnostics -emit-dependencies -emit-module -emit-module-path /Users/builder/builds/UKfvDsi8u/3/finestructure/swiftpackageindex-builder/spi-builder-workspace/.derivedData/Build/Intermediates.noindex/SwiftRichString.build/Debug-watchos/SwiftRichString.build/Objects-normal/arm64_32/SwiftRichString.swiftmodule -validate-clang-modules-once -clang-build-session-file /Users/builder/builds/UKfvDsi8u/3/finestructure/swiftpackageindex-builder/spi-builder-workspace/.derivedData/ModuleCache.noindex/Session.modulevalidation -Xcc -I/Users/builder/builds/UKfvDsi8u/3/finestructure/swiftpackageindex-builder/spi-builder-workspace/.derivedData/Build/Intermediates.noindex/SwiftRichString.build/Debug-watchos/SwiftRichString.build/swift-overrides.hmap -emit-const-values -Xfrontend -const-gather-protocols-file -Xfrontend /Users/builder/builds/UKfvDsi8u/3/finestructure/swiftpackageindex-builder/spi-builder-workspace/.derivedData/Build/Intermediates.noindex/SwiftRichString.build/Debug-watchos/SwiftRichString.build/Objects-normal/arm64_32/SwiftRichString_const_extract_protocols.json -Xcc -I/Users/builder/builds/UKfvDsi8u/3/finestructure/swiftpackageindex-builder/spi-builder-workspace/.derivedData/Build/Products/Debug-watchos/include -Xcc -I/Users/builder/builds/UKfvDsi8u/3/finestructure/swiftpackageindex-builder/spi-builder-workspace/.derivedData/Build/Intermediates.noindex/SwiftRichString.build/Debug-watchos/SwiftRichString.build/DerivedSources-normal/arm64_32 -Xcc -I/Users/builder/builds/UKfvDsi8u/3/finestructure/swiftpackageindex-builder/spi-builder-workspace/.derivedData/Build/Intermediates.noindex/SwiftRichString.build/Debug-watchos/SwiftRichString.build/DerivedSources/arm64_32 -Xcc -I/Users/builder/builds/UKfvDsi8u/3/finestructure/swiftpackageindex-builder/spi-builder-workspace/.derivedData/Build/Intermediates.noindex/SwiftRichString.build/Debug-watchos/SwiftRichString.build/DerivedSources -Xcc -DSWIFT_PACKAGE -Xcc -DDEBUG\=1 -emit-objc-header -emit-objc-header-path /Users/builder/builds/UKfvDsi8u/3/finestructure/swiftpackageindex-builder/spi-builder-workspace/.derivedData/Build/Intermediates.noindex/SwiftRichString.build/Debug-watchos/SwiftRichString.build/Objects-normal/arm64_32/SwiftRichString-Swift.h -working-directory /Users/builder/builds/UKfvDsi8u/3/finestructure/swiftpackageindex-builder/spi-builder-workspace/.dependencies/checkouts/SwiftRichString -experimental-emit-module-separately -disable-cmo
SwiftDriver SwiftRichString normal armv7k com.apple.xcode.tools.swift.compiler (in target 'SwiftRichString' from project 'SwiftRichString')
    cd /Users/builder/builds/UKfvDsi8u/3/finestructure/swiftpackageindex-builder/spi-builder-workspace/.dependencies/checkouts/SwiftRichString
    builtin-SwiftDriver -- /Applications/Xcode-15.3.0-Beta.2.app/Contents/Developer/Toolchains/XcodeDefault.xctoolchain/usr/bin/swiftc -module-name SwiftRichString -Onone -enforce-exclusivity\=checked @/Users/builder/builds/UKfvDsi8u/3/finestructure/swiftpackageindex-builder/spi-builder-workspace/.derivedData/Build/Intermediates.noindex/SwiftRichString.build/Debug-watchos/SwiftRichString.build/Objects-normal/armv7k/SwiftRichString.SwiftFileList -DSWIFT_PACKAGE -DDEBUG -DXcode -sdk /Applications/Xcode-15.3.0-Beta.2.app/Contents/Developer/Platforms/WatchOS.platform/Developer/SDKs/WatchOS10.4.sdk -target armv7k-apple-watchos5.0 -g -module-cache-path /Users/builder/builds/UKfvDsi8u/3/finestructure/swiftpackageindex-builder/spi-builder-workspace/.derivedData/ModuleCache.noindex -Xfrontend -serialize-debugging-options -enable-testing -suppress-warnings -index-store-path /Users/builder/builds/UKfvDsi8u/3/finestructure/swiftpackageindex-builder/spi-builder-workspace/.derivedData/Index.noindex/DataStore -swift-version 5 -I /Users/builder/builds/UKfvDsi8u/3/finestructure/swiftpackageindex-builder/spi-builder-workspace/.derivedData/Build/Products/Debug-watchos -I /Applications/Xcode-15.3.0-Beta.2.app/Contents/Developer/Platforms/WatchOS.platform/Developer/usr/lib -F /Users/builder/builds/UKfvDsi8u/3/finestructure/swiftpackageindex-builder/spi-builder-workspace/.derivedData/Build/Products/Debug-watchos -F /Applications/Xcode-15.3.0-Beta.2.app/Contents/Developer/Platforms/WatchOS.platform/Developer/Library/Frameworks -F /Applications/Xcode-15.3.0-Beta.2.app/Contents/Developer/Platforms/WatchOS.platform/Developer/SDKs/WatchOS10.4.sdk/Developer/Library/Frameworks -c -j8 -enable-batch-mode -incremental -Xcc -ivfsstatcache -Xcc /Users/builder/builds/UKfvDsi8u/3/finestructure/swiftpackageindex-builder/spi-builder-workspace/.derivedData/SDKStatCaches.noindex/watchos10.4-21T5196c-188b4c5c5639cdba02b95625249bd203.sdkstatcache -output-file-map /Users/builder/builds/UKfvDsi8u/3/finestructure/swiftpackageindex-builder/spi-builder-workspace/.derivedData/Build/Intermediates.noindex/SwiftRichString.build/Debug-watchos/SwiftRichString.build/Objects-normal/armv7k/SwiftRichString-OutputFileMap.json -use-frontend-parseable-output -save-temps -no-color-diagnostics -serialize-diagnostics -emit-dependencies -emit-module -emit-module-path /Users/builder/builds/UKfvDsi8u/3/finestructure/swiftpackageindex-builder/spi-builder-workspace/.derivedData/Build/Intermediates.noindex/SwiftRichString.build/Debug-watchos/SwiftRichString.build/Objects-normal/armv7k/SwiftRichString.swiftmodule -validate-clang-modules-once -clang-build-session-file /Users/builder/builds/UKfvDsi8u/3/finestructure/swiftpackageindex-builder/spi-builder-workspace/.derivedData/ModuleCache.noindex/Session.modulevalidation -Xcc -I/Users/builder/builds/UKfvDsi8u/3/finestructure/swiftpackageindex-builder/spi-builder-workspace/.derivedData/Build/Intermediates.noindex/SwiftRichString.build/Debug-watchos/SwiftRichString.build/swift-overrides.hmap -emit-const-values -Xfrontend -const-gather-protocols-file -Xfrontend /Users/builder/builds/UKfvDsi8u/3/finestructure/swiftpackageindex-builder/spi-builder-workspace/.derivedData/Build/Intermediates.noindex/SwiftRichString.build/Debug-watchos/SwiftRichString.build/Objects-normal/armv7k/SwiftRichString_const_extract_protocols.json -Xcc -I/Users/builder/builds/UKfvDsi8u/3/finestructure/swiftpackageindex-builder/spi-builder-workspace/.derivedData/Build/Products/Debug-watchos/include -Xcc -I/Users/builder/builds/UKfvDsi8u/3/finestructure/swiftpackageindex-builder/spi-builder-workspace/.derivedData/Build/Intermediates.noindex/SwiftRichString.build/Debug-watchos/SwiftRichString.build/DerivedSources-normal/armv7k -Xcc -I/Users/builder/builds/UKfvDsi8u/3/finestructure/swiftpackageindex-builder/spi-builder-workspace/.derivedData/Build/Intermediates.noindex/SwiftRichString.build/Debug-watchos/SwiftRichString.build/DerivedSources/armv7k -Xcc -I/Users/builder/builds/UKfvDsi8u/3/finestructure/swiftpackageindex-builder/spi-builder-workspace/.derivedData/Build/Intermediates.noindex/SwiftRichString.build/Debug-watchos/SwiftRichString.build/DerivedSources -Xcc -DSWIFT_PACKAGE -Xcc -DDEBUG\=1 -emit-objc-header -emit-objc-header-path /Users/builder/builds/UKfvDsi8u/3/finestructure/swiftpackageindex-builder/spi-builder-workspace/.derivedData/Build/Intermediates.noindex/SwiftRichString.build/Debug-watchos/SwiftRichString.build/Objects-normal/armv7k/SwiftRichString-Swift.h -working-directory /Users/builder/builds/UKfvDsi8u/3/finestructure/swiftpackageindex-builder/spi-builder-workspace/.dependencies/checkouts/SwiftRichString -experimental-emit-module-separately -disable-cmo
SwiftDriver SwiftRichString normal arm64 com.apple.xcode.tools.swift.compiler (in target 'SwiftRichString' from project 'SwiftRichString')
    cd /Users/builder/builds/UKfvDsi8u/3/finestructure/swiftpackageindex-builder/spi-builder-workspace/.dependencies/checkouts/SwiftRichString
    builtin-SwiftDriver -- /Applications/Xcode-15.3.0-Beta.2.app/Contents/Developer/Toolchains/XcodeDefault.xctoolchain/usr/bin/swiftc -module-name SwiftRichString -Onone -enforce-exclusivity\=checked @/Users/builder/builds/UKfvDsi8u/3/finestructure/swiftpackageindex-builder/spi-builder-workspace/.derivedData/Build/Intermediates.noindex/SwiftRichString.build/Debug-watchos/SwiftRichString.build/Objects-normal/arm64/SwiftRichString.SwiftFileList -DSWIFT_PACKAGE -DDEBUG -DXcode -sdk /Applications/Xcode-15.3.0-Beta.2.app/Contents/Developer/Platforms/WatchOS.platform/Developer/SDKs/WatchOS10.4.sdk -target arm64-apple-watchos5.0 -g -module-cache-path /Users/builder/builds/UKfvDsi8u/3/finestructure/swiftpackageindex-builder/spi-builder-workspace/.derivedData/ModuleCache.noindex -Xfrontend -serialize-debugging-options -enable-testing -suppress-warnings -index-store-path /Users/builder/builds/UKfvDsi8u/3/finestructure/swiftpackageindex-builder/spi-builder-workspace/.derivedData/Index.noindex/DataStore -swift-version 5 -I /Users/builder/builds/UKfvDsi8u/3/finestructure/swiftpackageindex-builder/spi-builder-workspace/.derivedData/Build/Products/Debug-watchos -I /Applications/Xcode-15.3.0-Beta.2.app/Contents/Developer/Platforms/WatchOS.platform/Developer/usr/lib -F /Users/builder/builds/UKfvDsi8u/3/finestructure/swiftpackageindex-builder/spi-builder-workspace/.derivedData/Build/Products/Debug-watchos -F /Applications/Xcode-15.3.0-Beta.2.app/Contents/Developer/Platforms/WatchOS.platform/Developer/Library/Frameworks -F /Applications/Xcode-15.3.0-Beta.2.app/Contents/Developer/Platforms/WatchOS.platform/Developer/SDKs/WatchOS10.4.sdk/Developer/Library/Frameworks -c -j8 -enable-batch-mode -incremental -Xcc -ivfsstatcache -Xcc /Users/builder/builds/UKfvDsi8u/3/finestructure/swiftpackageindex-builder/spi-builder-workspace/.derivedData/SDKStatCaches.noindex/watchos10.4-21T5196c-188b4c5c5639cdba02b95625249bd203.sdkstatcache -output-file-map /Users/builder/builds/UKfvDsi8u/3/finestructure/swiftpackageindex-builder/spi-builder-workspace/.derivedData/Build/Intermediates.noindex/SwiftRichString.build/Debug-watchos/SwiftRichString.build/Objects-normal/arm64/SwiftRichString-OutputFileMap.json -use-frontend-parseable-output -save-temps -no-color-diagnostics -serialize-diagnostics -emit-dependencies -emit-module -emit-module-path /Users/builder/builds/UKfvDsi8u/3/finestructure/swiftpackageindex-builder/spi-builder-workspace/.derivedData/Build/Intermediates.noindex/SwiftRichString.build/Debug-watchos/SwiftRichString.build/Objects-normal/arm64/SwiftRichString.swiftmodule -validate-clang-modules-once -clang-build-session-file /Users/builder/builds/UKfvDsi8u/3/finestructure/swiftpackageindex-builder/spi-builder-workspace/.derivedData/ModuleCache.noindex/Session.modulevalidation -Xcc -I/Users/builder/builds/UKfvDsi8u/3/finestructure/swiftpackageindex-builder/spi-builder-workspace/.derivedData/Build/Intermediates.noindex/SwiftRichString.build/Debug-watchos/SwiftRichString.build/swift-overrides.hmap -emit-const-values -Xfrontend -const-gather-protocols-file -Xfrontend /Users/builder/builds/UKfvDsi8u/3/finestructure/swiftpackageindex-builder/spi-builder-workspace/.derivedData/Build/Intermediates.noindex/SwiftRichString.build/Debug-watchos/SwiftRichString.build/Objects-normal/arm64/SwiftRichString_const_extract_protocols.json -Xcc -I/Users/builder/builds/UKfvDsi8u/3/finestructure/swiftpackageindex-builder/spi-builder-workspace/.derivedData/Build/Products/Debug-watchos/include -Xcc -I/Users/builder/builds/UKfvDsi8u/3/finestructure/swiftpackageindex-builder/spi-builder-workspace/.derivedData/Build/Intermediates.noindex/SwiftRichString.build/Debug-watchos/SwiftRichString.build/DerivedSources-normal/arm64 -Xcc -I/Users/builder/builds/UKfvDsi8u/3/finestructure/swiftpackageindex-builder/spi-builder-workspace/.derivedData/Build/Intermediates.noindex/SwiftRichString.build/Debug-watchos/SwiftRichString.build/DerivedSources/arm64 -Xcc -I/Users/builder/builds/UKfvDsi8u/3/finestructure/swiftpackageindex-builder/spi-builder-workspace/.derivedData/Build/Intermediates.noindex/SwiftRichString.build/Debug-watchos/SwiftRichString.build/DerivedSources -Xcc -DSWIFT_PACKAGE -Xcc -DDEBUG\=1 -emit-objc-header -emit-objc-header-path /Users/builder/builds/UKfvDsi8u/3/finestructure/swiftpackageindex-builder/spi-builder-workspace/.derivedData/Build/Intermediates.noindex/SwiftRichString.build/Debug-watchos/SwiftRichString.build/Objects-normal/arm64/SwiftRichString-Swift.h -working-directory /Users/builder/builds/UKfvDsi8u/3/finestructure/swiftpackageindex-builder/spi-builder-workspace/.dependencies/checkouts/SwiftRichString -experimental-emit-module-separately -disable-cmo
2024-02-15 12:09:08.034 xcodebuild[27858:14847691] Requested but did not find extension point with identifier Xcode.DVTDeviceFoundation.Aspect for extension Xcode.IDEiOSSupportCore.Aspect.NBDD of plug-in com.apple.dt.IDE.IDEiOSSupportCore
2024-02-15 12:09:08.762 xcodebuild[27858:14847691] [MT] DVTPlugInQuery: Requested but did not find extension point with identifier 'Xcode.DVTDeviceFoundation.CompatibleDeviceFamilyPair'. This is programmer error; code should only request extension points that are defined by itself or its dependencies.
** BUILD FAILED **
The following build commands failed:
	CompileC /Users/builder/builds/UKfvDsi8u/3/finestructure/swiftpackageindex-builder/spi-builder-workspace/.derivedData/Build/Intermediates.noindex/iosMath.build/Debug-watchos/iosMath.build/Objects-normal/armv7k/MTMathUILabel.o /Users/builder/builds/UKfvDsi8u/3/finestructure/swiftpackageindex-builder/spi-builder-workspace/.dependencies/checkouts/iosMath/Sources/MTMathUILabel.m normal armv7k objective-c com.apple.compilers.llvm.clang.1_0.compiler (in target 'iosMath' from project 'iosMath')
(1 failure)
BUILD FAILURE 5.10 watchOS