The Swift Package Index logo.Swift Package Index

Build Information

Failed to build DeclarativeRequests, reference 2.0.1 (d0d1ae), with Swift 6.4 for Linux on 27 Sep 2026 06:02:23 UTC.

Build Command

bash -c docker run --pull=always --rm -v "checkouts-54344843-0":/host -w "$PWD" -e JAVA_HOME="/root/.sdkman/candidates/java/current" -e SPI_BUILD="1" -e SPI_PROCESSING="1" registry.gitlab.com/saguaro1/spi-images:basic-6.4-latest swift build --triple x86_64-unknown-linux-gnu 2>&1

Build Log

========================================
RunAll
========================================
Builder version: 5.1.0
Interrupt handler set up.
========================================
Checkout
========================================
Clone URL: https://github.com/sisoje/swift-declarative-requests.git
Reference: 2.0.1
Initialized empty Git repository in /host/spi-builder-workspace/.git/
hint: Using 'master' as the name for the initial branch. This default branch name
hint: is subject to change. To configure the initial branch name to use in all
hint: of your new repositories, which will suppress this warning, call:
hint:
hint: 	git config --global init.defaultBranch <name>
hint:
hint: Names commonly chosen instead of 'master' are 'main', 'trunk' and
hint: 'development'. The just-created branch can be renamed via this command:
hint:
hint: 	git branch -m <name>
From https://github.com/sisoje/swift-declarative-requests
 * tag               2.0.1      -> FETCH_HEAD
HEAD is now at d0d1ae1 Authorization is scheme-driven; MIMEType typed on body/multipart
Cloned https://github.com/sisoje/swift-declarative-requests.git
Revision (git rev-parse @):
d0d1ae1b08be5eaa3055947c0911cf54b60e1b49
SUCCESS checkout https://github.com/sisoje/swift-declarative-requests.git at 2.0.1
========================================
Build
========================================
Selected platform:         linux
Swift version:             6.4
Building package at path:  $PWD
https://github.com/sisoje/swift-declarative-requests.git
Running build ...
bash -c docker run --pull=always --rm -v "checkouts-54344843-0":/host -w "$PWD" -e JAVA_HOME="/root/.sdkman/candidates/java/current" -e SPI_BUILD="1" -e SPI_PROCESSING="1" registry.gitlab.com/saguaro1/spi-images:basic-6.4-latest swift build --triple x86_64-unknown-linux-gnu 2>&1
basic-6.4-latest: Pulling from saguaro1/spi-images
Digest: sha256:c77fcce225e223ac0fafed844619173fc6de8d62dd560eeb28db3182af6a282b
Status: Image is up to date for registry.gitlab.com/saguaro1/spi-images:basic-6.4-latest
Building for debugging...
[Planning deferred tasks]
error: SwiftCompile normal x86_64 failed with a nonzero exit code. Command line:     cd /host

/host/spi-builder-workspace/Sources/DeclarativeRequests/RequestBuildable.swift:23:63: error: cannot find type 'URLRequest' in scope
21 | public extension RequestBuildable {
22 |     /// Materializes. Pass a premade request to apply the blocks on top of it instead of a blank one.
23 |     func request(initialRequest: URLRequest? = nil) throws -> URLRequest {
   |                                                               `- error: cannot find type 'URLRequest' in scope
24 |         let state = RequestState(request: initialRequest)
25 |         try transform(state)
/host/spi-builder-workspace/Sources/DeclarativeRequests/RequestBuildable.swift:23:34: error: cannot find type 'URLRequest' in scope
21 | public extension RequestBuildable {
22 |     /// Materializes. Pass a premade request to apply the blocks on top of it instead of a blank one.
23 |     func request(initialRequest: URLRequest? = nil) throws -> URLRequest {
   |                                  `- error: cannot find type 'URLRequest' in scope
24 |         let state = RequestState(request: initialRequest)
25 |         try transform(state)
/host/spi-builder-workspace/Sources/DeclarativeRequests/State/RequestState.swift:14:25: error: cannot find type 'URLRequest' in scope
12 | /// isolation boundary, so there is no concurrent access to guard.
13 | public final class RequestState: @unchecked Sendable {
14 |     public var request: URLRequest
   |                         `- error: cannot find type 'URLRequest' in scope
15 |     public var encoder: JSONEncoder
16 |
/host/spi-builder-workspace/Sources/DeclarativeRequests/State/RequestState.swift:17:19: error: cannot find type 'URLRequest' in scope
15 |     public var encoder: JSONEncoder
16 |
17 |     init(request: URLRequest? = nil, encoder: JSONEncoder? = nil) {
   |                   `- error: cannot find type 'URLRequest' in scope
18 |         self.request = request ?? URLRequest(url: .placeholder)
19 |         self.encoder = encoder ?? JSONEncoder()
/host/spi-builder-workspace/Sources/DeclarativeRequests/Syntax/RequestMutation.swift:4:44: error: cannot find type 'URLRequest' in scope
 2 |
 3 | public struct RequestMutation<Value>: RequestBuildable {
 4 |     public init(_ keyPath: WritableKeyPath<URLRequest, Value> & Sendable, _ value: @autoclosure @escaping @Sendable () throws -> Value) {
   |                                            `- error: cannot find type 'URLRequest' in scope
 5 |         self.keyPath = keyPath
 6 |         self.value = value
/host/spi-builder-workspace/Sources/DeclarativeRequests/Syntax/RequestMutation.swift:9:34: error: cannot find type 'URLRequest' in scope
 7 |     }
 8 |
 9 |     let keyPath: WritableKeyPath<URLRequest, Value> & Sendable
   |                                  `- error: cannot find type 'URLRequest' in scope
10 |     let value: @Sendable () throws -> Value
11 |
Failed frontend command:
/usr/bin/swift-frontend -frontend -emit-module -experimental-skip-non-inlinable-function-bodies-without-types /host/spi-builder-workspace/Sources/DeclarativeRequests/RequestBuildable.swift /host/spi-builder-workspace/Sources/DeclarativeRequests/RequestBuilder.swift /host/spi-builder-workspace/Sources/DeclarativeRequests/State/EncodableQueryItems.swift /host/spi-builder-workspace/Sources/DeclarativeRequests/State/RequestState.swift /host/spi-builder-workspace/Sources/DeclarativeRequests/State/URL+Placeholder.swift /host/spi-builder-workspace/Sources/DeclarativeRequests/Syntax/Authorization.swift /host/spi-builder-workspace/Sources/DeclarativeRequests/Syntax/Body/RequestBody+Multipart.swift /host/spi-builder-workspace/Sources/DeclarativeRequests/Syntax/Body/RequestBody.swift /host/spi-builder-workspace/Sources/DeclarativeRequests/Syntax/Cookie.swift /host/spi-builder-workspace/Sources/DeclarativeRequests/Syntax/RequestBlock.swift /host/spi-builder-workspace/Sources/DeclarativeRequests/Syntax/RequestFailure.swift /host/spi-builder-workspace/Sources/DeclarativeRequests/Syntax/RequestMutation.swift /host/spi-builder-workspace/Sources/DeclarativeRequests/Syntax/Timeout.swift /host/spi-builder-workspace/Sources/DeclarativeRequests/Syntax/URL/BaseURL.swift /host/spi-builder-workspace/Sources/DeclarativeRequests/Syntax/URL/Endpoint.swift /host/spi-builder-workspace/Sources/DeclarativeRequests/Syntax/URL/Query.swift /host/spi-builder-workspace/Sources/DeclarativeRequests/Syntax/Vocabulary/Header.swift /host/spi-builder-workspace/Sources/DeclarativeRequests/Syntax/Vocabulary/MIMEType.swift /host/spi-builder-workspace/Sources/DeclarativeRequests/Syntax/Vocabulary/Method.swift -target x86_64-unknown-linux-gnu -disable-objc-interop -I /host/spi-builder-workspace/.build/out/Products/Debug-linux-x86_64 -module-cache-path /host/spi-builder-workspace/.build/out/ModuleCache.noindex -color-diagnostics -Xcc -fcolor-diagnostics -enable-testing -g -debug-info-format\=dwarf -dwarf-version\=4 -swift-version 6 -Onone -D SWIFT_PACKAGE -D DEBUG -D SWIFT_MODULE_RESOURCE_BUNDLE_UNAVAILABLE -D Xcode -serialize-debugging-options -enable-experimental-feature DebugDescriptionMacro -empty-abi-descriptor -external-plugin-path /usr/lib/swift/host/plugins/testing\#/usr/bin/swift-plugin-server -validate-clang-modules-once -clang-build-session-file /host/spi-builder-workspace/.build/out/ModuleCache.noindex/Session.modulevalidation -Xcc -working-directory -Xcc /host -enable-anonymous-context-mangled-names -file-compilation-dir /host -Xcc -fno-omit-frame-pointer -Xcc -D_LIBCPP_HARDENING_MODE\=_LIBCPP_HARDENING_MODE_DEBUG -Xcc -fmodules-prune-interval\=86400 -Xcc -fmodules-prune-after\=345600 -Xcc -I/host/spi-builder-workspace/.build/out/Products/Debug-linux-x86_64/include -Xcc -I/host/spi-builder-workspace/.build/out/Intermediates.noindex/DeclarativeRequests.build/Debug-linux-x86_64/DeclarativeRequests-t.build/DerivedSources-normal/x86_64 -Xcc -I/host/spi-builder-workspace/.build/out/Intermediates.noindex/DeclarativeRequests.build/Debug-linux-x86_64/DeclarativeRequests-t.build/DerivedSources/x86_64 -Xcc -I/host/spi-builder-workspace/.build/out/Intermediates.noindex/DeclarativeRequests.build/Debug-linux-x86_64/DeclarativeRequests-t.build/DerivedSources -Xcc -DSWIFT_PACKAGE -Xcc -DDEBUG\=1 -no-auto-bridging-header-chaining -module-name DeclarativeRequests -package-name spi_builder_workspace -const-gather-protocols-file /host/spi-builder-workspace/.build/out/Intermediates.noindex/DeclarativeRequests.build/Debug-linux-x86_64/DeclarativeRequests-t.build/Objects-normal/x86_64/DeclarativeRequests_const_extract_protocols.json -in-process-plugin-server-path /usr/lib/swift/host/libSwiftInProcPluginServer.so -plugin-path /usr/lib/swift/host/plugins -plugin-path /usr/local/lib/swift/host/plugins -emit-module-doc-path /host/spi-builder-workspace/.build/out/Intermediates.noindex/DeclarativeRequests.build/Debug-linux-x86_64/DeclarativeRequests-t.build/Objects-normal/x86_64/Modules/DeclarativeRequests.swiftdoc -emit-module-source-info-path /host/spi-builder-workspace/.build/out/Intermediates.noindex/DeclarativeRequests.build/Debug-linux-x86_64/DeclarativeRequests-t.build/Objects-normal/x86_64/Modules/DeclarativeRequests.swiftsourceinfo -emit-objc-header-path /host/spi-builder-workspace/.build/out/Intermediates.noindex/DeclarativeRequests.build/Debug-linux-x86_64/DeclarativeRequests-t.build/Objects-normal/x86_64/DeclarativeRequests-Swift.h -serialize-diagnostics-path /host/spi-builder-workspace/.build/out/Intermediates.noindex/DeclarativeRequests.build/Debug-linux-x86_64/DeclarativeRequests-t.build/Objects-normal/x86_64/DeclarativeRequests-primary-emit-module.dia -emit-dependencies-path /host/spi-builder-workspace/.build/out/Intermediates.noindex/DeclarativeRequests.build/Debug-linux-x86_64/DeclarativeRequests-t.build/Objects-normal/x86_64/DeclarativeRequests-primary-emit-module.d -parse-as-library -o /host/spi-builder-workspace/.build/out/Intermediates.noindex/DeclarativeRequests.build/Debug-linux-x86_64/DeclarativeRequests-t.build/Objects-normal/x86_64/Modules/DeclarativeRequests.swiftmodule
[28 / 36] DeclarativeRequests
error: Build failed
BUILD FAILURE 6.4 linux