The Swift Package Index logo.Swift Package Index

Build Information

Failed to build OTPublishersHeadlessSDKtvOS, reference 202609.2.0 (de802a), with Swift 6.2 for visionOS using Xcode 26.3 on 2 Oct 2026 21:29:21 UTC.

Build Command

env DEVELOPER_DIR=/Applications/Xcode-26.3.0.app xcrun xcodebuild -IDEClonedSourcePackagesDirPathOverride=$PWD/.dependencies -skipMacroValidation -skipPackagePluginValidation -derivedDataPath $PWD/.derivedData build -scheme OTPublishersHeadlessSDKtvOS -destination generic/platform=xrOS

Build Log

========================================
RunAll
========================================
Builder version: 5.1.1
Interrupt handler set up.
========================================
Checkout
========================================
Clone URL: https://github.com/Zentrust/OTPublishersHeadlessSDKtvOS.git
Reference: 202609.2.0
Initialized empty Git repository in /Users/admin/builder/spi-builder-workspace/.git/
From https://github.com/Zentrust/OTPublishersHeadlessSDKtvOS
 * tag               202609.2.0 -> FETCH_HEAD
HEAD is now at de802a8 Deploy 202609.2.0
Cloned https://github.com/Zentrust/OTPublishersHeadlessSDKtvOS.git
Revision (git rev-parse @):
de802a8a26e07ea2f0c924af7d3c9503e341a466
SUCCESS checkout https://github.com/Zentrust/OTPublishersHeadlessSDKtvOS.git at 202609.2.0
========================================
Build
========================================
Selected platform:         visionOS
Swift version:             6.2
Building package at path:  $PWD
https://github.com/Zentrust/OTPublishersHeadlessSDKtvOS.git
Command line invocation:
    /Applications/Xcode-26.3.0.app/Contents/Developer/usr/bin/xcodebuild -IDEClonedSourcePackagesDirPathOverride=/Users/admin/builder/spi-builder-workspace/.dependencies -resolvePackageDependencies
Resolve Package Graph
Resolve Package Graph
Resolved source packages:
  OTPublishersHeadlessSDKtvOS: /Users/admin/builder/spi-builder-workspace
resolved source packages: OTPublishersHeadlessSDKtvOS
2026-10-02 17:28:54.934 xcodebuild[532:3047] [MT] IDERunDestination: Supported platforms for the buildables in the current scheme is empty.
{
  "dependencies" : [
  ],
  "manifest_display_name" : "OTPublishersHeadlessSDKtvOS",
  "name" : "OTPublishersHeadlessSDKtvOS",
  "path" : "/Users/admin/builder/spi-builder-workspace",
  "platforms" : [
    {
      "name" : "tvos",
      "version" : "10.0"
    }
  ],
  "products" : [
    {
      "name" : "OTPublishersHeadlessSDKtvOS",
      "targets" : [
        "OTPublishersHeadlessSDKtvOS"
      ],
      "type" : {
        "library" : [
          "automatic"
        ]
      }
    }
  ],
  "targets" : [
    {
      "c99name" : "OTPublishersHeadlessSDKtvOS",
      "module_type" : "BinaryTarget",
      "name" : "OTPublishersHeadlessSDKtvOS",
      "path" : "Sources/OTPublishersHeadlessSDKtvOS.xcframework",
      "product_memberships" : [
        "OTPublishersHeadlessSDKtvOS"
      ],
      "sources" : [
      ],
      "type" : "binary"
    }
  ],
  "tools_version" : "5.3"
}
{
  "workspace" : {
    "name" : "spi-builder-workspace",
    "schemes" : [
      "OTPublishersHeadlessSDKtvOS"
    ]
  }
}
2026-10-02 17:29:15.802 xcodebuild[681:4310] [MT] IDERunDestination: Supported platforms for the buildables in the current scheme is empty.
Running build ...
env DEVELOPER_DIR=/Applications/Xcode-26.3.0.app xcrun xcodebuild -IDEClonedSourcePackagesDirPathOverride=$PWD/.dependencies -skipMacroValidation -skipPackagePluginValidation -derivedDataPath $PWD/.derivedData build -scheme OTPublishersHeadlessSDKtvOS -destination generic/platform=xrOS
Command line invocation:
    /Applications/Xcode-26.3.0.app/Contents/Developer/usr/bin/xcodebuild -IDEClonedSourcePackagesDirPathOverride=/Users/admin/builder/spi-builder-workspace/.dependencies -skipMacroValidation -skipPackagePluginValidation -derivedDataPath /Users/admin/builder/spi-builder-workspace/.derivedData build -scheme OTPublishersHeadlessSDKtvOS -destination generic/platform=xrOS
Resolve Package Graph
Resolved source packages:
  OTPublishersHeadlessSDKtvOS: /Users/admin/builder/spi-builder-workspace
ComputePackagePrebuildTargetDependencyGraph
Prepare packages
CreateBuildRequest
SendProjectDescription
CreateBuildOperation
ComputeTargetDependencyGraph
note: Building targets in dependency order
note: Target dependency graph (1 target)
    Target 'OTPublishersHeadlessSDKtvOS' in project 'OTPublishersHeadlessSDKtvOS' (no dependencies)
GatherProvisioningInputs
CreateBuildDescription
ExecuteExternalTool /Applications/Xcode-26.3.0.app/Contents/Developer/Toolchains/XcodeDefault.xctoolchain/usr/bin/clang -v -E -dM -isysroot /Applications/Xcode-26.3.0.app/Contents/Developer/Platforms/XROS.platform/Developer/SDKs/XROS26.2.sdk -x c -c /dev/null
Build description signature: d421a39ec2ba95019cc66b41cb442f2c
Build description path: /Users/admin/builder/spi-builder-workspace/.derivedData/Build/Intermediates.noindex/XCBuildData/d421a39ec2ba95019cc66b41cb442f2c.xcbuilddata
/Users/admin/builder/spi-builder-workspace/Sources/OTPublishersHeadlessSDKtvOS.xcframework:1:1: error: While building for visionOS, no library for this platform was found in '/Users/admin/builder/spi-builder-workspace/Sources/OTPublishersHeadlessSDKtvOS.xcframework'. (in target 'OTPublishersHeadlessSDKtvOS' from project 'OTPublishersHeadlessSDKtvOS')
2026-10-02 17:29:17.238 xcodebuild[683:4355] [MT] IDERunDestination: Supported platforms for the buildables in the current scheme is empty.
** BUILD FAILED **
The following build commands failed:
	Building workspace spi-builder-workspace with scheme OTPublishersHeadlessSDKtvOS
(1 failure)
Command line invocation:
    /Applications/Xcode-26.3.0.app/Contents/Developer/usr/bin/xcodebuild -IDEClonedSourcePackagesDirPathOverride=/Users/admin/builder/spi-builder-workspace/.dependencies -resolvePackageDependencies
Resolve Package Graph
Resolved source packages:
  OTPublishersHeadlessSDKtvOS: /Users/admin/builder/spi-builder-workspace
resolved source packages: OTPublishersHeadlessSDKtvOS
2026-10-02 17:29:19.542 xcodebuild[696:4461] [MT] IDERunDestination: Supported platforms for the buildables in the current scheme is empty.
{
  "dependencies" : [
  ],
  "manifest_display_name" : "OTPublishersHeadlessSDKtvOS",
  "name" : "OTPublishersHeadlessSDKtvOS",
  "path" : "/Users/admin/builder/spi-builder-workspace",
  "platforms" : [
    {
      "name" : "tvos",
      "version" : "10.0"
    }
  ],
  "products" : [
    {
      "name" : "OTPublishersHeadlessSDKtvOS",
      "targets" : [
        "OTPublishersHeadlessSDKtvOS"
      ],
      "type" : {
        "library" : [
          "automatic"
        ]
      }
    }
  ],
  "targets" : [
    {
      "c99name" : "OTPublishersHeadlessSDKtvOS",
      "module_type" : "BinaryTarget",
      "name" : "OTPublishersHeadlessSDKtvOS",
      "path" : "Sources/OTPublishersHeadlessSDKtvOS.xcframework",
      "product_memberships" : [
        "OTPublishersHeadlessSDKtvOS"
      ],
      "sources" : [
      ],
      "type" : "binary"
    }
  ],
  "tools_version" : "5.3"
}
{
  "workspace" : {
    "name" : "spi-builder-workspace",
    "schemes" : [
      "OTPublishersHeadlessSDKtvOS"
    ]
  }
}
2026-10-02 17:29:20.626 xcodebuild[704:4523] [MT] IDERunDestination: Supported platforms for the buildables in the current scheme is empty.
Running build ...
env DEVELOPER_DIR=/Applications/Xcode-26.3.0.app xcrun xcodebuild -IDEClonedSourcePackagesDirPathOverride=$PWD/.dependencies -skipMacroValidation -skipPackagePluginValidation -derivedDataPath $PWD/.derivedData build -scheme OTPublishersHeadlessSDKtvOS -destination generic/platform=xrOS
Command line invocation:
    /Applications/Xcode-26.3.0.app/Contents/Developer/usr/bin/xcodebuild -IDEClonedSourcePackagesDirPathOverride=/Users/admin/builder/spi-builder-workspace/.dependencies -skipMacroValidation -skipPackagePluginValidation -derivedDataPath /Users/admin/builder/spi-builder-workspace/.derivedData build -scheme OTPublishersHeadlessSDKtvOS -destination generic/platform=xrOS
Resolve Package Graph
Resolved source packages:
  OTPublishersHeadlessSDKtvOS: /Users/admin/builder/spi-builder-workspace
ComputePackagePrebuildTargetDependencyGraph
Prepare packages
CreateBuildRequest
SendProjectDescription
CreateBuildOperation
ComputeTargetDependencyGraph
note: Building targets in dependency order
note: Target dependency graph (1 target)
    Target 'OTPublishersHeadlessSDKtvOS' in project 'OTPublishersHeadlessSDKtvOS' (no dependencies)
GatherProvisioningInputs
CreateBuildDescription
ExecuteExternalTool /Applications/Xcode-26.3.0.app/Contents/Developer/Toolchains/XcodeDefault.xctoolchain/usr/bin/clang -v -E -dM -isysroot /Applications/Xcode-26.3.0.app/Contents/Developer/Platforms/XROS.platform/Developer/SDKs/XROS26.2.sdk -x c -c /dev/null
Build description signature: d421a39ec2ba95019cc66b41cb442f2c
Build description path: /Users/admin/builder/spi-builder-workspace/.derivedData/Build/Intermediates.noindex/XCBuildData/d421a39ec2ba95019cc66b41cb442f2c.xcbuilddata
/Users/admin/builder/spi-builder-workspace/Sources/OTPublishersHeadlessSDKtvOS.xcframework:1:1: error: While building for visionOS, no library for this platform was found in '/Users/admin/builder/spi-builder-workspace/Sources/OTPublishersHeadlessSDKtvOS.xcframework'. (in target 'OTPublishersHeadlessSDKtvOS' from project 'OTPublishersHeadlessSDKtvOS')
2026-10-02 17:29:21.487 xcodebuild[706:4553] [MT] IDERunDestination: Supported platforms for the buildables in the current scheme is empty.
** BUILD FAILED **
The following build commands failed:
	Building workspace spi-builder-workspace with scheme OTPublishersHeadlessSDKtvOS
(1 failure)
BUILD FAILURE 6.2 visionOS