Build Information
Failed to build GLSceneLib, reference 0.1.8 (f86eea), with Swift 6.4 for watchOS using Xcode 27.0 on 15 Sep 2026 18:45:13 UTC.
Build Command
env DEVELOPER_DIR=/Applications/Xcode-27.0.0-Release.Candidate.app xcrun xcodebuild -IDEClonedSourcePackagesDirPathOverride=$PWD/.dependencies -skipMacroValidation -skipPackagePluginValidation -derivedDataPath $PWD/.derivedData build -scheme GLSceneLib -destination generic/platform=watchOSBuild Log
========================================
RunAll
========================================
Builder version: 5.1.0
Interrupt handler set up.
========================================
Checkout
========================================
Clone URL: https://github.com/omochi/glscenelib.git
Reference: 0.1.8
Initialized empty Git repository in /Users/admin/builder/spi-builder-workspace/.git/
From https://github.com/omochi/glscenelib
* tag 0.1.8 -> FETCH_HEAD
HEAD is now at f86eeac text rendering
Cloned https://github.com/omochi/glscenelib.git
Revision (git rev-parse @):
f86eeac43355f4f3965af57a2b311c1b91120225
SUCCESS checkout https://github.com/omochi/glscenelib.git at 0.1.8
========================================
Build
========================================
Selected platform: watchOS
Swift version: 6.4
Building package at path: $PWD
https://github.com/omochi/glscenelib.git
Command line invocation:
/Applications/Xcode-27.0.0-Release.Candidate.app/Contents/Developer/usr/bin/xcodebuild -IDEClonedSourcePackagesDirPathOverride=/Users/admin/builder/spi-builder-workspace/.dependencies -resolvePackageDependencies
Resolve Package Graph
Fetching from https://github.com/omochi/DebugReflect.git
Creating working copy of package ‘DebugReflect’
Checking out 0.3.5 of package ‘DebugReflect’
Resolve Package Graph
Resolved source packages:
GLSceneLib: /Users/admin/builder/spi-builder-workspace
DebugReflect: https://github.com/omochi/DebugReflect.git @ 0.3.5
resolved source packages: GLSceneLib, DebugReflect
2026-09-15 14:44:22.322 xcodebuild[528:3038] [MT] IDERunDestination: Supported platforms for the buildables in the current scheme is empty.
{
"dependencies" : [
{
"identity" : "debugreflect",
"requirement" : {
"range" : [
{
"lower_bound" : "0.3.5",
"upper_bound" : "1.0.0"
}
]
},
"type" : "sourceControl",
"url" : "https://github.com/omochi/DebugReflect.git"
}
],
"manifest_display_name" : "GLSceneLib",
"name" : "GLSceneLib",
"path" : "/Users/admin/builder/spi-builder-workspace",
"platforms" : [
],
"products" : [
{
"name" : "GLSceneLib",
"targets" : [
"GLSceneLib"
],
"type" : {
"library" : [
"automatic"
]
}
}
],
"targets" : [
{
"c99name" : "GLSceneLibTests",
"module_type" : "SwiftTarget",
"name" : "GLSceneLibTests",
"path" : "Tests/GLSceneLibTests",
"sources" : [
"GLSceneLibTests.swift"
],
"target_dependencies" : [
"GLSceneLib"
],
"type" : "test"
},
{
"c99name" : "GLSceneLib",
"module_type" : "SwiftTarget",
"name" : "GLSceneLib",
"path" : "Sources/GLSceneLib",
"product_dependencies" : [
"DebugReflect"
],
"product_memberships" : [
"GLSceneLib"
],
"sources" : [
"Base/Angle.swift",
"Base/ArrayExtension.swift",
"Base/Assert.swift",
"Base/Box.swift",
"Base/Cast.swift",
"Base/Color.swift",
"Base/FunctionalUtil.swift",
"Base/GenericError.swift",
"Base/Matrix4x4.swift",
"Base/OpaqueColor.swift",
"Base/OptionalExtension.swift",
"Base/OptionalProtocol.swift",
"Base/RangeExtension.swift",
"Base/Size.swift",
"Base/StringExtension.swift",
"Base/Vector2.swift",
"Base/Vector3.swift",
"Base/Vector4.swift",
"Base/WeakBox.swift",
"Element/ExtrudeSolid.swift",
"Element/LineCircleElement.swift",
"Element/LineElement.swift",
"Element/MeshElement.swift",
"Element/RenderSetting.swift",
"Element/SweepSurface.swift",
"Element/SweepSurfaceShapes.swift",
"Element/TextElement.swift",
"Element/TextRenderer.swift",
"Element/UILabelTextRenderer.swift",
"GL/GLBuffer.swift",
"GL/GLDataConvert.swift",
"GL/GLDataType.swift",
"GL/GLError.swift",
"GL/GLExtension.swift",
"GL/GLFunctions.swift",
"GL/GLIDHolder.swift",
"GL/GLShader.swift",
"GL/GLVertexArray.swift",
"Reactive/CompositeDisposer.swift",
"Reactive/DisposeBag.swift",
"Reactive/Disposer.swift",
"Reactive/EventCombine.swift",
"Reactive/EventEmitter.swift",
"Reactive/EventFlatMap.swift",
"Reactive/EventMap.swift",
"Reactive/EventMerge.swift",
"Reactive/EventSource.swift",
"Reactive/Property.swift",
"Reactive/WeakProperty.swift",
"Scene/BasicTransformShaderProtocol.swift",
"Scene/Camera.swift",
"Scene/ColorLineCirclePrimitive.swift",
"Scene/ColorLinePrimitive.swift",
"Scene/ColorLineShader.swift",
"Scene/ColorShader.swift",
"Scene/DirectionalLight.swift",
"Scene/Display.swift",
"Scene/Light.swift",
"Scene/PhongShader.swift",
"Scene/Scene.swift",
"Scene/SceneElement.swift",
"Scene/SceneElementProtocol.swift",
"Scene/SceneNode.swift",
"Scene/SceneRenderer.swift",
"Scene/ShaderPrimitive.swift",
"Scene/ShaderProtocol.swift",
"Scene/VertexAttribute.swift",
"Scene/VertexAttributeDefinition.swift",
"Scene/VertexSerializerProtocol.swift"
],
"type" : "library"
}
],
"tools_version" : "4.0"
}
{
"workspace" : {
"name" : "GLSceneLib",
"schemes" : [
"GLSceneLib"
]
}
}
2026-09-15 14:45:03.257 xcodebuild[683:4327] [MT] IDERunDestination: Supported platforms for the buildables in the current scheme is empty.
Running build ...
env DEVELOPER_DIR=/Applications/Xcode-27.0.0-Release.Candidate.app xcrun xcodebuild -IDEClonedSourcePackagesDirPathOverride=$PWD/.dependencies -skipMacroValidation -skipPackagePluginValidation -derivedDataPath $PWD/.derivedData build -scheme GLSceneLib -destination generic/platform=watchOS
Command line invocation:
/Applications/Xcode-27.0.0-Release.Candidate.app/Contents/Developer/usr/bin/xcodebuild -IDEClonedSourcePackagesDirPathOverride=/Users/admin/builder/spi-builder-workspace/.dependencies -skipMacroValidation -skipPackagePluginValidation -derivedDataPath /Users/admin/builder/spi-builder-workspace/.derivedData build -scheme GLSceneLib -destination generic/platform=watchOS
Resolve Package Graph
Resolve Package Graph
Resolved source packages:
DebugReflect: https://github.com/omochi/DebugReflect.git @ 0.3.5
GLSceneLib: /Users/admin/builder/spi-builder-workspace
ComputePackagePrebuildTargetDependencyGraph
Prepare packages
CreateBuildRequest
SendProjectDescription
CreateBuildOperation
ComputeTargetDependencyGraph
note: Building targets in dependency order
note: Target dependency graph (4 targets)
Target 'GLSceneLib-product' in project 'GLSceneLib'
➜ Explicit dependency on target 'GLSceneLib' in project 'GLSceneLib'
➜ Explicit dependency on target 'DebugReflect-product' in project 'DebugReflect'
Target 'GLSceneLib' in project 'GLSceneLib'
➜ Explicit dependency on target 'DebugReflect-product' in project 'DebugReflect'
Target 'DebugReflect-product' in project 'DebugReflect'
➜ Explicit dependency on target 'DebugReflect' in project 'DebugReflect'
Target 'DebugReflect' in project 'DebugReflect' (no dependencies)
GatherProvisioningInputs
CreateBuildDescription
ExecuteExternalTool /Applications/Xcode-27.0.0-Release.Candidate.app/Contents/Developer/Toolchains/XcodeDefault.xctoolchain/usr/bin/clang -v -E -dM -isysroot /Applications/Xcode-27.0.0-Release.Candidate.app/Contents/Developer/Platforms/WatchOS.platform/Developer/SDKs/WatchOS27.0.sdk -x c -c /dev/null
ExecuteExternalTool /Applications/Xcode-27.0.0-Release.Candidate.app/Contents/Developer/Toolchains/XcodeDefault.xctoolchain/usr/bin/swiftc --version
ExecuteExternalTool /Applications/Xcode-27.0.0-Release.Candidate.app/Contents/Developer/Toolchains/XcodeDefault.xctoolchain/usr/bin/ld -version_details
Build description signature: 1f8288a00e628d023ab6e9ed9b777b8a
Build description path: /Users/admin/builder/spi-builder-workspace/.derivedData/Build/Intermediates.noindex/XCBuildData/1f8288a00e628d023ab6e9ed9b777b8a.xcbuilddata
CreateBuildDirectory /Users/admin/builder/spi-builder-workspace/.derivedData/SDKExplicitPrecompiledModules
cd /Users/admin/builder/spi-builder-workspace/.swiftpm/xcode
builtin-create-build-directory /Users/admin/builder/spi-builder-workspace/.derivedData/SDKExplicitPrecompiledModules
CreateBuildDirectory /Users/admin/builder/spi-builder-workspace/.derivedData/CompilationCache.noindex
cd /Users/admin/builder/spi-builder-workspace/.swiftpm/xcode
builtin-create-build-directory /Users/admin/builder/spi-builder-workspace/.derivedData/CompilationCache.noindex
CreateBuildDirectory /Users/admin/builder/spi-builder-workspace/.derivedData/ModuleCache.noindex
cd /Users/admin/builder/spi-builder-workspace/.swiftpm/xcode
builtin-create-build-directory /Users/admin/builder/spi-builder-workspace/.derivedData/ModuleCache.noindex
ClangStatCache /Applications/Xcode-27.0.0-Release.Candidate.app/Contents/Developer/Toolchains/XcodeDefault.xctoolchain/usr/bin/clang-stat-cache /Applications/Xcode-27.0.0-Release.Candidate.app/Contents/Developer/Platforms/WatchOS.platform/Developer/SDKs/WatchOS27.0.sdk /Users/admin/builder/spi-builder-workspace/.derivedData/SDKStatCaches.noindex/watchos27.0-24R360-e829b21a6f8c9b70876ba0858053c04477534ef55a1706bf4c1112bbb242f0a2.sdkstatcache
cd /Users/admin/builder/spi-builder-workspace/.swiftpm/xcode
/Applications/Xcode-27.0.0-Release.Candidate.app/Contents/Developer/Toolchains/XcodeDefault.xctoolchain/usr/bin/clang-stat-cache /Applications/Xcode-27.0.0-Release.Candidate.app/Contents/Developer/Platforms/WatchOS.platform/Developer/SDKs/WatchOS27.0.sdk -o /Users/admin/builder/spi-builder-workspace/.derivedData/SDKStatCaches.noindex/watchos27.0-24R360-e829b21a6f8c9b70876ba0858053c04477534ef55a1706bf4c1112bbb242f0a2.sdkstatcache
CreateBuildDirectory /Users/admin/builder/spi-builder-workspace/.derivedData/Build/Products
cd /Users/admin/builder/spi-builder-workspace/.swiftpm/xcode
builtin-create-build-directory /Users/admin/builder/spi-builder-workspace/.derivedData/Build/Products
CreateBuildDirectory /Users/admin/builder/spi-builder-workspace/.derivedData/Build/Intermediates.noindex
cd /Users/admin/builder/spi-builder-workspace/.swiftpm/xcode
builtin-create-build-directory /Users/admin/builder/spi-builder-workspace/.derivedData/Build/Intermediates.noindex
CreateBuildDirectory /Users/admin/builder/spi-builder-workspace/.derivedData/Build/Intermediates.noindex/PrecompiledHeaders
cd /Users/admin/builder/spi-builder-workspace/.swiftpm/xcode
builtin-create-build-directory /Users/admin/builder/spi-builder-workspace/.derivedData/Build/Intermediates.noindex/PrecompiledHeaders
CreateBuildDirectory /Users/admin/builder/spi-builder-workspace/.derivedData/Build/Intermediates.noindex/SwiftExplicitPrecompiledModules
cd /Users/admin/builder/spi-builder-workspace/.swiftpm/xcode
builtin-create-build-directory /Users/admin/builder/spi-builder-workspace/.derivedData/Build/Intermediates.noindex/SwiftExplicitPrecompiledModules
CreateBuildDirectory /Users/admin/builder/spi-builder-workspace/.derivedData/Build/Intermediates.noindex/ExplicitPrecompiledModules
cd /Users/admin/builder/spi-builder-workspace/.swiftpm/xcode
builtin-create-build-directory /Users/admin/builder/spi-builder-workspace/.derivedData/Build/Intermediates.noindex/ExplicitPrecompiledModules
CreateBuildDirectory /Users/admin/builder/spi-builder-workspace/.derivedData/Build/Products/Debug-watchos
cd /Users/admin/builder/spi-builder-workspace/.swiftpm/xcode
builtin-create-build-directory /Users/admin/builder/spi-builder-workspace/.derivedData/Build/Products/Debug-watchos
CreateBuildDirectory /Users/admin/builder/spi-builder-workspace/.derivedData/Build/Intermediates.noindex/EagerLinkingTBDs/Debug-watchos
cd /Users/admin/builder/spi-builder-workspace/.swiftpm/xcode
builtin-create-build-directory /Users/admin/builder/spi-builder-workspace/.derivedData/Build/Intermediates.noindex/EagerLinkingTBDs/Debug-watchos
CreateBuildDirectory /Users/admin/builder/spi-builder-workspace/.derivedData/Build/Products/Debug-watchos/PackageFrameworks
cd /Users/admin/builder/spi-builder-workspace/.swiftpm/xcode
builtin-create-build-directory /Users/admin/builder/spi-builder-workspace/.derivedData/Build/Products/Debug-watchos/PackageFrameworks
WriteAuxiliaryFile /Users/admin/builder/spi-builder-workspace/.derivedData/Build/Intermediates.noindex/GLSceneLib.build/Debug-watchos/GLSceneLib-t.build/GLSceneLib.modulemap (in target 'GLSceneLib' from project 'GLSceneLib')
cd /Users/admin/builder/spi-builder-workspace
write-file /Users/admin/builder/spi-builder-workspace/.derivedData/Build/Intermediates.noindex/GLSceneLib.build/Debug-watchos/GLSceneLib-t.build/GLSceneLib.modulemap
WriteAuxiliaryFile /Users/admin/builder/spi-builder-workspace/.derivedData/Build/Intermediates.noindex/GLSceneLib.build/Debug-watchos/GLSceneLib-t.build/Objects-normal/arm64_32/GLSceneLib.SwiftFileList (in target 'GLSceneLib' from project 'GLSceneLib')
cd /Users/admin/builder/spi-builder-workspace
write-file /Users/admin/builder/spi-builder-workspace/.derivedData/Build/Intermediates.noindex/GLSceneLib.build/Debug-watchos/GLSceneLib-t.build/Objects-normal/arm64_32/GLSceneLib.SwiftFileList
WriteAuxiliaryFile /Users/admin/builder/spi-builder-workspace/.derivedData/Build/Intermediates.noindex/GLSceneLib.build/Debug-watchos/GLSceneLib-t.build/Objects-normal/arm64_32/GLSceneLib_const_extract_protocols.json (in target 'GLSceneLib' from project 'GLSceneLib')
cd /Users/admin/builder/spi-builder-workspace
write-file /Users/admin/builder/spi-builder-workspace/.derivedData/Build/Intermediates.noindex/GLSceneLib.build/Debug-watchos/GLSceneLib-t.build/Objects-normal/arm64_32/GLSceneLib_const_extract_protocols.json
WriteAuxiliaryFile /Users/admin/builder/spi-builder-workspace/.derivedData/Build/Intermediates.noindex/GLSceneLib.build/Debug-watchos/GLSceneLib-t.build/Objects-normal/arm64_32/GLSceneLib.SwiftConstValuesFileList (in target 'GLSceneLib' from project 'GLSceneLib')
cd /Users/admin/builder/spi-builder-workspace
write-file /Users/admin/builder/spi-builder-workspace/.derivedData/Build/Intermediates.noindex/GLSceneLib.build/Debug-watchos/GLSceneLib-t.build/Objects-normal/arm64_32/GLSceneLib.SwiftConstValuesFileList
WriteAuxiliaryFile /Users/admin/builder/spi-builder-workspace/.derivedData/Build/Intermediates.noindex/GLSceneLib.build/Debug-watchos/GLSceneLib-t.build/Objects-normal/arm64_32/GLSceneLib-OutputFileMap.json (in target 'GLSceneLib' from project 'GLSceneLib')
cd /Users/admin/builder/spi-builder-workspace
write-file /Users/admin/builder/spi-builder-workspace/.derivedData/Build/Intermediates.noindex/GLSceneLib.build/Debug-watchos/GLSceneLib-t.build/Objects-normal/arm64_32/GLSceneLib-OutputFileMap.json
WriteAuxiliaryFile /Users/admin/builder/spi-builder-workspace/.derivedData/Build/Intermediates.noindex/GLSceneLib.build/Debug-watchos/GLSceneLib-t.build/Objects-normal/arm64_32/GLSceneLib.LinkFileList (in target 'GLSceneLib' from project 'GLSceneLib')
cd /Users/admin/builder/spi-builder-workspace
write-file /Users/admin/builder/spi-builder-workspace/.derivedData/Build/Intermediates.noindex/GLSceneLib.build/Debug-watchos/GLSceneLib-t.build/Objects-normal/arm64_32/GLSceneLib.LinkFileList
WriteAuxiliaryFile /Users/admin/builder/spi-builder-workspace/.derivedData/Build/Intermediates.noindex/GLSceneLib.build/Debug-watchos/GLSceneLib-t.build/Objects-normal/arm64/GLSceneLib_const_extract_protocols.json (in target 'GLSceneLib' from project 'GLSceneLib')
cd /Users/admin/builder/spi-builder-workspace
write-file /Users/admin/builder/spi-builder-workspace/.derivedData/Build/Intermediates.noindex/GLSceneLib.build/Debug-watchos/GLSceneLib-t.build/Objects-normal/arm64/GLSceneLib_const_extract_protocols.json
WriteAuxiliaryFile /Users/admin/builder/spi-builder-workspace/.derivedData/Build/Intermediates.noindex/GLSceneLib.build/Debug-watchos/GLSceneLib-t.build/Objects-normal/arm64/GLSceneLib.SwiftFileList (in target 'GLSceneLib' from project 'GLSceneLib')
cd /Users/admin/builder/spi-builder-workspace
write-file /Users/admin/builder/spi-builder-workspace/.derivedData/Build/Intermediates.noindex/GLSceneLib.build/Debug-watchos/GLSceneLib-t.build/Objects-normal/arm64/GLSceneLib.SwiftFileList
WriteAuxiliaryFile /Users/admin/builder/spi-builder-workspace/.derivedData/Build/Intermediates.noindex/GLSceneLib.build/Debug-watchos/GLSceneLib-t.build/Objects-normal/arm64/GLSceneLib.SwiftConstValuesFileList (in target 'GLSceneLib' from project 'GLSceneLib')
cd /Users/admin/builder/spi-builder-workspace
write-file /Users/admin/builder/spi-builder-workspace/.derivedData/Build/Intermediates.noindex/GLSceneLib.build/Debug-watchos/GLSceneLib-t.build/Objects-normal/arm64/GLSceneLib.SwiftConstValuesFileList
WriteAuxiliaryFile /Users/admin/builder/spi-builder-workspace/.derivedData/Build/Intermediates.noindex/GLSceneLib.build/Debug-watchos/GLSceneLib-t.build/Objects-normal/arm64/GLSceneLib.LinkFileList (in target 'GLSceneLib' from project 'GLSceneLib')
cd /Users/admin/builder/spi-builder-workspace
write-file /Users/admin/builder/spi-builder-workspace/.derivedData/Build/Intermediates.noindex/GLSceneLib.build/Debug-watchos/GLSceneLib-t.build/Objects-normal/arm64/GLSceneLib.LinkFileList
WriteAuxiliaryFile /Users/admin/builder/spi-builder-workspace/.derivedData/Build/Intermediates.noindex/GLSceneLib.build/Debug-watchos/GLSceneLib-t.build/Objects-normal/arm64/GLSceneLib-OutputFileMap.json (in target 'GLSceneLib' from project 'GLSceneLib')
cd /Users/admin/builder/spi-builder-workspace
write-file /Users/admin/builder/spi-builder-workspace/.derivedData/Build/Intermediates.noindex/GLSceneLib.build/Debug-watchos/GLSceneLib-t.build/Objects-normal/arm64/GLSceneLib-OutputFileMap.json
WriteAuxiliaryFile /Users/admin/builder/spi-builder-workspace/.derivedData/Build/Intermediates.noindex/GLSceneLib.build/Debug-watchos/GLSceneLib-t.build/GLSceneLib.DependencyStaticMetadataFileList (in target 'GLSceneLib' from project 'GLSceneLib')
cd /Users/admin/builder/spi-builder-workspace
write-file /Users/admin/builder/spi-builder-workspace/.derivedData/Build/Intermediates.noindex/GLSceneLib.build/Debug-watchos/GLSceneLib-t.build/GLSceneLib.DependencyStaticMetadataFileList
WriteAuxiliaryFile /Users/admin/builder/spi-builder-workspace/.derivedData/Build/Intermediates.noindex/GLSceneLib.build/Debug-watchos/GLSceneLib-t.build/GLSceneLib.DependencyMetadataFileList (in target 'GLSceneLib' from project 'GLSceneLib')
cd /Users/admin/builder/spi-builder-workspace
write-file /Users/admin/builder/spi-builder-workspace/.derivedData/Build/Intermediates.noindex/GLSceneLib.build/Debug-watchos/GLSceneLib-t.build/GLSceneLib.DependencyMetadataFileList
Copy /Users/admin/builder/spi-builder-workspace/.derivedData/Build/Intermediates.noindex/GeneratedModuleMaps-watchos/GLSceneLib.modulemap /Users/admin/builder/spi-builder-workspace/.derivedData/Build/Intermediates.noindex/GLSceneLib.build/Debug-watchos/GLSceneLib-t.build/GLSceneLib.modulemap (in target 'GLSceneLib' from project 'GLSceneLib')
cd /Users/admin/builder/spi-builder-workspace
builtin-copy -exclude .DS_Store -exclude CVS -exclude .svn -exclude .git -exclude .hg -resolve-src-symlinks /Users/admin/builder/spi-builder-workspace/.derivedData/Build/Intermediates.noindex/GLSceneLib.build/Debug-watchos/GLSceneLib-t.build/GLSceneLib.modulemap /Users/admin/builder/spi-builder-workspace/.derivedData/Build/Intermediates.noindex/GeneratedModuleMaps-watchos
WriteAuxiliaryFile /Users/admin/builder/spi-builder-workspace/.derivedData/Build/Intermediates.noindex/DebugReflect.build/Debug-watchos/DebugReflect-t.build/Objects-normal/arm64_32/DebugReflect_const_extract_protocols.json (in target 'DebugReflect' from project 'DebugReflect')
cd /Users/admin/builder/spi-builder-workspace/.dependencies/checkouts/DebugReflect
write-file /Users/admin/builder/spi-builder-workspace/.derivedData/Build/Intermediates.noindex/DebugReflect.build/Debug-watchos/DebugReflect-t.build/Objects-normal/arm64_32/DebugReflect_const_extract_protocols.json
WriteAuxiliaryFile /Users/admin/builder/spi-builder-workspace/.derivedData/Build/Intermediates.noindex/DebugReflect.build/Debug-watchos/DebugReflect-t.build/Objects-normal/arm64_32/DebugReflect.SwiftConstValuesFileList (in target 'DebugReflect' from project 'DebugReflect')
cd /Users/admin/builder/spi-builder-workspace/.dependencies/checkouts/DebugReflect
write-file /Users/admin/builder/spi-builder-workspace/.derivedData/Build/Intermediates.noindex/DebugReflect.build/Debug-watchos/DebugReflect-t.build/Objects-normal/arm64_32/DebugReflect.SwiftConstValuesFileList
WriteAuxiliaryFile /Users/admin/builder/spi-builder-workspace/.derivedData/Build/Intermediates.noindex/DebugReflect.build/Debug-watchos/DebugReflect-t.build/Objects-normal/arm64_32/DebugReflect.SwiftFileList (in target 'DebugReflect' from project 'DebugReflect')
cd /Users/admin/builder/spi-builder-workspace/.dependencies/checkouts/DebugReflect
write-file /Users/admin/builder/spi-builder-workspace/.derivedData/Build/Intermediates.noindex/DebugReflect.build/Debug-watchos/DebugReflect-t.build/Objects-normal/arm64_32/DebugReflect.SwiftFileList
WriteAuxiliaryFile /Users/admin/builder/spi-builder-workspace/.derivedData/Build/Intermediates.noindex/DebugReflect.build/Debug-watchos/DebugReflect-t.build/Objects-normal/arm64_32/DebugReflect.LinkFileList (in target 'DebugReflect' from project 'DebugReflect')
cd /Users/admin/builder/spi-builder-workspace/.dependencies/checkouts/DebugReflect
write-file /Users/admin/builder/spi-builder-workspace/.derivedData/Build/Intermediates.noindex/DebugReflect.build/Debug-watchos/DebugReflect-t.build/Objects-normal/arm64_32/DebugReflect.LinkFileList
WriteAuxiliaryFile /Users/admin/builder/spi-builder-workspace/.derivedData/Build/Intermediates.noindex/DebugReflect.build/Debug-watchos/DebugReflect-t.build/Objects-normal/arm64_32/DebugReflect-OutputFileMap.json (in target 'DebugReflect' from project 'DebugReflect')
cd /Users/admin/builder/spi-builder-workspace/.dependencies/checkouts/DebugReflect
write-file /Users/admin/builder/spi-builder-workspace/.derivedData/Build/Intermediates.noindex/DebugReflect.build/Debug-watchos/DebugReflect-t.build/Objects-normal/arm64_32/DebugReflect-OutputFileMap.json
WriteAuxiliaryFile /Users/admin/builder/spi-builder-workspace/.derivedData/Build/Intermediates.noindex/DebugReflect.build/Debug-watchos/DebugReflect-t.build/Objects-normal/arm64/DebugReflect_const_extract_protocols.json (in target 'DebugReflect' from project 'DebugReflect')
cd /Users/admin/builder/spi-builder-workspace/.dependencies/checkouts/DebugReflect
write-file /Users/admin/builder/spi-builder-workspace/.derivedData/Build/Intermediates.noindex/DebugReflect.build/Debug-watchos/DebugReflect-t.build/Objects-normal/arm64/DebugReflect_const_extract_protocols.json
WriteAuxiliaryFile /Users/admin/builder/spi-builder-workspace/.derivedData/Build/Intermediates.noindex/DebugReflect.build/Debug-watchos/DebugReflect-t.build/Objects-normal/arm64/DebugReflect.SwiftFileList (in target 'DebugReflect' from project 'DebugReflect')
cd /Users/admin/builder/spi-builder-workspace/.dependencies/checkouts/DebugReflect
write-file /Users/admin/builder/spi-builder-workspace/.derivedData/Build/Intermediates.noindex/DebugReflect.build/Debug-watchos/DebugReflect-t.build/Objects-normal/arm64/DebugReflect.SwiftFileList
WriteAuxiliaryFile /Users/admin/builder/spi-builder-workspace/.derivedData/Build/Intermediates.noindex/DebugReflect.build/Debug-watchos/DebugReflect-t.build/Objects-normal/arm64/DebugReflect.SwiftConstValuesFileList (in target 'DebugReflect' from project 'DebugReflect')
cd /Users/admin/builder/spi-builder-workspace/.dependencies/checkouts/DebugReflect
write-file /Users/admin/builder/spi-builder-workspace/.derivedData/Build/Intermediates.noindex/DebugReflect.build/Debug-watchos/DebugReflect-t.build/Objects-normal/arm64/DebugReflect.SwiftConstValuesFileList
WriteAuxiliaryFile /Users/admin/builder/spi-builder-workspace/.derivedData/Build/Intermediates.noindex/DebugReflect.build/Debug-watchos/DebugReflect-t.build/Objects-normal/arm64/DebugReflect.LinkFileList (in target 'DebugReflect' from project 'DebugReflect')
cd /Users/admin/builder/spi-builder-workspace/.dependencies/checkouts/DebugReflect
write-file /Users/admin/builder/spi-builder-workspace/.derivedData/Build/Intermediates.noindex/DebugReflect.build/Debug-watchos/DebugReflect-t.build/Objects-normal/arm64/DebugReflect.LinkFileList
WriteAuxiliaryFile /Users/admin/builder/spi-builder-workspace/.derivedData/Build/Intermediates.noindex/DebugReflect.build/Debug-watchos/DebugReflect-t.build/DebugReflect.modulemap (in target 'DebugReflect' from project 'DebugReflect')
cd /Users/admin/builder/spi-builder-workspace/.dependencies/checkouts/DebugReflect
write-file /Users/admin/builder/spi-builder-workspace/.derivedData/Build/Intermediates.noindex/DebugReflect.build/Debug-watchos/DebugReflect-t.build/DebugReflect.modulemap
WriteAuxiliaryFile /Users/admin/builder/spi-builder-workspace/.derivedData/Build/Intermediates.noindex/DebugReflect.build/Debug-watchos/DebugReflect-t.build/Objects-normal/arm64/DebugReflect-OutputFileMap.json (in target 'DebugReflect' from project 'DebugReflect')
cd /Users/admin/builder/spi-builder-workspace/.dependencies/checkouts/DebugReflect
write-file /Users/admin/builder/spi-builder-workspace/.derivedData/Build/Intermediates.noindex/DebugReflect.build/Debug-watchos/DebugReflect-t.build/Objects-normal/arm64/DebugReflect-OutputFileMap.json
WriteAuxiliaryFile /Users/admin/builder/spi-builder-workspace/.derivedData/Build/Intermediates.noindex/DebugReflect.build/Debug-watchos/DebugReflect-t.build/DebugReflect.DependencyStaticMetadataFileList (in target 'DebugReflect' from project 'DebugReflect')
cd /Users/admin/builder/spi-builder-workspace/.dependencies/checkouts/DebugReflect
write-file /Users/admin/builder/spi-builder-workspace/.derivedData/Build/Intermediates.noindex/DebugReflect.build/Debug-watchos/DebugReflect-t.build/DebugReflect.DependencyStaticMetadataFileList
WriteAuxiliaryFile /Users/admin/builder/spi-builder-workspace/.derivedData/Build/Intermediates.noindex/DebugReflect.build/Debug-watchos/DebugReflect-t.build/DebugReflect.DependencyMetadataFileList (in target 'DebugReflect' from project 'DebugReflect')
cd /Users/admin/builder/spi-builder-workspace/.dependencies/checkouts/DebugReflect
write-file /Users/admin/builder/spi-builder-workspace/.derivedData/Build/Intermediates.noindex/DebugReflect.build/Debug-watchos/DebugReflect-t.build/DebugReflect.DependencyMetadataFileList
Copy /Users/admin/builder/spi-builder-workspace/.derivedData/Build/Intermediates.noindex/GeneratedModuleMaps-watchos/DebugReflect.modulemap /Users/admin/builder/spi-builder-workspace/.derivedData/Build/Intermediates.noindex/DebugReflect.build/Debug-watchos/DebugReflect-t.build/DebugReflect.modulemap (in target 'DebugReflect' from project 'DebugReflect')
cd /Users/admin/builder/spi-builder-workspace/.dependencies/checkouts/DebugReflect
builtin-copy -exclude .DS_Store -exclude CVS -exclude .svn -exclude .git -exclude .hg -resolve-src-symlinks /Users/admin/builder/spi-builder-workspace/.derivedData/Build/Intermediates.noindex/DebugReflect.build/Debug-watchos/DebugReflect-t.build/DebugReflect.modulemap /Users/admin/builder/spi-builder-workspace/.derivedData/Build/Intermediates.noindex/GeneratedModuleMaps-watchos
SwiftDriver DebugReflect normal arm64_32 com.apple.xcode.tools.swift.compiler (in target 'DebugReflect' from project 'DebugReflect')
cd /Users/admin/builder/spi-builder-workspace/.swiftpm/xcode
builtin-SwiftDriver -- /Applications/Xcode-27.0.0-Release.Candidate.app/Contents/Developer/Toolchains/XcodeDefault.xctoolchain/usr/bin/swiftc -parse-as-library -module-name DebugReflect -Onone @/Users/admin/builder/spi-builder-workspace/.derivedData/Build/Intermediates.noindex/DebugReflect.build/Debug-watchos/DebugReflect-t.build/Objects-normal/arm64_32/DebugReflect.SwiftFileList -DSWIFT_PACKAGE -DDEBUG -DSWIFT_MODULE_RESOURCE_BUNDLE_UNAVAILABLE -DXcode -plugin-path /Applications/Xcode-27.0.0-Release.Candidate.app/Contents/Developer/Toolchains/XcodeDefault.xctoolchain/usr/lib/swift/host/plugins/testing -enable-experimental-feature DebugDescriptionMacro -sdk /Applications/Xcode-27.0.0-Release.Candidate.app/Contents/Developer/Platforms/WatchOS.platform/Developer/SDKs/WatchOS27.0.sdk -target arm64_32-apple-watchos9.0 -g -module-cache-path /Users/admin/builder/spi-builder-workspace/.derivedData/ModuleCache.noindex -Xfrontend -serialize-debugging-options -profile-coverage-mapping -profile-generate -enable-testing -suppress-warnings -index-store-path /Users/admin/builder/spi-builder-workspace/.derivedData/Index.noindex/DataStore -Xcc -D_LIBCPP_HARDENING_MODE\=_LIBCPP_HARDENING_MODE_DEBUG -swift-version 4 -I /Users/admin/builder/spi-builder-workspace/.derivedData/Build/Products/Debug-watchos -Isystem /Applications/Xcode-27.0.0-Release.Candidate.app/Contents/Developer/Platforms/WatchOS.platform/Developer/usr/lib -F /Users/admin/builder/spi-builder-workspace/.derivedData/Build/Products/Debug-watchos -F /Applications/Xcode-27.0.0-Release.Candidate.app/Contents/Developer/Platforms/WatchOS.platform/Developer/Library/Frameworks -F /Applications/Xcode-27.0.0-Release.Candidate.app/Contents/Developer/Platforms/WatchOS.platform/Developer/SDKs/WatchOS27.0.sdk/Developer/Library/Frameworks -c -j10 -enable-batch-mode -incremental -Xcc -ivfsstatcache -Xcc /Users/admin/builder/spi-builder-workspace/.derivedData/SDKStatCaches.noindex/watchos27.0-24R360-e829b21a6f8c9b70876ba0858053c04477534ef55a1706bf4c1112bbb242f0a2.sdkstatcache -output-file-map /Users/admin/builder/spi-builder-workspace/.derivedData/Build/Intermediates.noindex/DebugReflect.build/Debug-watchos/DebugReflect-t.build/Objects-normal/arm64_32/DebugReflect-OutputFileMap.json -save-temps -no-color-diagnostics -emit-dependencies -emit-module -emit-module-path /Users/admin/builder/spi-builder-workspace/.derivedData/Build/Intermediates.noindex/DebugReflect.build/Debug-watchos/DebugReflect-t.build/Objects-normal/arm64_32/DebugReflect.swiftmodule -serialize-diagnostics -validate-clang-modules-once -clang-build-session-file /Users/admin/builder/spi-builder-workspace/.derivedData/ModuleCache.noindex/Session.modulevalidation -Xcc -fmodules-prune-interval\=86400 -Xcc -fmodules-prune-after\=345600 -emit-const-values -const-gather-protocols-list /Users/admin/builder/spi-builder-workspace/.derivedData/Build/Intermediates.noindex/DebugReflect.build/Debug-watchos/DebugReflect-t.build/Objects-normal/arm64_32/DebugReflect_const_extract_protocols.json -Xcc -I/Users/admin/builder/spi-builder-workspace/.derivedData/Build/Products/Debug-watchos/include -Xcc -I/Users/admin/builder/spi-builder-workspace/.derivedData/Build/Intermediates.noindex/DebugReflect.build/Debug-watchos/DebugReflect-t.build/DerivedSources-normal/arm64_32 -Xcc -I/Users/admin/builder/spi-builder-workspace/.derivedData/Build/Intermediates.noindex/DebugReflect.build/Debug-watchos/DebugReflect-t.build/DerivedSources/arm64_32 -Xcc -I/Users/admin/builder/spi-builder-workspace/.derivedData/Build/Intermediates.noindex/DebugReflect.build/Debug-watchos/DebugReflect-t.build/DerivedSources -Xcc -DSWIFT_PACKAGE -Xcc -DDEBUG\=1 -emit-objc-header -emit-objc-header-path /Users/admin/builder/spi-builder-workspace/.derivedData/Build/Intermediates.noindex/DebugReflect.build/Debug-watchos/DebugReflect-t.build/Objects-normal/arm64_32/DebugReflect-Swift.h -working-directory /Users/admin/builder/spi-builder-workspace/.swiftpm/xcode -experimental-emit-module-separately -disable-cmo
SwiftDriver DebugReflect normal arm64 com.apple.xcode.tools.swift.compiler (in target 'DebugReflect' from project 'DebugReflect')
cd /Users/admin/builder/spi-builder-workspace/.swiftpm/xcode
builtin-SwiftDriver -- /Applications/Xcode-27.0.0-Release.Candidate.app/Contents/Developer/Toolchains/XcodeDefault.xctoolchain/usr/bin/swiftc -parse-as-library -module-name DebugReflect -Onone @/Users/admin/builder/spi-builder-workspace/.derivedData/Build/Intermediates.noindex/DebugReflect.build/Debug-watchos/DebugReflect-t.build/Objects-normal/arm64/DebugReflect.SwiftFileList -DSWIFT_PACKAGE -DDEBUG -DSWIFT_MODULE_RESOURCE_BUNDLE_UNAVAILABLE -DXcode -plugin-path /Applications/Xcode-27.0.0-Release.Candidate.app/Contents/Developer/Toolchains/XcodeDefault.xctoolchain/usr/lib/swift/host/plugins/testing -enable-experimental-feature DebugDescriptionMacro -sdk /Applications/Xcode-27.0.0-Release.Candidate.app/Contents/Developer/Platforms/WatchOS.platform/Developer/SDKs/WatchOS27.0.sdk -target arm64-apple-watchos9.0 -g -module-cache-path /Users/admin/builder/spi-builder-workspace/.derivedData/ModuleCache.noindex -Xfrontend -serialize-debugging-options -profile-coverage-mapping -profile-generate -enable-testing -suppress-warnings -index-store-path /Users/admin/builder/spi-builder-workspace/.derivedData/Index.noindex/DataStore -Xcc -D_LIBCPP_HARDENING_MODE\=_LIBCPP_HARDENING_MODE_DEBUG -swift-version 4 -I /Users/admin/builder/spi-builder-workspace/.derivedData/Build/Products/Debug-watchos -Isystem /Applications/Xcode-27.0.0-Release.Candidate.app/Contents/Developer/Platforms/WatchOS.platform/Developer/usr/lib -F /Users/admin/builder/spi-builder-workspace/.derivedData/Build/Products/Debug-watchos -F /Applications/Xcode-27.0.0-Release.Candidate.app/Contents/Developer/Platforms/WatchOS.platform/Developer/Library/Frameworks -F /Applications/Xcode-27.0.0-Release.Candidate.app/Contents/Developer/Platforms/WatchOS.platform/Developer/SDKs/WatchOS27.0.sdk/Developer/Library/Frameworks -c -j10 -enable-batch-mode -incremental -Xcc -ivfsstatcache -Xcc /Users/admin/builder/spi-builder-workspace/.derivedData/SDKStatCaches.noindex/watchos27.0-24R360-e829b21a6f8c9b70876ba0858053c04477534ef55a1706bf4c1112bbb242f0a2.sdkstatcache -output-file-map /Users/admin/builder/spi-builder-workspace/.derivedData/Build/Intermediates.noindex/DebugReflect.build/Debug-watchos/DebugReflect-t.build/Objects-normal/arm64/DebugReflect-OutputFileMap.json -save-temps -no-color-diagnostics -emit-dependencies -emit-module -emit-module-path /Users/admin/builder/spi-builder-workspace/.derivedData/Build/Intermediates.noindex/DebugReflect.build/Debug-watchos/DebugReflect-t.build/Objects-normal/arm64/DebugReflect.swiftmodule -serialize-diagnostics -validate-clang-modules-once -clang-build-session-file /Users/admin/builder/spi-builder-workspace/.derivedData/ModuleCache.noindex/Session.modulevalidation -Xcc -fmodules-prune-interval\=86400 -Xcc -fmodules-prune-after\=345600 -emit-const-values -const-gather-protocols-list /Users/admin/builder/spi-builder-workspace/.derivedData/Build/Intermediates.noindex/DebugReflect.build/Debug-watchos/DebugReflect-t.build/Objects-normal/arm64/DebugReflect_const_extract_protocols.json -Xcc -I/Users/admin/builder/spi-builder-workspace/.derivedData/Build/Products/Debug-watchos/include -Xcc -I/Users/admin/builder/spi-builder-workspace/.derivedData/Build/Intermediates.noindex/DebugReflect.build/Debug-watchos/DebugReflect-t.build/DerivedSources-normal/arm64 -Xcc -I/Users/admin/builder/spi-builder-workspace/.derivedData/Build/Intermediates.noindex/DebugReflect.build/Debug-watchos/DebugReflect-t.build/DerivedSources/arm64 -Xcc -I/Users/admin/builder/spi-builder-workspace/.derivedData/Build/Intermediates.noindex/DebugReflect.build/Debug-watchos/DebugReflect-t.build/DerivedSources -Xcc -DSWIFT_PACKAGE -Xcc -DDEBUG\=1 -emit-objc-header -emit-objc-header-path /Users/admin/builder/spi-builder-workspace/.derivedData/Build/Intermediates.noindex/DebugReflect.build/Debug-watchos/DebugReflect-t.build/Objects-normal/arm64/DebugReflect-Swift.h -working-directory /Users/admin/builder/spi-builder-workspace/.swiftpm/xcode -experimental-emit-module-separately -disable-cmo
SwiftCompile normal arm64 Compiling\ DebugReflectable.swift /Users/admin/builder/spi-builder-workspace/.dependencies/checkouts/DebugReflect/Sources/DebugReflect/DebugReflectable.swift (in target 'DebugReflect' from project 'DebugReflect')
SwiftCompile normal arm64 /Users/admin/builder/spi-builder-workspace/.dependencies/checkouts/DebugReflect/Sources/DebugReflect/DebugReflectable.swift (in target 'DebugReflect' from project 'DebugReflect')
cd /Users/admin/builder/spi-builder-workspace/.swiftpm/xcode
builtin-SwiftPerFileCompile DebugReflectable.swift
SwiftCompile normal arm64 Compiling\ DebugReflectBuilder.swift /Users/admin/builder/spi-builder-workspace/.dependencies/checkouts/DebugReflect/Sources/DebugReflect/DebugReflectBuilder.swift (in target 'DebugReflect' from project 'DebugReflect')
SwiftCompile normal arm64 /Users/admin/builder/spi-builder-workspace/.dependencies/checkouts/DebugReflect/Sources/DebugReflect/DebugReflectBuilder.swift (in target 'DebugReflect' from project 'DebugReflect')
cd /Users/admin/builder/spi-builder-workspace/.swiftpm/xcode
builtin-SwiftPerFileCompile DebugReflectBuilder.swift
SwiftCompile normal arm64 Compiling\ Util.swift /Users/admin/builder/spi-builder-workspace/.dependencies/checkouts/DebugReflect/Sources/DebugReflect/Util.swift (in target 'DebugReflect' from project 'DebugReflect')
SwiftCompile normal arm64 /Users/admin/builder/spi-builder-workspace/.dependencies/checkouts/DebugReflect/Sources/DebugReflect/Util.swift (in target 'DebugReflect' from project 'DebugReflect')
cd /Users/admin/builder/spi-builder-workspace/.swiftpm/xcode
builtin-SwiftPerFileCompile Util.swift
SwiftCompile normal arm64 Compiling\ SwiftTypes.swift /Users/admin/builder/spi-builder-workspace/.dependencies/checkouts/DebugReflect/Sources/DebugReflect/SwiftTypes.swift (in target 'DebugReflect' from project 'DebugReflect')
SwiftCompile normal arm64 /Users/admin/builder/spi-builder-workspace/.dependencies/checkouts/DebugReflect/Sources/DebugReflect/SwiftTypes.swift (in target 'DebugReflect' from project 'DebugReflect')
cd /Users/admin/builder/spi-builder-workspace/.swiftpm/xcode
builtin-SwiftPerFileCompile SwiftTypes.swift
SwiftCompile normal arm64 Compiling\ DebugReflectValue.swift /Users/admin/builder/spi-builder-workspace/.dependencies/checkouts/DebugReflect/Sources/DebugReflect/DebugReflectValue.swift (in target 'DebugReflect' from project 'DebugReflect')
SwiftCompile normal arm64 /Users/admin/builder/spi-builder-workspace/.dependencies/checkouts/DebugReflect/Sources/DebugReflect/DebugReflectValue.swift (in target 'DebugReflect' from project 'DebugReflect')
cd /Users/admin/builder/spi-builder-workspace/.swiftpm/xcode
builtin-SwiftPerFileCompile DebugReflectValue.swift
SwiftCompile normal arm64 Compiling\ DebugReflectWriter.swift /Users/admin/builder/spi-builder-workspace/.dependencies/checkouts/DebugReflect/Sources/DebugReflect/DebugReflectWriter.swift (in target 'DebugReflect' from project 'DebugReflect')
SwiftCompile normal arm64 /Users/admin/builder/spi-builder-workspace/.dependencies/checkouts/DebugReflect/Sources/DebugReflect/DebugReflectWriter.swift (in target 'DebugReflect' from project 'DebugReflect')
cd /Users/admin/builder/spi-builder-workspace/.swiftpm/xcode
builtin-SwiftPerFileCompile DebugReflectWriter.swift
SwiftCompile normal arm64 Compiling\ IndentTextWriter.swift /Users/admin/builder/spi-builder-workspace/.dependencies/checkouts/DebugReflect/Sources/DebugReflect/IndentTextWriter.swift (in target 'DebugReflect' from project 'DebugReflect')
SwiftCompile normal arm64 /Users/admin/builder/spi-builder-workspace/.dependencies/checkouts/DebugReflect/Sources/DebugReflect/IndentTextWriter.swift (in target 'DebugReflect' from project 'DebugReflect')
cd /Users/admin/builder/spi-builder-workspace/.swiftpm/xcode
builtin-SwiftPerFileCompile IndentTextWriter.swift
SwiftEmitModule normal arm64 Emitting\ module\ for\ DebugReflect (in target 'DebugReflect' from project 'DebugReflect')
SwiftCompile normal arm64 (in target 'DebugReflect' from project 'DebugReflect')
cd /Users/admin/builder/spi-builder-workspace/.swiftpm/xcode
SwiftEmitModule normal arm64_32 Emitting\ module\ for\ DebugReflect (in target 'DebugReflect' from project 'DebugReflect')
SwiftCompile normal arm64_32 (in target 'DebugReflect' from project 'DebugReflect')
cd /Users/admin/builder/spi-builder-workspace/.swiftpm/xcode
SwiftCompile normal arm64_32 Compiling\ DebugReflectable.swift /Users/admin/builder/spi-builder-workspace/.dependencies/checkouts/DebugReflect/Sources/DebugReflect/DebugReflectable.swift (in target 'DebugReflect' from project 'DebugReflect')
SwiftCompile normal arm64_32 /Users/admin/builder/spi-builder-workspace/.dependencies/checkouts/DebugReflect/Sources/DebugReflect/DebugReflectable.swift (in target 'DebugReflect' from project 'DebugReflect')
cd /Users/admin/builder/spi-builder-workspace/.swiftpm/xcode
builtin-SwiftPerFileCompile DebugReflectable.swift
SwiftCompile normal arm64_32 Compiling\ DebugReflectValue.swift /Users/admin/builder/spi-builder-workspace/.dependencies/checkouts/DebugReflect/Sources/DebugReflect/DebugReflectValue.swift (in target 'DebugReflect' from project 'DebugReflect')
SwiftCompile normal arm64_32 /Users/admin/builder/spi-builder-workspace/.dependencies/checkouts/DebugReflect/Sources/DebugReflect/DebugReflectValue.swift (in target 'DebugReflect' from project 'DebugReflect')
cd /Users/admin/builder/spi-builder-workspace/.swiftpm/xcode
builtin-SwiftPerFileCompile DebugReflectValue.swift
SwiftDriverJobDiscovery normal arm64_32 Emitting module for DebugReflect (in target 'DebugReflect' from project 'DebugReflect')
SwiftCompile normal arm64_32 Compiling\ DebugReflectWriter.swift /Users/admin/builder/spi-builder-workspace/.dependencies/checkouts/DebugReflect/Sources/DebugReflect/DebugReflectWriter.swift (in target 'DebugReflect' from project 'DebugReflect')
SwiftCompile normal arm64_32 /Users/admin/builder/spi-builder-workspace/.dependencies/checkouts/DebugReflect/Sources/DebugReflect/DebugReflectWriter.swift (in target 'DebugReflect' from project 'DebugReflect')
cd /Users/admin/builder/spi-builder-workspace/.swiftpm/xcode
builtin-SwiftPerFileCompile DebugReflectWriter.swift
SwiftDriverJobDiscovery normal arm64 Emitting module for DebugReflect (in target 'DebugReflect' from project 'DebugReflect')
SwiftDriver\ Compilation\ Requirements DebugReflect normal arm64_32 com.apple.xcode.tools.swift.compiler (in target 'DebugReflect' from project 'DebugReflect')
cd /Users/admin/builder/spi-builder-workspace/.swiftpm/xcode
builtin-Swift-Compilation-Requirements -- /Applications/Xcode-27.0.0-Release.Candidate.app/Contents/Developer/Toolchains/XcodeDefault.xctoolchain/usr/bin/swiftc -parse-as-library -module-name DebugReflect -Onone @/Users/admin/builder/spi-builder-workspace/.derivedData/Build/Intermediates.noindex/DebugReflect.build/Debug-watchos/DebugReflect-t.build/Objects-normal/arm64_32/DebugReflect.SwiftFileList -DSWIFT_PACKAGE -DDEBUG -DSWIFT_MODULE_RESOURCE_BUNDLE_UNAVAILABLE -DXcode -plugin-path /Applications/Xcode-27.0.0-Release.Candidate.app/Contents/Developer/Toolchains/XcodeDefault.xctoolchain/usr/lib/swift/host/plugins/testing -enable-experimental-feature DebugDescriptionMacro -sdk /Applications/Xcode-27.0.0-Release.Candidate.app/Contents/Developer/Platforms/WatchOS.platform/Developer/SDKs/WatchOS27.0.sdk -target arm64_32-apple-watchos9.0 -g -module-cache-path /Users/admin/builder/spi-builder-workspace/.derivedData/ModuleCache.noindex -Xfrontend -serialize-debugging-options -profile-coverage-mapping -profile-generate -enable-testing -suppress-warnings -index-store-path /Users/admin/builder/spi-builder-workspace/.derivedData/Index.noindex/DataStore -Xcc -D_LIBCPP_HARDENING_MODE\=_LIBCPP_HARDENING_MODE_DEBUG -swift-version 4 -I /Users/admin/builder/spi-builder-workspace/.derivedData/Build/Products/Debug-watchos -Isystem /Applications/Xcode-27.0.0-Release.Candidate.app/Contents/Developer/Platforms/WatchOS.platform/Developer/usr/lib -F /Users/admin/builder/spi-builder-workspace/.derivedData/Build/Products/Debug-watchos -F /Applications/Xcode-27.0.0-Release.Candidate.app/Contents/Developer/Platforms/WatchOS.platform/Developer/Library/Frameworks -F /Applications/Xcode-27.0.0-Release.Candidate.app/Contents/Developer/Platforms/WatchOS.platform/Developer/SDKs/WatchOS27.0.sdk/Developer/Library/Frameworks -c -j10 -enable-batch-mode -incremental -Xcc -ivfsstatcache -Xcc /Users/admin/builder/spi-builder-workspace/.derivedData/SDKStatCaches.noindex/watchos27.0-24R360-e829b21a6f8c9b70876ba0858053c04477534ef55a1706bf4c1112bbb242f0a2.sdkstatcache -output-file-map /Users/admin/builder/spi-builder-workspace/.derivedData/Build/Intermediates.noindex/DebugReflect.build/Debug-watchos/DebugReflect-t.build/Objects-normal/arm64_32/DebugReflect-OutputFileMap.json -save-temps -no-color-diagnostics -emit-dependencies -emit-module -emit-module-path /Users/admin/builder/spi-builder-workspace/.derivedData/Build/Intermediates.noindex/DebugReflect.build/Debug-watchos/DebugReflect-t.build/Objects-normal/arm64_32/DebugReflect.swiftmodule -serialize-diagnostics -validate-clang-modules-once -clang-build-session-file /Users/admin/builder/spi-builder-workspace/.derivedData/ModuleCache.noindex/Session.modulevalidation -Xcc -fmodules-prune-interval\=86400 -Xcc -fmodules-prune-after\=345600 -emit-const-values -const-gather-protocols-list /Users/admin/builder/spi-builder-workspace/.derivedData/Build/Intermediates.noindex/DebugReflect.build/Debug-watchos/DebugReflect-t.build/Objects-normal/arm64_32/DebugReflect_const_extract_protocols.json -Xcc -I/Users/admin/builder/spi-builder-workspace/.derivedData/Build/Products/Debug-watchos/include -Xcc -I/Users/admin/builder/spi-builder-workspace/.derivedData/Build/Intermediates.noindex/DebugReflect.build/Debug-watchos/DebugReflect-t.build/DerivedSources-normal/arm64_32 -Xcc -I/Users/admin/builder/spi-builder-workspace/.derivedData/Build/Intermediates.noindex/DebugReflect.build/Debug-watchos/DebugReflect-t.build/DerivedSources/arm64_32 -Xcc -I/Users/admin/builder/spi-builder-workspace/.derivedData/Build/Intermediates.noindex/DebugReflect.build/Debug-watchos/DebugReflect-t.build/DerivedSources -Xcc -DSWIFT_PACKAGE -Xcc -DDEBUG\=1 -emit-objc-header -emit-objc-header-path /Users/admin/builder/spi-builder-workspace/.derivedData/Build/Intermediates.noindex/DebugReflect.build/Debug-watchos/DebugReflect-t.build/Objects-normal/arm64_32/DebugReflect-Swift.h -working-directory /Users/admin/builder/spi-builder-workspace/.swiftpm/xcode -experimental-emit-module-separately -disable-cmo
SwiftDriverJobDiscovery normal arm64 Compiling DebugReflectValue.swift (in target 'DebugReflect' from project 'DebugReflect')
SwiftDriver\ Compilation\ Requirements DebugReflect normal arm64 com.apple.xcode.tools.swift.compiler (in target 'DebugReflect' from project 'DebugReflect')
cd /Users/admin/builder/spi-builder-workspace/.swiftpm/xcode
builtin-Swift-Compilation-Requirements -- /Applications/Xcode-27.0.0-Release.Candidate.app/Contents/Developer/Toolchains/XcodeDefault.xctoolchain/usr/bin/swiftc -parse-as-library -module-name DebugReflect -Onone @/Users/admin/builder/spi-builder-workspace/.derivedData/Build/Intermediates.noindex/DebugReflect.build/Debug-watchos/DebugReflect-t.build/Objects-normal/arm64/DebugReflect.SwiftFileList -DSWIFT_PACKAGE -DDEBUG -DSWIFT_MODULE_RESOURCE_BUNDLE_UNAVAILABLE -DXcode -plugin-path /Applications/Xcode-27.0.0-Release.Candidate.app/Contents/Developer/Toolchains/XcodeDefault.xctoolchain/usr/lib/swift/host/plugins/testing -enable-experimental-feature DebugDescriptionMacro -sdk /Applications/Xcode-27.0.0-Release.Candidate.app/Contents/Developer/Platforms/WatchOS.platform/Developer/SDKs/WatchOS27.0.sdk -target arm64-apple-watchos9.0 -g -module-cache-path /Users/admin/builder/spi-builder-workspace/.derivedData/ModuleCache.noindex -Xfrontend -serialize-debugging-options -profile-coverage-mapping -profile-generate -enable-testing -suppress-warnings -index-store-path /Users/admin/builder/spi-builder-workspace/.derivedData/Index.noindex/DataStore -Xcc -D_LIBCPP_HARDENING_MODE\=_LIBCPP_HARDENING_MODE_DEBUG -swift-version 4 -I /Users/admin/builder/spi-builder-workspace/.derivedData/Build/Products/Debug-watchos -Isystem /Applications/Xcode-27.0.0-Release.Candidate.app/Contents/Developer/Platforms/WatchOS.platform/Developer/usr/lib -F /Users/admin/builder/spi-builder-workspace/.derivedData/Build/Products/Debug-watchos -F /Applications/Xcode-27.0.0-Release.Candidate.app/Contents/Developer/Platforms/WatchOS.platform/Developer/Library/Frameworks -F /Applications/Xcode-27.0.0-Release.Candidate.app/Contents/Developer/Platforms/WatchOS.platform/Developer/SDKs/WatchOS27.0.sdk/Developer/Library/Frameworks -c -j10 -enable-batch-mode -incremental -Xcc -ivfsstatcache -Xcc /Users/admin/builder/spi-builder-workspace/.derivedData/SDKStatCaches.noindex/watchos27.0-24R360-e829b21a6f8c9b70876ba0858053c04477534ef55a1706bf4c1112bbb242f0a2.sdkstatcache -output-file-map /Users/admin/builder/spi-builder-workspace/.derivedData/Build/Intermediates.noindex/DebugReflect.build/Debug-watchos/DebugReflect-t.build/Objects-normal/arm64/DebugReflect-OutputFileMap.json -save-temps -no-color-diagnostics -emit-dependencies -emit-module -emit-module-path /Users/admin/builder/spi-builder-workspace/.derivedData/Build/Intermediates.noindex/DebugReflect.build/Debug-watchos/DebugReflect-t.build/Objects-normal/arm64/DebugReflect.swiftmodule -serialize-diagnostics -validate-clang-modules-once -clang-build-session-file /Users/admin/builder/spi-builder-workspace/.derivedData/ModuleCache.noindex/Session.modulevalidation -Xcc -fmodules-prune-interval\=86400 -Xcc -fmodules-prune-after\=345600 -emit-const-values -const-gather-protocols-list /Users/admin/builder/spi-builder-workspace/.derivedData/Build/Intermediates.noindex/DebugReflect.build/Debug-watchos/DebugReflect-t.build/Objects-normal/arm64/DebugReflect_const_extract_protocols.json -Xcc -I/Users/admin/builder/spi-builder-workspace/.derivedData/Build/Products/Debug-watchos/include -Xcc -I/Users/admin/builder/spi-builder-workspace/.derivedData/Build/Intermediates.noindex/DebugReflect.build/Debug-watchos/DebugReflect-t.build/DerivedSources-normal/arm64 -Xcc -I/Users/admin/builder/spi-builder-workspace/.derivedData/Build/Intermediates.noindex/DebugReflect.build/Debug-watchos/DebugReflect-t.build/DerivedSources/arm64 -Xcc -I/Users/admin/builder/spi-builder-workspace/.derivedData/Build/Intermediates.noindex/DebugReflect.build/Debug-watchos/DebugReflect-t.build/DerivedSources -Xcc -DSWIFT_PACKAGE -Xcc -DDEBUG\=1 -emit-objc-header -emit-objc-header-path /Users/admin/builder/spi-builder-workspace/.derivedData/Build/Intermediates.noindex/DebugReflect.build/Debug-watchos/DebugReflect-t.build/Objects-normal/arm64/DebugReflect-Swift.h -working-directory /Users/admin/builder/spi-builder-workspace/.swiftpm/xcode -experimental-emit-module-separately -disable-cmo
Copy /Users/admin/builder/spi-builder-workspace/.derivedData/Build/Products/Debug-watchos/DebugReflect.swiftmodule/arm64_32-apple-watchos.swiftmodule /Users/admin/builder/spi-builder-workspace/.derivedData/Build/Intermediates.noindex/DebugReflect.build/Debug-watchos/DebugReflect-t.build/Objects-normal/arm64_32/DebugReflect.swiftmodule (in target 'DebugReflect' from project 'DebugReflect')
cd /Users/admin/builder/spi-builder-workspace/.dependencies/checkouts/DebugReflect
builtin-copy -exclude .DS_Store -exclude CVS -exclude .svn -exclude .git -exclude .hg -resolve-src-symlinks -rename /Users/admin/builder/spi-builder-workspace/.derivedData/Build/Intermediates.noindex/DebugReflect.build/Debug-watchos/DebugReflect-t.build/Objects-normal/arm64_32/DebugReflect.swiftmodule /Users/admin/builder/spi-builder-workspace/.derivedData/Build/Products/Debug-watchos/DebugReflect.swiftmodule/arm64_32-apple-watchos.swiftmodule
SwiftMergeGeneratedHeaders /Users/admin/builder/spi-builder-workspace/.derivedData/Build/Intermediates.noindex/GeneratedModuleMaps-watchos/DebugReflect-Swift.h /Users/admin/builder/spi-builder-workspace/.derivedData/Build/Intermediates.noindex/DebugReflect.build/Debug-watchos/DebugReflect-t.build/Objects-normal/arm64/DebugReflect-Swift.h /Users/admin/builder/spi-builder-workspace/.derivedData/Build/Intermediates.noindex/DebugReflect.build/Debug-watchos/DebugReflect-t.build/Objects-normal/arm64_32/DebugReflect-Swift.h (in target 'DebugReflect' from project 'DebugReflect')
cd /Users/admin/builder/spi-builder-workspace/.dependencies/checkouts/DebugReflect
builtin-swiftHeaderTool -arch arm64 /Users/admin/builder/spi-builder-workspace/.derivedData/Build/Intermediates.noindex/DebugReflect.build/Debug-watchos/DebugReflect-t.build/Objects-normal/arm64/DebugReflect-Swift.h -arch arm64_32 /Users/admin/builder/spi-builder-workspace/.derivedData/Build/Intermediates.noindex/DebugReflect.build/Debug-watchos/DebugReflect-t.build/Objects-normal/arm64_32/DebugReflect-Swift.h -o /Users/admin/builder/spi-builder-workspace/.derivedData/Build/Intermediates.noindex/GeneratedModuleMaps-watchos/DebugReflect-Swift.h
Copy /Users/admin/builder/spi-builder-workspace/.derivedData/Build/Products/Debug-watchos/DebugReflect.swiftmodule/arm64_32-apple-watchos.swiftdoc /Users/admin/builder/spi-builder-workspace/.derivedData/Build/Intermediates.noindex/DebugReflect.build/Debug-watchos/DebugReflect-t.build/Objects-normal/arm64_32/DebugReflect.swiftdoc (in target 'DebugReflect' from project 'DebugReflect')
cd /Users/admin/builder/spi-builder-workspace/.dependencies/checkouts/DebugReflect
builtin-copy -exclude .DS_Store -exclude CVS -exclude .svn -exclude .git -exclude .hg -resolve-src-symlinks -rename /Users/admin/builder/spi-builder-workspace/.derivedData/Build/Intermediates.noindex/DebugReflect.build/Debug-watchos/DebugReflect-t.build/Objects-normal/arm64_32/DebugReflect.swiftdoc /Users/admin/builder/spi-builder-workspace/.derivedData/Build/Products/Debug-watchos/DebugReflect.swiftmodule/arm64_32-apple-watchos.swiftdoc
Copy /Users/admin/builder/spi-builder-workspace/.derivedData/Build/Products/Debug-watchos/DebugReflect.swiftmodule/arm64_32-apple-watchos.abi.json /Users/admin/builder/spi-builder-workspace/.derivedData/Build/Intermediates.noindex/DebugReflect.build/Debug-watchos/DebugReflect-t.build/Objects-normal/arm64_32/DebugReflect.abi.json (in target 'DebugReflect' from project 'DebugReflect')
cd /Users/admin/builder/spi-builder-workspace/.dependencies/checkouts/DebugReflect
builtin-copy -exclude .DS_Store -exclude CVS -exclude .svn -exclude .git -exclude .hg -resolve-src-symlinks -rename /Users/admin/builder/spi-builder-workspace/.derivedData/Build/Intermediates.noindex/DebugReflect.build/Debug-watchos/DebugReflect-t.build/Objects-normal/arm64_32/DebugReflect.abi.json /Users/admin/builder/spi-builder-workspace/.derivedData/Build/Products/Debug-watchos/DebugReflect.swiftmodule/arm64_32-apple-watchos.abi.json
Copy /Users/admin/builder/spi-builder-workspace/.derivedData/Build/Products/Debug-watchos/DebugReflect.swiftmodule/arm64-apple-watchos.swiftmodule /Users/admin/builder/spi-builder-workspace/.derivedData/Build/Intermediates.noindex/DebugReflect.build/Debug-watchos/DebugReflect-t.build/Objects-normal/arm64/DebugReflect.swiftmodule (in target 'DebugReflect' from project 'DebugReflect')
cd /Users/admin/builder/spi-builder-workspace/.dependencies/checkouts/DebugReflect
builtin-copy -exclude .DS_Store -exclude CVS -exclude .svn -exclude .git -exclude .hg -resolve-src-symlinks -rename /Users/admin/builder/spi-builder-workspace/.derivedData/Build/Intermediates.noindex/DebugReflect.build/Debug-watchos/DebugReflect-t.build/Objects-normal/arm64/DebugReflect.swiftmodule /Users/admin/builder/spi-builder-workspace/.derivedData/Build/Products/Debug-watchos/DebugReflect.swiftmodule/arm64-apple-watchos.swiftmodule
Copy /Users/admin/builder/spi-builder-workspace/.derivedData/Build/Products/Debug-watchos/DebugReflect.swiftmodule/arm64-apple-watchos.swiftdoc /Users/admin/builder/spi-builder-workspace/.derivedData/Build/Intermediates.noindex/DebugReflect.build/Debug-watchos/DebugReflect-t.build/Objects-normal/arm64/DebugReflect.swiftdoc (in target 'DebugReflect' from project 'DebugReflect')
cd /Users/admin/builder/spi-builder-workspace/.dependencies/checkouts/DebugReflect
builtin-copy -exclude .DS_Store -exclude CVS -exclude .svn -exclude .git -exclude .hg -resolve-src-symlinks -rename /Users/admin/builder/spi-builder-workspace/.derivedData/Build/Intermediates.noindex/DebugReflect.build/Debug-watchos/DebugReflect-t.build/Objects-normal/arm64/DebugReflect.swiftdoc /Users/admin/builder/spi-builder-workspace/.derivedData/Build/Products/Debug-watchos/DebugReflect.swiftmodule/arm64-apple-watchos.swiftdoc
SwiftDriverJobDiscovery normal arm64 Compiling SwiftTypes.swift (in target 'DebugReflect' from project 'DebugReflect')
Copy /Users/admin/builder/spi-builder-workspace/.derivedData/Build/Products/Debug-watchos/DebugReflect.swiftmodule/arm64-apple-watchos.abi.json /Users/admin/builder/spi-builder-workspace/.derivedData/Build/Intermediates.noindex/DebugReflect.build/Debug-watchos/DebugReflect-t.build/Objects-normal/arm64/DebugReflect.abi.json (in target 'DebugReflect' from project 'DebugReflect')
cd /Users/admin/builder/spi-builder-workspace/.dependencies/checkouts/DebugReflect
builtin-copy -exclude .DS_Store -exclude CVS -exclude .svn -exclude .git -exclude .hg -resolve-src-symlinks -rename /Users/admin/builder/spi-builder-workspace/.derivedData/Build/Intermediates.noindex/DebugReflect.build/Debug-watchos/DebugReflect-t.build/Objects-normal/arm64/DebugReflect.abi.json /Users/admin/builder/spi-builder-workspace/.derivedData/Build/Products/Debug-watchos/DebugReflect.swiftmodule/arm64-apple-watchos.abi.json
Copy /Users/admin/builder/spi-builder-workspace/.derivedData/Build/Products/Debug-watchos/DebugReflect.swiftmodule/Project/arm64_32-apple-watchos.swiftsourceinfo /Users/admin/builder/spi-builder-workspace/.derivedData/Build/Intermediates.noindex/DebugReflect.build/Debug-watchos/DebugReflect-t.build/Objects-normal/arm64_32/DebugReflect.swiftsourceinfo (in target 'DebugReflect' from project 'DebugReflect')
cd /Users/admin/builder/spi-builder-workspace/.dependencies/checkouts/DebugReflect
builtin-copy -exclude .DS_Store -exclude CVS -exclude .svn -exclude .git -exclude .hg -resolve-src-symlinks -rename /Users/admin/builder/spi-builder-workspace/.derivedData/Build/Intermediates.noindex/DebugReflect.build/Debug-watchos/DebugReflect-t.build/Objects-normal/arm64_32/DebugReflect.swiftsourceinfo /Users/admin/builder/spi-builder-workspace/.derivedData/Build/Products/Debug-watchos/DebugReflect.swiftmodule/Project/arm64_32-apple-watchos.swiftsourceinfo
Copy /Users/admin/builder/spi-builder-workspace/.derivedData/Build/Products/Debug-watchos/DebugReflect.swiftmodule/Project/arm64-apple-watchos.swiftsourceinfo /Users/admin/builder/spi-builder-workspace/.derivedData/Build/Intermediates.noindex/DebugReflect.build/Debug-watchos/DebugReflect-t.build/Objects-normal/arm64/DebugReflect.swiftsourceinfo (in target 'DebugReflect' from project 'DebugReflect')
cd /Users/admin/builder/spi-builder-workspace/.dependencies/checkouts/DebugReflect
builtin-copy -exclude .DS_Store -exclude CVS -exclude .svn -exclude .git -exclude .hg -resolve-src-symlinks -rename /Users/admin/builder/spi-builder-workspace/.derivedData/Build/Intermediates.noindex/DebugReflect.build/Debug-watchos/DebugReflect-t.build/Objects-normal/arm64/DebugReflect.swiftsourceinfo /Users/admin/builder/spi-builder-workspace/.derivedData/Build/Products/Debug-watchos/DebugReflect.swiftmodule/Project/arm64-apple-watchos.swiftsourceinfo
SwiftCompile normal arm64_32 Compiling\ DebugReflectBuilder.swift /Users/admin/builder/spi-builder-workspace/.dependencies/checkouts/DebugReflect/Sources/DebugReflect/DebugReflectBuilder.swift (in target 'DebugReflect' from project 'DebugReflect')
SwiftCompile normal arm64_32 /Users/admin/builder/spi-builder-workspace/.dependencies/checkouts/DebugReflect/Sources/DebugReflect/DebugReflectBuilder.swift (in target 'DebugReflect' from project 'DebugReflect')
cd /Users/admin/builder/spi-builder-workspace/.swiftpm/xcode
builtin-SwiftPerFileCompile DebugReflectBuilder.swift
SwiftCompile normal arm64_32 Compiling\ SwiftTypes.swift /Users/admin/builder/spi-builder-workspace/.dependencies/checkouts/DebugReflect/Sources/DebugReflect/SwiftTypes.swift (in target 'DebugReflect' from project 'DebugReflect')
SwiftCompile normal arm64_32 /Users/admin/builder/spi-builder-workspace/.dependencies/checkouts/DebugReflect/Sources/DebugReflect/SwiftTypes.swift (in target 'DebugReflect' from project 'DebugReflect')
cd /Users/admin/builder/spi-builder-workspace/.swiftpm/xcode
builtin-SwiftPerFileCompile SwiftTypes.swift
SwiftDriverJobDiscovery normal arm64 Compiling DebugReflectable.swift (in target 'DebugReflect' from project 'DebugReflect')
SwiftCompile normal arm64_32 Compiling\ IndentTextWriter.swift /Users/admin/builder/spi-builder-workspace/.dependencies/checkouts/DebugReflect/Sources/DebugReflect/IndentTextWriter.swift (in target 'DebugReflect' from project 'DebugReflect')
SwiftCompile normal arm64_32 /Users/admin/builder/spi-builder-workspace/.dependencies/checkouts/DebugReflect/Sources/DebugReflect/IndentTextWriter.swift (in target 'DebugReflect' from project 'DebugReflect')
cd /Users/admin/builder/spi-builder-workspace/.swiftpm/xcode
builtin-SwiftPerFileCompile IndentTextWriter.swift
SwiftDriverJobDiscovery normal arm64_32 Compiling DebugReflectable.swift (in target 'DebugReflect' from project 'DebugReflect')
SwiftCompile normal arm64_32 Compiling\ Util.swift /Users/admin/builder/spi-builder-workspace/.dependencies/checkouts/DebugReflect/Sources/DebugReflect/Util.swift (in target 'DebugReflect' from project 'DebugReflect')
SwiftCompile normal arm64_32 /Users/admin/builder/spi-builder-workspace/.dependencies/checkouts/DebugReflect/Sources/DebugReflect/Util.swift (in target 'DebugReflect' from project 'DebugReflect')
cd /Users/admin/builder/spi-builder-workspace/.swiftpm/xcode
builtin-SwiftPerFileCompile Util.swift
SwiftDriverJobDiscovery normal arm64_32 Compiling DebugReflectValue.swift (in target 'DebugReflect' from project 'DebugReflect')
SwiftDriver GLSceneLib normal arm64 com.apple.xcode.tools.swift.compiler (in target 'GLSceneLib' from project 'GLSceneLib')
cd /Users/admin/builder/spi-builder-workspace/.swiftpm/xcode
builtin-SwiftDriver -- /Applications/Xcode-27.0.0-Release.Candidate.app/Contents/Developer/Toolchains/XcodeDefault.xctoolchain/usr/bin/swiftc -parse-as-library -module-name GLSceneLib -Onone @/Users/admin/builder/spi-builder-workspace/.derivedData/Build/Intermediates.noindex/GLSceneLib.build/Debug-watchos/GLSceneLib-t.build/Objects-normal/arm64/GLSceneLib.SwiftFileList -DSWIFT_PACKAGE -DDEBUG -DSWIFT_MODULE_RESOURCE_BUNDLE_UNAVAILABLE -DXcode -plugin-path /Applications/Xcode-27.0.0-Release.Candidate.app/Contents/Developer/Toolchains/XcodeDefault.xctoolchain/usr/lib/swift/host/plugins/testing -enable-experimental-feature DebugDescriptionMacro -sdk /Applications/Xcode-27.0.0-Release.Candidate.app/Contents/Developer/Platforms/WatchOS.platform/Developer/SDKs/WatchOS27.0.sdk -target arm64-apple-watchos9.0 -g -module-cache-path /Users/admin/builder/spi-builder-workspace/.derivedData/ModuleCache.noindex -Xfrontend -serialize-debugging-options -profile-coverage-mapping -profile-generate -enable-testing -index-store-path /Users/admin/builder/spi-builder-workspace/.derivedData/Index.noindex/DataStore -Xcc -D_LIBCPP_HARDENING_MODE\=_LIBCPP_HARDENING_MODE_DEBUG -swift-version 4 -I /Users/admin/builder/spi-builder-workspace/.derivedData/Build/Products/Debug-watchos -Isystem /Applications/Xcode-27.0.0-Release.Candidate.app/Contents/Developer/Platforms/WatchOS.platform/Developer/usr/lib -F /Users/admin/builder/spi-builder-workspace/.derivedData/Build/Products/Debug-watchos/PackageFrameworks -F /Users/admin/builder/spi-builder-workspace/.derivedData/Build/Products/Debug-watchos -F /Applications/Xcode-27.0.0-Release.Candidate.app/Contents/Developer/Platforms/WatchOS.platform/Developer/Library/Frameworks -F /Applications/Xcode-27.0.0-Release.Candidate.app/Contents/Developer/Platforms/WatchOS.platform/Developer/SDKs/WatchOS27.0.sdk/Developer/Library/Frameworks -c -j10 -enable-batch-mode -incremental -Xcc -ivfsstatcache -Xcc /Users/admin/builder/spi-builder-workspace/.derivedData/SDKStatCaches.noindex/watchos27.0-24R360-e829b21a6f8c9b70876ba0858053c04477534ef55a1706bf4c1112bbb242f0a2.sdkstatcache -output-file-map /Users/admin/builder/spi-builder-workspace/.derivedData/Build/Intermediates.noindex/GLSceneLib.build/Debug-watchos/GLSceneLib-t.build/Objects-normal/arm64/GLSceneLib-OutputFileMap.json -save-temps -no-color-diagnostics -emit-dependencies -emit-module -emit-module-path /Users/admin/builder/spi-builder-workspace/.derivedData/Build/Intermediates.noindex/GLSceneLib.build/Debug-watchos/GLSceneLib-t.build/Objects-normal/arm64/GLSceneLib.swiftmodule -serialize-diagnostics -validate-clang-modules-once -clang-build-session-file /Users/admin/builder/spi-builder-workspace/.derivedData/ModuleCache.noindex/Session.modulevalidation -Xcc -fmodules-prune-interval\=86400 -Xcc -fmodules-prune-after\=345600 -emit-const-values -const-gather-protocols-list /Users/admin/builder/spi-builder-workspace/.derivedData/Build/Intermediates.noindex/GLSceneLib.build/Debug-watchos/GLSceneLib-t.build/Objects-normal/arm64/GLSceneLib_const_extract_protocols.json -Xcc -I/Users/admin/builder/spi-builder-workspace/.derivedData/Build/Products/Debug-watchos/include -Xcc -I/Users/admin/builder/spi-builder-workspace/.derivedData/Build/Intermediates.noindex/GLSceneLib.build/Debug-watchos/GLSceneLib-t.build/DerivedSources-normal/arm64 -Xcc -I/Users/admin/builder/spi-builder-workspace/.derivedData/Build/Intermediates.noindex/GLSceneLib.build/Debug-watchos/GLSceneLib-t.build/DerivedSources/arm64 -Xcc -I/Users/admin/builder/spi-builder-workspace/.derivedData/Build/Intermediates.noindex/GLSceneLib.build/Debug-watchos/GLSceneLib-t.build/DerivedSources -Xcc -DSWIFT_PACKAGE -Xcc -DDEBUG\=1 -emit-objc-header -emit-objc-header-path /Users/admin/builder/spi-builder-workspace/.derivedData/Build/Intermediates.noindex/GLSceneLib.build/Debug-watchos/GLSceneLib-t.build/Objects-normal/arm64/GLSceneLib-Swift.h -working-directory /Users/admin/builder/spi-builder-workspace/.swiftpm/xcode -experimental-emit-module-separately -disable-cmo
SwiftDriver GLSceneLib normal arm64_32 com.apple.xcode.tools.swift.compiler (in target 'GLSceneLib' from project 'GLSceneLib')
cd /Users/admin/builder/spi-builder-workspace/.swiftpm/xcode
builtin-SwiftDriver -- /Applications/Xcode-27.0.0-Release.Candidate.app/Contents/Developer/Toolchains/XcodeDefault.xctoolchain/usr/bin/swiftc -parse-as-library -module-name GLSceneLib -Onone @/Users/admin/builder/spi-builder-workspace/.derivedData/Build/Intermediates.noindex/GLSceneLib.build/Debug-watchos/GLSceneLib-t.build/Objects-normal/arm64_32/GLSceneLib.SwiftFileList -DSWIFT_PACKAGE -DDEBUG -DSWIFT_MODULE_RESOURCE_BUNDLE_UNAVAILABLE -DXcode -plugin-path /Applications/Xcode-27.0.0-Release.Candidate.app/Contents/Developer/Toolchains/XcodeDefault.xctoolchain/usr/lib/swift/host/plugins/testing -enable-experimental-feature DebugDescriptionMacro -sdk /Applications/Xcode-27.0.0-Release.Candidate.app/Contents/Developer/Platforms/WatchOS.platform/Developer/SDKs/WatchOS27.0.sdk -target arm64_32-apple-watchos9.0 -g -module-cache-path /Users/admin/builder/spi-builder-workspace/.derivedData/ModuleCache.noindex -Xfrontend -serialize-debugging-options -profile-coverage-mapping -profile-generate -enable-testing -index-store-path /Users/admin/builder/spi-builder-workspace/.derivedData/Index.noindex/DataStore -Xcc -D_LIBCPP_HARDENING_MODE\=_LIBCPP_HARDENING_MODE_DEBUG -swift-version 4 -I /Users/admin/builder/spi-builder-workspace/.derivedData/Build/Products/Debug-watchos -Isystem /Applications/Xcode-27.0.0-Release.Candidate.app/Contents/Developer/Platforms/WatchOS.platform/Developer/usr/lib -F /Users/admin/builder/spi-builder-workspace/.derivedData/Build/Products/Debug-watchos/PackageFrameworks -F /Users/admin/builder/spi-builder-workspace/.derivedData/Build/Products/Debug-watchos -F /Applications/Xcode-27.0.0-Release.Candidate.app/Contents/Developer/Platforms/WatchOS.platform/Developer/Library/Frameworks -F /Applications/Xcode-27.0.0-Release.Candidate.app/Contents/Developer/Platforms/WatchOS.platform/Developer/SDKs/WatchOS27.0.sdk/Developer/Library/Frameworks -c -j10 -enable-batch-mode -incremental -Xcc -ivfsstatcache -Xcc /Users/admin/builder/spi-builder-workspace/.derivedData/SDKStatCaches.noindex/watchos27.0-24R360-e829b21a6f8c9b70876ba0858053c04477534ef55a1706bf4c1112bbb242f0a2.sdkstatcache -output-file-map /Users/admin/builder/spi-builder-workspace/.derivedData/Build/Intermediates.noindex/GLSceneLib.build/Debug-watchos/GLSceneLib-t.build/Objects-normal/arm64_32/GLSceneLib-OutputFileMap.json -save-temps -no-color-diagnostics -emit-dependencies -emit-module -emit-module-path /Users/admin/builder/spi-builder-workspace/.derivedData/Build/Intermediates.noindex/GLSceneLib.build/Debug-watchos/GLSceneLib-t.build/Objects-normal/arm64_32/GLSceneLib.swiftmodule -serialize-diagnostics -validate-clang-modules-once -clang-build-session-file /Users/admin/builder/spi-builder-workspace/.derivedData/ModuleCache.noindex/Session.modulevalidation -Xcc -fmodules-prune-interval\=86400 -Xcc -fmodules-prune-after\=345600 -emit-const-values -const-gather-protocols-list /Users/admin/builder/spi-builder-workspace/.derivedData/Build/Intermediates.noindex/GLSceneLib.build/Debug-watchos/GLSceneLib-t.build/Objects-normal/arm64_32/GLSceneLib_const_extract_protocols.json -Xcc -I/Users/admin/builder/spi-builder-workspace/.derivedData/Build/Products/Debug-watchos/include -Xcc -I/Users/admin/builder/spi-builder-workspace/.derivedData/Build/Intermediates.noindex/GLSceneLib.build/Debug-watchos/GLSceneLib-t.build/DerivedSources-normal/arm64_32 -Xcc -I/Users/admin/builder/spi-builder-workspace/.derivedData/Build/Intermediates.noindex/GLSceneLib.build/Debug-watchos/GLSceneLib-t.build/DerivedSources/arm64_32 -Xcc -I/Users/admin/builder/spi-builder-workspace/.derivedData/Build/Intermediates.noindex/GLSceneLib.build/Debug-watchos/GLSceneLib-t.build/DerivedSources -Xcc -DSWIFT_PACKAGE -Xcc -DDEBUG\=1 -emit-objc-header -emit-objc-header-path /Users/admin/builder/spi-builder-workspace/.derivedData/Build/Intermediates.noindex/GLSceneLib.build/Debug-watchos/GLSceneLib-t.build/Objects-normal/arm64_32/GLSceneLib-Swift.h -working-directory /Users/admin/builder/spi-builder-workspace/.swiftpm/xcode -experimental-emit-module-separately -disable-cmo
SwiftEmitModule normal arm64 Emitting\ module\ for\ GLSceneLib (in target 'GLSceneLib' from project 'GLSceneLib')
/Users/admin/builder/spi-builder-workspace/Sources/GLSceneLib/Element/RenderSetting.swift:4:12: error: no such module 'OpenGL.GL3'
2 | import OpenGLES
3 | #else
4 | import OpenGL.GL3
| `- error: no such module 'OpenGL.GL3'
5 | #endif
6 |
Failed frontend command:
/Applications/Xcode-27.0.0-Release.Candidate.app/Contents/Developer/Toolchains/XcodeDefault.xctoolchain/usr/bin/swift-frontend -frontend -emit-module -experimental-skip-non-inlinable-function-bodies-without-types /Users/admin/builder/spi-builder-workspace/Sources/GLSceneLib/Base/Angle.swift /Users/admin/builder/spi-builder-workspace/Sources/GLSceneLib/Base/ArrayExtension.swift /Users/admin/builder/spi-builder-workspace/Sources/GLSceneLib/Base/Assert.swift /Users/admin/builder/spi-builder-workspace/Sources/GLSceneLib/Base/Box.swift /Users/admin/builder/spi-builder-workspace/Sources/GLSceneLib/Base/Cast.swift /Users/admin/builder/spi-builder-workspace/Sources/GLSceneLib/Base/Color.swift /Users/admin/builder/spi-builder-workspace/Sources/GLSceneLib/Base/FunctionalUtil.swift /Users/admin/builder/spi-builder-workspace/Sources/GLSceneLib/Base/GenericError.swift /Users/admin/builder/spi-builder-workspace/Sources/GLSceneLib/Base/Matrix4x4.swift /Users/admin/builder/spi-builder-workspace/Sources/GLSceneLib/Base/OpaqueColor.swift /Users/admin/builder/spi-builder-workspace/Sources/GLSceneLib/Base/OptionalExtension.swift /Users/admin/builder/spi-builder-workspace/Sources/GLSceneLib/Base/OptionalProtocol.swift /Users/admin/builder/spi-builder-workspace/Sources/GLSceneLib/Base/RangeExtension.swift /Users/admin/builder/spi-builder-workspace/Sources/GLSceneLib/Base/Size.swift /Users/admin/builder/spi-builder-workspace/Sources/GLSceneLib/Base/StringExtension.swift /Users/admin/builder/spi-builder-workspace/Sources/GLSceneLib/Base/Vector2.swift /Users/admin/builder/spi-builder-workspace/Sources/GLSceneLib/Base/Vector3.swift /Users/admin/builder/spi-builder-workspace/Sources/GLSceneLib/Base/Vector4.swift /Users/admin/builder/spi-builder-workspace/Sources/GLSceneLib/Base/WeakBox.swift /Users/admin/builder/spi-builder-workspace/Sources/GLSceneLib/Element/ExtrudeSolid.swift /Users/admin/builder/spi-builder-workspace/Sources/GLSceneLib/Element/LineCircleElement.swift /Users/admin/builder/spi-builder-workspace/Sources/GLSceneLib/Element/LineElement.swift /Users/admin/builder/spi-builder-workspace/Sources/GLSceneLib/Element/MeshElement.swift /Users/admin/builder/spi-builder-workspace/Sources/GLSceneLib/Element/RenderSetting.swift /Users/admin/builder/spi-builder-workspace/Sources/GLSceneLib/Element/SweepSurface.swift /Users/admin/builder/spi-builder-workspace/Sources/GLSceneLib/Element/SweepSurfaceShapes.swift /Users/admin/builder/spi-builder-workspace/Sources/GLSceneLib/Element/TextElement.swift /Users/admin/builder/spi-builder-workspace/Sources/GLSceneLib/Element/TextRenderer.swift /Users/admin/builder/spi-builder-workspace/Sources/GLSceneLib/Element/UILabelTextRenderer.swift /Users/admin/builder/spi-builder-workspace/Sources/GLSceneLib/GL/GLBuffer.swift /Users/admin/builder/spi-builder-workspace/Sources/GLSceneLib/GL/GLDataConvert.swift /Users/admin/builder/spi-builder-workspace/Sources/GLSceneLib/GL/GLDataType.swift /Users/admin/builder/spi-builder-workspace/Sources/GLSceneLib/GL/GLError.swift /Users/admin/builder/spi-builder-workspace/Sources/GLSceneLib/GL/GLExtension.swift /Users/admin/builder/spi-builder-workspace/Sources/GLSceneLib/GL/GLFunctions.swift /Users/admin/builder/spi-builder-workspace/Sources/GLSceneLib/GL/GLIDHolder.swift /Users/admin/builder/spi-builder-workspace/Sources/GLSceneLib/GL/GLShader.swift /Users/admin/builder/spi-builder-workspace/Sources/GLSceneLib/GL/GLVertexArray.swift /Users/admin/builder/spi-builder-workspace/Sources/GLSceneLib/Reactive/CompositeDisposer.swift /Users/admin/builder/spi-builder-workspace/Sources/GLSceneLib/Reactive/DisposeBag.swift /Users/admin/builder/spi-builder-workspace/Sources/GLSceneLib/Reactive/Disposer.swift /Users/admin/builder/spi-builder-workspace/Sources/GLSceneLib/Reactive/EventCombine.swift /Users/admin/builder/spi-builder-workspace/Sources/GLSceneLib/Reactive/EventEmitter.swift /Users/admin/builder/spi-builder-workspace/Sources/GLSceneLib/Reactive/EventFlatMap.swift /Users/admin/builder/spi-builder-workspace/Sources/GLSceneLib/Reactive/EventMap.swift /Users/admin/builder/spi-builder-workspace/Sources/GLSceneLib/Reactive/EventMerge.swift /Users/admin/builder/spi-builder-workspace/Sources/GLSceneLib/Reactive/EventSource.swift /Users/admin/builder/spi-builder-workspace/Sources/GLSceneLib/Reactive/Property.swift /Users/admin/builder/spi-builder-workspace/Sources/GLSceneLib/Reactive/WeakProperty.swift /Users/admin/builder/spi-builder-workspace/Sources/GLSceneLib/Scene/BasicTransformShaderProtocol.swift /Users/admin/builder/spi-builder-workspace/Sources/GLSceneLib/Scene/Camera.swift /Users/admin/builder/spi-builder-workspace/Sources/GLSceneLib/Scene/ColorLineCirclePrimitive.swift /Users/admin/builder/spi-builder-workspace/Sources/GLSceneLib/Scene/ColorLinePrimitive.swift /Users/admin/builder/spi-builder-workspace/Sources/GLSceneLib/Scene/ColorLineShader.swift /Users/admin/builder/spi-builder-workspace/Sources/GLSceneLib/Scene/ColorShader.swift /Users/admin/builder/spi-builder-workspace/Sources/GLSceneLib/Scene/DirectionalLight.swift /Users/admin/builder/spi-builder-workspace/Sources/GLSceneLib/Scene/Display.swift /Users/admin/builder/spi-builder-workspace/Sources/GLSceneLib/Scene/Light.swift /Users/admin/builder/spi-builder-workspace/Sources/GLSceneLib/Scene/PhongShader.swift /Users/admin/builder/spi-builder-workspace/Sources/GLSceneLib/Scene/Scene.swift /Users/admin/builder/spi-builder-workspace/Sources/GLSceneLib/Scene/SceneElement.swift /Users/admin/builder/spi-builder-workspace/Sources/GLSceneLib/Scene/SceneElementProtocol.swift /Users/admin/builder/spi-builder-workspace/Sources/GLSceneLib/Scene/SceneNode.swift /Users/admin/builder/spi-builder-workspace/Sources/GLSceneLib/Scene/SceneRenderer.swift /Users/admin/builder/spi-builder-workspace/Sources/GLSceneLib/Scene/ShaderPrimitive.swift /Users/admin/builder/spi-builder-workspace/Sources/GLSceneLib/Scene/ShaderProtocol.swift /Users/admin/builder/spi-builder-workspace/Sources/GLSceneLib/Scene/VertexAttribute.swift /Users/admin/builder/spi-builder-workspace/Sources/GLSceneLib/Scene/VertexAttributeDefinition.swift /Users/admin/builder/spi-builder-workspace/Sources/GLSceneLib/Scene/VertexSerializerProtocol.swift -target arm64-apple-watchos9.0 -Xllvm -aarch64-use-tbi -enable-objc-interop -stack-check -sdk /Applications/Xcode-27.0.0-Release.Candidate.app/Contents/Developer/Platforms/WatchOS.platform/Developer/SDKs/WatchOS27.0.sdk -I /Users/admin/builder/spi-builder-workspace/.derivedData/Build/Products/Debug-watchos -Isystem /Applications/Xcode-27.0.0-Release.Candidate.app/Contents/Developer/Platforms/WatchOS.platform/Developer/usr/lib -F /Users/admin/builder/spi-builder-workspace/.derivedData/Build/Products/Debug-watchos/PackageFrameworks -F /Users/admin/builder/spi-builder-workspace/.derivedData/Build/Products/Debug-watchos -F /Applications/Xcode-27.0.0-Release.Candidate.app/Contents/Developer/Platforms/WatchOS.platform/Developer/Library/Frameworks -F /Applications/Xcode-27.0.0-Release.Candidate.app/Contents/Developer/Platforms/WatchOS.platform/Developer/SDKs/WatchOS27.0.sdk/Developer/Library/Frameworks -module-cache-path /Users/admin/builder/spi-builder-workspace/.derivedData/ModuleCache.noindex -no-color-diagnostics -Xcc -fno-color-diagnostics -enable-testing -g -debug-info-format\=dwarf -dwarf-version\=4 -profile-generate -profile-coverage-mapping -swift-version 4 -Onone -D SWIFT_PACKAGE -D DEBUG -D SWIFT_MODULE_RESOURCE_BUNDLE_UNAVAILABLE -D Xcode -serialize-debugging-options -enable-experimental-feature DebugDescriptionMacro -empty-abi-descriptor -plugin-path /Applications/Xcode-27.0.0-Release.Candidate.app/Contents/Developer/Toolchains/XcodeDefault.xctoolchain/usr/lib/swift/host/plugins/testing -validate-clang-modules-once -clang-build-session-file /Users/admin/builder/spi-builder-workspace/.derivedData/ModuleCache.noindex/Session.modulevalidation -Xcc -working-directory -Xcc /Users/admin/builder/spi-builder-workspace/.swiftpm/xcode -enable-anonymous-context-mangled-names -file-compilation-dir /Users/admin/builder/spi-builder-workspace/.swiftpm/xcode -Xcc -D_LIBCPP_HARDENING_MODE\=_LIBCPP_HARDENING_MODE_DEBUG -Xcc -ivfsstatcache -Xcc /Users/admin/builder/spi-builder-workspace/.derivedData/SDKStatCaches.noindex/watchos27.0-24R360-e829b21a6f8c9b70876ba0858053c04477534ef55a1706bf4c1112bbb242f0a2.sdkstatcache -Xcc -fmodules-prune-interval\=86400 -Xcc -fmodules-prune-after\=345600 -Xcc -I/Users/admin/builder/spi-builder-workspace/.derivedData/Build/Products/Debug-watchos/include -Xcc -I/Users/admin/builder/spi-builder-workspace/.derivedData/Build/Intermediates.noindex/GLSceneLib.build/Debug-watchos/GLSceneLib-t.build/DerivedSources-normal/arm64 -Xcc -I/Users/admin/builder/spi-builder-workspace/.derivedData/Build/Intermediates.noindex/GLSceneLib.build/Debug-watchos/GLSceneLib-t.build/DerivedSources/arm64 -Xcc -I/Users/admin/builder/spi-builder-workspace/.derivedData/Build/Intermediates.noindex/GLSceneLib.build/Debug-watchos/GLSceneLib-t.build/DerivedSources -Xcc -DSWIFT_PACKAGE -Xcc -DDEBUG\=1 -no-auto-bridging-header-chaining -module-name GLSceneLib -const-gather-protocols-file /Users/admin/builder/spi-builder-workspace/.derivedData/Build/Intermediates.noindex/GLSceneLib.build/Debug-watchos/GLSceneLib-t.build/Objects-normal/arm64/GLSceneLib_const_extract_protocols.json -disable-clang-spi -target-sdk-version 27.0 -target-sdk-name watchos27.0 -external-plugin-path /Applications/Xcode-27.0.0-Release.Candidate.app/Contents/Developer/Platforms/WatchOS.platform/Developer/usr/lib/swift/host/plugins\#/Applications/Xcode-27.0.0-Release.Candidate.app/Contents/Developer/Platforms/WatchOS.platform/Developer/usr/bin/swift-plugin-server -external-plugin-path /Applications/Xcode-27.0.0-Release.Candidate.app/Contents/Developer/Platforms/WatchOS.platform/Developer/usr/local/lib/swift/host/plugins\#/Applications/Xcode-27.0.0-Release.Candidate.app/Contents/Developer/Platforms/WatchOS.platform/Developer/usr/bin/swift-plugin-server -in-process-plugin-server-path /Applications/Xcode-27.0.0-Release.Candidate.app/Contents/Developer/Toolchains/XcodeDefault.xctoolchain/usr/lib/swift/host/libSwiftInProcPluginServer.dylib -plugin-path /Applications/Xcode-27.0.0-Release.Candidate.app/Contents/Developer/Toolchains/XcodeDefault.xctoolchain/usr/lib/swift/host/plugins -plugin-path /Applications/Xcode-27.0.0-Release.Candidate.app/Contents/Developer/Toolchains/XcodeDefault.xctoolchain/usr/local/lib/swift/host/plugins -emit-module-doc-path /Users/admin/builder/spi-builder-workspace/.derivedData/Build/Intermediates.noindex/GLSceneLib.build/Debug-watchos/GLSceneLib-t.build/Objects-normal/arm64/GLSceneLib.swiftdoc -emit-module-source-info-path /Users/admin/builder/spi-builder-workspace/.derivedData/Build/Intermediates.noindex/GLSceneLib.build/Debug-watchos/GLSceneLib-t.build/Objects-normal/arm64/GLSceneLib.swiftsourceinfo -emit-objc-header-path /Users/admin/builder/spi-builder-workspace/.derivedData/Build/Intermediates.noindex/GLSceneLib.build/Debug-watchos/GLSceneLib-t.build/Objects-normal/arm64/GLSceneLib-Swift.h -serialize-diagnostics-path /Users/admin/builder/spi-builder-workspace/.derivedData/Build/Intermediates.noindex/GLSceneLib.build/Debug-watchos/GLSceneLib-t.build/Objects-normal/arm64/GLSceneLib-primary-emit-module.dia -emit-dependencies-path /Users/admin/builder/spi-builder-workspace/.derivedData/Build/Intermediates.noindex/GLSceneLib.build/Debug-watchos/GLSceneLib-t.build/Objects-normal/arm64/GLSceneLib-primary-emit-module.d -parse-as-library -o /Users/admin/builder/spi-builder-workspace/.derivedData/Build/Intermediates.noindex/GLSceneLib.build/Debug-watchos/GLSceneLib-t.build/Objects-normal/arm64/GLSceneLib.swiftmodule -emit-abi-descriptor-path /Users/admin/builder/spi-builder-workspace/.derivedData/Build/Intermediates.noindex/GLSceneLib.build/Debug-watchos/GLSceneLib-t.build/Objects-normal/arm64/GLSceneLib.abi.json
SwiftCompile normal arm64 (in target 'GLSceneLib' from project 'GLSceneLib')
cd /Users/admin/builder/spi-builder-workspace/.swiftpm/xcode
SwiftDriverJobDiscovery normal arm64_32 Compiling SwiftTypes.swift (in target 'DebugReflect' from project 'DebugReflect')
SwiftCompile normal arm64 Compiling\ EventEmitter.swift,\ EventFlatMap.swift,\ EventMap.swift,\ EventMerge.swift,\ EventSource.swift,\ Property.swift,\ WeakProperty.swift /Users/admin/builder/spi-builder-workspace/Sources/GLSceneLib/Reactive/EventEmitter.swift /Users/admin/builder/spi-builder-workspace/Sources/GLSceneLib/Reactive/EventFlatMap.swift /Users/admin/builder/spi-builder-workspace/Sources/GLSceneLib/Reactive/EventMap.swift /Users/admin/builder/spi-builder-workspace/Sources/GLSceneLib/Reactive/EventMerge.swift /Users/admin/builder/spi-builder-workspace/Sources/GLSceneLib/Reactive/EventSource.swift /Users/admin/builder/spi-builder-workspace/Sources/GLSceneLib/Reactive/Property.swift /Users/admin/builder/spi-builder-workspace/Sources/GLSceneLib/Reactive/WeakProperty.swift (in target 'GLSceneLib' from project 'GLSceneLib')
SwiftCompile normal arm64 /Users/admin/builder/spi-builder-workspace/Sources/GLSceneLib/Reactive/EventEmitter.swift (in target 'GLSceneLib' from project 'GLSceneLib')
cd /Users/admin/builder/spi-builder-workspace/.swiftpm/xcode
builtin-SwiftPerFileCompile EventEmitter.swift
SwiftCompile normal arm64 /Users/admin/builder/spi-builder-workspace/Sources/GLSceneLib/Reactive/EventFlatMap.swift (in target 'GLSceneLib' from project 'GLSceneLib')
cd /Users/admin/builder/spi-builder-workspace/.swiftpm/xcode
builtin-SwiftPerFileCompile EventFlatMap.swift
SwiftCompile normal arm64 /Users/admin/builder/spi-builder-workspace/Sources/GLSceneLib/Reactive/EventMap.swift (in target 'GLSceneLib' from project 'GLSceneLib')
cd /Users/admin/builder/spi-builder-workspace/.swiftpm/xcode
builtin-SwiftPerFileCompile EventMap.swift
SwiftCompile normal arm64 /Users/admin/builder/spi-builder-workspace/Sources/GLSceneLib/Reactive/EventMerge.swift (in target 'GLSceneLib' from project 'GLSceneLib')
cd /Users/admin/builder/spi-builder-workspace/.swiftpm/xcode
builtin-SwiftPerFileCompile EventMerge.swift
SwiftCompile normal arm64 /Users/admin/builder/spi-builder-workspace/Sources/GLSceneLib/Reactive/EventSource.swift (in target 'GLSceneLib' from project 'GLSceneLib')
cd /Users/admin/builder/spi-builder-workspace/.swiftpm/xcode
builtin-SwiftPerFileCompile EventSource.swift
SwiftCompile normal arm64 /Users/admin/builder/spi-builder-workspace/Sources/GLSceneLib/Reactive/Property.swift (in target 'GLSceneLib' from project 'GLSceneLib')
cd /Users/admin/builder/spi-builder-workspace/.swiftpm/xcode
builtin-SwiftPerFileCompile Property.swift
SwiftCompile normal arm64 /Users/admin/builder/spi-builder-workspace/Sources/GLSceneLib/Reactive/WeakProperty.swift (in target 'GLSceneLib' from project 'GLSceneLib')
cd /Users/admin/builder/spi-builder-workspace/.swiftpm/xcode
builtin-SwiftPerFileCompile WeakProperty.swift
PruneExplicitPrecompiledModules /Users/admin/builder/spi-builder-workspace/.derivedData/Build/Intermediates.noindex/ExplicitPrecompiledModules
PruneExplicitPrecompiledModules /Users/admin/builder/spi-builder-workspace/.derivedData/SDKExplicitPrecompiledModules
PruneExplicitPrecompiledModules /Users/admin/builder/spi-builder-workspace/.derivedData/Build/Intermediates.noindex/SwiftExplicitPrecompiledModules
2026-09-15 14:45:05.470 xcodebuild[684:4373] [MT] IDERunDestination: Supported platforms for the buildables in the current scheme is empty.
** BUILD FAILED **
The following build commands failed:
SwiftEmitModule normal arm64 Emitting\ module\ for\ GLSceneLib (in target 'GLSceneLib' from project 'GLSceneLib')
SwiftCompile normal arm64 (in target 'GLSceneLib' from project 'GLSceneLib')
Building workspace GLSceneLib with scheme GLSceneLib
(3 failures)
Command line invocation:
/Applications/Xcode-27.0.0-Release.Candidate.app/Contents/Developer/usr/bin/xcodebuild -IDEClonedSourcePackagesDirPathOverride=/Users/admin/builder/spi-builder-workspace/.dependencies -resolvePackageDependencies
Resolve Package Graph
Resolved source packages:
DebugReflect: https://github.com/omochi/DebugReflect.git @ 0.3.5
GLSceneLib: /Users/admin/builder/spi-builder-workspace
resolved source packages: DebugReflect, GLSceneLib
2026-09-15 14:45:10.336 xcodebuild[725:4643] [MT] IDERunDestination: Supported platforms for the buildables in the current scheme is empty.
{
"dependencies" : [
{
"identity" : "debugreflect",
"requirement" : {
"range" : [
{
"lower_bound" : "0.3.5",
"upper_bound" : "1.0.0"
}
]
},
"type" : "sourceControl",
"url" : "https://github.com/omochi/DebugReflect.git"
}
],
"manifest_display_name" : "GLSceneLib",
"name" : "GLSceneLib",
"path" : "/Users/admin/builder/spi-builder-workspace",
"platforms" : [
],
"products" : [
{
"name" : "GLSceneLib",
"targets" : [
"GLSceneLib"
],
"type" : {
"library" : [
"automatic"
]
}
}
],
"targets" : [
{
"c99name" : "GLSceneLibTests",
"module_type" : "SwiftTarget",
"name" : "GLSceneLibTests",
"path" : "Tests/GLSceneLibTests",
"sources" : [
"GLSceneLibTests.swift"
],
"target_dependencies" : [
"GLSceneLib"
],
"type" : "test"
},
{
"c99name" : "GLSceneLib",
"module_type" : "SwiftTarget",
"name" : "GLSceneLib",
"path" : "Sources/GLSceneLib",
"product_dependencies" : [
"DebugReflect"
],
"product_memberships" : [
"GLSceneLib"
],
"sources" : [
"Base/Angle.swift",
"Base/ArrayExtension.swift",
"Base/Assert.swift",
"Base/Box.swift",
"Base/Cast.swift",
"Base/Color.swift",
"Base/FunctionalUtil.swift",
"Base/GenericError.swift",
"Base/Matrix4x4.swift",
"Base/OpaqueColor.swift",
"Base/OptionalExtension.swift",
"Base/OptionalProtocol.swift",
"Base/RangeExtension.swift",
"Base/Size.swift",
"Base/StringExtension.swift",
"Base/Vector2.swift",
"Base/Vector3.swift",
"Base/Vector4.swift",
"Base/WeakBox.swift",
"Element/ExtrudeSolid.swift",
"Element/LineCircleElement.swift",
"Element/LineElement.swift",
"Element/MeshElement.swift",
"Element/RenderSetting.swift",
"Element/SweepSurface.swift",
"Element/SweepSurfaceShapes.swift",
"Element/TextElement.swift",
"Element/TextRenderer.swift",
"Element/UILabelTextRenderer.swift",
"GL/GLBuffer.swift",
"GL/GLDataConvert.swift",
"GL/GLDataType.swift",
"GL/GLError.swift",
"GL/GLExtension.swift",
"GL/GLFunctions.swift",
"GL/GLIDHolder.swift",
"GL/GLShader.swift",
"GL/GLVertexArray.swift",
"Reactive/CompositeDisposer.swift",
"Reactive/DisposeBag.swift",
"Reactive/Disposer.swift",
"Reactive/EventCombine.swift",
"Reactive/EventEmitter.swift",
"Reactive/EventFlatMap.swift",
"Reactive/EventMap.swift",
"Reactive/EventMerge.swift",
"Reactive/EventSource.swift",
"Reactive/Property.swift",
"Reactive/WeakProperty.swift",
"Scene/BasicTransformShaderProtocol.swift",
"Scene/Camera.swift",
"Scene/ColorLineCirclePrimitive.swift",
"Scene/ColorLinePrimitive.swift",
"Scene/ColorLineShader.swift",
"Scene/ColorShader.swift",
"Scene/DirectionalLight.swift",
"Scene/Display.swift",
"Scene/Light.swift",
"Scene/PhongShader.swift",
"Scene/Scene.swift",
"Scene/SceneElement.swift",
"Scene/SceneElementProtocol.swift",
"Scene/SceneNode.swift",
"Scene/SceneRenderer.swift",
"Scene/ShaderPrimitive.swift",
"Scene/ShaderProtocol.swift",
"Scene/VertexAttribute.swift",
"Scene/VertexAttributeDefinition.swift",
"Scene/VertexSerializerProtocol.swift"
],
"type" : "library"
}
],
"tools_version" : "4.0"
}
{
"workspace" : {
"name" : "GLSceneLib",
"schemes" : [
"GLSceneLib"
]
}
}
2026-09-15 14:45:11.580 xcodebuild[733:4708] [MT] IDERunDestination: Supported platforms for the buildables in the current scheme is empty.
Running build ...
env DEVELOPER_DIR=/Applications/Xcode-27.0.0-Release.Candidate.app xcrun xcodebuild -IDEClonedSourcePackagesDirPathOverride=$PWD/.dependencies -skipMacroValidation -skipPackagePluginValidation -derivedDataPath $PWD/.derivedData build -scheme GLSceneLib -destination generic/platform=watchOS
Command line invocation:
/Applications/Xcode-27.0.0-Release.Candidate.app/Contents/Developer/usr/bin/xcodebuild -IDEClonedSourcePackagesDirPathOverride=/Users/admin/builder/spi-builder-workspace/.dependencies -skipMacroValidation -skipPackagePluginValidation -derivedDataPath /Users/admin/builder/spi-builder-workspace/.derivedData build -scheme GLSceneLib -destination generic/platform=watchOS
Resolve Package Graph
Resolved source packages:
GLSceneLib: /Users/admin/builder/spi-builder-workspace
DebugReflect: https://github.com/omochi/DebugReflect.git @ 0.3.5
ComputePackagePrebuildTargetDependencyGraph
Prepare packages
CreateBuildRequest
SendProjectDescription
CreateBuildOperation
ComputeTargetDependencyGraph
note: Building targets in dependency order
note: Target dependency graph (4 targets)
Target 'GLSceneLib-product' in project 'GLSceneLib'
➜ Explicit dependency on target 'GLSceneLib' in project 'GLSceneLib'
➜ Explicit dependency on target 'DebugReflect-product' in project 'DebugReflect'
Target 'GLSceneLib' in project 'GLSceneLib'
➜ Explicit dependency on target 'DebugReflect-product' in project 'DebugReflect'
Target 'DebugReflect-product' in project 'DebugReflect'
➜ Explicit dependency on target 'DebugReflect' in project 'DebugReflect'
Target 'DebugReflect' in project 'DebugReflect' (no dependencies)
GatherProvisioningInputs
CreateBuildDescription
ClangStatCache /Applications/Xcode-27.0.0-Release.Candidate.app/Contents/Developer/Toolchains/XcodeDefault.xctoolchain/usr/bin/clang-stat-cache /Applications/Xcode-27.0.0-Release.Candidate.app/Contents/Developer/Platforms/WatchOS.platform/Developer/SDKs/WatchOS27.0.sdk /Users/admin/builder/spi-builder-workspace/.derivedData/SDKStatCaches.noindex/watchos27.0-24R360-e829b21a6f8c9b70876ba0858053c04477534ef55a1706bf4c1112bbb242f0a2.sdkstatcache
cd /Users/admin/builder/spi-builder-workspace/.swiftpm/xcode
/Applications/Xcode-27.0.0-Release.Candidate.app/Contents/Developer/Toolchains/XcodeDefault.xctoolchain/usr/bin/clang-stat-cache /Applications/Xcode-27.0.0-Release.Candidate.app/Contents/Developer/Platforms/WatchOS.platform/Developer/SDKs/WatchOS27.0.sdk -o /Users/admin/builder/spi-builder-workspace/.derivedData/SDKStatCaches.noindex/watchos27.0-24R360-e829b21a6f8c9b70876ba0858053c04477534ef55a1706bf4c1112bbb242f0a2.sdkstatcache
SwiftDriver GLSceneLib normal arm64 com.apple.xcode.tools.swift.compiler (in target 'GLSceneLib' from project 'GLSceneLib')
cd /Users/admin/builder/spi-builder-workspace/.swiftpm/xcode
builtin-SwiftDriver -- /Applications/Xcode-27.0.0-Release.Candidate.app/Contents/Developer/Toolchains/XcodeDefault.xctoolchain/usr/bin/swiftc -parse-as-library -module-name GLSceneLib -Onone @/Users/admin/builder/spi-builder-workspace/.derivedData/Build/Intermediates.noindex/GLSceneLib.build/Debug-watchos/GLSceneLib-t.build/Objects-normal/arm64/GLSceneLib.SwiftFileList -DSWIFT_PACKAGE -DDEBUG -DSWIFT_MODULE_RESOURCE_BUNDLE_UNAVAILABLE -DXcode -plugin-path /Applications/Xcode-27.0.0-Release.Candidate.app/Contents/Developer/Toolchains/XcodeDefault.xctoolchain/usr/lib/swift/host/plugins/testing -enable-experimental-feature DebugDescriptionMacro -sdk /Applications/Xcode-27.0.0-Release.Candidate.app/Contents/Developer/Platforms/WatchOS.platform/Developer/SDKs/WatchOS27.0.sdk -target arm64-apple-watchos9.0 -g -module-cache-path /Users/admin/builder/spi-builder-workspace/.derivedData/ModuleCache.noindex -Xfrontend -serialize-debugging-options -profile-coverage-mapping -profile-generate -enable-testing -index-store-path /Users/admin/builder/spi-builder-workspace/.derivedData/Index.noindex/DataStore -Xcc -D_LIBCPP_HARDENING_MODE\=_LIBCPP_HARDENING_MODE_DEBUG -swift-version 4 -I /Users/admin/builder/spi-builder-workspace/.derivedData/Build/Products/Debug-watchos -Isystem /Applications/Xcode-27.0.0-Release.Candidate.app/Contents/Developer/Platforms/WatchOS.platform/Developer/usr/lib -F /Users/admin/builder/spi-builder-workspace/.derivedData/Build/Products/Debug-watchos/PackageFrameworks -F /Users/admin/builder/spi-builder-workspace/.derivedData/Build/Products/Debug-watchos -F /Applications/Xcode-27.0.0-Release.Candidate.app/Contents/Developer/Platforms/WatchOS.platform/Developer/Library/Frameworks -F /Applications/Xcode-27.0.0-Release.Candidate.app/Contents/Developer/Platforms/WatchOS.platform/Developer/SDKs/WatchOS27.0.sdk/Developer/Library/Frameworks -c -j10 -enable-batch-mode -incremental -Xcc -ivfsstatcache -Xcc /Users/admin/builder/spi-builder-workspace/.derivedData/SDKStatCaches.noindex/watchos27.0-24R360-e829b21a6f8c9b70876ba0858053c04477534ef55a1706bf4c1112bbb242f0a2.sdkstatcache -output-file-map /Users/admin/builder/spi-builder-workspace/.derivedData/Build/Intermediates.noindex/GLSceneLib.build/Debug-watchos/GLSceneLib-t.build/Objects-normal/arm64/GLSceneLib-OutputFileMap.json -save-temps -no-color-diagnostics -emit-dependencies -emit-module -emit-module-path /Users/admin/builder/spi-builder-workspace/.derivedData/Build/Intermediates.noindex/GLSceneLib.build/Debug-watchos/GLSceneLib-t.build/Objects-normal/arm64/GLSceneLib.swiftmodule -serialize-diagnostics -validate-clang-modules-once -clang-build-session-file /Users/admin/builder/spi-builder-workspace/.derivedData/ModuleCache.noindex/Session.modulevalidation -Xcc -fmodules-prune-interval\=86400 -Xcc -fmodules-prune-after\=345600 -emit-const-values -const-gather-protocols-list /Users/admin/builder/spi-builder-workspace/.derivedData/Build/Intermediates.noindex/GLSceneLib.build/Debug-watchos/GLSceneLib-t.build/Objects-normal/arm64/GLSceneLib_const_extract_protocols.json -Xcc -I/Users/admin/builder/spi-builder-workspace/.derivedData/Build/Products/Debug-watchos/include -Xcc -I/Users/admin/builder/spi-builder-workspace/.derivedData/Build/Intermediates.noindex/GLSceneLib.build/Debug-watchos/GLSceneLib-t.build/DerivedSources-normal/arm64 -Xcc -I/Users/admin/builder/spi-builder-workspace/.derivedData/Build/Intermediates.noindex/GLSceneLib.build/Debug-watchos/GLSceneLib-t.build/DerivedSources/arm64 -Xcc -I/Users/admin/builder/spi-builder-workspace/.derivedData/Build/Intermediates.noindex/GLSceneLib.build/Debug-watchos/GLSceneLib-t.build/DerivedSources -Xcc -DSWIFT_PACKAGE -Xcc -DDEBUG\=1 -emit-objc-header -emit-objc-header-path /Users/admin/builder/spi-builder-workspace/.derivedData/Build/Intermediates.noindex/GLSceneLib.build/Debug-watchos/GLSceneLib-t.build/Objects-normal/arm64/GLSceneLib-Swift.h -working-directory /Users/admin/builder/spi-builder-workspace/.swiftpm/xcode -experimental-emit-module-separately -disable-cmo
SwiftDriver GLSceneLib normal arm64_32 com.apple.xcode.tools.swift.compiler (in target 'GLSceneLib' from project 'GLSceneLib')
cd /Users/admin/builder/spi-builder-workspace/.swiftpm/xcode
builtin-SwiftDriver -- /Applications/Xcode-27.0.0-Release.Candidate.app/Contents/Developer/Toolchains/XcodeDefault.xctoolchain/usr/bin/swiftc -parse-as-library -module-name GLSceneLib -Onone @/Users/admin/builder/spi-builder-workspace/.derivedData/Build/Intermediates.noindex/GLSceneLib.build/Debug-watchos/GLSceneLib-t.build/Objects-normal/arm64_32/GLSceneLib.SwiftFileList -DSWIFT_PACKAGE -DDEBUG -DSWIFT_MODULE_RESOURCE_BUNDLE_UNAVAILABLE -DXcode -plugin-path /Applications/Xcode-27.0.0-Release.Candidate.app/Contents/Developer/Toolchains/XcodeDefault.xctoolchain/usr/lib/swift/host/plugins/testing -enable-experimental-feature DebugDescriptionMacro -sdk /Applications/Xcode-27.0.0-Release.Candidate.app/Contents/Developer/Platforms/WatchOS.platform/Developer/SDKs/WatchOS27.0.sdk -target arm64_32-apple-watchos9.0 -g -module-cache-path /Users/admin/builder/spi-builder-workspace/.derivedData/ModuleCache.noindex -Xfrontend -serialize-debugging-options -profile-coverage-mapping -profile-generate -enable-testing -index-store-path /Users/admin/builder/spi-builder-workspace/.derivedData/Index.noindex/DataStore -Xcc -D_LIBCPP_HARDENING_MODE\=_LIBCPP_HARDENING_MODE_DEBUG -swift-version 4 -I /Users/admin/builder/spi-builder-workspace/.derivedData/Build/Products/Debug-watchos -Isystem /Applications/Xcode-27.0.0-Release.Candidate.app/Contents/Developer/Platforms/WatchOS.platform/Developer/usr/lib -F /Users/admin/builder/spi-builder-workspace/.derivedData/Build/Products/Debug-watchos/PackageFrameworks -F /Users/admin/builder/spi-builder-workspace/.derivedData/Build/Products/Debug-watchos -F /Applications/Xcode-27.0.0-Release.Candidate.app/Contents/Developer/Platforms/WatchOS.platform/Developer/Library/Frameworks -F /Applications/Xcode-27.0.0-Release.Candidate.app/Contents/Developer/Platforms/WatchOS.platform/Developer/SDKs/WatchOS27.0.sdk/Developer/Library/Frameworks -c -j10 -enable-batch-mode -incremental -Xcc -ivfsstatcache -Xcc /Users/admin/builder/spi-builder-workspace/.derivedData/SDKStatCaches.noindex/watchos27.0-24R360-e829b21a6f8c9b70876ba0858053c04477534ef55a1706bf4c1112bbb242f0a2.sdkstatcache -output-file-map /Users/admin/builder/spi-builder-workspace/.derivedData/Build/Intermediates.noindex/GLSceneLib.build/Debug-watchos/GLSceneLib-t.build/Objects-normal/arm64_32/GLSceneLib-OutputFileMap.json -save-temps -no-color-diagnostics -emit-dependencies -emit-module -emit-module-path /Users/admin/builder/spi-builder-workspace/.derivedData/Build/Intermediates.noindex/GLSceneLib.build/Debug-watchos/GLSceneLib-t.build/Objects-normal/arm64_32/GLSceneLib.swiftmodule -serialize-diagnostics -validate-clang-modules-once -clang-build-session-file /Users/admin/builder/spi-builder-workspace/.derivedData/ModuleCache.noindex/Session.modulevalidation -Xcc -fmodules-prune-interval\=86400 -Xcc -fmodules-prune-after\=345600 -emit-const-values -const-gather-protocols-list /Users/admin/builder/spi-builder-workspace/.derivedData/Build/Intermediates.noindex/GLSceneLib.build/Debug-watchos/GLSceneLib-t.build/Objects-normal/arm64_32/GLSceneLib_const_extract_protocols.json -Xcc -I/Users/admin/builder/spi-builder-workspace/.derivedData/Build/Products/Debug-watchos/include -Xcc -I/Users/admin/builder/spi-builder-workspace/.derivedData/Build/Intermediates.noindex/GLSceneLib.build/Debug-watchos/GLSceneLib-t.build/DerivedSources-normal/arm64_32 -Xcc -I/Users/admin/builder/spi-builder-workspace/.derivedData/Build/Intermediates.noindex/GLSceneLib.build/Debug-watchos/GLSceneLib-t.build/DerivedSources/arm64_32 -Xcc -I/Users/admin/builder/spi-builder-workspace/.derivedData/Build/Intermediates.noindex/GLSceneLib.build/Debug-watchos/GLSceneLib-t.build/DerivedSources -Xcc -DSWIFT_PACKAGE -Xcc -DDEBUG\=1 -emit-objc-header -emit-objc-header-path /Users/admin/builder/spi-builder-workspace/.derivedData/Build/Intermediates.noindex/GLSceneLib.build/Debug-watchos/GLSceneLib-t.build/Objects-normal/arm64_32/GLSceneLib-Swift.h -working-directory /Users/admin/builder/spi-builder-workspace/.swiftpm/xcode -experimental-emit-module-separately -disable-cmo
SwiftDriver DebugReflect normal arm64_32 com.apple.xcode.tools.swift.compiler (in target 'DebugReflect' from project 'DebugReflect')
cd /Users/admin/builder/spi-builder-workspace/.swiftpm/xcode
builtin-SwiftDriver -- /Applications/Xcode-27.0.0-Release.Candidate.app/Contents/Developer/Toolchains/XcodeDefault.xctoolchain/usr/bin/swiftc -parse-as-library -module-name DebugReflect -Onone @/Users/admin/builder/spi-builder-workspace/.derivedData/Build/Intermediates.noindex/DebugReflect.build/Debug-watchos/DebugReflect-t.build/Objects-normal/arm64_32/DebugReflect.SwiftFileList -DSWIFT_PACKAGE -DDEBUG -DSWIFT_MODULE_RESOURCE_BUNDLE_UNAVAILABLE -DXcode -plugin-path /Applications/Xcode-27.0.0-Release.Candidate.app/Contents/Developer/Toolchains/XcodeDefault.xctoolchain/usr/lib/swift/host/plugins/testing -enable-experimental-feature DebugDescriptionMacro -sdk /Applications/Xcode-27.0.0-Release.Candidate.app/Contents/Developer/Platforms/WatchOS.platform/Developer/SDKs/WatchOS27.0.sdk -target arm64_32-apple-watchos9.0 -g -module-cache-path /Users/admin/builder/spi-builder-workspace/.derivedData/ModuleCache.noindex -Xfrontend -serialize-debugging-options -profile-coverage-mapping -profile-generate -enable-testing -suppress-warnings -index-store-path /Users/admin/builder/spi-builder-workspace/.derivedData/Index.noindex/DataStore -Xcc -D_LIBCPP_HARDENING_MODE\=_LIBCPP_HARDENING_MODE_DEBUG -swift-version 4 -I /Users/admin/builder/spi-builder-workspace/.derivedData/Build/Products/Debug-watchos -Isystem /Applications/Xcode-27.0.0-Release.Candidate.app/Contents/Developer/Platforms/WatchOS.platform/Developer/usr/lib -F /Users/admin/builder/spi-builder-workspace/.derivedData/Build/Products/Debug-watchos -F /Applications/Xcode-27.0.0-Release.Candidate.app/Contents/Developer/Platforms/WatchOS.platform/Developer/Library/Frameworks -F /Applications/Xcode-27.0.0-Release.Candidate.app/Contents/Developer/Platforms/WatchOS.platform/Developer/SDKs/WatchOS27.0.sdk/Developer/Library/Frameworks -c -j10 -enable-batch-mode -incremental -Xcc -ivfsstatcache -Xcc /Users/admin/builder/spi-builder-workspace/.derivedData/SDKStatCaches.noindex/watchos27.0-24R360-e829b21a6f8c9b70876ba0858053c04477534ef55a1706bf4c1112bbb242f0a2.sdkstatcache -output-file-map /Users/admin/builder/spi-builder-workspace/.derivedData/Build/Intermediates.noindex/DebugReflect.build/Debug-watchos/DebugReflect-t.build/Objects-normal/arm64_32/DebugReflect-OutputFileMap.json -save-temps -no-color-diagnostics -emit-dependencies -emit-module -emit-module-path /Users/admin/builder/spi-builder-workspace/.derivedData/Build/Intermediates.noindex/DebugReflect.build/Debug-watchos/DebugReflect-t.build/Objects-normal/arm64_32/DebugReflect.swiftmodule -serialize-diagnostics -validate-clang-modules-once -clang-build-session-file /Users/admin/builder/spi-builder-workspace/.derivedData/ModuleCache.noindex/Session.modulevalidation -Xcc -fmodules-prune-interval\=86400 -Xcc -fmodules-prune-after\=345600 -emit-const-values -const-gather-protocols-list /Users/admin/builder/spi-builder-workspace/.derivedData/Build/Intermediates.noindex/DebugReflect.build/Debug-watchos/DebugReflect-t.build/Objects-normal/arm64_32/DebugReflect_const_extract_protocols.json -Xcc -I/Users/admin/builder/spi-builder-workspace/.derivedData/Build/Products/Debug-watchos/include -Xcc -I/Users/admin/builder/spi-builder-workspace/.derivedData/Build/Intermediates.noindex/DebugReflect.build/Debug-watchos/DebugReflect-t.build/DerivedSources-normal/arm64_32 -Xcc -I/Users/admin/builder/spi-builder-workspace/.derivedData/Build/Intermediates.noindex/DebugReflect.build/Debug-watchos/DebugReflect-t.build/DerivedSources/arm64_32 -Xcc -I/Users/admin/builder/spi-builder-workspace/.derivedData/Build/Intermediates.noindex/DebugReflect.build/Debug-watchos/DebugReflect-t.build/DerivedSources -Xcc -DSWIFT_PACKAGE -Xcc -DDEBUG\=1 -emit-objc-header -emit-objc-header-path /Users/admin/builder/spi-builder-workspace/.derivedData/Build/Intermediates.noindex/DebugReflect.build/Debug-watchos/DebugReflect-t.build/Objects-normal/arm64_32/DebugReflect-Swift.h -working-directory /Users/admin/builder/spi-builder-workspace/.swiftpm/xcode -experimental-emit-module-separately -disable-cmo
SwiftDriver DebugReflect normal arm64 com.apple.xcode.tools.swift.compiler (in target 'DebugReflect' from project 'DebugReflect')
cd /Users/admin/builder/spi-builder-workspace/.swiftpm/xcode
builtin-SwiftDriver -- /Applications/Xcode-27.0.0-Release.Candidate.app/Contents/Developer/Toolchains/XcodeDefault.xctoolchain/usr/bin/swiftc -parse-as-library -module-name DebugReflect -Onone @/Users/admin/builder/spi-builder-workspace/.derivedData/Build/Intermediates.noindex/DebugReflect.build/Debug-watchos/DebugReflect-t.build/Objects-normal/arm64/DebugReflect.SwiftFileList -DSWIFT_PACKAGE -DDEBUG -DSWIFT_MODULE_RESOURCE_BUNDLE_UNAVAILABLE -DXcode -plugin-path /Applications/Xcode-27.0.0-Release.Candidate.app/Contents/Developer/Toolchains/XcodeDefault.xctoolchain/usr/lib/swift/host/plugins/testing -enable-experimental-feature DebugDescriptionMacro -sdk /Applications/Xcode-27.0.0-Release.Candidate.app/Contents/Developer/Platforms/WatchOS.platform/Developer/SDKs/WatchOS27.0.sdk -target arm64-apple-watchos9.0 -g -module-cache-path /Users/admin/builder/spi-builder-workspace/.derivedData/ModuleCache.noindex -Xfrontend -serialize-debugging-options -profile-coverage-mapping -profile-generate -enable-testing -suppress-warnings -index-store-path /Users/admin/builder/spi-builder-workspace/.derivedData/Index.noindex/DataStore -Xcc -D_LIBCPP_HARDENING_MODE\=_LIBCPP_HARDENING_MODE_DEBUG -swift-version 4 -I /Users/admin/builder/spi-builder-workspace/.derivedData/Build/Products/Debug-watchos -Isystem /Applications/Xcode-27.0.0-Release.Candidate.app/Contents/Developer/Platforms/WatchOS.platform/Developer/usr/lib -F /Users/admin/builder/spi-builder-workspace/.derivedData/Build/Products/Debug-watchos -F /Applications/Xcode-27.0.0-Release.Candidate.app/Contents/Developer/Platforms/WatchOS.platform/Developer/Library/Frameworks -F /Applications/Xcode-27.0.0-Release.Candidate.app/Contents/Developer/Platforms/WatchOS.platform/Developer/SDKs/WatchOS27.0.sdk/Developer/Library/Frameworks -c -j10 -enable-batch-mode -incremental -Xcc -ivfsstatcache -Xcc /Users/admin/builder/spi-builder-workspace/.derivedData/SDKStatCaches.noindex/watchos27.0-24R360-e829b21a6f8c9b70876ba0858053c04477534ef55a1706bf4c1112bbb242f0a2.sdkstatcache -output-file-map /Users/admin/builder/spi-builder-workspace/.derivedData/Build/Intermediates.noindex/DebugReflect.build/Debug-watchos/DebugReflect-t.build/Objects-normal/arm64/DebugReflect-OutputFileMap.json -save-temps -no-color-diagnostics -emit-dependencies -emit-module -emit-module-path /Users/admin/builder/spi-builder-workspace/.derivedData/Build/Intermediates.noindex/DebugReflect.build/Debug-watchos/DebugReflect-t.build/Objects-normal/arm64/DebugReflect.swiftmodule -serialize-diagnostics -validate-clang-modules-once -clang-build-session-file /Users/admin/builder/spi-builder-workspace/.derivedData/ModuleCache.noindex/Session.modulevalidation -Xcc -fmodules-prune-interval\=86400 -Xcc -fmodules-prune-after\=345600 -emit-const-values -const-gather-protocols-list /Users/admin/builder/spi-builder-workspace/.derivedData/Build/Intermediates.noindex/DebugReflect.build/Debug-watchos/DebugReflect-t.build/Objects-normal/arm64/DebugReflect_const_extract_protocols.json -Xcc -I/Users/admin/builder/spi-builder-workspace/.derivedData/Build/Products/Debug-watchos/include -Xcc -I/Users/admin/builder/spi-builder-workspace/.derivedData/Build/Intermediates.noindex/DebugReflect.build/Debug-watchos/DebugReflect-t.build/DerivedSources-normal/arm64 -Xcc -I/Users/admin/builder/spi-builder-workspace/.derivedData/Build/Intermediates.noindex/DebugReflect.build/Debug-watchos/DebugReflect-t.build/DerivedSources/arm64 -Xcc -I/Users/admin/builder/spi-builder-workspace/.derivedData/Build/Intermediates.noindex/DebugReflect.build/Debug-watchos/DebugReflect-t.build/DerivedSources -Xcc -DSWIFT_PACKAGE -Xcc -DDEBUG\=1 -emit-objc-header -emit-objc-header-path /Users/admin/builder/spi-builder-workspace/.derivedData/Build/Intermediates.noindex/DebugReflect.build/Debug-watchos/DebugReflect-t.build/Objects-normal/arm64/DebugReflect-Swift.h -working-directory /Users/admin/builder/spi-builder-workspace/.swiftpm/xcode -experimental-emit-module-separately -disable-cmo
SwiftCompile normal arm64 Compiling\ DebugReflectBuilder.swift /Users/admin/builder/spi-builder-workspace/.dependencies/checkouts/DebugReflect/Sources/DebugReflect/DebugReflectBuilder.swift (in target 'DebugReflect' from project 'DebugReflect')
SwiftCompile normal arm64 /Users/admin/builder/spi-builder-workspace/.dependencies/checkouts/DebugReflect/Sources/DebugReflect/DebugReflectBuilder.swift (in target 'DebugReflect' from project 'DebugReflect')
cd /Users/admin/builder/spi-builder-workspace/.swiftpm/xcode
builtin-SwiftPerFileCompile DebugReflectBuilder.swift
SwiftCompile normal arm64 Compiling\ IndentTextWriter.swift /Users/admin/builder/spi-builder-workspace/.dependencies/checkouts/DebugReflect/Sources/DebugReflect/IndentTextWriter.swift (in target 'DebugReflect' from project 'DebugReflect')
SwiftCompile normal arm64 /Users/admin/builder/spi-builder-workspace/.dependencies/checkouts/DebugReflect/Sources/DebugReflect/IndentTextWriter.swift (in target 'DebugReflect' from project 'DebugReflect')
cd /Users/admin/builder/spi-builder-workspace/.swiftpm/xcode
builtin-SwiftPerFileCompile IndentTextWriter.swift
SwiftCompile normal arm64 Compiling\ Util.swift /Users/admin/builder/spi-builder-workspace/.dependencies/checkouts/DebugReflect/Sources/DebugReflect/Util.swift (in target 'DebugReflect' from project 'DebugReflect')
SwiftCompile normal arm64 /Users/admin/builder/spi-builder-workspace/.dependencies/checkouts/DebugReflect/Sources/DebugReflect/Util.swift (in target 'DebugReflect' from project 'DebugReflect')
cd /Users/admin/builder/spi-builder-workspace/.swiftpm/xcode
builtin-SwiftPerFileCompile Util.swift
SwiftCompile normal arm64 Compiling\ DebugReflectWriter.swift /Users/admin/builder/spi-builder-workspace/.dependencies/checkouts/DebugReflect/Sources/DebugReflect/DebugReflectWriter.swift (in target 'DebugReflect' from project 'DebugReflect')
SwiftCompile normal arm64 /Users/admin/builder/spi-builder-workspace/.dependencies/checkouts/DebugReflect/Sources/DebugReflect/DebugReflectWriter.swift (in target 'DebugReflect' from project 'DebugReflect')
cd /Users/admin/builder/spi-builder-workspace/.swiftpm/xcode
builtin-SwiftPerFileCompile DebugReflectWriter.swift
SwiftEmitModule normal arm64 Emitting\ module\ for\ DebugReflect (in target 'DebugReflect' from project 'DebugReflect')
SwiftCompile normal arm64 (in target 'DebugReflect' from project 'DebugReflect')
cd /Users/admin/builder/spi-builder-workspace/.swiftpm/xcode
SwiftCompile normal arm64_32 Compiling\ IndentTextWriter.swift /Users/admin/builder/spi-builder-workspace/.dependencies/checkouts/DebugReflect/Sources/DebugReflect/IndentTextWriter.swift (in target 'DebugReflect' from project 'DebugReflect')
SwiftCompile normal arm64_32 /Users/admin/builder/spi-builder-workspace/.dependencies/checkouts/DebugReflect/Sources/DebugReflect/IndentTextWriter.swift (in target 'DebugReflect' from project 'DebugReflect')
cd /Users/admin/builder/spi-builder-workspace/.swiftpm/xcode
builtin-SwiftPerFileCompile IndentTextWriter.swift
SwiftCompile normal arm64_32 Compiling\ DebugReflectWriter.swift /Users/admin/builder/spi-builder-workspace/.dependencies/checkouts/DebugReflect/Sources/DebugReflect/DebugReflectWriter.swift (in target 'DebugReflect' from project 'DebugReflect')
SwiftCompile normal arm64_32 /Users/admin/builder/spi-builder-workspace/.dependencies/checkouts/DebugReflect/Sources/DebugReflect/DebugReflectWriter.swift (in target 'DebugReflect' from project 'DebugReflect')
cd /Users/admin/builder/spi-builder-workspace/.swiftpm/xcode
builtin-SwiftPerFileCompile DebugReflectWriter.swift
SwiftEmitModule normal arm64_32 Emitting\ module\ for\ DebugReflect (in target 'DebugReflect' from project 'DebugReflect')
SwiftCompile normal arm64_32 (in target 'DebugReflect' from project 'DebugReflect')
cd /Users/admin/builder/spi-builder-workspace/.swiftpm/xcode
SwiftCompile normal arm64_32 Compiling\ Util.swift /Users/admin/builder/spi-builder-workspace/.dependencies/checkouts/DebugReflect/Sources/DebugReflect/Util.swift (in target 'DebugReflect' from project 'DebugReflect')
SwiftCompile normal arm64_32 /Users/admin/builder/spi-builder-workspace/.dependencies/checkouts/DebugReflect/Sources/DebugReflect/Util.swift (in target 'DebugReflect' from project 'DebugReflect')
cd /Users/admin/builder/spi-builder-workspace/.swiftpm/xcode
builtin-SwiftPerFileCompile Util.swift
SwiftCompile normal arm64_32 Compiling\ DebugReflectBuilder.swift /Users/admin/builder/spi-builder-workspace/.dependencies/checkouts/DebugReflect/Sources/DebugReflect/DebugReflectBuilder.swift (in target 'DebugReflect' from project 'DebugReflect')
SwiftCompile normal arm64_32 /Users/admin/builder/spi-builder-workspace/.dependencies/checkouts/DebugReflect/Sources/DebugReflect/DebugReflectBuilder.swift (in target 'DebugReflect' from project 'DebugReflect')
cd /Users/admin/builder/spi-builder-workspace/.swiftpm/xcode
builtin-SwiftPerFileCompile DebugReflectBuilder.swift
SwiftEmitModule normal arm64 Emitting\ module\ for\ GLSceneLib (in target 'GLSceneLib' from project 'GLSceneLib')
/Users/admin/builder/spi-builder-workspace/Sources/GLSceneLib/Element/RenderSetting.swift:4:12: error: no such module 'OpenGL.GL3'
2 | import OpenGLES
3 | #else
4 | import OpenGL.GL3
| `- error: no such module 'OpenGL.GL3'
5 | #endif
6 |
Failed frontend command:
/Applications/Xcode-27.0.0-Release.Candidate.app/Contents/Developer/Toolchains/XcodeDefault.xctoolchain/usr/bin/swift-frontend -frontend -emit-module -experimental-skip-non-inlinable-function-bodies-without-types /Users/admin/builder/spi-builder-workspace/Sources/GLSceneLib/Base/Angle.swift /Users/admin/builder/spi-builder-workspace/Sources/GLSceneLib/Base/ArrayExtension.swift /Users/admin/builder/spi-builder-workspace/Sources/GLSceneLib/Base/Assert.swift /Users/admin/builder/spi-builder-workspace/Sources/GLSceneLib/Base/Box.swift /Users/admin/builder/spi-builder-workspace/Sources/GLSceneLib/Base/Cast.swift /Users/admin/builder/spi-builder-workspace/Sources/GLSceneLib/Base/Color.swift /Users/admin/builder/spi-builder-workspace/Sources/GLSceneLib/Base/FunctionalUtil.swift /Users/admin/builder/spi-builder-workspace/Sources/GLSceneLib/Base/GenericError.swift /Users/admin/builder/spi-builder-workspace/Sources/GLSceneLib/Base/Matrix4x4.swift /Users/admin/builder/spi-builder-workspace/Sources/GLSceneLib/Base/OpaqueColor.swift /Users/admin/builder/spi-builder-workspace/Sources/GLSceneLib/Base/OptionalExtension.swift /Users/admin/builder/spi-builder-workspace/Sources/GLSceneLib/Base/OptionalProtocol.swift /Users/admin/builder/spi-builder-workspace/Sources/GLSceneLib/Base/RangeExtension.swift /Users/admin/builder/spi-builder-workspace/Sources/GLSceneLib/Base/Size.swift /Users/admin/builder/spi-builder-workspace/Sources/GLSceneLib/Base/StringExtension.swift /Users/admin/builder/spi-builder-workspace/Sources/GLSceneLib/Base/Vector2.swift /Users/admin/builder/spi-builder-workspace/Sources/GLSceneLib/Base/Vector3.swift /Users/admin/builder/spi-builder-workspace/Sources/GLSceneLib/Base/Vector4.swift /Users/admin/builder/spi-builder-workspace/Sources/GLSceneLib/Base/WeakBox.swift /Users/admin/builder/spi-builder-workspace/Sources/GLSceneLib/Element/ExtrudeSolid.swift /Users/admin/builder/spi-builder-workspace/Sources/GLSceneLib/Element/LineCircleElement.swift /Users/admin/builder/spi-builder-workspace/Sources/GLSceneLib/Element/LineElement.swift /Users/admin/builder/spi-builder-workspace/Sources/GLSceneLib/Element/MeshElement.swift /Users/admin/builder/spi-builder-workspace/Sources/GLSceneLib/Element/RenderSetting.swift /Users/admin/builder/spi-builder-workspace/Sources/GLSceneLib/Element/SweepSurface.swift /Users/admin/builder/spi-builder-workspace/Sources/GLSceneLib/Element/SweepSurfaceShapes.swift /Users/admin/builder/spi-builder-workspace/Sources/GLSceneLib/Element/TextElement.swift /Users/admin/builder/spi-builder-workspace/Sources/GLSceneLib/Element/TextRenderer.swift /Users/admin/builder/spi-builder-workspace/Sources/GLSceneLib/Element/UILabelTextRenderer.swift /Users/admin/builder/spi-builder-workspace/Sources/GLSceneLib/GL/GLBuffer.swift /Users/admin/builder/spi-builder-workspace/Sources/GLSceneLib/GL/GLDataConvert.swift /Users/admin/builder/spi-builder-workspace/Sources/GLSceneLib/GL/GLDataType.swift /Users/admin/builder/spi-builder-workspace/Sources/GLSceneLib/GL/GLError.swift /Users/admin/builder/spi-builder-workspace/Sources/GLSceneLib/GL/GLExtension.swift /Users/admin/builder/spi-builder-workspace/Sources/GLSceneLib/GL/GLFunctions.swift /Users/admin/builder/spi-builder-workspace/Sources/GLSceneLib/GL/GLIDHolder.swift /Users/admin/builder/spi-builder-workspace/Sources/GLSceneLib/GL/GLShader.swift /Users/admin/builder/spi-builder-workspace/Sources/GLSceneLib/GL/GLVertexArray.swift /Users/admin/builder/spi-builder-workspace/Sources/GLSceneLib/Reactive/CompositeDisposer.swift /Users/admin/builder/spi-builder-workspace/Sources/GLSceneLib/Reactive/DisposeBag.swift /Users/admin/builder/spi-builder-workspace/Sources/GLSceneLib/Reactive/Disposer.swift /Users/admin/builder/spi-builder-workspace/Sources/GLSceneLib/Reactive/EventCombine.swift /Users/admin/builder/spi-builder-workspace/Sources/GLSceneLib/Reactive/EventEmitter.swift /Users/admin/builder/spi-builder-workspace/Sources/GLSceneLib/Reactive/EventFlatMap.swift /Users/admin/builder/spi-builder-workspace/Sources/GLSceneLib/Reactive/EventMap.swift /Users/admin/builder/spi-builder-workspace/Sources/GLSceneLib/Reactive/EventMerge.swift /Users/admin/builder/spi-builder-workspace/Sources/GLSceneLib/Reactive/EventSource.swift /Users/admin/builder/spi-builder-workspace/Sources/GLSceneLib/Reactive/Property.swift /Users/admin/builder/spi-builder-workspace/Sources/GLSceneLib/Reactive/WeakProperty.swift /Users/admin/builder/spi-builder-workspace/Sources/GLSceneLib/Scene/BasicTransformShaderProtocol.swift /Users/admin/builder/spi-builder-workspace/Sources/GLSceneLib/Scene/Camera.swift /Users/admin/builder/spi-builder-workspace/Sources/GLSceneLib/Scene/ColorLineCirclePrimitive.swift /Users/admin/builder/spi-builder-workspace/Sources/GLSceneLib/Scene/ColorLinePrimitive.swift /Users/admin/builder/spi-builder-workspace/Sources/GLSceneLib/Scene/ColorLineShader.swift /Users/admin/builder/spi-builder-workspace/Sources/GLSceneLib/Scene/ColorShader.swift /Users/admin/builder/spi-builder-workspace/Sources/GLSceneLib/Scene/DirectionalLight.swift /Users/admin/builder/spi-builder-workspace/Sources/GLSceneLib/Scene/Display.swift /Users/admin/builder/spi-builder-workspace/Sources/GLSceneLib/Scene/Light.swift /Users/admin/builder/spi-builder-workspace/Sources/GLSceneLib/Scene/PhongShader.swift /Users/admin/builder/spi-builder-workspace/Sources/GLSceneLib/Scene/Scene.swift /Users/admin/builder/spi-builder-workspace/Sources/GLSceneLib/Scene/SceneElement.swift /Users/admin/builder/spi-builder-workspace/Sources/GLSceneLib/Scene/SceneElementProtocol.swift /Users/admin/builder/spi-builder-workspace/Sources/GLSceneLib/Scene/SceneNode.swift /Users/admin/builder/spi-builder-workspace/Sources/GLSceneLib/Scene/SceneRenderer.swift /Users/admin/builder/spi-builder-workspace/Sources/GLSceneLib/Scene/ShaderPrimitive.swift /Users/admin/builder/spi-builder-workspace/Sources/GLSceneLib/Scene/ShaderProtocol.swift /Users/admin/builder/spi-builder-workspace/Sources/GLSceneLib/Scene/VertexAttribute.swift /Users/admin/builder/spi-builder-workspace/Sources/GLSceneLib/Scene/VertexAttributeDefinition.swift /Users/admin/builder/spi-builder-workspace/Sources/GLSceneLib/Scene/VertexSerializerProtocol.swift -target arm64-apple-watchos9.0 -Xllvm -aarch64-use-tbi -enable-objc-interop -stack-check -sdk /Applications/Xcode-27.0.0-Release.Candidate.app/Contents/Developer/Platforms/WatchOS.platform/Developer/SDKs/WatchOS27.0.sdk -I /Users/admin/builder/spi-builder-workspace/.derivedData/Build/Products/Debug-watchos -Isystem /Applications/Xcode-27.0.0-Release.Candidate.app/Contents/Developer/Platforms/WatchOS.platform/Developer/usr/lib -F /Users/admin/builder/spi-builder-workspace/.derivedData/Build/Products/Debug-watchos/PackageFrameworks -F /Users/admin/builder/spi-builder-workspace/.derivedData/Build/Products/Debug-watchos -F /Applications/Xcode-27.0.0-Release.Candidate.app/Contents/Developer/Platforms/WatchOS.platform/Developer/Library/Frameworks -F /Applications/Xcode-27.0.0-Release.Candidate.app/Contents/Developer/Platforms/WatchOS.platform/Developer/SDKs/WatchOS27.0.sdk/Developer/Library/Frameworks -module-cache-path /Users/admin/builder/spi-builder-workspace/.derivedData/ModuleCache.noindex -no-color-diagnostics -Xcc -fno-color-diagnostics -enable-testing -g -debug-info-format\=dwarf -dwarf-version\=4 -profile-generate -profile-coverage-mapping -swift-version 4 -Onone -D SWIFT_PACKAGE -D DEBUG -D SWIFT_MODULE_RESOURCE_BUNDLE_UNAVAILABLE -D Xcode -serialize-debugging-options -enable-experimental-feature DebugDescriptionMacro -empty-abi-descriptor -plugin-path /Applications/Xcode-27.0.0-Release.Candidate.app/Contents/Developer/Toolchains/XcodeDefault.xctoolchain/usr/lib/swift/host/plugins/testing -validate-clang-modules-once -clang-build-session-file /Users/admin/builder/spi-builder-workspace/.derivedData/ModuleCache.noindex/Session.modulevalidation -Xcc -working-directory -Xcc /Users/admin/builder/spi-builder-workspace/.swiftpm/xcode -enable-anonymous-context-mangled-names -file-compilation-dir /Users/admin/builder/spi-builder-workspace/.swiftpm/xcode -Xcc -D_LIBCPP_HARDENING_MODE\=_LIBCPP_HARDENING_MODE_DEBUG -Xcc -ivfsstatcache -Xcc /Users/admin/builder/spi-builder-workspace/.derivedData/SDKStatCaches.noindex/watchos27.0-24R360-e829b21a6f8c9b70876ba0858053c04477534ef55a1706bf4c1112bbb242f0a2.sdkstatcache -Xcc -fmodules-prune-interval\=86400 -Xcc -fmodules-prune-after\=345600 -Xcc -I/Users/admin/builder/spi-builder-workspace/.derivedData/Build/Products/Debug-watchos/include -Xcc -I/Users/admin/builder/spi-builder-workspace/.derivedData/Build/Intermediates.noindex/GLSceneLib.build/Debug-watchos/GLSceneLib-t.build/DerivedSources-normal/arm64 -Xcc -I/Users/admin/builder/spi-builder-workspace/.derivedData/Build/Intermediates.noindex/GLSceneLib.build/Debug-watchos/GLSceneLib-t.build/DerivedSources/arm64 -Xcc -I/Users/admin/builder/spi-builder-workspace/.derivedData/Build/Intermediates.noindex/GLSceneLib.build/Debug-watchos/GLSceneLib-t.build/DerivedSources -Xcc -DSWIFT_PACKAGE -Xcc -DDEBUG\=1 -no-auto-bridging-header-chaining -module-name GLSceneLib -const-gather-protocols-file /Users/admin/builder/spi-builder-workspace/.derivedData/Build/Intermediates.noindex/GLSceneLib.build/Debug-watchos/GLSceneLib-t.build/Objects-normal/arm64/GLSceneLib_const_extract_protocols.json -disable-clang-spi -target-sdk-version 27.0 -target-sdk-name watchos27.0 -external-plugin-path /Applications/Xcode-27.0.0-Release.Candidate.app/Contents/Developer/Platforms/WatchOS.platform/Developer/usr/lib/swift/host/plugins\#/Applications/Xcode-27.0.0-Release.Candidate.app/Contents/Developer/Platforms/WatchOS.platform/Developer/usr/bin/swift-plugin-server -external-plugin-path /Applications/Xcode-27.0.0-Release.Candidate.app/Contents/Developer/Platforms/WatchOS.platform/Developer/usr/local/lib/swift/host/plugins\#/Applications/Xcode-27.0.0-Release.Candidate.app/Contents/Developer/Platforms/WatchOS.platform/Developer/usr/bin/swift-plugin-server -in-process-plugin-server-path /Applications/Xcode-27.0.0-Release.Candidate.app/Contents/Developer/Toolchains/XcodeDefault.xctoolchain/usr/lib/swift/host/libSwiftInProcPluginServer.dylib -plugin-path /Applications/Xcode-27.0.0-Release.Candidate.app/Contents/Developer/Toolchains/XcodeDefault.xctoolchain/usr/lib/swift/host/plugins -plugin-path /Applications/Xcode-27.0.0-Release.Candidate.app/Contents/Developer/Toolchains/XcodeDefault.xctoolchain/usr/local/lib/swift/host/plugins -emit-module-doc-path /Users/admin/builder/spi-builder-workspace/.derivedData/Build/Intermediates.noindex/GLSceneLib.build/Debug-watchos/GLSceneLib-t.build/Objects-normal/arm64/GLSceneLib.swiftdoc -emit-module-source-info-path /Users/admin/builder/spi-builder-workspace/.derivedData/Build/Intermediates.noindex/GLSceneLib.build/Debug-watchos/GLSceneLib-t.build/Objects-normal/arm64/GLSceneLib.swiftsourceinfo -emit-objc-header-path /Users/admin/builder/spi-builder-workspace/.derivedData/Build/Intermediates.noindex/GLSceneLib.build/Debug-watchos/GLSceneLib-t.build/Objects-normal/arm64/GLSceneLib-Swift.h -serialize-diagnostics-path /Users/admin/builder/spi-builder-workspace/.derivedData/Build/Intermediates.noindex/GLSceneLib.build/Debug-watchos/GLSceneLib-t.build/Objects-normal/arm64/GLSceneLib-primary-emit-module.dia -emit-dependencies-path /Users/admin/builder/spi-builder-workspace/.derivedData/Build/Intermediates.noindex/GLSceneLib.build/Debug-watchos/GLSceneLib-t.build/Objects-normal/arm64/GLSceneLib-primary-emit-module.d -parse-as-library -o /Users/admin/builder/spi-builder-workspace/.derivedData/Build/Intermediates.noindex/GLSceneLib.build/Debug-watchos/GLSceneLib-t.build/Objects-normal/arm64/GLSceneLib.swiftmodule -emit-abi-descriptor-path /Users/admin/builder/spi-builder-workspace/.derivedData/Build/Intermediates.noindex/GLSceneLib.build/Debug-watchos/GLSceneLib-t.build/Objects-normal/arm64/GLSceneLib.abi.json
SwiftCompile normal arm64 (in target 'GLSceneLib' from project 'GLSceneLib')
cd /Users/admin/builder/spi-builder-workspace/.swiftpm/xcode
SwiftEmitModule normal arm64_32 Emitting\ module\ for\ GLSceneLib (in target 'GLSceneLib' from project 'GLSceneLib')
SwiftCompile normal arm64_32 (in target 'GLSceneLib' from project 'GLSceneLib')
cd /Users/admin/builder/spi-builder-workspace/.swiftpm/xcode
SwiftCompile normal arm64_32 Compiling\ LineElement.swift,\ MeshElement.swift,\ RenderSetting.swift,\ SweepSurface.swift,\ SweepSurfaceShapes.swift,\ TextElement.swift,\ TextRenderer.swift /Users/admin/builder/spi-builder-workspace/Sources/GLSceneLib/Element/LineElement.swift /Users/admin/builder/spi-builder-workspace/Sources/GLSceneLib/Element/MeshElement.swift /Users/admin/builder/spi-builder-workspace/Sources/GLSceneLib/Element/RenderSetting.swift /Users/admin/builder/spi-builder-workspace/Sources/GLSceneLib/Element/SweepSurface.swift /Users/admin/builder/spi-builder-workspace/Sources/GLSceneLib/Element/SweepSurfaceShapes.swift /Users/admin/builder/spi-builder-workspace/Sources/GLSceneLib/Element/TextElement.swift /Users/admin/builder/spi-builder-workspace/Sources/GLSceneLib/Element/TextRenderer.swift (in target 'GLSceneLib' from project 'GLSceneLib')
SwiftCompile normal arm64_32 /Users/admin/builder/spi-builder-workspace/Sources/GLSceneLib/Element/LineElement.swift (in target 'GLSceneLib' from project 'GLSceneLib')
cd /Users/admin/builder/spi-builder-workspace/.swiftpm/xcode
builtin-SwiftPerFileCompile LineElement.swift
SwiftCompile normal arm64_32 /Users/admin/builder/spi-builder-workspace/Sources/GLSceneLib/Element/MeshElement.swift (in target 'GLSceneLib' from project 'GLSceneLib')
cd /Users/admin/builder/spi-builder-workspace/.swiftpm/xcode
builtin-SwiftPerFileCompile MeshElement.swift
SwiftCompile normal arm64_32 /Users/admin/builder/spi-builder-workspace/Sources/GLSceneLib/Element/RenderSetting.swift (in target 'GLSceneLib' from project 'GLSceneLib')
cd /Users/admin/builder/spi-builder-workspace/.swiftpm/xcode
builtin-SwiftPerFileCompile RenderSetting.swift
SwiftCompile normal arm64_32 /Users/admin/builder/spi-builder-workspace/Sources/GLSceneLib/Element/SweepSurface.swift (in target 'GLSceneLib' from project 'GLSceneLib')
cd /Users/admin/builder/spi-builder-workspace/.swiftpm/xcode
builtin-SwiftPerFileCompile SweepSurface.swift
SwiftCompile normal arm64_32 /Users/admin/builder/spi-builder-workspace/Sources/GLSceneLib/Element/SweepSurfaceShapes.swift (in target 'GLSceneLib' from project 'GLSceneLib')
cd /Users/admin/builder/spi-builder-workspace/.swiftpm/xcode
builtin-SwiftPerFileCompile SweepSurfaceShapes.swift
SwiftCompile normal arm64_32 /Users/admin/builder/spi-builder-workspace/Sources/GLSceneLib/Element/TextElement.swift (in target 'GLSceneLib' from project 'GLSceneLib')
cd /Users/admin/builder/spi-builder-workspace/.swiftpm/xcode
builtin-SwiftPerFileCompile TextElement.swift
SwiftCompile normal arm64_32 /Users/admin/builder/spi-builder-workspace/Sources/GLSceneLib/Element/TextRenderer.swift (in target 'GLSceneLib' from project 'GLSceneLib')
cd /Users/admin/builder/spi-builder-workspace/.swiftpm/xcode
builtin-SwiftPerFileCompile TextRenderer.swift
PruneExplicitPrecompiledModules /Users/admin/builder/spi-builder-workspace/.derivedData/Build/Intermediates.noindex/ExplicitPrecompiledModules
PruneExplicitPrecompiledModules /Users/admin/builder/spi-builder-workspace/.derivedData/Build/Intermediates.noindex/SwiftExplicitPrecompiledModules
PruneExplicitPrecompiledModules /Users/admin/builder/spi-builder-workspace/.derivedData/SDKExplicitPrecompiledModules
2026-09-15 14:45:12.558 xcodebuild[734:4733] [MT] IDERunDestination: Supported platforms for the buildables in the current scheme is empty.
** BUILD FAILED **
The following build commands failed:
SwiftEmitModule normal arm64 Emitting\ module\ for\ GLSceneLib (in target 'GLSceneLib' from project 'GLSceneLib')
SwiftCompile normal arm64 (in target 'GLSceneLib' from project 'GLSceneLib')
Building workspace GLSceneLib with scheme GLSceneLib
(3 failures)
BUILD FAILURE 6.4 watchOS