Build Information
Failed to build SwiftShell, reference master (5b2207), with Swift 6.4 for macOS (Xcode) using Xcode 27.0 on 24 Sep 2026 13:31:26 UTC.
Build Command
env DEVELOPER_DIR=/Applications/Xcode-27.0.0-Release.Candidate.app xcrun xcodebuild -IDEClonedSourcePackagesDirPathOverride=$PWD/.dependencies -skipMacroValidation -skipPackagePluginValidation -derivedDataPath $PWD/.derivedData build -scheme SwiftShell -destination platform=macOS,arch=arm64Build Log
========================================
RunAll
========================================
Builder version: 5.1.0
Interrupt handler set up.
========================================
Checkout
========================================
Clone URL: https://github.com/kareman/SwiftShell.git
Reference: master
Initialized empty Git repository in /Users/admin/builder/spi-builder-workspace/.git/
From https://github.com/kareman/SwiftShell
* branch master -> FETCH_HEAD
* [new branch] master -> origin/master
HEAD is now at 5b2207c Release 5.1.1 (#111)
Cloned https://github.com/kareman/SwiftShell.git
Revision (git rev-parse @):
5b2207cd7177567e4efd9366d554c384037ef42f
SUCCESS checkout https://github.com/kareman/SwiftShell.git at master
========================================
Build
========================================
Selected platform: macosXcodebuild
Swift version: 6.4
Building package at path: $PWD
https://github.com/kareman/SwiftShell.git
Command line invocation:
/Applications/Xcode-27.0.0-Release.Candidate.app/Contents/Developer/usr/bin/xcodebuild -IDEClonedSourcePackagesDirPathOverride=/Users/admin/builder/spi-builder-workspace/.dependencies -resolvePackageDependencies
resolved source packages:
{
"dependencies" : [
],
"manifest_display_name" : "SwiftShell",
"name" : "SwiftShell",
"path" : "/Users/admin/builder/spi-builder-workspace",
"platforms" : [
{
"name" : "macos",
"version" : "10.13"
}
],
"products" : [
{
"name" : "SwiftShell",
"targets" : [
"SwiftShell"
],
"type" : {
"library" : [
"automatic"
]
}
}
],
"swift_languages_versions" : [
"4.2",
"5"
],
"targets" : [
{
"c99name" : "SwiftShellTests",
"module_type" : "SwiftTarget",
"name" : "SwiftShellTests",
"path" : "Tests/SwiftShellTests",
"sources" : [
"Command_Tests.swift",
"Context_Tests.swift",
"Files_Tests.swift",
"String_Tests.swift"
],
"target_dependencies" : [
"SwiftShell"
],
"type" : "test"
},
{
"c99name" : "SwiftShell",
"module_type" : "SwiftTarget",
"name" : "SwiftShell",
"path" : "Sources/SwiftShell",
"product_memberships" : [
"SwiftShell"
],
"sources" : [
"Bash.swift",
"Command.swift",
"Context.swift",
"Files.swift",
"General/Array.swift",
"Process.swift",
"Stream/Lazy-split.swift",
"Stream/Stream.swift",
"String.swift"
],
"type" : "library"
},
{
"c99name" : "StreamTests",
"module_type" : "SwiftTarget",
"name" : "StreamTests",
"path" : "Tests/StreamTests",
"sources" : [
"Collection_Tests.swift",
"FileHandle_Tests.swift",
"Stream_Tests.swift"
],
"target_dependencies" : [
"SwiftShell"
],
"type" : "test"
},
{
"c99name" : "GeneralTests",
"module_type" : "SwiftTarget",
"name" : "GeneralTests",
"path" : "Tests/GeneralTests",
"sources" : [
"Array_Tests.swift"
],
"target_dependencies" : [
"SwiftShell"
],
"type" : "test"
}
],
"tools_version" : "5.0"
}
{
"project" : {
"configurations" : [
"Debug",
"Release"
],
"name" : "SwiftShell",
"schemes" : [
"SwiftShell"
],
"targets" : [
"SwiftShell",
"GeneralTests",
"StreamTests",
"SwiftShellTests"
]
}
}
Running build ...
env DEVELOPER_DIR=/Applications/Xcode-27.0.0-Release.Candidate.app xcrun xcodebuild -IDEClonedSourcePackagesDirPathOverride=$PWD/.dependencies -skipMacroValidation -skipPackagePluginValidation -derivedDataPath $PWD/.derivedData build -scheme SwiftShell -destination platform=macOS,arch=arm64
Command line invocation:
/Applications/Xcode-27.0.0-Release.Candidate.app/Contents/Developer/usr/bin/xcodebuild -IDEClonedSourcePackagesDirPathOverride=/Users/admin/builder/spi-builder-workspace/.dependencies -skipMacroValidation -skipPackagePluginValidation -derivedDataPath /Users/admin/builder/spi-builder-workspace/.derivedData build -scheme SwiftShell -destination platform=macOS,arch=arm64
ComputePackagePrebuildTargetDependencyGraph
Prepare packages
CreateBuildRequest
SendProjectDescription
CreateBuildOperation
ComputeTargetDependencyGraph
note: Building targets in dependency order
note: Target dependency graph (1 target)
Target 'SwiftShell' in project 'SwiftShell' (no dependencies)
GatherProvisioningInputs
CreateBuildDescription
ExecuteExternalTool /Applications/Xcode-27.0.0-Release.Candidate.app/Contents/Developer/Toolchains/XcodeDefault.xctoolchain/usr/bin/clang -v -E -dM -isysroot /Applications/Xcode-27.0.0-Release.Candidate.app/Contents/Developer/Platforms/MacOSX.platform/Developer/SDKs/MacOSX27.0.sdk -x c -c /dev/null
ExecuteExternalTool /Applications/Xcode-27.0.0-Release.Candidate.app/Contents/Developer/Toolchains/XcodeDefault.xctoolchain/usr/bin/swiftc --version
ExecuteExternalTool /Applications/Xcode-27.0.0-Release.Candidate.app/Contents/Developer/Toolchains/XcodeDefault.xctoolchain/usr/bin/ld -version_details
Build description signature: add26bb4d65c0a43f09e29d2dc19d8db
Build description path: /Users/admin/builder/spi-builder-workspace/.derivedData/Build/Intermediates.noindex/XCBuildData/add26bb4d65c0a43f09e29d2dc19d8db.xcbuilddata
/Users/admin/builder/spi-builder-workspace/SwiftShell.xcodeproj: error: The macOS deployment target 'MACOSX_DEPLOYMENT_TARGET' is set to 10.11, but the range of supported deployment target versions is 12.0 to 27.0.x. (in target 'SwiftShell' from project 'SwiftShell')
** BUILD FAILED **
The following build commands failed:
Building project SwiftShell with scheme SwiftShell
(1 failure)
Command line invocation:
/Applications/Xcode-27.0.0-Release.Candidate.app/Contents/Developer/usr/bin/xcodebuild -IDEClonedSourcePackagesDirPathOverride=/Users/admin/builder/spi-builder-workspace/.dependencies -resolvePackageDependencies
resolved source packages:
{
"dependencies" : [
],
"manifest_display_name" : "SwiftShell",
"name" : "SwiftShell",
"path" : "/Users/admin/builder/spi-builder-workspace",
"platforms" : [
{
"name" : "macos",
"version" : "10.13"
}
],
"products" : [
{
"name" : "SwiftShell",
"targets" : [
"SwiftShell"
],
"type" : {
"library" : [
"automatic"
]
}
}
],
"swift_languages_versions" : [
"4.2",
"5"
],
"targets" : [
{
"c99name" : "SwiftShellTests",
"module_type" : "SwiftTarget",
"name" : "SwiftShellTests",
"path" : "Tests/SwiftShellTests",
"sources" : [
"Command_Tests.swift",
"Context_Tests.swift",
"Files_Tests.swift",
"String_Tests.swift"
],
"target_dependencies" : [
"SwiftShell"
],
"type" : "test"
},
{
"c99name" : "SwiftShell",
"module_type" : "SwiftTarget",
"name" : "SwiftShell",
"path" : "Sources/SwiftShell",
"product_memberships" : [
"SwiftShell"
],
"sources" : [
"Bash.swift",
"Command.swift",
"Context.swift",
"Files.swift",
"General/Array.swift",
"Process.swift",
"Stream/Lazy-split.swift",
"Stream/Stream.swift",
"String.swift"
],
"type" : "library"
},
{
"c99name" : "StreamTests",
"module_type" : "SwiftTarget",
"name" : "StreamTests",
"path" : "Tests/StreamTests",
"sources" : [
"Collection_Tests.swift",
"FileHandle_Tests.swift",
"Stream_Tests.swift"
],
"target_dependencies" : [
"SwiftShell"
],
"type" : "test"
},
{
"c99name" : "GeneralTests",
"module_type" : "SwiftTarget",
"name" : "GeneralTests",
"path" : "Tests/GeneralTests",
"sources" : [
"Array_Tests.swift"
],
"target_dependencies" : [
"SwiftShell"
],
"type" : "test"
}
],
"tools_version" : "5.0"
}
{
"project" : {
"configurations" : [
"Debug",
"Release"
],
"name" : "SwiftShell",
"schemes" : [
"SwiftShell"
],
"targets" : [
"SwiftShell",
"GeneralTests",
"StreamTests",
"SwiftShellTests"
]
}
}
Running build ...
env DEVELOPER_DIR=/Applications/Xcode-27.0.0-Release.Candidate.app xcrun xcodebuild -IDEClonedSourcePackagesDirPathOverride=$PWD/.dependencies -skipMacroValidation -skipPackagePluginValidation -derivedDataPath $PWD/.derivedData build -scheme SwiftShell -destination platform=macOS,arch=arm64
Command line invocation:
/Applications/Xcode-27.0.0-Release.Candidate.app/Contents/Developer/usr/bin/xcodebuild -IDEClonedSourcePackagesDirPathOverride=/Users/admin/builder/spi-builder-workspace/.dependencies -skipMacroValidation -skipPackagePluginValidation -derivedDataPath /Users/admin/builder/spi-builder-workspace/.derivedData build -scheme SwiftShell -destination platform=macOS,arch=arm64
ComputePackagePrebuildTargetDependencyGraph
Prepare packages
CreateBuildRequest
SendProjectDescription
CreateBuildOperation
ComputeTargetDependencyGraph
note: Building targets in dependency order
note: Target dependency graph (1 target)
Target 'SwiftShell' in project 'SwiftShell' (no dependencies)
GatherProvisioningInputs
CreateBuildDescription
/Users/admin/builder/spi-builder-workspace/SwiftShell.xcodeproj: error: The macOS deployment target 'MACOSX_DEPLOYMENT_TARGET' is set to 10.11, but the range of supported deployment target versions is 12.0 to 27.0.x. (in target 'SwiftShell' from project 'SwiftShell')
** BUILD FAILED **
The following build commands failed:
Building project SwiftShell with scheme SwiftShell
(1 failure)
BUILD FAILURE 6.4 macosXcodebuild