The Swift Package Index logo.Swift Package Index

Build Information

Failed to build SentryCocoaLumberjack, reference 9.31.0 (659931), with Swift 6.1 for Wasm on 24 Oct 2026 19:07:31 UTC.

Build Command

bash -c docker run --pull=always --rm -v "checkouts-54344845-0":/host -w "$PWD" -e JAVA_HOME="/root/.sdkman/candidates/java/current" -e SPI_BUILD="1" -e SPI_PROCESSING="1" registry.gitlab.com/saguaro1/spi-images:wasm-6.1-latest swift build --swift-sdk wasm32-unknown-wasi 2>&1

Build Log

========================================
RunAll
========================================
Builder version: 5.1.3
Interrupt handler set up.
========================================
Checkout
========================================
Clone URL: https://github.com/getsentry/sentry-apple-cocoalumberjack.git
Reference: 9.31.0
Initialized empty Git repository in /host/spi-builder-workspace/.git/
hint: Using 'master' as the name for the initial branch. This default branch name
hint: is subject to change. To configure the initial branch name to use in all
hint: of your new repositories, which will suppress this warning, call:
hint:
hint: 	git config --global init.defaultBranch <name>
hint:
hint: Names commonly chosen instead of 'master' are 'main', 'trunk' and
hint: 'development'. The just-created branch can be renamed via this command:
hint:
hint: 	git branch -m <name>
From https://github.com/getsentry/sentry-apple-cocoalumberjack
 * tag               9.31.0     -> FETCH_HEAD
HEAD is now at 6599311 release: 9.31.0
Cloned https://github.com/getsentry/sentry-apple-cocoalumberjack.git
Revision (git rev-parse @):
6599311092f8adf05f2fd90a5f86162ae202f143
SPI manifest file found: $PWD/.spi.yml
SUCCESS checkout https://github.com/getsentry/sentry-apple-cocoalumberjack.git at 9.31.0
========================================
Build
========================================
Selected platform:         wasm
Swift version:             6.1
Building package at path:  $PWD
https://github.com/getsentry/sentry-apple-cocoalumberjack.git
https://github.com/getsentry/sentry-apple-cocoalumberjack.git
WARNING: environment variable SUPPRESS_SWIFT_6_FLAGS is not set
Running build ...
bash -c docker run --pull=always --rm -v "checkouts-54344845-0":/host -w "$PWD" -e JAVA_HOME="/root/.sdkman/candidates/java/current" -e SPI_BUILD="1" -e SPI_PROCESSING="1" registry.gitlab.com/saguaro1/spi-images:wasm-6.1-latest swift build --swift-sdk wasm32-unknown-wasi -Xswiftc -Xfrontend -Xswiftc -stats-output-dir -Xswiftc -Xfrontend -Xswiftc .stats -Xswiftc -strict-concurrency=complete -Xswiftc -enable-upcoming-feature -Xswiftc StrictConcurrency -Xswiftc -enable-upcoming-feature -Xswiftc DisableOutwardActorInference -Xswiftc -enable-upcoming-feature -Xswiftc GlobalActorIsolatedTypesUsability -Xswiftc -enable-upcoming-feature -Xswiftc InferSendableFromCaptures 2>&1
wasm-6.1-latest: Pulling from saguaro1/spi-images
Digest: sha256:f257c9b8465670613eb336f6def351d681b1d395aebdb231a45bac980c1f9d3c
Status: Image is up to date for registry.gitlab.com/saguaro1/spi-images:wasm-6.1-latest
Fetching https://github.com/CocoaLumberjack/CocoaLumberjack
Fetching https://github.com/getsentry/sentry-cocoa
[1/19155] Fetching cocoalumberjack
[19156/291499] Fetching cocoalumberjack, sentry-cocoa
Fetched https://github.com/CocoaLumberjack/CocoaLumberjack from cache (8.80s)
Fetched https://github.com/getsentry/sentry-cocoa from cache (8.87s)
Computing version for https://github.com/getsentry/sentry-cocoa
Computed https://github.com/getsentry/sentry-cocoa at 9.31.0 (25.49s)
Computing version for https://github.com/CocoaLumberjack/CocoaLumberjack
Computed https://github.com/CocoaLumberjack/CocoaLumberjack at 3.10.0 (0.23s)
Fetching https://github.com/apple/swift-log
[1/8373] Fetching swift-log
Fetched https://github.com/apple/swift-log from cache (0.51s)
Computing version for https://github.com/apple/swift-log
Computed https://github.com/apple/swift-log at 1.15.1 (0.23s)
Creating working copy for https://github.com/getsentry/sentry-cocoa
Working copy of https://github.com/getsentry/sentry-cocoa resolved at 9.31.0
Creating working copy for https://github.com/apple/swift-log
Working copy of https://github.com/apple/swift-log resolved at 1.15.1
Creating working copy for https://github.com/CocoaLumberjack/CocoaLumberjack
Working copy of https://github.com/CocoaLumberjack/CocoaLumberjack resolved at 3.10.0
Downloading binary artifact https://github.com/getsentry/sentry-cocoa/releases/download/9.31.0/Sentry.xcframework.zip
Downloading binary artifact https://github.com/getsentry/sentry-cocoa/releases/download/9.31.0/Sentry-Dynamic-WithARM64e.xcframework.zip
Downloading binary artifact https://github.com/getsentry/sentry-cocoa/releases/download/9.31.0/Sentry-Dynamic.xcframework.zip
Downloading binary artifact https://github.com/getsentry/sentry-cocoa/releases/download/9.31.0/SentryObjC-Dynamic.xcframework.zip
Downloading binary artifact https://github.com/getsentry/sentry-cocoa/releases/download/9.31.0/Sentry-WithoutUIKitOrAppKit.xcframework.zip
Downloading binary artifact https://github.com/getsentry/sentry-cocoa/releases/download/9.31.0/Sentry-WithoutUIKitOrAppKit-WithARM64e.xcframework.zip
Downloading binary artifact https://github.com/getsentry/sentry-cocoa/releases/download/9.31.0/SentryObjC-Static.xcframework.zip
[16375/166581306] Downloading https://github.com/getsentry/sentry-cocoa/releases/download/9.31.0/Sentry-Dynamic.xcframework.zip
[147447/295153395] Downloading https://github.com/getsentry/sentry-cocoa/releases/download/9.31.0/Sentry-Dynamic.xcframework.zip, https://github.com/getsentry/sentry-cocoa/releases/download/9.31.0/Sentry-WithoutUIKitOrAppKit.xcframework.zip
[539801/479396225] Downloading https://github.com/getsentry/sentry-cocoa/releases/download/9.31.0/Sentry-Dynamic.xcframework.zip, https://github.com/getsentry/sentry-cocoa/releases/download/9.31.0/Sentry-WithoutUIKitOrAppKit.xcframework.zip, https://github.com/getsentry/sentry-cocoa/releases/download/9.31.0/Sentry-Dynamic-WithARM64e.xcframework.zip
[8113327/590101784] Downloading https://github.com/getsentry/sentry-cocoa/releases/download/9.31.0/Sentry-Dynamic.xcframework.zip, https://github.com/getsentry/sentry-cocoa/releases/download/9.31.0/Sentry-WithoutUIKitOrAppKit.xcframework.zip, https://github.com/getsentry/sentry-cocoa/releases/download/9.31.0/Sentry-Dynamic-WithARM64e.xcframework.zip, https://github.com/getsentry/sentry-cocoa/releases/download/9.31.0/SentryObjC-Dynamic.xcframework.zip
[12216201/631389476] Downloading https://github.com/getsentry/sentry-cocoa/releases/download/9.31.0/Sentry-Dynamic.xcframework.zip, https://github.com/getsentry/sentry-cocoa/releases/download/9.31.0/Sentry-WithoutUIKitOrAppKit.xcframework.zip, https://github.com/getsentry/sentry-cocoa/releases/download/9.31.0/Sentry-Dynamic-WithARM64e.xcframework.zip, https://github.com/getsentry/sentry-cocoa/releases/download/9.31.0/SentryObjC-Dynamic.xcframework.zip, https://github.com/getsentry/sentry-cocoa/releases/download/9.31.0/SentryObjC-Static.xcframework.zip
[30226902/711915737] Downloading https://github.com/getsentry/sentry-cocoa/releases/download/9.31.0/Sentry-Dynamic.xcframework.zip, https://github.com/getsentry/sentry-cocoa/releases/download/9.31.0/Sentry-WithoutUIKitOrAppKit.xcframework.zip, https://github.com/getsentry/sentry-cocoa/releases/download/9.31.0/Sentry-Dynamic-WithARM64e.xcframework.zip, https://github.com/getsentry/sentry-cocoa/releases/download/9.31.0/SentryObjC-Dynamic.xcframework.zip, https://github.com/getsentry/sentry-cocoa/releases/download/9.31.0/SentryObjC-Static.xcframework.zip, https://github.com/getsentry/sentry-cocoa/releases/download/9.31.0/Sentry.xcframework.zip
[58781693/854228681] Downloading https://github.com/getsentry/sentry-cocoa/releases/download/9.31.0/Sentry-Dynamic.xcframework.zip, https://github.com/getsentry/sentry-cocoa/releases/download/9.31.0/Sentry-WithoutUIKitOrAppKit.xcframework.zip, https://github.com/getsentry/sentry-cocoa/releases/download/9.31.0/Sentry-Dynamic-WithARM64e.xcframework.zip, https://github.com/getsentry/sentry-cocoa/releases/download/9.31.0/SentryObjC-Dynamic.xcframework.zip, https://github.com/getsentry/sentry-cocoa/releases/download/9.31.0/SentryObjC-Static.xcframework.zip, https://github.com/getsentry/sentry-cocoa/releases/download/9.31.0/Sentry.xcframework.zip, https://github.com/getsentry/sentry-cocoa/releases/download/9.31.0/Sentry-WithoutUIKitOrAppKit-WithARM64e.xcframework.zip
Downloaded https://github.com/getsentry/sentry-cocoa/releases/download/9.31.0/SentryObjC-Static.xcframework.zip (3.83s)
Downloaded https://github.com/getsentry/sentry-cocoa/releases/download/9.31.0/Sentry.xcframework.zip (6.15s)
Downloaded https://github.com/getsentry/sentry-cocoa/releases/download/9.31.0/SentryObjC-Dynamic.xcframework.zip (11.93s)
Downloaded https://github.com/getsentry/sentry-cocoa/releases/download/9.31.0/Sentry-WithoutUIKitOrAppKit.xcframework.zip (18.89s)
Downloaded https://github.com/getsentry/sentry-cocoa/releases/download/9.31.0/Sentry-WithoutUIKitOrAppKit-WithARM64e.xcframework.zip (25.17s)
Downloaded https://github.com/getsentry/sentry-cocoa/releases/download/9.31.0/Sentry-Dynamic.xcframework.zip (27.51s)
Downloaded https://github.com/getsentry/sentry-cocoa/releases/download/9.31.0/Sentry-Dynamic-WithARM64e.xcframework.zip (29.62s)
Building for debugging...
[0/21] Write sources
[3/21] Copying PrivacyInfo.xcprivacy
In file included from <built-in>:1:
/host/spi-builder-workspace/.build/wasm32-unknown-wasi/debug/CocoaLumberjack.build/DerivedSources/resource_bundle_accessor.h:2:9: fatal error: 'Foundation/Foundation.h' file not found
    2 | #import <Foundation/Foundation.h>
      |         ^~~~~~~~~~~~~~~~~~~~~~~~~
1 error generated.
[4/21] Compiling DDContextFilterLogFormatter+Deprecated.m
In file included from <built-in>:1:
/host/spi-builder-workspace/.build/wasm32-unknown-wasi/debug/CocoaLumberjack.build/DerivedSources/resource_bundle_accessor.h:2:9: fatal error: 'Foundation/Foundation.h' file not found
    2 | #import <Foundation/Foundation.h>
      |         ^~~~~~~~~~~~~~~~~~~~~~~~~
[4/21] Compiling DDDispatchQueueLogFormatter.m
In file included from <built-in>:1:
/host/spi-builder-workspace/.build/wasm32-unknown-wasi/debug/CocoaLumberjack.build/DerivedSources/resource_bundle_accessor.h:2:9: fatal error: 'Foundation/Foundation.h' file not found
    2 | #import <Foundation/Foundation.h>
      |         ^~~~~~~~~~~~~~~~~~~~~~~~~
[4/21] Compiling CocoaLumberjack DDTTYLogger.m
In file included from <built-in>:1:
/host/spi-builder-workspace/.build/wasm32-unknown-wasi/debug/CocoaLumberjack.build/DerivedSources/resource_bundle_accessor.h:2:9: fatal error: 'Foundation/Foundation.h' file not found
    2 | #import <Foundation/Foundation.h>
      |         ^~~~~~~~~~~~~~~~~~~~~~~~~
[4/21] Compiling DDFileLogger+Buffering.m
In file included from <built-in>:1:
/host/spi-builder-workspace/.build/wasm32-unknown-wasi/debug/CocoaLumberjack.build/DerivedSources/resource_bundle_accessor.h:2:9: fatal error: 'Foundation/Foundation.h' file not found
    2 | #import <Foundation/Foundation.h>
      |         ^~~~~~~~~~~~~~~~~~~~~~~~~
[4/21] Compiling DDMultiFormatter.m
In file included from <built-in>:1:
/host/spi-builder-workspace/.build/wasm32-unknown-wasi/debug/CocoaLumberjack.build/DerivedSources/resource_bundle_accessor.h:2:9: fatal error: 'Foundation/Foundation.h' file not found
    2 | #import <Foundation/Foundation.h>
      |         ^~~~~~~~~~~~~~~~~~~~~~~~~
[4/21] Compiling DDContextFilterLogFormatter.m
[4/21] Write swift-version-24593BA9C3E375BF.txt
[4/21] Compiling CocoaLumberjackSwiftSupport empty.c
Running build ...
bash -c docker run --pull=always --rm -v "checkouts-54344845-0":/host -w "$PWD" -e JAVA_HOME="/root/.sdkman/candidates/java/current" -e SPI_BUILD="1" -e SPI_PROCESSING="1" registry.gitlab.com/saguaro1/spi-images:wasm-6.1-latest swift build --swift-sdk wasm32-unknown-wasi 2>&1
wasm-6.1-latest: Pulling from saguaro1/spi-images
Digest: sha256:f257c9b8465670613eb336f6def351d681b1d395aebdb231a45bac980c1f9d3c
Status: Image is up to date for registry.gitlab.com/saguaro1/spi-images:wasm-6.1-latest
[0/1] Planning build
Building for debugging...
In file included from <built-in>:1:
/host/spi-builder-workspace/.build/wasm32-unknown-wasi/debug/CocoaLumberjack.build/DerivedSources/resource_bundle_accessor.h:2:9: fatal error: 'Foundation/Foundation.h' file not found
    2 | #import <Foundation/Foundation.h>
      |         ^~~~~~~~~~~~~~~~~~~~~~~~~
1 error generated.
[0/17] Compiling CocoaLumberjack resource_bundle_accessor.m
[0/17] Compiling CocoaLumberjackSwiftSupport empty.c
In file included from <built-in>:1:
/host/spi-builder-workspace/.build/wasm32-unknown-wasi/debug/CocoaLumberjack.build/DerivedSources/resource_bundle_accessor.h:2:9: fatal error: 'Foundation/Foundation.h' file not found
    2 | #import <Foundation/Foundation.h>
      |         ^~~~~~~~~~~~~~~~~~~~~~~~~
1 error generated.
[0/17] Compiling DDContextFilterLogFormatter.m
In file included from <built-in>:1:
/host/spi-builder-workspace/.build/wasm32-unknown-wasi/debug/CocoaLumberjack.build/DerivedSources/resource_bundle_accessor.h:2:9: fatal error: 'Foundation/Foundation.h' file not found
    2 | #import <Foundation/Foundation.h>
      |         ^~~~~~~~~~~~~~~~~~~~~~~~~
1 error generated.
[0/17] Compiling DDMultiFormatter.m
In file included from <built-in>:1:
/host/spi-builder-workspace/.build/wasm32-unknown-wasi/debug/CocoaLumberjack.build/DerivedSources/resource_bundle_accessor.h:2:9: fatal error: 'Foundation/Foundation.h' file not found
    2 | #import <Foundation/Foundation.h>
      |         ^~~~~~~~~~~~~~~~~~~~~~~~~
[0/17] Compiling DDFileLogger+Buffering.m
In file included from <built-in>:1:
/host/spi-builder-workspace/.build/wasm32-unknown-wasi/debug/CocoaLumberjack.build/DerivedSources/resource_bundle_accessor.h:2:9: fatal error: 'Foundation/Foundation.h' file not found
    2 | #import <Foundation/Foundation.h>
      |         ^~~~~~~~~~~~~~~~~~~~~~~~~
1 error generated.
[0/17] Compiling DDContextFilterLogFormatter+Deprecated.m
In file included from <built-in>:1:
/host/spi-builder-workspace/.build/wasm32-unknown-wasi/debug/CocoaLumberjack.build/DerivedSources/resource_bundle_accessor.h:2:9: fatal error: 'Foundation/Foundation.h' file not found
    2 | #import <Foundation/Foundation.h>
      |         ^~~~~~~~~~~~~~~~~~~~~~~~~
[0/17] Compiling DDDispatchQueueLogFormatter.m
[0/17] Write swift-version-24593BA9C3E375BF.txt
BUILD FAILURE 6.1 wasm