The Swift Package Index logo.Swift Package Index

Build Information

Failed to build FSEventsWrapper, reference main (e7d663), with Swift 6.4 for watchOS using Xcode 27.0 on 19 Sep 2026 09:40:34 UTC.

Build Command

env DEVELOPER_DIR=/Applications/Xcode-27.0.0-Release.Candidate.app xcrun xcodebuild -IDEClonedSourcePackagesDirPathOverride=$PWD/.dependencies -skipMacroValidation -skipPackagePluginValidation -derivedDataPath $PWD/.derivedData build -scheme FSEventsWrapper -destination generic/platform=watchOS

Build Log

Copy /Users/admin/builder/spi-builder-workspace/.derivedData/Build/Intermediates.noindex/GeneratedModuleMaps-watchos/FSEventsWrapper.modulemap /Users/admin/builder/spi-builder-workspace/.derivedData/Build/Intermediates.noindex/FSEventsWrapper.build/Debug-watchos/FSEventsWrapper-t.build/FSEventsWrapper.modulemap (in target 'FSEventsWrapper' from project 'FSEventsWrapper')
    cd /Users/admin/builder/spi-builder-workspace
    builtin-copy -exclude .DS_Store -exclude CVS -exclude .svn -exclude .git -exclude .hg -resolve-src-symlinks /Users/admin/builder/spi-builder-workspace/.derivedData/Build/Intermediates.noindex/FSEventsWrapper.build/Debug-watchos/FSEventsWrapper-t.build/FSEventsWrapper.modulemap /Users/admin/builder/spi-builder-workspace/.derivedData/Build/Intermediates.noindex/GeneratedModuleMaps-watchos
SwiftDriver FSEventsWrapper normal arm64_32 com.apple.xcode.tools.swift.compiler (in target 'FSEventsWrapper' from project 'FSEventsWrapper')
    cd /Users/admin/builder/spi-builder-workspace/.swiftpm/xcode
    builtin-SwiftDriver -- /Applications/Xcode-27.0.0-Release.Candidate.app/Contents/Developer/Toolchains/XcodeDefault.xctoolchain/usr/bin/swiftc -parse-as-library -module-name FSEventsWrapper -Onone @/Users/admin/builder/spi-builder-workspace/.derivedData/Build/Intermediates.noindex/FSEventsWrapper.build/Debug-watchos/FSEventsWrapper-t.build/Objects-normal/arm64_32/FSEventsWrapper.SwiftFileList -DSWIFT_PACKAGE -DDEBUG -DSWIFT_MODULE_RESOURCE_BUNDLE_UNAVAILABLE -DXcode -plugin-path /Applications/Xcode-27.0.0-Release.Candidate.app/Contents/Developer/Toolchains/XcodeDefault.xctoolchain/usr/lib/swift/host/plugins/testing -enable-experimental-feature DebugDescriptionMacro -sdk /Applications/Xcode-27.0.0-Release.Candidate.app/Contents/Developer/Platforms/WatchOS.platform/Developer/SDKs/WatchOS27.0.sdk -target arm64_32-apple-watchos9.0 -g -module-cache-path /Users/admin/builder/spi-builder-workspace/.derivedData/ModuleCache.noindex -Xfrontend -serialize-debugging-options -profile-coverage-mapping -profile-generate -enable-testing -index-store-path /Users/admin/builder/spi-builder-workspace/.derivedData/Index.noindex/DataStore -Xcc -D_LIBCPP_HARDENING_MODE\=_LIBCPP_HARDENING_MODE_DEBUG -swift-version 5 -I /Users/admin/builder/spi-builder-workspace/.derivedData/Build/Products/Debug-watchos -Isystem /Applications/Xcode-27.0.0-Release.Candidate.app/Contents/Developer/Platforms/WatchOS.platform/Developer/usr/lib -F /Users/admin/builder/spi-builder-workspace/.derivedData/Build/Products/Debug-watchos -F /Applications/Xcode-27.0.0-Release.Candidate.app/Contents/Developer/Platforms/WatchOS.platform/Developer/Library/Frameworks -F /Applications/Xcode-27.0.0-Release.Candidate.app/Contents/Developer/Platforms/WatchOS.platform/Developer/SDKs/WatchOS27.0.sdk/Developer/Library/Frameworks -c -j10 -enable-batch-mode -incremental -Xcc -ivfsstatcache -Xcc /Users/admin/builder/spi-builder-workspace/.derivedData/SDKStatCaches.noindex/watchos27.0-24R360-e829b21a6f8c9b70876ba0858053c04477534ef55a1706bf4c1112bbb242f0a2.sdkstatcache -output-file-map /Users/admin/builder/spi-builder-workspace/.derivedData/Build/Intermediates.noindex/FSEventsWrapper.build/Debug-watchos/FSEventsWrapper-t.build/Objects-normal/arm64_32/FSEventsWrapper-OutputFileMap.json -save-temps -no-color-diagnostics -explicit-module-build -module-cache-path /Users/admin/builder/spi-builder-workspace/.derivedData/Build/Intermediates.noindex/SwiftExplicitPrecompiledModules -clang-scanner-module-cache-path /Users/admin/builder/spi-builder-workspace/.derivedData/ModuleCache.noindex -sdk-module-cache-path /Users/admin/builder/spi-builder-workspace/.derivedData/SDKExplicitPrecompiledModules -emit-dependencies -emit-module -emit-module-path /Users/admin/builder/spi-builder-workspace/.derivedData/Build/Intermediates.noindex/FSEventsWrapper.build/Debug-watchos/FSEventsWrapper-t.build/Objects-normal/arm64_32/FSEventsWrapper.swiftmodule -serialize-diagnostics -dependency-scan-serialize-diagnostics-path /Users/admin/builder/spi-builder-workspace/.derivedData/Build/Intermediates.noindex/FSEventsWrapper.build/Debug-watchos/FSEventsWrapper-t.build/Objects-normal/arm64_32/FSEventsWrapper-dependency-scan.dia -validate-clang-modules-once -clang-build-session-file /Users/admin/builder/spi-builder-workspace/.derivedData/ModuleCache.noindex/Session.modulevalidation -Xcc -fmodules-prune-interval\=86400 -Xcc -fmodules-prune-after\=345600 -emit-const-values -const-gather-protocols-list /Users/admin/builder/spi-builder-workspace/.derivedData/Build/Intermediates.noindex/FSEventsWrapper.build/Debug-watchos/FSEventsWrapper-t.build/Objects-normal/arm64_32/FSEventsWrapper_const_extract_protocols.json -Xcc -I/Users/admin/builder/spi-builder-workspace/.derivedData/Build/Products/Debug-watchos/include -Xcc -I/Users/admin/builder/spi-builder-workspace/.derivedData/Build/Intermediates.noindex/FSEventsWrapper.build/Debug-watchos/FSEventsWrapper-t.build/DerivedSources-normal/arm64_32 -Xcc -I/Users/admin/builder/spi-builder-workspace/.derivedData/Build/Intermediates.noindex/FSEventsWrapper.build/Debug-watchos/FSEventsWrapper-t.build/DerivedSources/arm64_32 -Xcc -I/Users/admin/builder/spi-builder-workspace/.derivedData/Build/Intermediates.noindex/FSEventsWrapper.build/Debug-watchos/FSEventsWrapper-t.build/DerivedSources -Xcc -DSWIFT_PACKAGE -Xcc -DDEBUG\=1 -emit-objc-header -emit-objc-header-path /Users/admin/builder/spi-builder-workspace/.derivedData/Build/Intermediates.noindex/FSEventsWrapper.build/Debug-watchos/FSEventsWrapper-t.build/Objects-normal/arm64_32/FSEventsWrapper-Swift.h -working-directory /Users/admin/builder/spi-builder-workspace/.swiftpm/xcode -experimental-emit-module-separately -disable-cmo
SwiftDriver FSEventsWrapper normal arm64 com.apple.xcode.tools.swift.compiler (in target 'FSEventsWrapper' from project 'FSEventsWrapper')
    cd /Users/admin/builder/spi-builder-workspace/.swiftpm/xcode
    builtin-SwiftDriver -- /Applications/Xcode-27.0.0-Release.Candidate.app/Contents/Developer/Toolchains/XcodeDefault.xctoolchain/usr/bin/swiftc -parse-as-library -module-name FSEventsWrapper -Onone @/Users/admin/builder/spi-builder-workspace/.derivedData/Build/Intermediates.noindex/FSEventsWrapper.build/Debug-watchos/FSEventsWrapper-t.build/Objects-normal/arm64/FSEventsWrapper.SwiftFileList -DSWIFT_PACKAGE -DDEBUG -DSWIFT_MODULE_RESOURCE_BUNDLE_UNAVAILABLE -DXcode -plugin-path /Applications/Xcode-27.0.0-Release.Candidate.app/Contents/Developer/Toolchains/XcodeDefault.xctoolchain/usr/lib/swift/host/plugins/testing -enable-experimental-feature DebugDescriptionMacro -sdk /Applications/Xcode-27.0.0-Release.Candidate.app/Contents/Developer/Platforms/WatchOS.platform/Developer/SDKs/WatchOS27.0.sdk -target arm64-apple-watchos9.0 -g -module-cache-path /Users/admin/builder/spi-builder-workspace/.derivedData/ModuleCache.noindex -Xfrontend -serialize-debugging-options -profile-coverage-mapping -profile-generate -enable-testing -index-store-path /Users/admin/builder/spi-builder-workspace/.derivedData/Index.noindex/DataStore -Xcc -D_LIBCPP_HARDENING_MODE\=_LIBCPP_HARDENING_MODE_DEBUG -swift-version 5 -I /Users/admin/builder/spi-builder-workspace/.derivedData/Build/Products/Debug-watchos -Isystem /Applications/Xcode-27.0.0-Release.Candidate.app/Contents/Developer/Platforms/WatchOS.platform/Developer/usr/lib -F /Users/admin/builder/spi-builder-workspace/.derivedData/Build/Products/Debug-watchos -F /Applications/Xcode-27.0.0-Release.Candidate.app/Contents/Developer/Platforms/WatchOS.platform/Developer/Library/Frameworks -F /Applications/Xcode-27.0.0-Release.Candidate.app/Contents/Developer/Platforms/WatchOS.platform/Developer/SDKs/WatchOS27.0.sdk/Developer/Library/Frameworks -c -j10 -enable-batch-mode -incremental -Xcc -ivfsstatcache -Xcc /Users/admin/builder/spi-builder-workspace/.derivedData/SDKStatCaches.noindex/watchos27.0-24R360-e829b21a6f8c9b70876ba0858053c04477534ef55a1706bf4c1112bbb242f0a2.sdkstatcache -output-file-map /Users/admin/builder/spi-builder-workspace/.derivedData/Build/Intermediates.noindex/FSEventsWrapper.build/Debug-watchos/FSEventsWrapper-t.build/Objects-normal/arm64/FSEventsWrapper-OutputFileMap.json -save-temps -no-color-diagnostics -explicit-module-build -module-cache-path /Users/admin/builder/spi-builder-workspace/.derivedData/Build/Intermediates.noindex/SwiftExplicitPrecompiledModules -clang-scanner-module-cache-path /Users/admin/builder/spi-builder-workspace/.derivedData/ModuleCache.noindex -sdk-module-cache-path /Users/admin/builder/spi-builder-workspace/.derivedData/SDKExplicitPrecompiledModules -emit-dependencies -emit-module -emit-module-path /Users/admin/builder/spi-builder-workspace/.derivedData/Build/Intermediates.noindex/FSEventsWrapper.build/Debug-watchos/FSEventsWrapper-t.build/Objects-normal/arm64/FSEventsWrapper.swiftmodule -serialize-diagnostics -dependency-scan-serialize-diagnostics-path /Users/admin/builder/spi-builder-workspace/.derivedData/Build/Intermediates.noindex/FSEventsWrapper.build/Debug-watchos/FSEventsWrapper-t.build/Objects-normal/arm64/FSEventsWrapper-dependency-scan.dia -validate-clang-modules-once -clang-build-session-file /Users/admin/builder/spi-builder-workspace/.derivedData/ModuleCache.noindex/Session.modulevalidation -Xcc -fmodules-prune-interval\=86400 -Xcc -fmodules-prune-after\=345600 -emit-const-values -const-gather-protocols-list /Users/admin/builder/spi-builder-workspace/.derivedData/Build/Intermediates.noindex/FSEventsWrapper.build/Debug-watchos/FSEventsWrapper-t.build/Objects-normal/arm64/FSEventsWrapper_const_extract_protocols.json -Xcc -I/Users/admin/builder/spi-builder-workspace/.derivedData/Build/Products/Debug-watchos/include -Xcc -I/Users/admin/builder/spi-builder-workspace/.derivedData/Build/Intermediates.noindex/FSEventsWrapper.build/Debug-watchos/FSEventsWrapper-t.build/DerivedSources-normal/arm64 -Xcc -I/Users/admin/builder/spi-builder-workspace/.derivedData/Build/Intermediates.noindex/FSEventsWrapper.build/Debug-watchos/FSEventsWrapper-t.build/DerivedSources/arm64 -Xcc -I/Users/admin/builder/spi-builder-workspace/.derivedData/Build/Intermediates.noindex/FSEventsWrapper.build/Debug-watchos/FSEventsWrapper-t.build/DerivedSources -Xcc -DSWIFT_PACKAGE -Xcc -DDEBUG\=1 -emit-objc-header -emit-objc-header-path /Users/admin/builder/spi-builder-workspace/.derivedData/Build/Intermediates.noindex/FSEventsWrapper.build/Debug-watchos/FSEventsWrapper-t.build/Objects-normal/arm64/FSEventsWrapper-Swift.h -working-directory /Users/admin/builder/spi-builder-workspace/.swiftpm/xcode -experimental-emit-module-separately -disable-cmo
SwiftExplicitDependencyGeneratePcm arm64 /Users/admin/builder/spi-builder-workspace/.derivedData/SDKExplicitPrecompiledModules/_Builtin_stddef-1FU30Y8SWFB7OUUHMJQH5J6FM.pcm
SwiftExplicitDependencyGeneratePcm arm64 /Users/admin/builder/spi-builder-workspace/.derivedData/SDKExplicitPrecompiledModules/_Builtin_stdarg-A7UU8LE6MP85SM26YO7PBZNUQ.pcm
SwiftExplicitDependencyGeneratePcm arm64 /Users/admin/builder/spi-builder-workspace/.derivedData/SDKExplicitPrecompiledModules/SwiftShims-4MXFZPV6FEB0XBYXCGPWAMQGL.pcm
SwiftExplicitDependencyGeneratePcm arm64 /Users/admin/builder/spi-builder-workspace/.derivedData/SDKExplicitPrecompiledModules/_Builtin_float-C0CW5Q4HGBQYKE77TC42IAFB5.pcm
SwiftExplicitDependencyGeneratePcm arm64 /Users/admin/builder/spi-builder-workspace/.derivedData/SDKExplicitPrecompiledModules/_Builtin_stdbool-83J96QSOFE9VX04AAS6310UAE.pcm
SwiftExplicitDependencyGeneratePcm arm64 /Users/admin/builder/spi-builder-workspace/.derivedData/SDKExplicitPrecompiledModules/ptrauth-3TZ9WJCGLYD25HQPWH4968ONX.pcm
SwiftExplicitDependencyGeneratePcm arm64 /Users/admin/builder/spi-builder-workspace/.derivedData/SDKExplicitPrecompiledModules/_SwiftConcurrencyShims-659N52XSKR5F0QSB880BH2FJR.pcm
SwiftExplicitDependencyGeneratePcm arm64_32 /Users/admin/builder/spi-builder-workspace/.derivedData/SDKExplicitPrecompiledModules/_Builtin_stdarg-D305JG44A2WPI6CJY37X3QJE8.pcm
SwiftExplicitDependencyGeneratePcm arm64_32 /Users/admin/builder/spi-builder-workspace/.derivedData/SDKExplicitPrecompiledModules/_Builtin_float-6KO8O3PEWRCA4WC6PPLOYO6WJ.pcm
SwiftExplicitDependencyGeneratePcm arm64_32 /Users/admin/builder/spi-builder-workspace/.derivedData/SDKExplicitPrecompiledModules/_SwiftConcurrencyShims-6RTBPQ03V7BM9SPRK8SUE055H.pcm
SwiftExplicitDependencyGeneratePcm arm64_32 /Users/admin/builder/spi-builder-workspace/.derivedData/SDKExplicitPrecompiledModules/SwiftShims-9CQQGWTSNTN9EB5NSHDWUJICH.pcm
SwiftExplicitDependencyGeneratePcm arm64_32 /Users/admin/builder/spi-builder-workspace/.derivedData/SDKExplicitPrecompiledModules/_AvailabilityInternal-244WAN3Z1QBT7PIA64EZEFY1R.pcm
SwiftExplicitDependencyGeneratePcm arm64_32 /Users/admin/builder/spi-builder-workspace/.derivedData/SDKExplicitPrecompiledModules/_Builtin_stddef-H44EFHQX6XSS5MZ7QP6YJZ76.pcm
SwiftExplicitDependencyGeneratePcm arm64_32 /Users/admin/builder/spi-builder-workspace/.derivedData/SDKExplicitPrecompiledModules/ptrauth-BFXF358ME5AK535N5A9Z766WU.pcm
SwiftExplicitDependencyGeneratePcm arm64 /Users/admin/builder/spi-builder-workspace/.derivedData/SDKExplicitPrecompiledModules/_AvailabilityInternal-BUNV3UXM65NT37THI4W1AM0SF.pcm
SwiftExplicitDependencyGeneratePcm arm64 /Users/admin/builder/spi-builder-workspace/.derivedData/SDKExplicitPrecompiledModules/ptrcheck-AIF0NDOYZ8ORBNHQAQR5NNB8M.pcm
SwiftExplicitDependencyGeneratePcm arm64_32 /Users/admin/builder/spi-builder-workspace/.derivedData/SDKExplicitPrecompiledModules/ptrcheck-7ELIH9BTIGVKX3UBITM9N72WD.pcm
SwiftExplicitDependencyGeneratePcm arm64_32 /Users/admin/builder/spi-builder-workspace/.derivedData/SDKExplicitPrecompiledModules/_Builtin_stdbool-A967K8W8YUYEC9SN52KJ7OO88.pcm
SwiftExplicitDependencyGeneratePcm arm64_32 /Users/admin/builder/spi-builder-workspace/.derivedData/SDKExplicitPrecompiledModules/_DarwinFoundation1-2GWF9RFMPLQW4PDHS3NARVI3G.pcm
SwiftExplicitDependencyGeneratePcm arm64 /Users/admin/builder/spi-builder-workspace/.derivedData/SDKExplicitPrecompiledModules/_DarwinFoundation1-7SPX3MD0HMP55E4OLNCPNDQ53.pcm
SwiftExplicitDependencyGeneratePcm arm64_32 /Users/admin/builder/spi-builder-workspace/.derivedData/SDKExplicitPrecompiledModules/_DarwinFoundation2-9MY8GOSYRO0M9MKNXF6D3MBNK.pcm
SwiftExplicitDependencyGeneratePcm arm64_32 /Users/admin/builder/spi-builder-workspace/.derivedData/SDKExplicitPrecompiledModules/_Builtin_limits-3VKBU2AFTD65PAJZ5CJ3LHFM2.pcm
SwiftExplicitDependencyGeneratePcm arm64 /Users/admin/builder/spi-builder-workspace/.derivedData/SDKExplicitPrecompiledModules/_DarwinFoundation2-D0XAPJU49S5E9XMKYOFGSTB1Q.pcm
SwiftExplicitDependencyGeneratePcm arm64 /Users/admin/builder/spi-builder-workspace/.derivedData/SDKExplicitPrecompiledModules/_Builtin_limits-9GWPA2B0H20DYUNYHYCWKABJG.pcm
SwiftExplicitDependencyGeneratePcm arm64_32 /Users/admin/builder/spi-builder-workspace/.derivedData/SDKExplicitPrecompiledModules/sys_types-8TLLMW08ZJWDGIIPKOYFGHHZW.pcm
SwiftExplicitDependencyGeneratePcm arm64_32 /Users/admin/builder/spi-builder-workspace/.derivedData/SDKExplicitPrecompiledModules/_Builtin_stdint-1HMXWI3V0V4TXHRWZOMZGZ80Y.pcm
SwiftExplicitDependencyGeneratePcm arm64_32 /Users/admin/builder/spi-builder-workspace/.derivedData/SDKExplicitPrecompiledModules/string_h-BFVLUQUSBZWYMLCU9QI7VZALW.pcm
SwiftExplicitDependencyGeneratePcm arm64 /Users/admin/builder/spi-builder-workspace/.derivedData/SDKExplicitPrecompiledModules/sys_types-2KXQLI78OUCDP779AE68GZJ2.pcm
SwiftExplicitDependencyGeneratePcm arm64 /Users/admin/builder/spi-builder-workspace/.derivedData/SDKExplicitPrecompiledModules/string_h-E6PRXK75PHIPCZFWOFCQ3QBMK.pcm
SwiftExplicitDependencyGeneratePcm arm64 /Users/admin/builder/spi-builder-workspace/.derivedData/SDKExplicitPrecompiledModules/_Builtin_stdint-8XMILLJZEGRN2XG7XZUXZ5RLX.pcm
SwiftExplicitDependencyGeneratePcm arm64_32 /Users/admin/builder/spi-builder-workspace/.derivedData/SDKExplicitPrecompiledModules/_DarwinFoundation3-3DUTYQDQSD9HUAAVY947NMWOI.pcm
SwiftExplicitDependencyGeneratePcm arm64 /Users/admin/builder/spi-builder-workspace/.derivedData/SDKExplicitPrecompiledModules/_DarwinFoundation3-B97LRG0E9GON2NUE65TVG81HU.pcm
SwiftExplicitDependencyGeneratePcm arm64_32 /Users/admin/builder/spi-builder-workspace/.derivedData/SDKExplicitPrecompiledModules/_Builtin_inttypes-D2KPCR4PEX9AQA33NGLUT5SBR.pcm
SwiftExplicitDependencyGeneratePcm arm64 /Users/admin/builder/spi-builder-workspace/.derivedData/SDKExplicitPrecompiledModules/_Builtin_inttypes-3UQSCM7WNM9EK4HZML8TY5J3D.pcm
SwiftExplicitDependencyGeneratePcm arm64_32 /Users/admin/builder/spi-builder-workspace/.derivedData/SDKExplicitPrecompiledModules/Darwin-3FVT1SKLN2ZQ5RVOABMTQBB34.pcm
SwiftExplicitDependencyGeneratePcm arm64 /Users/admin/builder/spi-builder-workspace/.derivedData/SDKExplicitPrecompiledModules/Darwin-3984OXKFNSPE77NT743WK8SEX.pcm
SwiftExplicitDependencyGeneratePcm arm64_32 /Users/admin/builder/spi-builder-workspace/.derivedData/SDKExplicitPrecompiledModules/ObjectiveC-6IJNELR2E80E7LUKESVCP2KET.pcm
SwiftExplicitDependencyGeneratePcm arm64 /Users/admin/builder/spi-builder-workspace/.derivedData/SDKExplicitPrecompiledModules/ObjectiveC-72IVD3VS2RS8Q28D9PIMY0KQP.pcm
SwiftExplicitDependencyGeneratePcm arm64_32 /Users/admin/builder/spi-builder-workspace/.derivedData/SDKExplicitPrecompiledModules/os_object-5YWTC6L4756IWSTPGXS5NM0D0.pcm
SwiftExplicitDependencyGeneratePcm arm64 /Users/admin/builder/spi-builder-workspace/.derivedData/SDKExplicitPrecompiledModules/os_object-3SDKD7F87FTZ26OON37DRYT6O.pcm
SwiftExplicitDependencyGeneratePcm arm64_32 /Users/admin/builder/spi-builder-workspace/.derivedData/SDKExplicitPrecompiledModules/os_workgroup-5JHTPDMNBUNHLJI8LPHKQK1JK.pcm
SwiftExplicitDependencyGeneratePcm arm64 /Users/admin/builder/spi-builder-workspace/.derivedData/SDKExplicitPrecompiledModules/os_workgroup-89GG5G7YC2D0ZTK6AZXXQ20DH.pcm
SwiftExplicitDependencyGeneratePcm arm64_32 /Users/admin/builder/spi-builder-workspace/.derivedData/SDKExplicitPrecompiledModules/Dispatch-2P62F1T4XV63S4P99TUDTOK2Q.pcm
SwiftExplicitDependencyGeneratePcm arm64 /Users/admin/builder/spi-builder-workspace/.derivedData/SDKExplicitPrecompiledModules/Dispatch-1NLJOVAK60XP0DUB05XA59EIM.pcm
SwiftExplicitDependencyGeneratePcm arm64_32 /Users/admin/builder/spi-builder-workspace/.derivedData/SDKExplicitPrecompiledModules/CoreFoundation-8E6Y4BA3EXYKUGJ24GT9LGV3N.pcm
SwiftExplicitDependencyGeneratePcm arm64_32 /Users/admin/builder/spi-builder-workspace/.derivedData/SDKExplicitPrecompiledModules/XPC-81Y45QFY96XYYFCW2GT6FY8S4.pcm
SwiftExplicitDependencyGeneratePcm arm64 /Users/admin/builder/spi-builder-workspace/.derivedData/SDKExplicitPrecompiledModules/XPC-40DR0X1DHKGCV4J1IOLFS8MOU.pcm
SwiftExplicitDependencyGeneratePcm arm64 /Users/admin/builder/spi-builder-workspace/.derivedData/SDKExplicitPrecompiledModules/CoreFoundation-8T2L24YC5NU7WO6WQJWRY7W08.pcm
SwiftExplicitDependencyGeneratePcm arm64_32 /Users/admin/builder/spi-builder-workspace/.derivedData/SDKExplicitPrecompiledModules/CoreServices-BX02FA9J39YHWG3BINPX1CDFH.pcm
SwiftExplicitDependencyGeneratePcm arm64_32 /Users/admin/builder/spi-builder-workspace/.derivedData/SDKExplicitPrecompiledModules/Security-D7TOWF88VWF67TB9HAFP5UWB1.pcm
SwiftExplicitDependencyGeneratePcm arm64 /Users/admin/builder/spi-builder-workspace/.derivedData/SDKExplicitPrecompiledModules/Security-6RZ6YBRU8WCUHRFFRVUK5WKMM.pcm
SwiftExplicitDependencyGeneratePcm arm64 /Users/admin/builder/spi-builder-workspace/.derivedData/SDKExplicitPrecompiledModules/CoreServices-AL8T5Q4K0CTGO6W37FTF22ZVF.pcm
SwiftExplicitDependencyGeneratePcm arm64 /Users/admin/builder/spi-builder-workspace/.derivedData/SDKExplicitPrecompiledModules/Foundation-DLBKUSGXN8QHAT8W0OARR9S8A.pcm
SwiftExplicitDependencyGeneratePcm arm64_32 /Users/admin/builder/spi-builder-workspace/.derivedData/SDKExplicitPrecompiledModules/Foundation-BJ2VQGI3OGR34500MEQ1VKHPH.pcm
SwiftEmitModule normal arm64_32 Emitting\ module\ for\ FSEventsWrapper (in target 'FSEventsWrapper' from project 'FSEventsWrapper')
/Users/admin/builder/spi-builder-workspace/Sources/FSEvent.swift:45:38: error: cannot find type 'FSEventStreamEventId' in scope
 43 |
 44 | 	/** `kFSEventStreamEventFlagNone` or unknown flag. */
 45 | 	case generic(path: String, eventId: FSEventStreamEventId, fromUs: Bool?)
    |                                      `- error: cannot find type 'FSEventStreamEventId' in scope
 46 |
 47 | 	/**
/Users/admin/builder/spi-builder-workspace/Sources/FSEvent.swift:90:44: error: cannot find type 'FSEventStreamEventId' in scope
 88 | 	 - note: I don't know if the “event is from us” flag is set for this event, nor if the event id has any meaning here…
 89 | 	 I don’t know if there is a valid event id for this event (probably not). */
 90 | 	case volumeMounted(path: String, eventId: FSEventStreamEventId, fromUs: Bool?)
    |                                            `- error: cannot find type 'FSEventStreamEventId' in scope
 91 |
 92 | 	/**
/Users/admin/builder/spi-builder-workspace/Sources/FSEvent.swift:97:46: error: cannot find type 'FSEventStreamEventId' in scope
 95 | 	 - note: I don't know if the “event is from us” flag is set for this event, nor if the event id has any meaning here…
 96 | 	 I don’t know if there is a valid event id for this event (probably not). */
 97 | 	case volumeUnmounted(path: String, eventId: FSEventStreamEventId, fromUs: Bool?)
    |                                              `- error: cannot find type 'FSEventStreamEventId' in scope
 98 |
 99 | 	/* **************************************************************************
/Users/admin/builder/spi-builder-workspace/Sources/FSEvent.swift:111:62: error: cannot find type 'FSEventStreamEventId' in scope
109 |
110 | 	/** `kFSEventStreamEventFlagItemCreated` */
111 | 	case itemCreated(path: String, itemType: ItemType, eventId: FSEventStreamEventId, fromUs: Bool?)
    |                                                              `- error: cannot find type 'FSEventStreamEventId' in scope
112 |
113 | 	/** `kFSEventStreamEventFlagItemRemoved` */
/Users/admin/builder/spi-builder-workspace/Sources/FSEvent.swift:114:62: error: cannot find type 'FSEventStreamEventId' in scope
112 |
113 | 	/** `kFSEventStreamEventFlagItemRemoved` */
114 | 	case itemRemoved(path: String, itemType: ItemType, eventId: FSEventStreamEventId, fromUs: Bool?)
    |                                                              `- error: cannot find type 'FSEventStreamEventId' in scope
115 |
116 | 	/** `kFSEventStreamEventFlagItemInodeMetaMod` */
/Users/admin/builder/spi-builder-workspace/Sources/FSEvent.swift:117:76: error: cannot find type 'FSEventStreamEventId' in scope
115 |
116 | 	/** `kFSEventStreamEventFlagItemInodeMetaMod` */
117 | 	case itemInodeMetadataModified(path: String, itemType: ItemType, eventId: FSEventStreamEventId, fromUs: Bool?)
    |                                                                            `- error: cannot find type 'FSEventStreamEventId' in scope
118 |
119 | 	/**
/Users/admin/builder/spi-builder-workspace/Sources/FSEvent.swift:129:62: error: cannot find type 'FSEventStreamEventId' in scope
127 | 	 (you don’t have the information of the callback call from FSEventsWrapper) at one event interval,
128 | 	 the first one being the original name, the second one the new name. */
129 | 	case itemRenamed(path: String, itemType: ItemType, eventId: FSEventStreamEventId, fromUs: Bool?)
    |                                                              `- error: cannot find type 'FSEventStreamEventId' in scope
130 |
131 | 	/** `kFSEventStreamEventFlagItemModified` */
/Users/admin/builder/spi-builder-workspace/Sources/FSEvent.swift:132:67: error: cannot find type 'FSEventStreamEventId' in scope
130 |
131 | 	/** `kFSEventStreamEventFlagItemModified` */
132 | 	case itemDataModified(path: String, itemType: ItemType, eventId: FSEventStreamEventId, fromUs: Bool?)
    |                                                                   `- error: cannot find type 'FSEventStreamEventId' in scope
133 |
134 | 	/** `kFSEventStreamEventFlagItemFinderInfoMod` */
/Users/admin/builder/spi-builder-workspace/Sources/FSEvent.swift:135:73: error: cannot find type 'FSEventStreamEventId' in scope
133 |
134 | 	/** `kFSEventStreamEventFlagItemFinderInfoMod` */
135 | 	case itemFinderInfoModified(path: String, itemType: ItemType, eventId: FSEventStreamEventId, fromUs: Bool?)
    |                                                                         `- error: cannot find type 'FSEventStreamEventId' in scope
136 |
137 | 	/** `kFSEventStreamEventFlagItemChangeOwner` */
/Users/admin/builder/spi-builder-workspace/Sources/FSEvent.swift:138:72: error: cannot find type 'FSEventStreamEventId' in scope
136 |
137 | 	/** `kFSEventStreamEventFlagItemChangeOwner` */
138 | 	case itemOwnershipModified(path: String, itemType: ItemType, eventId: FSEventStreamEventId, fromUs: Bool?)
    |                                                                        `- error: cannot find type 'FSEventStreamEventId' in scope
139 |
140 | 	/** `kFSEventStreamEventFlagItemXattrMod` */
/Users/admin/builder/spi-builder-workspace/Sources/FSEvent.swift:141:68: error: cannot find type 'FSEventStreamEventId' in scope
139 |
140 | 	/** `kFSEventStreamEventFlagItemXattrMod` */
141 | 	case itemXattrModified(path: String, itemType: ItemType, eventId: FSEventStreamEventId, fromUs: Bool?)
    |                                                                    `- error: cannot find type 'FSEventStreamEventId' in scope
142 |
143 | 	/**
/Users/admin/builder/spi-builder-workspace/Sources/FSEvent.swift:148:67: error: cannot find type 'FSEventStreamEventId' in scope
146 | 	 Only available from macOS 10.13 and macCatalyst 11.0, but we cannot use @available on an enum case with associated values. */
147 | //	@available(macOS 10.13, macCatalyst 11.0, *)
148 | 	case itemClonedAtPath(path: String, itemType: ItemType, eventId: FSEventStreamEventId, fromUs: Bool?)
    |                                                                   `- error: cannot find type 'FSEventStreamEventId' in scope
149 |
150 | }
/Users/admin/builder/spi-builder-workspace/Sources/FSEventAsyncStream.swift:20:29: error: cannot find type 'FSEventStreamCreateFlags' in scope
18 | 		private var streamIterator: AsyncStream<FSEvent>.Iterator
19 |
20 | 		init(path: String, flags: FSEventStreamCreateFlags) {
   |                             `- error: cannot find type 'FSEventStreamCreateFlags' in scope
21 | 			let (stream, continuation) = AsyncStream<FSEvent>.makeStream()
22 |
/Users/admin/builder/spi-builder-workspace/Sources/FSEventAsyncStream.swift:42:20: error: cannot find type 'FSEventStreamCreateFlags' in scope
40 |
41 | 	public let path: String
42 | 	public let flags: FSEventStreamCreateFlags
   |                    `- error: cannot find type 'FSEventStreamCreateFlags' in scope
43 |
44 | 	public init(path: String, flags: FSEventStreamCreateFlags = FSEventStreamCreateFlags(kFSEventStreamCreateFlagNone)) {
/Users/admin/builder/spi-builder-workspace/Sources/FSEventAsyncStream.swift:44:35: error: cannot find type 'FSEventStreamCreateFlags' in scope
42 | 	public let flags: FSEventStreamCreateFlags
43 |
44 | 	public init(path: String, flags: FSEventStreamCreateFlags = FSEventStreamCreateFlags(kFSEventStreamCreateFlagNone)) {
   |                                   `- error: cannot find type 'FSEventStreamCreateFlags' in scope
45 | 		self.path = path
46 | 		self.flags = flags
/Users/admin/builder/spi-builder-workspace/Sources/FSEventStream.swift:20:28: error: cannot find type 'FSEventStreamRef' in scope
 18 | 	public let callback: Callback
 19 |
 20 | 	internal let eventStream: FSEventStreamRef
    |                            `- error: cannot find type 'FSEventStreamRef' in scope
 21 | 	internal let eventStreamFlags: FSEventStreamCreateFlags
 22 |
/Users/admin/builder/spi-builder-workspace/Sources/FSEventStream.swift:21:33: error: cannot find type 'FSEventStreamCreateFlags' in scope
 19 |
 20 | 	internal let eventStream: FSEventStreamRef
 21 | 	internal let eventStreamFlags: FSEventStreamCreateFlags
    |                                 `- error: cannot find type 'FSEventStreamCreateFlags' in scope
 22 |
 23 | 	public let queue: DispatchQueue
/Users/admin/builder/spi-builder-workspace/Sources/FSEventStream.swift:29:18: error: cannot find type 'FSEventStreamEventId' in scope
 27 | 	public convenience init?(
 28 | 		path: String,
 29 | 		since startId: FSEventStreamEventId? = nil, updateInterval: CFTimeInterval = 0, fsEventStreamFlags flags: FSEventStreamCreateFlags = FSEventStreamCreateFlags(kFSEventStreamCreateFlagNone),
    |                  `- error: cannot find type 'FSEventStreamEventId' in scope
 30 | 		queue: DispatchQueue = .global(),
 31 | 		callback: @escaping Callback
/Users/admin/builder/spi-builder-workspace/Sources/FSEventStream.swift:29:109: error: cannot find type 'FSEventStreamCreateFlags' in scope
 27 | 	public convenience init?(
 28 | 		path: String,
 29 | 		since startId: FSEventStreamEventId? = nil, updateInterval: CFTimeInterval = 0, fsEventStreamFlags flags: FSEventStreamCreateFlags = FSEventStreamCreateFlags(kFSEventStreamCreateFlagNone),
    |                                                                                                             `- error: cannot find type 'FSEventStreamCreateFlags' in scope
 30 | 		queue: DispatchQueue = .global(),
 31 | 		callback: @escaping Callback
/Users/admin/builder/spi-builder-workspace/Sources/FSEventStream.swift:70:18: error: cannot find type 'FSEventStreamEventId' in scope
 68 | 	public init?(
 69 | 		paths: [String],
 70 | 		since startId: FSEventStreamEventId? = nil, updateInterval: CFTimeInterval = 0,
    |                  `- error: cannot find type 'FSEventStreamEventId' in scope
 71 | 		fsEventStreamFlags: FSEventStreamCreateFlags = FSEventStreamCreateFlags(kFSEventStreamCreateFlagNone),
 72 | 		queue: DispatchQueue = .global(),
SwiftCompile normal arm64_32 (in target 'FSEventsWrapper' from project 'FSEventsWrapper')
    cd /Users/admin/builder/spi-builder-workspace/.swiftpm/xcode

/Users/admin/builder/spi-builder-workspace/Sources/FSEventStream.swift:71:23: error: cannot find type 'FSEventStreamCreateFlags' in scope
 69 | 		paths: [String],
 70 | 		since startId: FSEventStreamEventId? = nil, updateInterval: CFTimeInterval = 0,
 71 | 		fsEventStreamFlags: FSEventStreamCreateFlags = FSEventStreamCreateFlags(kFSEventStreamCreateFlagNone),
    |                       `- error: cannot find type 'FSEventStreamCreateFlags' in scope
 72 | 		queue: DispatchQueue = .global(),
 73 | 		callback: @escaping Callback
/Users/admin/builder/spi-builder-workspace/Sources/FSEventStream.swift:140:13: error: cannot find type 'ConstFSEventStreamRef' in scope
138 |
139 | private func eventStreamCallback(
140 | 	streamRef: ConstFSEventStreamRef,
    |             `- error: cannot find type 'ConstFSEventStreamRef' in scope
141 | 	clientCallBackInfo: UnsafeMutableRawPointer?,
142 | 	numEvents: Int,
/Users/admin/builder/spi-builder-workspace/Sources/FSEventStream.swift:144:28: error: cannot find type 'FSEventStreamEventFlags' in scope
142 | 	numEvents: Int,
143 | 	eventPathsAsVoidPtr: UnsafeMutableRawPointer,
144 | 	eventFlags: UnsafePointer<FSEventStreamEventFlags>,
    |                            `- error: cannot find type 'FSEventStreamEventFlags' in scope
145 | 	eventIds: UnsafePointer<FSEventStreamEventId>
146 | ) {
/Users/admin/builder/spi-builder-workspace/Sources/FSEventStream.swift:145:26: error: cannot find type 'FSEventStreamEventId' in scope
143 | 	eventPathsAsVoidPtr: UnsafeMutableRawPointer,
144 | 	eventFlags: UnsafePointer<FSEventStreamEventFlags>,
145 | 	eventIds: UnsafePointer<FSEventStreamEventId>
    |                          `- error: cannot find type 'FSEventStreamEventId' in scope
146 | ) {
147 | 	guard let clientCallBackInfo = clientCallBackInfo,
Failed frontend command:
/Applications/Xcode-27.0.0-Release.Candidate.app/Contents/Developer/Toolchains/XcodeDefault.xctoolchain/usr/bin/swift-frontend -frontend -emit-module -experimental-skip-non-inlinable-function-bodies-without-types /Users/admin/builder/spi-builder-workspace/Sources/FSEvent.swift /Users/admin/builder/spi-builder-workspace/Sources/FSEventAsyncStream.swift /Users/admin/builder/spi-builder-workspace/Sources/FSEventStream.swift -target arm64_32-apple-watchos9.0 -disable-cross-import-overlay-search -load-resolved-plugin /Applications/Xcode-27.0.0-Release.Candidate.app/Contents/Developer/Platforms/WatchOS.platform/Developer/usr/lib/swift/host/plugins/libFoundationMacros.dylib\#/Applications/Xcode-27.0.0-Release.Candidate.app/Contents/Developer/Platforms/WatchOS.platform/Developer/usr/bin/swift-plugin-server\#FoundationMacros -load-resolved-plugin /Applications/Xcode-27.0.0-Release.Candidate.app/Contents/Developer/Platforms/WatchOS.platform/Developer/usr/lib/swift/host/plugins/libObservationMacros.dylib\#/Applications/Xcode-27.0.0-Release.Candidate.app/Contents/Developer/Platforms/WatchOS.platform/Developer/usr/bin/swift-plugin-server\#ObservationMacros -load-resolved-plugin /Applications/Xcode-27.0.0-Release.Candidate.app/Contents/Developer/Platforms/WatchOS.platform/Developer/usr/lib/swift/host/plugins/libSwiftMacros.dylib\#/Applications/Xcode-27.0.0-Release.Candidate.app/Contents/Developer/Platforms/WatchOS.platform/Developer/usr/bin/swift-plugin-server\#SwiftMacros -disable-implicit-swift-modules -Xcc -fno-implicit-modules -Xcc -fno-implicit-module-maps -explicit-swift-module-map-file /Users/admin/builder/spi-builder-workspace/.derivedData/Build/Intermediates.noindex/FSEventsWrapper.build/Debug-watchos/FSEventsWrapper-t.build/Objects-normal/arm64_32/FSEventsWrapper-dependencies-2.json -enable-objc-interop -sdk /Applications/Xcode-27.0.0-Release.Candidate.app/Contents/Developer/Platforms/WatchOS.platform/Developer/SDKs/WatchOS27.0.sdk -I /Users/admin/builder/spi-builder-workspace/.derivedData/Build/Products/Debug-watchos -Isystem /Applications/Xcode-27.0.0-Release.Candidate.app/Contents/Developer/Platforms/WatchOS.platform/Developer/usr/lib -F /Users/admin/builder/spi-builder-workspace/.derivedData/Build/Products/Debug-watchos -F /Applications/Xcode-27.0.0-Release.Candidate.app/Contents/Developer/Platforms/WatchOS.platform/Developer/Library/Frameworks -F /Applications/Xcode-27.0.0-Release.Candidate.app/Contents/Developer/Platforms/WatchOS.platform/Developer/SDKs/WatchOS27.0.sdk/Developer/Library/Frameworks -module-cache-path /Users/admin/builder/spi-builder-workspace/.derivedData/Build/Intermediates.noindex/SwiftExplicitPrecompiledModules -no-color-diagnostics -Xcc -fno-color-diagnostics -enable-testing -g -debug-info-format\=dwarf -dwarf-version\=4 -profile-generate -profile-coverage-mapping -swift-version 5 -Onone -D SWIFT_PACKAGE -D DEBUG -D SWIFT_MODULE_RESOURCE_BUNDLE_UNAVAILABLE -D Xcode -serialize-debugging-options -enable-experimental-feature DebugDescriptionMacro -empty-abi-descriptor -validate-clang-modules-once -clang-build-session-file /Users/admin/builder/spi-builder-workspace/.derivedData/ModuleCache.noindex/Session.modulevalidation -Xcc -working-directory -Xcc /Users/admin/builder/spi-builder-workspace/.swiftpm/xcode -enable-anonymous-context-mangled-names -file-compilation-dir /Users/admin/builder/spi-builder-workspace/.swiftpm/xcode -Xcc -D_LIBCPP_HARDENING_MODE\=_LIBCPP_HARDENING_MODE_DEBUG -Xcc -ivfsstatcache -Xcc /Users/admin/builder/spi-builder-workspace/.derivedData/SDKStatCaches.noindex/watchos27.0-24R360-e829b21a6f8c9b70876ba0858053c04477534ef55a1706bf4c1112bbb242f0a2.sdkstatcache -Xcc -fmodules-prune-interval\=86400 -Xcc -fmodules-prune-after\=345600 -Xcc -I/Users/admin/builder/spi-builder-workspace/.derivedData/Build/Products/Debug-watchos/include -Xcc -I/Users/admin/builder/spi-builder-workspace/.derivedData/Build/Intermediates.noindex/FSEventsWrapper.build/Debug-watchos/FSEventsWrapper-t.build/DerivedSources-normal/arm64_32 -Xcc -I/Users/admin/builder/spi-builder-workspace/.derivedData/Build/Intermediates.noindex/FSEventsWrapper.build/Debug-watchos/FSEventsWrapper-t.build/DerivedSources/arm64_32 -Xcc -I/Users/admin/builder/spi-builder-workspace/.derivedData/Build/Intermediates.noindex/FSEventsWrapper.build/Debug-watchos/FSEventsWrapper-t.build/DerivedSources -Xcc -DSWIFT_PACKAGE -Xcc -DDEBUG\=1 -no-auto-bridging-header-chaining -module-name FSEventsWrapper -const-gather-protocols-file /Users/admin/builder/spi-builder-workspace/.derivedData/Build/Intermediates.noindex/FSEventsWrapper.build/Debug-watchos/FSEventsWrapper-t.build/Objects-normal/arm64_32/FSEventsWrapper_const_extract_protocols.json -disable-clang-spi -clang-target arm64_32-apple-watchos27.0 -target-sdk-version 27.0 -target-sdk-name watchos27.0 -in-process-plugin-server-path /Applications/Xcode-27.0.0-Release.Candidate.app/Contents/Developer/Toolchains/XcodeDefault.xctoolchain/usr/lib/swift/host/libSwiftInProcPluginServer.dylib -emit-module-doc-path /Users/admin/builder/spi-builder-workspace/.derivedData/Build/Intermediates.noindex/FSEventsWrapper.build/Debug-watchos/FSEventsWrapper-t.build/Objects-normal/arm64_32/FSEventsWrapper.swiftdoc -emit-module-source-info-path /Users/admin/builder/spi-builder-workspace/.derivedData/Build/Intermediates.noindex/FSEventsWrapper.build/Debug-watchos/FSEventsWrapper-t.build/Objects-normal/arm64_32/FSEventsWrapper.swiftsourceinfo -emit-objc-header-path /Users/admin/builder/spi-builder-workspace/.derivedData/Build/Intermediates.noindex/FSEventsWrapper.build/Debug-watchos/FSEventsWrapper-t.build/Objects-normal/arm64_32/FSEventsWrapper-Swift.h -serialize-diagnostics-path /Users/admin/builder/spi-builder-workspace/.derivedData/Build/Intermediates.noindex/FSEventsWrapper.build/Debug-watchos/FSEventsWrapper-t.build/Objects-normal/arm64_32/FSEventsWrapper-primary-emit-module.dia -emit-dependencies-path /Users/admin/builder/spi-builder-workspace/.derivedData/Build/Intermediates.noindex/FSEventsWrapper.build/Debug-watchos/FSEventsWrapper-t.build/Objects-normal/arm64_32/FSEventsWrapper-primary-emit-module.d -parse-as-library -o /Users/admin/builder/spi-builder-workspace/.derivedData/Build/Intermediates.noindex/FSEventsWrapper.build/Debug-watchos/FSEventsWrapper-t.build/Objects-normal/arm64_32/FSEventsWrapper.swiftmodule -emit-abi-descriptor-path /Users/admin/builder/spi-builder-workspace/.derivedData/Build/Intermediates.noindex/FSEventsWrapper.build/Debug-watchos/FSEventsWrapper-t.build/Objects-normal/arm64_32/FSEventsWrapper.abi.json
SwiftCompile normal arm64_32 Compiling\ FSEventStream.swift /Users/admin/builder/spi-builder-workspace/Sources/FSEventStream.swift (in target 'FSEventsWrapper' from project 'FSEventsWrapper')
/Users/admin/builder/spi-builder-workspace/Sources/FSEventStream.swift:20:28: error: cannot find type 'FSEventStreamRef' in scope
 18 | 	public let callback: Callback
 19 |
 20 | 	internal let eventStream: FSEventStreamRef
    |                            `- error: cannot find type 'FSEventStreamRef' in scope
 21 | 	internal let eventStreamFlags: FSEventStreamCreateFlags
 22 |
/Users/admin/builder/spi-builder-workspace/Sources/FSEventStream.swift:21:33: error: cannot find type 'FSEventStreamCreateFlags' in scope
 19 |
 20 | 	internal let eventStream: FSEventStreamRef
 21 | 	internal let eventStreamFlags: FSEventStreamCreateFlags
    |                                 `- error: cannot find type 'FSEventStreamCreateFlags' in scope
 22 |
 23 | 	public let queue: DispatchQueue
/Users/admin/builder/spi-builder-workspace/Sources/FSEventStream.swift:29:18: error: cannot find type 'FSEventStreamEventId' in scope
 27 | 	public convenience init?(
 28 | 		path: String,
 29 | 		since startId: FSEventStreamEventId? = nil, updateInterval: CFTimeInterval = 0, fsEventStreamFlags flags: FSEventStreamCreateFlags = FSEventStreamCreateFlags(kFSEventStreamCreateFlagNone),
    |                  `- error: cannot find type 'FSEventStreamEventId' in scope
 30 | 		queue: DispatchQueue = .global(),
 31 | 		callback: @escaping Callback
/Users/admin/builder/spi-builder-workspace/Sources/FSEventStream.swift:29:109: error: cannot find type 'FSEventStreamCreateFlags' in scope
 27 | 	public convenience init?(
 28 | 		path: String,
 29 | 		since startId: FSEventStreamEventId? = nil, updateInterval: CFTimeInterval = 0, fsEventStreamFlags flags: FSEventStreamCreateFlags = FSEventStreamCreateFlags(kFSEventStreamCreateFlagNone),
    |                                                                                                             `- error: cannot find type 'FSEventStreamCreateFlags' in scope
 30 | 		queue: DispatchQueue = .global(),
 31 | 		callback: @escaping Callback
/Users/admin/builder/spi-builder-workspace/Sources/FSEventStream.swift:70:18: error: cannot find type 'FSEventStreamEventId' in scope
 68 | 	public init?(
 69 | 		paths: [String],
 70 | 		since startId: FSEventStreamEventId? = nil, updateInterval: CFTimeInterval = 0,
    |                  `- error: cannot find type 'FSEventStreamEventId' in scope
 71 | 		fsEventStreamFlags: FSEventStreamCreateFlags = FSEventStreamCreateFlags(kFSEventStreamCreateFlagNone),
 72 | 		queue: DispatchQueue = .global(),
/Users/admin/builder/spi-builder-workspace/Sources/FSEventStream.swift:71:23: error: cannot find type 'FSEventStreamCreateFlags' in scope
 69 | 		paths: [String],
 70 | 		since startId: FSEventStreamEventId? = nil, updateInterval: CFTimeInterval = 0,
 71 | 		fsEventStreamFlags: FSEventStreamCreateFlags = FSEventStreamCreateFlags(kFSEventStreamCreateFlagNone),
    |                       `- error: cannot find type 'FSEventStreamCreateFlags' in scope
 72 | 		queue: DispatchQueue = .global(),
 73 | 		callback: @escaping Callback
/Users/admin/builder/spi-builder-workspace/Sources/FSEventStream.swift:140:13: error: cannot find type 'ConstFSEventStreamRef' in scope
138 |
139 | private func eventStreamCallback(
140 | 	streamRef: ConstFSEventStreamRef,
    |             `- error: cannot find type 'ConstFSEventStreamRef' in scope
141 | 	clientCallBackInfo: UnsafeMutableRawPointer?,
142 | 	numEvents: Int,
/Users/admin/builder/spi-builder-workspace/Sources/FSEventStream.swift:144:28: error: cannot find type 'FSEventStreamEventFlags' in scope
142 | 	numEvents: Int,
143 | 	eventPathsAsVoidPtr: UnsafeMutableRawPointer,
144 | 	eventFlags: UnsafePointer<FSEventStreamEventFlags>,
    |                            `- error: cannot find type 'FSEventStreamEventFlags' in scope
145 | 	eventIds: UnsafePointer<FSEventStreamEventId>
146 | ) {
/Users/admin/builder/spi-builder-workspace/Sources/FSEventStream.swift:145:26: error: cannot find type 'FSEventStreamEventId' in scope
143 | 	eventPathsAsVoidPtr: UnsafeMutableRawPointer,
144 | 	eventFlags: UnsafePointer<FSEventStreamEventFlags>,
145 | 	eventIds: UnsafePointer<FSEventStreamEventId>
    |                          `- error: cannot find type 'FSEventStreamEventId' in scope
146 | ) {
147 | 	guard let clientCallBackInfo = clientCallBackInfo,
/Users/admin/builder/spi-builder-workspace/Sources/FSEventStream.swift:76:34: error: cannot find 'FSEventStreamEventId' in scope
 74 | 	) {
 75 | 		let cfpaths: CFArray = paths as CFArray
 76 | 		let actualStartId = startId ?? FSEventStreamEventId(kFSEventStreamEventIdSinceNow)
    |                                  `- error: cannot find 'FSEventStreamEventId' in scope
 77 | 		let actualFlags = FSEventStreamCreateFlags(kFSEventStreamCreateFlagUseCFTypes | Int(fsEventStreamFlags))
 78 |
/Users/admin/builder/spi-builder-workspace/Sources/FSEventStream.swift:76:55: error: cannot find 'kFSEventStreamEventIdSinceNow' in scope
 74 | 	) {
 75 | 		let cfpaths: CFArray = paths as CFArray
 76 | 		let actualStartId = startId ?? FSEventStreamEventId(kFSEventStreamEventIdSinceNow)
    |                                                       `- error: cannot find 'kFSEventStreamEventIdSinceNow' in scope
 77 | 		let actualFlags = FSEventStreamCreateFlags(kFSEventStreamCreateFlagUseCFTypes | Int(fsEventStreamFlags))
 78 |
/Users/admin/builder/spi-builder-workspace/Sources/FSEventStream.swift:77:21: error: cannot find 'FSEventStreamCreateFlags' in scope
 75 | 		let cfpaths: CFArray = paths as CFArray
 76 | 		let actualStartId = startId ?? FSEventStreamEventId(kFSEventStreamEventIdSinceNow)
 77 | 		let actualFlags = FSEventStreamCreateFlags(kFSEventStreamCreateFlagUseCFTypes | Int(fsEventStreamFlags))
    |                     `- error: cannot find 'FSEventStreamCreateFlags' in scope
 78 |
 79 | 		self.callback = callback
/Users/admin/builder/spi-builder-workspace/Sources/FSEventStream.swift:77:46: error: cannot find 'kFSEventStreamCreateFlagUseCFTypes' in scope
 75 | 		let cfpaths: CFArray = paths as CFArray
 76 | 		let actualStartId = startId ?? FSEventStreamEventId(kFSEventStreamEventIdSinceNow)
 77 | 		let actualFlags = FSEventStreamCreateFlags(kFSEventStreamCreateFlagUseCFTypes | Int(fsEventStreamFlags))
    |                                              `- error: cannot find 'kFSEventStreamCreateFlagUseCFTypes' in scope
 78 |
 79 | 		self.callback = callback
/Users/admin/builder/spi-builder-workspace/Sources/FSEventStream.swift:84:17: error: cannot find 'FSEventStreamContext' in scope
 82 |
 83 | 		let objcWrapper = FSEventStreamObjCWrapper()
 84 | 		var context = FSEventStreamContext(
    |                 `- error: cannot find 'FSEventStreamContext' in scope
 85 | 			version: 0,
 86 | 			info: Unmanaged.passUnretained(objcWrapper).toOpaque(),
/Users/admin/builder/spi-builder-workspace/Sources/FSEventStream.swift:98:17: error: cannot find 'FSEventStreamCreate' in scope
 96 | 			copyDescription: nil /* I do not know how to trigger this block, so cannot test, so we set to nil! */
 97 | 		)
 98 | 		guard let s = FSEventStreamCreate(kCFAllocatorDefault, eventStreamCallback, &context, cfpaths, actualStartId, updateInterval, actualFlags) else {
    |                 `- error: cannot find 'FSEventStreamCreate' in scope
 99 | 			return nil
100 | 		}
/Users/admin/builder/spi-builder-workspace/Sources/FSEventStream.swift:98:17: error: failed to produce diagnostic for expression; please submit a bug report (https://swift.org/contributing/#reporting-bugs)
 96 | 			copyDescription: nil /* I do not know how to trigger this block, so cannot test, so we set to nil! */
 97 | 		)
 98 | 		guard let s = FSEventStreamCreate(kCFAllocatorDefault, eventStreamCallback, &context, cfpaths, actualStartId, updateInterval, actualFlags) else {
    |                 `- error: failed to produce diagnostic for expression; please submit a bug report (https://swift.org/contributing/#reporting-bugs)
 99 | 			return nil
100 | 		}
/Users/admin/builder/spi-builder-workspace/Sources/FSEventStream.swift:104:3: error: cannot find 'FSEventStreamSetDispatchQueue' in scope
102 | 		self.eventStreamFlags = actualFlags
103 |
104 | 		FSEventStreamSetDispatchQueue(s, queue)
    |   `- error: cannot find 'FSEventStreamSetDispatchQueue' in scope
105 |
106 | 		objcWrapper.swiftStream = self
/Users/admin/builder/spi-builder-workspace/Sources/FSEventStream.swift:111:3: error: cannot find 'FSEventStreamInvalidate' in scope
109 | 	deinit {
110 | 		stopWatching()
111 | 		FSEventStreamInvalidate(eventStream)
    |   `- error: cannot find 'FSEventStreamInvalidate' in scope
112 | 		FSEventStreamRelease(eventStream) /* I thought the release would be automatic, it seems it is not. */
113 | 	}
/Users/admin/builder/spi-builder-workspace/Sources/FSEventStream.swift:112:3: error: cannot find 'FSEventStreamRelease' in scope
110 | 		stopWatching()
111 | 		FSEventStreamInvalidate(eventStream)
112 | 		FSEventStreamRelease(eventStream) /* I thought the release would be automatic, it seems it is not. */
    |   `- error: cannot find 'FSEventStreamRelease' in scope
113 | 	}
114 |
/Users/admin/builder/spi-builder-workspace/Sources/FSEventStream.swift:118:3: error: cannot find 'FSEventStreamStart' in scope
116 | 		if isStarted {return}
117 |
118 | 		FSEventStreamStart(eventStream)
    |   `- error: cannot find 'FSEventStreamStart' in scope
119 | 		isStarted = true
120 | 	}
/Users/admin/builder/spi-builder-workspace/Sources/FSEventStream.swift:125:3: error: cannot find 'FSEventStreamStop' in scope
123 | 		if !isStarted {return}
124 |
125 | 		FSEventStreamStop(eventStream)
    |   `- error: cannot find 'FSEventStreamStop' in scope
126 | 		isStarted = false
127 | 	}
/Users/admin/builder/spi-builder-workspace/Sources/FSEventStream.swift:165:36: error: cannot find 'FSEventStreamCreateFlags' in scope
163 |
164 | 		let fromUs = (
165 | 			(swiftStream.eventStreamFlags & FSEventStreamCreateFlags(kFSEventStreamCreateFlagMarkSelf)) != 0 ?
    |                                    `- error: cannot find 'FSEventStreamCreateFlags' in scope
166 | 				(currentEventFlags & FSEventStreamEventFlags(kFSEventStreamEventFlagOwnEvent)) != 0 :
167 | 				nil
SwiftCompile normal arm64_32 /Users/admin/builder/spi-builder-workspace/Sources/FSEventStream.swift (in target 'FSEventsWrapper' from project 'FSEventsWrapper')
    cd /Users/admin/builder/spi-builder-workspace/.swiftpm/xcode
    builtin-SwiftPerFileCompile FSEventStream.swift
/Users/admin/builder/spi-builder-workspace/Sources/FSEventStream.swift:165:61: error: cannot find 'kFSEventStreamCreateFlagMarkSelf' in scope
163 |
164 | 		let fromUs = (
165 | 			(swiftStream.eventStreamFlags & FSEventStreamCreateFlags(kFSEventStreamCreateFlagMarkSelf)) != 0 ?
    |                                                             `- error: cannot find 'kFSEventStreamCreateFlagMarkSelf' in scope
166 | 				(currentEventFlags & FSEventStreamEventFlags(kFSEventStreamEventFlagOwnEvent)) != 0 :
167 | 				nil
/Users/admin/builder/spi-builder-workspace/Sources/FSEventStream.swift:166:26: error: cannot find 'FSEventStreamEventFlags' in scope
164 | 		let fromUs = (
165 | 			(swiftStream.eventStreamFlags & FSEventStreamCreateFlags(kFSEventStreamCreateFlagMarkSelf)) != 0 ?
166 | 				(currentEventFlags & FSEventStreamEventFlags(kFSEventStreamEventFlagOwnEvent)) != 0 :
    |                          `- error: cannot find 'FSEventStreamEventFlags' in scope
167 | 				nil
168 | 		)
/Users/admin/builder/spi-builder-workspace/Sources/FSEventStream.swift:166:50: error: cannot find 'kFSEventStreamEventFlagOwnEvent' in scope
164 | 		let fromUs = (
165 | 			(swiftStream.eventStreamFlags & FSEventStreamCreateFlags(kFSEventStreamCreateFlagMarkSelf)) != 0 ?
166 | 				(currentEventFlags & FSEventStreamEventFlags(kFSEventStreamEventFlagOwnEvent)) != 0 :
    |                                                  `- error: cannot find 'kFSEventStreamEventFlagOwnEvent' in scope
167 | 				nil
168 | 		)
/Users/admin/builder/spi-builder-workspace/Sources/FSEventStream.swift:169:45: error: cannot find 'FSEventStreamEventFlags' in scope
167 | 				nil
168 | 		)
169 | 		currentEventFlags = (currentEventFlags & ~FSEventStreamEventFlags(kFSEventStreamEventFlagOwnEvent))
    |                                             `- error: cannot find 'FSEventStreamEventFlags' in scope
170 |
171 | 		if currentEventFlags == kFSEventStreamEventFlagNone {
/Users/admin/builder/spi-builder-workspace/Sources/FSEventStream.swift:169:69: error: cannot find 'kFSEventStreamEventFlagOwnEvent' in scope
167 | 				nil
168 | 		)
169 | 		currentEventFlags = (currentEventFlags & ~FSEventStreamEventFlags(kFSEventStreamEventFlagOwnEvent))
    |                                                                     `- error: cannot find 'kFSEventStreamEventFlagOwnEvent' in scope
170 |
171 | 		if currentEventFlags == kFSEventStreamEventFlagNone {
SwiftCompile normal arm64_32 Compiling\ FSEvent.swift /Users/admin/builder/spi-builder-workspace/Sources/FSEvent.swift (in target 'FSEventsWrapper' from project 'FSEventsWrapper')
SwiftCompile normal arm64_32 /Users/admin/builder/spi-builder-workspace/Sources/FSEvent.swift (in target 'FSEventsWrapper' from project 'FSEventsWrapper')
    cd /Users/admin/builder/spi-builder-workspace/.swiftpm/xcode
    builtin-SwiftPerFileCompile FSEvent.swift
/Users/admin/builder/spi-builder-workspace/Sources/FSEvent.swift:45:38: error: cannot find type 'FSEventStreamEventId' in scope
 43 |
 44 | 	/** `kFSEventStreamEventFlagNone` or unknown flag. */
 45 | 	case generic(path: String, eventId: FSEventStreamEventId, fromUs: Bool?)
    |                                      `- error: cannot find type 'FSEventStreamEventId' in scope
 46 |
 47 | 	/**
/Users/admin/builder/spi-builder-workspace/Sources/FSEvent.swift:90:44: error: cannot find type 'FSEventStreamEventId' in scope
 88 | 	 - note: I don't know if the “event is from us” flag is set for this event, nor if the event id has any meaning here…
 89 | 	 I don’t know if there is a valid event id for this event (probably not). */
 90 | 	case volumeMounted(path: String, eventId: FSEventStreamEventId, fromUs: Bool?)
    |                                            `- error: cannot find type 'FSEventStreamEventId' in scope
 91 |
 92 | 	/**
/Users/admin/builder/spi-builder-workspace/Sources/FSEvent.swift:97:46: error: cannot find type 'FSEventStreamEventId' in scope
 95 | 	 - note: I don't know if the “event is from us” flag is set for this event, nor if the event id has any meaning here…
 96 | 	 I don’t know if there is a valid event id for this event (probably not). */
 97 | 	case volumeUnmounted(path: String, eventId: FSEventStreamEventId, fromUs: Bool?)
    |                                              `- error: cannot find type 'FSEventStreamEventId' in scope
 98 |
 99 | 	/* **************************************************************************
/Users/admin/builder/spi-builder-workspace/Sources/FSEvent.swift:111:62: error: cannot find type 'FSEventStreamEventId' in scope
109 |
110 | 	/** `kFSEventStreamEventFlagItemCreated` */
111 | 	case itemCreated(path: String, itemType: ItemType, eventId: FSEventStreamEventId, fromUs: Bool?)
    |                                                              `- error: cannot find type 'FSEventStreamEventId' in scope
112 |
113 | 	/** `kFSEventStreamEventFlagItemRemoved` */
/Users/admin/builder/spi-builder-workspace/Sources/FSEvent.swift:114:62: error: cannot find type 'FSEventStreamEventId' in scope
112 |
113 | 	/** `kFSEventStreamEventFlagItemRemoved` */
114 | 	case itemRemoved(path: String, itemType: ItemType, eventId: FSEventStreamEventId, fromUs: Bool?)
    |                                                              `- error: cannot find type 'FSEventStreamEventId' in scope
115 |
116 | 	/** `kFSEventStreamEventFlagItemInodeMetaMod` */
/Users/admin/builder/spi-builder-workspace/Sources/FSEvent.swift:117:76: error: cannot find type 'FSEventStreamEventId' in scope
115 |
116 | 	/** `kFSEventStreamEventFlagItemInodeMetaMod` */
117 | 	case itemInodeMetadataModified(path: String, itemType: ItemType, eventId: FSEventStreamEventId, fromUs: Bool?)
    |                                                                            `- error: cannot find type 'FSEventStreamEventId' in scope
118 |
119 | 	/**
/Users/admin/builder/spi-builder-workspace/Sources/FSEvent.swift:129:62: error: cannot find type 'FSEventStreamEventId' in scope
127 | 	 (you don’t have the information of the callback call from FSEventsWrapper) at one event interval,
128 | 	 the first one being the original name, the second one the new name. */
129 | 	case itemRenamed(path: String, itemType: ItemType, eventId: FSEventStreamEventId, fromUs: Bool?)
    |                                                              `- error: cannot find type 'FSEventStreamEventId' in scope
130 |
131 | 	/** `kFSEventStreamEventFlagItemModified` */
/Users/admin/builder/spi-builder-workspace/Sources/FSEvent.swift:132:67: error: cannot find type 'FSEventStreamEventId' in scope
130 |
131 | 	/** `kFSEventStreamEventFlagItemModified` */
132 | 	case itemDataModified(path: String, itemType: ItemType, eventId: FSEventStreamEventId, fromUs: Bool?)
    |                                                                   `- error: cannot find type 'FSEventStreamEventId' in scope
133 |
134 | 	/** `kFSEventStreamEventFlagItemFinderInfoMod` */
/Users/admin/builder/spi-builder-workspace/Sources/FSEvent.swift:135:73: error: cannot find type 'FSEventStreamEventId' in scope
133 |
134 | 	/** `kFSEventStreamEventFlagItemFinderInfoMod` */
135 | 	case itemFinderInfoModified(path: String, itemType: ItemType, eventId: FSEventStreamEventId, fromUs: Bool?)
    |                                                                         `- error: cannot find type 'FSEventStreamEventId' in scope
136 |
137 | 	/** `kFSEventStreamEventFlagItemChangeOwner` */
/Users/admin/builder/spi-builder-workspace/Sources/FSEvent.swift:138:72: error: cannot find type 'FSEventStreamEventId' in scope
136 |
137 | 	/** `kFSEventStreamEventFlagItemChangeOwner` */
138 | 	case itemOwnershipModified(path: String, itemType: ItemType, eventId: FSEventStreamEventId, fromUs: Bool?)
    |                                                                        `- error: cannot find type 'FSEventStreamEventId' in scope
139 |
140 | 	/** `kFSEventStreamEventFlagItemXattrMod` */
/Users/admin/builder/spi-builder-workspace/Sources/FSEvent.swift:141:68: error: cannot find type 'FSEventStreamEventId' in scope
139 |
140 | 	/** `kFSEventStreamEventFlagItemXattrMod` */
141 | 	case itemXattrModified(path: String, itemType: ItemType, eventId: FSEventStreamEventId, fromUs: Bool?)
    |                                                                    `- error: cannot find type 'FSEventStreamEventId' in scope
142 |
143 | 	/**
SwiftCompile normal arm64_32 Compiling\ FSEventAsyncStream.swift /Users/admin/builder/spi-builder-workspace/Sources/FSEventAsyncStream.swift (in target 'FSEventsWrapper' from project 'FSEventsWrapper')
/Users/admin/builder/spi-builder-workspace/Sources/FSEventAsyncStream.swift:20:29: error: cannot find type 'FSEventStreamCreateFlags' in scope
18 | 		private var streamIterator: AsyncStream<FSEvent>.Iterator
19 |
20 | 		init(path: String, flags: FSEventStreamCreateFlags) {
   |                             `- error: cannot find type 'FSEventStreamCreateFlags' in scope
21 | 			let (stream, continuation) = AsyncStream<FSEvent>.makeStream()
22 |
/Users/admin/builder/spi-builder-workspace/Sources/FSEventAsyncStream.swift:42:20: error: cannot find type 'FSEventStreamCreateFlags' in scope
40 |
41 | 	public let path: String
42 | 	public let flags: FSEventStreamCreateFlags
   |                    `- error: cannot find type 'FSEventStreamCreateFlags' in scope
43 |
44 | 	public init(path: String, flags: FSEventStreamCreateFlags = FSEventStreamCreateFlags(kFSEventStreamCreateFlagNone)) {
/Users/admin/builder/spi-builder-workspace/Sources/FSEventAsyncStream.swift:44:35: error: cannot find type 'FSEventStreamCreateFlags' in scope
42 | 	public let flags: FSEventStreamCreateFlags
43 |
44 | 	public init(path: String, flags: FSEventStreamCreateFlags = FSEventStreamCreateFlags(kFSEventStreamCreateFlagNone)) {
   |                                   `- error: cannot find type 'FSEventStreamCreateFlags' in scope
45 | 		self.path = path
46 | 		self.flags = flags
/Users/admin/builder/spi-builder-workspace/Sources/FSEventStream.swift:29:18: error: cannot find type 'FSEventStreamEventId' in scope
 27 | 	public convenience init?(
 28 | 		path: String,
 29 | 		since startId: FSEventStreamEventId? = nil, updateInterval: CFTimeInterval = 0, fsEventStreamFlags flags: FSEventStreamCreateFlags = FSEventStreamCreateFlags(kFSEventStreamCreateFlagNone),
    |                  `- error: cannot find type 'FSEventStreamEventId' in scope
 30 | 		queue: DispatchQueue = .global(),
 31 | 		callback: @escaping Callback
/Users/admin/builder/spi-builder-workspace/Sources/FSEventStream.swift:29:109: error: cannot find type 'FSEventStreamCreateFlags' in scope
 27 | 	public convenience init?(
 28 | 		path: String,
 29 | 		since startId: FSEventStreamEventId? = nil, updateInterval: CFTimeInterval = 0, fsEventStreamFlags flags: FSEventStreamCreateFlags = FSEventStreamCreateFlags(kFSEventStreamCreateFlagNone),
    |                                                                                                             `- error: cannot find type 'FSEventStreamCreateFlags' in scope
 30 | 		queue: DispatchQueue = .global(),
 31 | 		callback: @escaping Callback
/Users/admin/builder/spi-builder-workspace/Sources/FSEventStream.swift:70:18: error: cannot find type 'FSEventStreamEventId' in scope
 68 | 	public init?(
 69 | 		paths: [String],
 70 | 		since startId: FSEventStreamEventId? = nil, updateInterval: CFTimeInterval = 0,
    |                  `- error: cannot find type 'FSEventStreamEventId' in scope
 71 | 		fsEventStreamFlags: FSEventStreamCreateFlags = FSEventStreamCreateFlags(kFSEventStreamCreateFlagNone),
 72 | 		queue: DispatchQueue = .global(),
SwiftCompile normal arm64_32 /Users/admin/builder/spi-builder-workspace/Sources/FSEventAsyncStream.swift (in target 'FSEventsWrapper' from project 'FSEventsWrapper')
    cd /Users/admin/builder/spi-builder-workspace/.swiftpm/xcode
    builtin-SwiftPerFileCompile FSEventAsyncStream.swift
SwiftEmitModule normal arm64 Emitting\ module\ for\ FSEventsWrapper (in target 'FSEventsWrapper' from project 'FSEventsWrapper')
/Users/admin/builder/spi-builder-workspace/Sources/FSEvent.swift:45:38: error: cannot find type 'FSEventStreamEventId' in scope
 43 |
 44 | 	/** `kFSEventStreamEventFlagNone` or unknown flag. */
 45 | 	case generic(path: String, eventId: FSEventStreamEventId, fromUs: Bool?)
    |                                      `- error: cannot find type 'FSEventStreamEventId' in scope
 46 |
 47 | 	/**
/Users/admin/builder/spi-builder-workspace/Sources/FSEvent.swift:90:44: error: cannot find type 'FSEventStreamEventId' in scope
 88 | 	 - note: I don't know if the “event is from us” flag is set for this event, nor if the event id has any meaning here…
 89 | 	 I don’t know if there is a valid event id for this event (probably not). */
 90 | 	case volumeMounted(path: String, eventId: FSEventStreamEventId, fromUs: Bool?)
    |                                            `- error: cannot find type 'FSEventStreamEventId' in scope
 91 |
 92 | 	/**
/Users/admin/builder/spi-builder-workspace/Sources/FSEvent.swift:97:46: error: cannot find type 'FSEventStreamEventId' in scope
 95 | 	 - note: I don't know if the “event is from us” flag is set for this event, nor if the event id has any meaning here…
 96 | 	 I don’t know if there is a valid event id for this event (probably not). */
 97 | 	case volumeUnmounted(path: String, eventId: FSEventStreamEventId, fromUs: Bool?)
    |                                              `- error: cannot find type 'FSEventStreamEventId' in scope
 98 |
 99 | 	/* **************************************************************************
/Users/admin/builder/spi-builder-workspace/Sources/FSEvent.swift:111:62: error: cannot find type 'FSEventStreamEventId' in scope
109 |
110 | 	/** `kFSEventStreamEventFlagItemCreated` */
111 | 	case itemCreated(path: String, itemType: ItemType, eventId: FSEventStreamEventId, fromUs: Bool?)
    |                                                              `- error: cannot find type 'FSEventStreamEventId' in scope
112 |
113 | 	/** `kFSEventStreamEventFlagItemRemoved` */
/Users/admin/builder/spi-builder-workspace/Sources/FSEvent.swift:114:62: error: cannot find type 'FSEventStreamEventId' in scope
112 |
113 | 	/** `kFSEventStreamEventFlagItemRemoved` */
114 | 	case itemRemoved(path: String, itemType: ItemType, eventId: FSEventStreamEventId, fromUs: Bool?)
    |                                                              `- error: cannot find type 'FSEventStreamEventId' in scope
115 |
116 | 	/** `kFSEventStreamEventFlagItemInodeMetaMod` */
/Users/admin/builder/spi-builder-workspace/Sources/FSEvent.swift:117:76: error: cannot find type 'FSEventStreamEventId' in scope
115 |
116 | 	/** `kFSEventStreamEventFlagItemInodeMetaMod` */
117 | 	case itemInodeMetadataModified(path: String, itemType: ItemType, eventId: FSEventStreamEventId, fromUs: Bool?)
    |                                                                            `- error: cannot find type 'FSEventStreamEventId' in scope
118 |
119 | 	/**
/Users/admin/builder/spi-builder-workspace/Sources/FSEvent.swift:129:62: error: cannot find type 'FSEventStreamEventId' in scope
127 | 	 (you don’t have the information of the callback call from FSEventsWrapper) at one event interval,
128 | 	 the first one being the original name, the second one the new name. */
129 | 	case itemRenamed(path: String, itemType: ItemType, eventId: FSEventStreamEventId, fromUs: Bool?)
    |                                                              `- error: cannot find type 'FSEventStreamEventId' in scope
130 |
131 | 	/** `kFSEventStreamEventFlagItemModified` */
/Users/admin/builder/spi-builder-workspace/Sources/FSEvent.swift:132:67: error: cannot find type 'FSEventStreamEventId' in scope
130 |
131 | 	/** `kFSEventStreamEventFlagItemModified` */
132 | 	case itemDataModified(path: String, itemType: ItemType, eventId: FSEventStreamEventId, fromUs: Bool?)
    |                                                                   `- error: cannot find type 'FSEventStreamEventId' in scope
133 |
134 | 	/** `kFSEventStreamEventFlagItemFinderInfoMod` */
/Users/admin/builder/spi-builder-workspace/Sources/FSEvent.swift:135:73: error: cannot find type 'FSEventStreamEventId' in scope
133 |
134 | 	/** `kFSEventStreamEventFlagItemFinderInfoMod` */
135 | 	case itemFinderInfoModified(path: String, itemType: ItemType, eventId: FSEventStreamEventId, fromUs: Bool?)
    |                                                                         `- error: cannot find type 'FSEventStreamEventId' in scope
136 |
137 | 	/** `kFSEventStreamEventFlagItemChangeOwner` */
/Users/admin/builder/spi-builder-workspace/Sources/FSEvent.swift:138:72: error: cannot find type 'FSEventStreamEventId' in scope
136 |
137 | 	/** `kFSEventStreamEventFlagItemChangeOwner` */
138 | 	case itemOwnershipModified(path: String, itemType: ItemType, eventId: FSEventStreamEventId, fromUs: Bool?)
    |                                                                        `- error: cannot find type 'FSEventStreamEventId' in scope
139 |
140 | 	/** `kFSEventStreamEventFlagItemXattrMod` */
/Users/admin/builder/spi-builder-workspace/Sources/FSEvent.swift:141:68: error: cannot find type 'FSEventStreamEventId' in scope
139 |
140 | 	/** `kFSEventStreamEventFlagItemXattrMod` */
141 | 	case itemXattrModified(path: String, itemType: ItemType, eventId: FSEventStreamEventId, fromUs: Bool?)
    |                                                                    `- error: cannot find type 'FSEventStreamEventId' in scope
142 |
143 | 	/**
/Users/admin/builder/spi-builder-workspace/Sources/FSEvent.swift:148:67: error: cannot find type 'FSEventStreamEventId' in scope
146 | 	 Only available from macOS 10.13 and macCatalyst 11.0, but we cannot use @available on an enum case with associated values. */
147 | //	@available(macOS 10.13, macCatalyst 11.0, *)
148 | 	case itemClonedAtPath(path: String, itemType: ItemType, eventId: FSEventStreamEventId, fromUs: Bool?)
    |                                                                   `- error: cannot find type 'FSEventStreamEventId' in scope
149 |
150 | }
/Users/admin/builder/spi-builder-workspace/Sources/FSEventAsyncStream.swift:20:29: error: cannot find type 'FSEventStreamCreateFlags' in scope
18 | 		private var streamIterator: AsyncStream<FSEvent>.Iterator
19 |
20 | 		init(path: String, flags: FSEventStreamCreateFlags) {
   |                             `- error: cannot find type 'FSEventStreamCreateFlags' in scope
21 | 			let (stream, continuation) = AsyncStream<FSEvent>.makeStream()
22 |
/Users/admin/builder/spi-builder-workspace/Sources/FSEventAsyncStream.swift:42:20: error: cannot find type 'FSEventStreamCreateFlags' in scope
40 |
41 | 	public let path: String
42 | 	public let flags: FSEventStreamCreateFlags
   |                    `- error: cannot find type 'FSEventStreamCreateFlags' in scope
43 |
44 | 	public init(path: String, flags: FSEventStreamCreateFlags = FSEventStreamCreateFlags(kFSEventStreamCreateFlagNone)) {
/Users/admin/builder/spi-builder-workspace/Sources/FSEventAsyncStream.swift:44:35: error: cannot find type 'FSEventStreamCreateFlags' in scope
42 | 	public let flags: FSEventStreamCreateFlags
43 |
44 | 	public init(path: String, flags: FSEventStreamCreateFlags = FSEventStreamCreateFlags(kFSEventStreamCreateFlagNone)) {
   |                                   `- error: cannot find type 'FSEventStreamCreateFlags' in scope
45 | 		self.path = path
46 | 		self.flags = flags
/Users/admin/builder/spi-builder-workspace/Sources/FSEventStream.swift:20:28: error: cannot find type 'FSEventStreamRef' in scope
 18 | 	public let callback: Callback
 19 |
 20 | 	internal let eventStream: FSEventStreamRef
    |                            `- error: cannot find type 'FSEventStreamRef' in scope
 21 | 	internal let eventStreamFlags: FSEventStreamCreateFlags
 22 |
/Users/admin/builder/spi-builder-workspace/Sources/FSEventStream.swift:21:33: error: cannot find type 'FSEventStreamCreateFlags' in scope
 19 |
 20 | 	internal let eventStream: FSEventStreamRef
 21 | 	internal let eventStreamFlags: FSEventStreamCreateFlags
    |                                 `- error: cannot find type 'FSEventStreamCreateFlags' in scope
 22 |
 23 | 	public let queue: DispatchQueue
/Users/admin/builder/spi-builder-workspace/Sources/FSEventStream.swift:29:18: error: cannot find type 'FSEventStreamEventId' in scope
 27 | 	public convenience init?(
 28 | 		path: String,
 29 | 		since startId: FSEventStreamEventId? = nil, updateInterval: CFTimeInterval = 0, fsEventStreamFlags flags: FSEventStreamCreateFlags = FSEventStreamCreateFlags(kFSEventStreamCreateFlagNone),
    |                  `- error: cannot find type 'FSEventStreamEventId' in scope
 30 | 		queue: DispatchQueue = .global(),
 31 | 		callback: @escaping Callback
/Users/admin/builder/spi-builder-workspace/Sources/FSEventStream.swift:29:109: error: cannot find type 'FSEventStreamCreateFlags' in scope
 27 | 	public convenience init?(
 28 | 		path: String,
 29 | 		since startId: FSEventStreamEventId? = nil, updateInterval: CFTimeInterval = 0, fsEventStreamFlags flags: FSEventStreamCreateFlags = FSEventStreamCreateFlags(kFSEventStreamCreateFlagNone),
    |                                                                                                             `- error: cannot find type 'FSEventStreamCreateFlags' in scope
 30 | 		queue: DispatchQueue = .global(),
 31 | 		callback: @escaping Callback
/Users/admin/builder/spi-builder-workspace/Sources/FSEventStream.swift:70:18: error: cannot find type 'FSEventStreamEventId' in scope
 68 | 	public init?(
 69 | 		paths: [String],
 70 | 		since startId: FSEventStreamEventId? = nil, updateInterval: CFTimeInterval = 0,
    |                  `- error: cannot find type 'FSEventStreamEventId' in scope
 71 | 		fsEventStreamFlags: FSEventStreamCreateFlags = FSEventStreamCreateFlags(kFSEventStreamCreateFlagNone),
 72 | 		queue: DispatchQueue = .global(),
/Users/admin/builder/spi-builder-workspace/Sources/FSEventStream.swift:71:23: error: cannot find type 'FSEventStreamCreateFlags' in scope
 69 | 		paths: [String],
 70 | 		since startId: FSEventStreamEventId? = nil, updateInterval: CFTimeInterval = 0,
 71 | 		fsEventStreamFlags: FSEventStreamCreateFlags = FSEventStreamCreateFlags(kFSEventStreamCreateFlagNone),
    |                       `- error: cannot find type 'FSEventStreamCreateFlags' in scope
 72 | 		queue: DispatchQueue = .global(),
 73 | 		callback: @escaping Callback
/Users/admin/builder/spi-builder-workspace/Sources/FSEventStream.swift:140:13: error: cannot find type 'ConstFSEventStreamRef' in scope
138 |
139 | private func eventStreamCallback(
140 | 	streamRef: ConstFSEventStreamRef,
    |             `- error: cannot find type 'ConstFSEventStreamRef' in scope
141 | 	clientCallBackInfo: UnsafeMutableRawPointer?,
142 | 	numEvents: Int,
/Users/admin/builder/spi-builder-workspace/Sources/FSEventStream.swift:144:28: error: cannot find type 'FSEventStreamEventFlags' in scope
142 | 	numEvents: Int,
143 | 	eventPathsAsVoidPtr: UnsafeMutableRawPointer,
144 | 	eventFlags: UnsafePointer<FSEventStreamEventFlags>,
    |                            `- error: cannot find type 'FSEventStreamEventFlags' in scope
145 | 	eventIds: UnsafePointer<FSEventStreamEventId>
146 | ) {
/Users/admin/builder/spi-builder-workspace/Sources/FSEventStream.swift:145:26: error: cannot find type 'FSEventStreamEventId' in scope
143 | 	eventPathsAsVoidPtr: UnsafeMutableRawPointer,
144 | 	eventFlags: UnsafePointer<FSEventStreamEventFlags>,
145 | 	eventIds: UnsafePointer<FSEventStreamEventId>
    |                          `- error: cannot find type 'FSEventStreamEventId' in scope
146 | ) {
147 | 	guard let clientCallBackInfo = clientCallBackInfo,
Failed frontend command:
/Applications/Xcode-27.0.0-Release.Candidate.app/Contents/Developer/Toolchains/XcodeDefault.xctoolchain/usr/bin/swift-frontend -frontend -emit-module -experimental-skip-non-inlinable-function-bodies-without-types /Users/admin/builder/spi-builder-workspace/Sources/FSEvent.swift /Users/admin/builder/spi-builder-workspace/Sources/FSEventAsyncStream.swift /Users/admin/builder/spi-builder-workspace/Sources/FSEventStream.swift -target arm64-apple-watchos9.0 -disable-cross-import-overlay-search -load-resolved-plugin /Applications/Xcode-27.0.0-Release.Candidate.app/Contents/Developer/Platforms/WatchOS.platform/Developer/usr/lib/swift/host/plugins/libFoundationMacros.dylib\#/Applications/Xcode-27.0.0-Release.Candidate.app/Contents/Developer/Platforms/WatchOS.platform/Developer/usr/bin/swift-plugin-server\#FoundationMacros -load-resolved-plugin /Applications/Xcode-27.0.0-Release.Candidate.app/Contents/Developer/Platforms/WatchOS.platform/Developer/usr/lib/swift/host/plugins/libObservationMacros.dylib\#/Applications/Xcode-27.0.0-Release.Candidate.app/Contents/Developer/Platforms/WatchOS.platform/Developer/usr/bin/swift-plugin-server\#ObservationMacros -load-resolved-plugin /Applications/Xcode-27.0.0-Release.Candidate.app/Contents/Developer/Platforms/WatchOS.platform/Developer/usr/lib/swift/host/plugins/libSwiftMacros.dylib\#/Applications/Xcode-27.0.0-Release.Candidate.app/Contents/Developer/Platforms/WatchOS.platform/Developer/usr/bin/swift-plugin-server\#SwiftMacros -disable-implicit-swift-modules -Xcc -fno-implicit-modules -Xcc -fno-implicit-module-maps -explicit-swift-module-map-file /Users/admin/builder/spi-builder-workspace/.derivedData/Build/Intermediates.noindex/FSEventsWrapper.build/Debug-watchos/FSEventsWrapper-t.build/Objects-normal/arm64/FSEventsWrapper-dependencies-1.json -Xllvm -aarch64-use-tbi -enable-objc-interop -stack-check -sdk /Applications/Xcode-27.0.0-Release.Candidate.app/Contents/Developer/Platforms/WatchOS.platform/Developer/SDKs/WatchOS27.0.sdk -I /Users/admin/builder/spi-builder-workspace/.derivedData/Build/Products/Debug-watchos -Isystem /Applications/Xcode-27.0.0-Release.Candidate.app/Contents/Developer/Platforms/WatchOS.platform/Developer/usr/lib -F /Users/admin/builder/spi-builder-workspace/.derivedData/Build/Products/Debug-watchos -F /Applications/Xcode-27.0.0-Release.Candidate.app/Contents/Developer/Platforms/WatchOS.platform/Developer/Library/Frameworks -F /Applications/Xcode-27.0.0-Release.Candidate.app/Contents/Developer/Platforms/WatchOS.platform/Developer/SDKs/WatchOS27.0.sdk/Developer/Library/Frameworks -module-cache-path /Users/admin/builder/spi-builder-workspace/.derivedData/Build/Intermediates.noindex/SwiftExplicitPrecompiledModules -no-color-diagnostics -Xcc -fno-color-diagnostics -enable-testing -g -debug-info-format\=dwarf -dwarf-version\=4 -profile-generate -profile-coverage-mapping -swift-version 5 -Onone -D SWIFT_PACKAGE -D DEBUG -D SWIFT_MODULE_RESOURCE_BUNDLE_UNAVAILABLE -D Xcode -serialize-debugging-options -enable-experimental-feature DebugDescriptionMacro -empty-abi-descriptor -validate-clang-modules-once -clang-build-session-file /Users/admin/builder/spi-builder-workspace/.derivedData/ModuleCache.noindex/Session.modulevalidation -Xcc -working-directory -Xcc /Users/admin/builder/spi-builder-workspace/.swiftpm/xcode -enable-anonymous-context-mangled-names -file-compilation-dir /Users/admin/builder/spi-builder-workspace/.swiftpm/xcode -Xcc -D_LIBCPP_HARDENING_MODE\=_LIBCPP_HARDENING_MODE_DEBUG -Xcc -ivfsstatcache -Xcc /Users/admin/builder/spi-builder-workspace/.derivedData/SDKStatCaches.noindex/watchos27.0-24R360-e829b21a6f8c9b70876ba0858053c04477534ef55a1706bf4c1112bbb242f0a2.sdkstatcache -Xcc -fmodules-prune-interval\=86400 -Xcc -fmodules-prune-after\=345600 -Xcc -I/Users/admin/builder/spi-builder-workspace/.derivedData/Build/Products/Debug-watchos/include -Xcc -I/Users/admin/builder/spi-builder-workspace/.derivedData/Build/Intermediates.noindex/FSEventsWrapper.build/Debug-watchos/FSEventsWrapper-t.build/DerivedSources-normal/arm64 -Xcc -I/Users/admin/builder/spi-builder-workspace/.derivedData/Build/Intermediates.noindex/FSEventsWrapper.build/Debug-watchos/FSEventsWrapper-t.build/DerivedSources/arm64 -Xcc -I/Users/admin/builder/spi-builder-workspace/.derivedData/Build/Intermediates.noindex/FSEventsWrapper.build/Debug-watchos/FSEventsWrapper-t.build/DerivedSources -Xcc -DSWIFT_PACKAGE -Xcc -DDEBUG\=1 -no-auto-bridging-header-chaining -module-name FSEventsWrapper -const-gather-protocols-file /Users/admin/builder/spi-builder-workspace/.derivedData/Build/Intermediates.noindex/FSEventsWrapper.build/Debug-watchos/FSEventsWrapper-t.build/Objects-normal/arm64/FSEventsWrapper_const_extract_protocols.json -disable-clang-spi -clang-target arm64-apple-watchos27.0 -target-sdk-version 27.0 -target-sdk-name watchos27.0 -in-process-plugin-server-path /Applications/Xcode-27.0.0-Release.Candidate.app/Contents/Developer/Toolchains/XcodeDefault.xctoolchain/usr/lib/swift/host/libSwiftInProcPluginServer.dylib -emit-module-doc-path /Users/admin/builder/spi-builder-workspace/.derivedData/Build/Intermediates.noindex/FSEventsWrapper.build/Debug-watchos/FSEventsWrapper-t.build/Objects-normal/arm64/FSEventsWrapper.swiftdoc -emit-module-source-info-path /Users/admin/builder/spi-builder-workspace/.derivedData/Build/Intermediates.noindex/FSEventsWrapper.build/Debug-watchos/FSEventsWrapper-t.build/Objects-normal/arm64/FSEventsWrapper.swiftsourceinfo -emit-objc-header-path /Users/admin/builder/spi-builder-workspace/.derivedData/Build/Intermediates.noindex/FSEventsWrapper.build/Debug-watchos/FSEventsWrapper-t.build/Objects-normal/arm64/FSEventsWrapper-Swift.h -serialize-diagnostics-path /Users/admin/builder/spi-builder-workspace/.derivedData/Build/Intermediates.noindex/FSEventsWrapper.build/Debug-watchos/FSEventsWrapper-t.build/Objects-normal/arm64/FSEventsWrapper-primary-emit-module.dia -emit-dependencies-path /Users/admin/builder/spi-builder-workspace/.derivedData/Build/Intermediates.noindex/FSEventsWrapper.build/Debug-watchos/FSEventsWrapper-t.build/Objects-normal/arm64/FSEventsWrapper-primary-emit-module.d -parse-as-library -o /Users/admin/builder/spi-builder-workspace/.derivedData/Build/Intermediates.noindex/FSEventsWrapper.build/Debug-watchos/FSEventsWrapper-t.build/Objects-normal/arm64/FSEventsWrapper.swiftmodule -emit-abi-descriptor-path /Users/admin/builder/spi-builder-workspace/.derivedData/Build/Intermediates.noindex/FSEventsWrapper.build/Debug-watchos/FSEventsWrapper-t.build/Objects-normal/arm64/FSEventsWrapper.abi.json
SwiftCompile normal arm64 (in target 'FSEventsWrapper' from project 'FSEventsWrapper')
    cd /Users/admin/builder/spi-builder-workspace/.swiftpm/xcode

SwiftCompile normal arm64 Compiling\ FSEventStream.swift /Users/admin/builder/spi-builder-workspace/Sources/FSEventStream.swift (in target 'FSEventsWrapper' from project 'FSEventsWrapper')
/Users/admin/builder/spi-builder-workspace/Sources/FSEventStream.swift:20:28: error: cannot find type 'FSEventStreamRef' in scope
 18 | 	public let callback: Callback
 19 |
 20 | 	internal let eventStream: FSEventStreamRef
    |                            `- error: cannot find type 'FSEventStreamRef' in scope
 21 | 	internal let eventStreamFlags: FSEventStreamCreateFlags
 22 |
/Users/admin/builder/spi-builder-workspace/Sources/FSEventStream.swift:21:33: error: cannot find type 'FSEventStreamCreateFlags' in scope
 19 |
 20 | 	internal let eventStream: FSEventStreamRef
 21 | 	internal let eventStreamFlags: FSEventStreamCreateFlags
    |                                 `- error: cannot find type 'FSEventStreamCreateFlags' in scope
 22 |
 23 | 	public let queue: DispatchQueue
/Users/admin/builder/spi-builder-workspace/Sources/FSEventStream.swift:29:18: error: cannot find type 'FSEventStreamEventId' in scope
 27 | 	public convenience init?(
 28 | 		path: String,
 29 | 		since startId: FSEventStreamEventId? = nil, updateInterval: CFTimeInterval = 0, fsEventStreamFlags flags: FSEventStreamCreateFlags = FSEventStreamCreateFlags(kFSEventStreamCreateFlagNone),
    |                  `- error: cannot find type 'FSEventStreamEventId' in scope
 30 | 		queue: DispatchQueue = .global(),
 31 | 		callback: @escaping Callback
/Users/admin/builder/spi-builder-workspace/Sources/FSEventStream.swift:29:109: error: cannot find type 'FSEventStreamCreateFlags' in scope
 27 | 	public convenience init?(
 28 | 		path: String,
 29 | 		since startId: FSEventStreamEventId? = nil, updateInterval: CFTimeInterval = 0, fsEventStreamFlags flags: FSEventStreamCreateFlags = FSEventStreamCreateFlags(kFSEventStreamCreateFlagNone),
    |                                                                                                             `- error: cannot find type 'FSEventStreamCreateFlags' in scope
 30 | 		queue: DispatchQueue = .global(),
 31 | 		callback: @escaping Callback
/Users/admin/builder/spi-builder-workspace/Sources/FSEventStream.swift:70:18: error: cannot find type 'FSEventStreamEventId' in scope
 68 | 	public init?(
 69 | 		paths: [String],
 70 | 		since startId: FSEventStreamEventId? = nil, updateInterval: CFTimeInterval = 0,
    |                  `- error: cannot find type 'FSEventStreamEventId' in scope
 71 | 		fsEventStreamFlags: FSEventStreamCreateFlags = FSEventStreamCreateFlags(kFSEventStreamCreateFlagNone),
 72 | 		queue: DispatchQueue = .global(),
/Users/admin/builder/spi-builder-workspace/Sources/FSEventStream.swift:71:23: error: cannot find type 'FSEventStreamCreateFlags' in scope
 69 | 		paths: [String],
 70 | 		since startId: FSEventStreamEventId? = nil, updateInterval: CFTimeInterval = 0,
 71 | 		fsEventStreamFlags: FSEventStreamCreateFlags = FSEventStreamCreateFlags(kFSEventStreamCreateFlagNone),
    |                       `- error: cannot find type 'FSEventStreamCreateFlags' in scope
 72 | 		queue: DispatchQueue = .global(),
 73 | 		callback: @escaping Callback
/Users/admin/builder/spi-builder-workspace/Sources/FSEventStream.swift:140:13: error: cannot find type 'ConstFSEventStreamRef' in scope
138 |
139 | private func eventStreamCallback(
140 | 	streamRef: ConstFSEventStreamRef,
    |             `- error: cannot find type 'ConstFSEventStreamRef' in scope
141 | 	clientCallBackInfo: UnsafeMutableRawPointer?,
142 | 	numEvents: Int,
/Users/admin/builder/spi-builder-workspace/Sources/FSEventStream.swift:144:28: error: cannot find type 'FSEventStreamEventFlags' in scope
142 | 	numEvents: Int,
143 | 	eventPathsAsVoidPtr: UnsafeMutableRawPointer,
144 | 	eventFlags: UnsafePointer<FSEventStreamEventFlags>,
    |                            `- error: cannot find type 'FSEventStreamEventFlags' in scope
145 | 	eventIds: UnsafePointer<FSEventStreamEventId>
146 | ) {
/Users/admin/builder/spi-builder-workspace/Sources/FSEventStream.swift:145:26: error: cannot find type 'FSEventStreamEventId' in scope
143 | 	eventPathsAsVoidPtr: UnsafeMutableRawPointer,
144 | 	eventFlags: UnsafePointer<FSEventStreamEventFlags>,
145 | 	eventIds: UnsafePointer<FSEventStreamEventId>
    |                          `- error: cannot find type 'FSEventStreamEventId' in scope
146 | ) {
147 | 	guard let clientCallBackInfo = clientCallBackInfo,
/Users/admin/builder/spi-builder-workspace/Sources/FSEventStream.swift:76:34: error: cannot find 'FSEventStreamEventId' in scope
 74 | 	) {
 75 | 		let cfpaths: CFArray = paths as CFArray
 76 | 		let actualStartId = startId ?? FSEventStreamEventId(kFSEventStreamEventIdSinceNow)
    |                                  `- error: cannot find 'FSEventStreamEventId' in scope
 77 | 		let actualFlags = FSEventStreamCreateFlags(kFSEventStreamCreateFlagUseCFTypes | Int(fsEventStreamFlags))
 78 |
/Users/admin/builder/spi-builder-workspace/Sources/FSEventStream.swift:76:55: error: cannot find 'kFSEventStreamEventIdSinceNow' in scope
 74 | 	) {
 75 | 		let cfpaths: CFArray = paths as CFArray
 76 | 		let actualStartId = startId ?? FSEventStreamEventId(kFSEventStreamEventIdSinceNow)
    |                                                       `- error: cannot find 'kFSEventStreamEventIdSinceNow' in scope
 77 | 		let actualFlags = FSEventStreamCreateFlags(kFSEventStreamCreateFlagUseCFTypes | Int(fsEventStreamFlags))
 78 |
/Users/admin/builder/spi-builder-workspace/Sources/FSEventStream.swift:77:21: error: cannot find 'FSEventStreamCreateFlags' in scope
 75 | 		let cfpaths: CFArray = paths as CFArray
 76 | 		let actualStartId = startId ?? FSEventStreamEventId(kFSEventStreamEventIdSinceNow)
 77 | 		let actualFlags = FSEventStreamCreateFlags(kFSEventStreamCreateFlagUseCFTypes | Int(fsEventStreamFlags))
    |                     `- error: cannot find 'FSEventStreamCreateFlags' in scope
 78 |
 79 | 		self.callback = callback
/Users/admin/builder/spi-builder-workspace/Sources/FSEventStream.swift:77:46: error: cannot find 'kFSEventStreamCreateFlagUseCFTypes' in scope
 75 | 		let cfpaths: CFArray = paths as CFArray
 76 | 		let actualStartId = startId ?? FSEventStreamEventId(kFSEventStreamEventIdSinceNow)
 77 | 		let actualFlags = FSEventStreamCreateFlags(kFSEventStreamCreateFlagUseCFTypes | Int(fsEventStreamFlags))
    |                                              `- error: cannot find 'kFSEventStreamCreateFlagUseCFTypes' in scope
 78 |
 79 | 		self.callback = callback
/Users/admin/builder/spi-builder-workspace/Sources/FSEventStream.swift:84:17: error: cannot find 'FSEventStreamContext' in scope
 82 |
 83 | 		let objcWrapper = FSEventStreamObjCWrapper()
 84 | 		var context = FSEventStreamContext(
    |                 `- error: cannot find 'FSEventStreamContext' in scope
 85 | 			version: 0,
 86 | 			info: Unmanaged.passUnretained(objcWrapper).toOpaque(),
/Users/admin/builder/spi-builder-workspace/Sources/FSEventStream.swift:98:17: error: cannot find 'FSEventStreamCreate' in scope
 96 | 			copyDescription: nil /* I do not know how to trigger this block, so cannot test, so we set to nil! */
 97 | 		)
 98 | 		guard let s = FSEventStreamCreate(kCFAllocatorDefault, eventStreamCallback, &context, cfpaths, actualStartId, updateInterval, actualFlags) else {
    |                 `- error: cannot find 'FSEventStreamCreate' in scope
 99 | 			return nil
100 | 		}
/Users/admin/builder/spi-builder-workspace/Sources/FSEventStream.swift:98:17: error: failed to produce diagnostic for expression; please submit a bug report (https://swift.org/contributing/#reporting-bugs)
 96 | 			copyDescription: nil /* I do not know how to trigger this block, so cannot test, so we set to nil! */
 97 | 		)
 98 | 		guard let s = FSEventStreamCreate(kCFAllocatorDefault, eventStreamCallback, &context, cfpaths, actualStartId, updateInterval, actualFlags) else {
    |                 `- error: failed to produce diagnostic for expression; please submit a bug report (https://swift.org/contributing/#reporting-bugs)
 99 | 			return nil
100 | 		}
/Users/admin/builder/spi-builder-workspace/Sources/FSEventStream.swift:104:3: error: cannot find 'FSEventStreamSetDispatchQueue' in scope
102 | 		self.eventStreamFlags = actualFlags
103 |
104 | 		FSEventStreamSetDispatchQueue(s, queue)
    |   `- error: cannot find 'FSEventStreamSetDispatchQueue' in scope
105 |
106 | 		objcWrapper.swiftStream = self
/Users/admin/builder/spi-builder-workspace/Sources/FSEventStream.swift:111:3: error: cannot find 'FSEventStreamInvalidate' in scope
109 | 	deinit {
110 | 		stopWatching()
111 | 		FSEventStreamInvalidate(eventStream)
    |   `- error: cannot find 'FSEventStreamInvalidate' in scope
112 | 		FSEventStreamRelease(eventStream) /* I thought the release would be automatic, it seems it is not. */
113 | 	}
/Users/admin/builder/spi-builder-workspace/Sources/FSEventStream.swift:112:3: error: cannot find 'FSEventStreamRelease' in scope
110 | 		stopWatching()
111 | 		FSEventStreamInvalidate(eventStream)
112 | 		FSEventStreamRelease(eventStream) /* I thought the release would be automatic, it seems it is not. */
    |   `- error: cannot find 'FSEventStreamRelease' in scope
113 | 	}
114 |
/Users/admin/builder/spi-builder-workspace/Sources/FSEventStream.swift:118:3: error: cannot find 'FSEventStreamStart' in scope
116 | 		if isStarted {return}
117 |
118 | 		FSEventStreamStart(eventStream)
    |   `- error: cannot find 'FSEventStreamStart' in scope
119 | 		isStarted = true
120 | 	}
/Users/admin/builder/spi-builder-workspace/Sources/FSEventStream.swift:125:3: error: cannot find 'FSEventStreamStop' in scope
123 | 		if !isStarted {return}
124 |
125 | 		FSEventStreamStop(eventStream)
    |   `- error: cannot find 'FSEventStreamStop' in scope
126 | 		isStarted = false
127 | 	}
/Users/admin/builder/spi-builder-workspace/Sources/FSEventStream.swift:165:36: error: cannot find 'FSEventStreamCreateFlags' in scope
163 |
164 | 		let fromUs = (
165 | 			(swiftStream.eventStreamFlags & FSEventStreamCreateFlags(kFSEventStreamCreateFlagMarkSelf)) != 0 ?
    |                                    `- error: cannot find 'FSEventStreamCreateFlags' in scope
166 | 				(currentEventFlags & FSEventStreamEventFlags(kFSEventStreamEventFlagOwnEvent)) != 0 :
167 | 				nil
/Users/admin/builder/spi-builder-workspace/Sources/FSEventStream.swift:165:61: error: cannot find 'kFSEventStreamCreateFlagMarkSelf' in scope
163 |
164 | 		let fromUs = (
165 | 			(swiftStream.eventStreamFlags & FSEventStreamCreateFlags(kFSEventStreamCreateFlagMarkSelf)) != 0 ?
    |                                                             `- error: cannot find 'kFSEventStreamCreateFlagMarkSelf' in scope
166 | 				(currentEventFlags & FSEventStreamEventFlags(kFSEventStreamEventFlagOwnEvent)) != 0 :
167 | 				nil
/Users/admin/builder/spi-builder-workspace/Sources/FSEventStream.swift:166:26: error: cannot find 'FSEventStreamEventFlags' in scope
164 | 		let fromUs = (
165 | 			(swiftStream.eventStreamFlags & FSEventStreamCreateFlags(kFSEventStreamCreateFlagMarkSelf)) != 0 ?
166 | 				(currentEventFlags & FSEventStreamEventFlags(kFSEventStreamEventFlagOwnEvent)) != 0 :
    |                          `- error: cannot find 'FSEventStreamEventFlags' in scope
167 | 				nil
168 | 		)
/Users/admin/builder/spi-builder-workspace/Sources/FSEventStream.swift:166:50: error: cannot find 'kFSEventStreamEventFlagOwnEvent' in scope
164 | 		let fromUs = (
165 | 			(swiftStream.eventStreamFlags & FSEventStreamCreateFlags(kFSEventStreamCreateFlagMarkSelf)) != 0 ?
166 | 				(currentEventFlags & FSEventStreamEventFlags(kFSEventStreamEventFlagOwnEvent)) != 0 :
    |                                                  `- error: cannot find 'kFSEventStreamEventFlagOwnEvent' in scope
167 | 				nil
168 | 		)
/Users/admin/builder/spi-builder-workspace/Sources/FSEventStream.swift:169:45: error: cannot find 'FSEventStreamEventFlags' in scope
167 | 				nil
168 | 		)
169 | 		currentEventFlags = (currentEventFlags & ~FSEventStreamEventFlags(kFSEventStreamEventFlagOwnEvent))
    |                                             `- error: cannot find 'FSEventStreamEventFlags' in scope
170 |
171 | 		if currentEventFlags == kFSEventStreamEventFlagNone {
/Users/admin/builder/spi-builder-workspace/Sources/FSEventStream.swift:169:69: error: cannot find 'kFSEventStreamEventFlagOwnEvent' in scope
167 | 				nil
168 | 		)
169 | 		currentEventFlags = (currentEventFlags & ~FSEventStreamEventFlags(kFSEventStreamEventFlagOwnEvent))
    |                                                                     `- error: cannot find 'kFSEventStreamEventFlagOwnEvent' in scope
170 |
171 | 		if currentEventFlags == kFSEventStreamEventFlagNone {
SwiftCompile normal arm64 /Users/admin/builder/spi-builder-workspace/Sources/FSEventStream.swift (in target 'FSEventsWrapper' from project 'FSEventsWrapper')
    cd /Users/admin/builder/spi-builder-workspace/.swiftpm/xcode
    builtin-SwiftPerFileCompile FSEventStream.swift
SwiftCompile normal arm64 Compiling\ FSEventAsyncStream.swift /Users/admin/builder/spi-builder-workspace/Sources/FSEventAsyncStream.swift (in target 'FSEventsWrapper' from project 'FSEventsWrapper')
SwiftCompile normal arm64 /Users/admin/builder/spi-builder-workspace/Sources/FSEventAsyncStream.swift (in target 'FSEventsWrapper' from project 'FSEventsWrapper')
    cd /Users/admin/builder/spi-builder-workspace/.swiftpm/xcode
    builtin-SwiftPerFileCompile FSEventAsyncStream.swift
/Users/admin/builder/spi-builder-workspace/Sources/FSEventAsyncStream.swift:20:29: error: cannot find type 'FSEventStreamCreateFlags' in scope
18 | 		private var streamIterator: AsyncStream<FSEvent>.Iterator
19 |
20 | 		init(path: String, flags: FSEventStreamCreateFlags) {
   |                             `- error: cannot find type 'FSEventStreamCreateFlags' in scope
21 | 			let (stream, continuation) = AsyncStream<FSEvent>.makeStream()
22 |
/Users/admin/builder/spi-builder-workspace/Sources/FSEventAsyncStream.swift:42:20: error: cannot find type 'FSEventStreamCreateFlags' in scope
40 |
41 | 	public let path: String
42 | 	public let flags: FSEventStreamCreateFlags
   |                    `- error: cannot find type 'FSEventStreamCreateFlags' in scope
43 |
44 | 	public init(path: String, flags: FSEventStreamCreateFlags = FSEventStreamCreateFlags(kFSEventStreamCreateFlagNone)) {
/Users/admin/builder/spi-builder-workspace/Sources/FSEventAsyncStream.swift:44:35: error: cannot find type 'FSEventStreamCreateFlags' in scope
42 | 	public let flags: FSEventStreamCreateFlags
43 |
44 | 	public init(path: String, flags: FSEventStreamCreateFlags = FSEventStreamCreateFlags(kFSEventStreamCreateFlagNone)) {
   |                                   `- error: cannot find type 'FSEventStreamCreateFlags' in scope
45 | 		self.path = path
46 | 		self.flags = flags
/Users/admin/builder/spi-builder-workspace/Sources/FSEventStream.swift:29:18: error: cannot find type 'FSEventStreamEventId' in scope
 27 | 	public convenience init?(
 28 | 		path: String,
 29 | 		since startId: FSEventStreamEventId? = nil, updateInterval: CFTimeInterval = 0, fsEventStreamFlags flags: FSEventStreamCreateFlags = FSEventStreamCreateFlags(kFSEventStreamCreateFlagNone),
    |                  `- error: cannot find type 'FSEventStreamEventId' in scope
 30 | 		queue: DispatchQueue = .global(),
 31 | 		callback: @escaping Callback
/Users/admin/builder/spi-builder-workspace/Sources/FSEventStream.swift:29:109: error: cannot find type 'FSEventStreamCreateFlags' in scope
 27 | 	public convenience init?(
 28 | 		path: String,
 29 | 		since startId: FSEventStreamEventId? = nil, updateInterval: CFTimeInterval = 0, fsEventStreamFlags flags: FSEventStreamCreateFlags = FSEventStreamCreateFlags(kFSEventStreamCreateFlagNone),
    |                                                                                                             `- error: cannot find type 'FSEventStreamCreateFlags' in scope
 30 | 		queue: DispatchQueue = .global(),
 31 | 		callback: @escaping Callback
/Users/admin/builder/spi-builder-workspace/Sources/FSEventStream.swift:70:18: error: cannot find type 'FSEventStreamEventId' in scope
 68 | 	public init?(
 69 | 		paths: [String],
 70 | 		since startId: FSEventStreamEventId? = nil, updateInterval: CFTimeInterval = 0,
    |                  `- error: cannot find type 'FSEventStreamEventId' in scope
 71 | 		fsEventStreamFlags: FSEventStreamCreateFlags = FSEventStreamCreateFlags(kFSEventStreamCreateFlagNone),
 72 | 		queue: DispatchQueue = .global(),
SwiftCompile normal arm64 Compiling\ FSEvent.swift /Users/admin/builder/spi-builder-workspace/Sources/FSEvent.swift (in target 'FSEventsWrapper' from project 'FSEventsWrapper')
/Users/admin/builder/spi-builder-workspace/Sources/FSEvent.swift:45:38: error: cannot find type 'FSEventStreamEventId' in scope
 43 |
 44 | 	/** `kFSEventStreamEventFlagNone` or unknown flag. */
 45 | 	case generic(path: String, eventId: FSEventStreamEventId, fromUs: Bool?)
    |                                      `- error: cannot find type 'FSEventStreamEventId' in scope
 46 |
 47 | 	/**
/Users/admin/builder/spi-builder-workspace/Sources/FSEvent.swift:90:44: error: cannot find type 'FSEventStreamEventId' in scope
 88 | 	 - note: I don't know if the “event is from us” flag is set for this event, nor if the event id has any meaning here…
 89 | 	 I don’t know if there is a valid event id for this event (probably not). */
 90 | 	case volumeMounted(path: String, eventId: FSEventStreamEventId, fromUs: Bool?)
    |                                            `- error: cannot find type 'FSEventStreamEventId' in scope
 91 |
 92 | 	/**
/Users/admin/builder/spi-builder-workspace/Sources/FSEvent.swift:97:46: error: cannot find type 'FSEventStreamEventId' in scope
 95 | 	 - note: I don't know if the “event is from us” flag is set for this event, nor if the event id has any meaning here…
 96 | 	 I don’t know if there is a valid event id for this event (probably not). */
 97 | 	case volumeUnmounted(path: String, eventId: FSEventStreamEventId, fromUs: Bool?)
    |                                              `- error: cannot find type 'FSEventStreamEventId' in scope
 98 |
 99 | 	/* **************************************************************************
/Users/admin/builder/spi-builder-workspace/Sources/FSEvent.swift:111:62: error: cannot find type 'FSEventStreamEventId' in scope
109 |
110 | 	/** `kFSEventStreamEventFlagItemCreated` */
111 | 	case itemCreated(path: String, itemType: ItemType, eventId: FSEventStreamEventId, fromUs: Bool?)
    |                                                              `- error: cannot find type 'FSEventStreamEventId' in scope
112 |
113 | 	/** `kFSEventStreamEventFlagItemRemoved` */
/Users/admin/builder/spi-builder-workspace/Sources/FSEvent.swift:114:62: error: cannot find type 'FSEventStreamEventId' in scope
112 |
113 | 	/** `kFSEventStreamEventFlagItemRemoved` */
114 | 	case itemRemoved(path: String, itemType: ItemType, eventId: FSEventStreamEventId, fromUs: Bool?)
    |                                                              `- error: cannot find type 'FSEventStreamEventId' in scope
115 |
116 | 	/** `kFSEventStreamEventFlagItemInodeMetaMod` */
/Users/admin/builder/spi-builder-workspace/Sources/FSEvent.swift:117:76: error: cannot find type 'FSEventStreamEventId' in scope
115 |
116 | 	/** `kFSEventStreamEventFlagItemInodeMetaMod` */
117 | 	case itemInodeMetadataModified(path: String, itemType: ItemType, eventId: FSEventStreamEventId, fromUs: Bool?)
    |                                                                            `- error: cannot find type 'FSEventStreamEventId' in scope
118 |
119 | 	/**
/Users/admin/builder/spi-builder-workspace/Sources/FSEvent.swift:129:62: error: cannot find type 'FSEventStreamEventId' in scope
127 | 	 (you don’t have the information of the callback call from FSEventsWrapper) at one event interval,
128 | 	 the first one being the original name, the second one the new name. */
129 | 	case itemRenamed(path: String, itemType: ItemType, eventId: FSEventStreamEventId, fromUs: Bool?)
    |                                                              `- error: cannot find type 'FSEventStreamEventId' in scope
130 |
131 | 	/** `kFSEventStreamEventFlagItemModified` */
/Users/admin/builder/spi-builder-workspace/Sources/FSEvent.swift:132:67: error: cannot find type 'FSEventStreamEventId' in scope
130 |
131 | 	/** `kFSEventStreamEventFlagItemModified` */
132 | 	case itemDataModified(path: String, itemType: ItemType, eventId: FSEventStreamEventId, fromUs: Bool?)
    |                                                                   `- error: cannot find type 'FSEventStreamEventId' in scope
133 |
134 | 	/** `kFSEventStreamEventFlagItemFinderInfoMod` */
/Users/admin/builder/spi-builder-workspace/Sources/FSEvent.swift:135:73: error: cannot find type 'FSEventStreamEventId' in scope
133 |
134 | 	/** `kFSEventStreamEventFlagItemFinderInfoMod` */
135 | 	case itemFinderInfoModified(path: String, itemType: ItemType, eventId: FSEventStreamEventId, fromUs: Bool?)
    |                                                                         `- error: cannot find type 'FSEventStreamEventId' in scope
136 |
137 | 	/** `kFSEventStreamEventFlagItemChangeOwner` */
/Users/admin/builder/spi-builder-workspace/Sources/FSEvent.swift:138:72: error: cannot find type 'FSEventStreamEventId' in scope
136 |
137 | 	/** `kFSEventStreamEventFlagItemChangeOwner` */
138 | 	case itemOwnershipModified(path: String, itemType: ItemType, eventId: FSEventStreamEventId, fromUs: Bool?)
    |                                                                        `- error: cannot find type 'FSEventStreamEventId' in scope
139 |
140 | 	/** `kFSEventStreamEventFlagItemXattrMod` */
/Users/admin/builder/spi-builder-workspace/Sources/FSEvent.swift:141:68: error: cannot find type 'FSEventStreamEventId' in scope
139 |
140 | 	/** `kFSEventStreamEventFlagItemXattrMod` */
141 | 	case itemXattrModified(path: String, itemType: ItemType, eventId: FSEventStreamEventId, fromUs: Bool?)
    |                                                                    `- error: cannot find type 'FSEventStreamEventId' in scope
142 |
143 | 	/**
SwiftCompile normal arm64 /Users/admin/builder/spi-builder-workspace/Sources/FSEvent.swift (in target 'FSEventsWrapper' from project 'FSEventsWrapper')
    cd /Users/admin/builder/spi-builder-workspace/.swiftpm/xcode
    builtin-SwiftPerFileCompile FSEvent.swift
PruneExplicitPrecompiledModules /Users/admin/builder/spi-builder-workspace/.derivedData/SDKExplicitPrecompiledModules
PruneExplicitPrecompiledModules /Users/admin/builder/spi-builder-workspace/.derivedData/Build/Intermediates.noindex/SwiftExplicitPrecompiledModules
PruneExplicitPrecompiledModules /Users/admin/builder/spi-builder-workspace/.derivedData/Build/Intermediates.noindex/ExplicitPrecompiledModules
2026-09-19 05:40:26.660 xcodebuild[648:4200] [MT] IDERunDestination: Supported platforms for the buildables in the current scheme is empty.
** BUILD FAILED **
The following build commands failed:
	SwiftCompile normal arm64_32 (in target 'FSEventsWrapper' from project 'FSEventsWrapper')
	SwiftEmitModule normal arm64_32 Emitting\ module\ for\ FSEventsWrapper (in target 'FSEventsWrapper' from project 'FSEventsWrapper')
	SwiftEmitModule normal arm64 Emitting\ module\ for\ FSEventsWrapper (in target 'FSEventsWrapper' from project 'FSEventsWrapper')
	SwiftCompile normal arm64 (in target 'FSEventsWrapper' from project 'FSEventsWrapper')
	Building workspace FSEventsWrapper with scheme FSEventsWrapper
(5 failures)
Command line invocation:
    /Applications/Xcode-27.0.0-Release.Candidate.app/Contents/Developer/usr/bin/xcodebuild -IDEClonedSourcePackagesDirPathOverride=/Users/admin/builder/spi-builder-workspace/.dependencies -resolvePackageDependencies
Resolve Package Graph
Resolved source packages:
  FSEventsWrapper: /Users/admin/builder/spi-builder-workspace
resolved source packages: FSEventsWrapper
2026-09-19 05:40:31.299 xcodebuild[725:4527] [MT] IDERunDestination: Supported platforms for the buildables in the current scheme is empty.
{
  "dependencies" : [
  ],
  "manifest_display_name" : "FSEventsWrapper",
  "name" : "FSEventsWrapper",
  "path" : "/Users/admin/builder/spi-builder-workspace",
  "platforms" : [
    {
      "name" : "macos",
      "version" : "10.13"
    }
  ],
  "products" : [
    {
      "name" : "FSEventsWrapper",
      "targets" : [
        "FSEventsWrapper"
      ],
      "type" : {
        "library" : [
          "automatic"
        ]
      }
    }
  ],
  "targets" : [
    {
      "c99name" : "FSEventsWrapperTests",
      "module_type" : "SwiftTarget",
      "name" : "FSEventsWrapperTests",
      "path" : "Tests",
      "sources" : [
        "FSEventsWrapperTests.swift"
      ],
      "target_dependencies" : [
        "FSEventsWrapper"
      ],
      "type" : "test"
    },
    {
      "c99name" : "FSEventsWrapper",
      "module_type" : "SwiftTarget",
      "name" : "FSEventsWrapper",
      "path" : "Sources",
      "product_memberships" : [
        "FSEventsWrapper"
      ],
      "sources" : [
        "FSEvent.swift",
        "FSEventAsyncStream.swift",
        "FSEventStream.swift"
      ],
      "type" : "library"
    }
  ],
  "tools_version" : "5.5"
}
{
  "workspace" : {
    "name" : "FSEventsWrapper",
    "schemes" : [
      "FSEventsWrapper"
    ]
  }
}
2026-09-19 05:40:32.501 xcodebuild[733:4595] [MT] IDERunDestination: Supported platforms for the buildables in the current scheme is empty.
Running build ...
env DEVELOPER_DIR=/Applications/Xcode-27.0.0-Release.Candidate.app xcrun xcodebuild -IDEClonedSourcePackagesDirPathOverride=$PWD/.dependencies -skipMacroValidation -skipPackagePluginValidation -derivedDataPath $PWD/.derivedData build -scheme FSEventsWrapper -destination generic/platform=watchOS
Command line invocation:
    /Applications/Xcode-27.0.0-Release.Candidate.app/Contents/Developer/usr/bin/xcodebuild -IDEClonedSourcePackagesDirPathOverride=/Users/admin/builder/spi-builder-workspace/.dependencies -skipMacroValidation -skipPackagePluginValidation -derivedDataPath /Users/admin/builder/spi-builder-workspace/.derivedData build -scheme FSEventsWrapper -destination generic/platform=watchOS
Resolve Package Graph
Resolved source packages:
  FSEventsWrapper: /Users/admin/builder/spi-builder-workspace
ComputePackagePrebuildTargetDependencyGraph
Prepare packages
CreateBuildRequest
SendProjectDescription
CreateBuildOperation
ComputeTargetDependencyGraph
note: Building targets in dependency order
note: Target dependency graph (2 targets)
    Target 'FSEventsWrapper-product' in project 'FSEventsWrapper'
        ➜ Explicit dependency on target 'FSEventsWrapper' in project 'FSEventsWrapper'
    Target 'FSEventsWrapper' in project 'FSEventsWrapper' (no dependencies)
GatherProvisioningInputs
CreateBuildDescription
ClangStatCache /Applications/Xcode-27.0.0-Release.Candidate.app/Contents/Developer/Toolchains/XcodeDefault.xctoolchain/usr/bin/clang-stat-cache /Applications/Xcode-27.0.0-Release.Candidate.app/Contents/Developer/Platforms/WatchOS.platform/Developer/SDKs/WatchOS27.0.sdk /Users/admin/builder/spi-builder-workspace/.derivedData/SDKStatCaches.noindex/watchos27.0-24R360-e829b21a6f8c9b70876ba0858053c04477534ef55a1706bf4c1112bbb242f0a2.sdkstatcache
    cd /Users/admin/builder/spi-builder-workspace/.swiftpm/xcode
    /Applications/Xcode-27.0.0-Release.Candidate.app/Contents/Developer/Toolchains/XcodeDefault.xctoolchain/usr/bin/clang-stat-cache /Applications/Xcode-27.0.0-Release.Candidate.app/Contents/Developer/Platforms/WatchOS.platform/Developer/SDKs/WatchOS27.0.sdk -o /Users/admin/builder/spi-builder-workspace/.derivedData/SDKStatCaches.noindex/watchos27.0-24R360-e829b21a6f8c9b70876ba0858053c04477534ef55a1706bf4c1112bbb242f0a2.sdkstatcache
SwiftDriver FSEventsWrapper normal arm64_32 com.apple.xcode.tools.swift.compiler (in target 'FSEventsWrapper' from project 'FSEventsWrapper')
    cd /Users/admin/builder/spi-builder-workspace/.swiftpm/xcode
    builtin-SwiftDriver -- /Applications/Xcode-27.0.0-Release.Candidate.app/Contents/Developer/Toolchains/XcodeDefault.xctoolchain/usr/bin/swiftc -parse-as-library -module-name FSEventsWrapper -Onone @/Users/admin/builder/spi-builder-workspace/.derivedData/Build/Intermediates.noindex/FSEventsWrapper.build/Debug-watchos/FSEventsWrapper-t.build/Objects-normal/arm64_32/FSEventsWrapper.SwiftFileList -DSWIFT_PACKAGE -DDEBUG -DSWIFT_MODULE_RESOURCE_BUNDLE_UNAVAILABLE -DXcode -plugin-path /Applications/Xcode-27.0.0-Release.Candidate.app/Contents/Developer/Toolchains/XcodeDefault.xctoolchain/usr/lib/swift/host/plugins/testing -enable-experimental-feature DebugDescriptionMacro -sdk /Applications/Xcode-27.0.0-Release.Candidate.app/Contents/Developer/Platforms/WatchOS.platform/Developer/SDKs/WatchOS27.0.sdk -target arm64_32-apple-watchos9.0 -g -module-cache-path /Users/admin/builder/spi-builder-workspace/.derivedData/ModuleCache.noindex -Xfrontend -serialize-debugging-options -profile-coverage-mapping -profile-generate -enable-testing -index-store-path /Users/admin/builder/spi-builder-workspace/.derivedData/Index.noindex/DataStore -Xcc -D_LIBCPP_HARDENING_MODE\=_LIBCPP_HARDENING_MODE_DEBUG -swift-version 5 -I /Users/admin/builder/spi-builder-workspace/.derivedData/Build/Products/Debug-watchos -Isystem /Applications/Xcode-27.0.0-Release.Candidate.app/Contents/Developer/Platforms/WatchOS.platform/Developer/usr/lib -F /Users/admin/builder/spi-builder-workspace/.derivedData/Build/Products/Debug-watchos -F /Applications/Xcode-27.0.0-Release.Candidate.app/Contents/Developer/Platforms/WatchOS.platform/Developer/Library/Frameworks -F /Applications/Xcode-27.0.0-Release.Candidate.app/Contents/Developer/Platforms/WatchOS.platform/Developer/SDKs/WatchOS27.0.sdk/Developer/Library/Frameworks -c -j10 -enable-batch-mode -incremental -Xcc -ivfsstatcache -Xcc /Users/admin/builder/spi-builder-workspace/.derivedData/SDKStatCaches.noindex/watchos27.0-24R360-e829b21a6f8c9b70876ba0858053c04477534ef55a1706bf4c1112bbb242f0a2.sdkstatcache -output-file-map /Users/admin/builder/spi-builder-workspace/.derivedData/Build/Intermediates.noindex/FSEventsWrapper.build/Debug-watchos/FSEventsWrapper-t.build/Objects-normal/arm64_32/FSEventsWrapper-OutputFileMap.json -save-temps -no-color-diagnostics -explicit-module-build -module-cache-path /Users/admin/builder/spi-builder-workspace/.derivedData/Build/Intermediates.noindex/SwiftExplicitPrecompiledModules -clang-scanner-module-cache-path /Users/admin/builder/spi-builder-workspace/.derivedData/ModuleCache.noindex -sdk-module-cache-path /Users/admin/builder/spi-builder-workspace/.derivedData/SDKExplicitPrecompiledModules -emit-dependencies -emit-module -emit-module-path /Users/admin/builder/spi-builder-workspace/.derivedData/Build/Intermediates.noindex/FSEventsWrapper.build/Debug-watchos/FSEventsWrapper-t.build/Objects-normal/arm64_32/FSEventsWrapper.swiftmodule -serialize-diagnostics -dependency-scan-serialize-diagnostics-path /Users/admin/builder/spi-builder-workspace/.derivedData/Build/Intermediates.noindex/FSEventsWrapper.build/Debug-watchos/FSEventsWrapper-t.build/Objects-normal/arm64_32/FSEventsWrapper-dependency-scan.dia -validate-clang-modules-once -clang-build-session-file /Users/admin/builder/spi-builder-workspace/.derivedData/ModuleCache.noindex/Session.modulevalidation -Xcc -fmodules-prune-interval\=86400 -Xcc -fmodules-prune-after\=345600 -emit-const-values -const-gather-protocols-list /Users/admin/builder/spi-builder-workspace/.derivedData/Build/Intermediates.noindex/FSEventsWrapper.build/Debug-watchos/FSEventsWrapper-t.build/Objects-normal/arm64_32/FSEventsWrapper_const_extract_protocols.json -Xcc -I/Users/admin/builder/spi-builder-workspace/.derivedData/Build/Products/Debug-watchos/include -Xcc -I/Users/admin/builder/spi-builder-workspace/.derivedData/Build/Intermediates.noindex/FSEventsWrapper.build/Debug-watchos/FSEventsWrapper-t.build/DerivedSources-normal/arm64_32 -Xcc -I/Users/admin/builder/spi-builder-workspace/.derivedData/Build/Intermediates.noindex/FSEventsWrapper.build/Debug-watchos/FSEventsWrapper-t.build/DerivedSources/arm64_32 -Xcc -I/Users/admin/builder/spi-builder-workspace/.derivedData/Build/Intermediates.noindex/FSEventsWrapper.build/Debug-watchos/FSEventsWrapper-t.build/DerivedSources -Xcc -DSWIFT_PACKAGE -Xcc -DDEBUG\=1 -emit-objc-header -emit-objc-header-path /Users/admin/builder/spi-builder-workspace/.derivedData/Build/Intermediates.noindex/FSEventsWrapper.build/Debug-watchos/FSEventsWrapper-t.build/Objects-normal/arm64_32/FSEventsWrapper-Swift.h -working-directory /Users/admin/builder/spi-builder-workspace/.swiftpm/xcode -experimental-emit-module-separately -disable-cmo
SwiftDriver FSEventsWrapper normal arm64 com.apple.xcode.tools.swift.compiler (in target 'FSEventsWrapper' from project 'FSEventsWrapper')
    cd /Users/admin/builder/spi-builder-workspace/.swiftpm/xcode
    builtin-SwiftDriver -- /Applications/Xcode-27.0.0-Release.Candidate.app/Contents/Developer/Toolchains/XcodeDefault.xctoolchain/usr/bin/swiftc -parse-as-library -module-name FSEventsWrapper -Onone @/Users/admin/builder/spi-builder-workspace/.derivedData/Build/Intermediates.noindex/FSEventsWrapper.build/Debug-watchos/FSEventsWrapper-t.build/Objects-normal/arm64/FSEventsWrapper.SwiftFileList -DSWIFT_PACKAGE -DDEBUG -DSWIFT_MODULE_RESOURCE_BUNDLE_UNAVAILABLE -DXcode -plugin-path /Applications/Xcode-27.0.0-Release.Candidate.app/Contents/Developer/Toolchains/XcodeDefault.xctoolchain/usr/lib/swift/host/plugins/testing -enable-experimental-feature DebugDescriptionMacro -sdk /Applications/Xcode-27.0.0-Release.Candidate.app/Contents/Developer/Platforms/WatchOS.platform/Developer/SDKs/WatchOS27.0.sdk -target arm64-apple-watchos9.0 -g -module-cache-path /Users/admin/builder/spi-builder-workspace/.derivedData/ModuleCache.noindex -Xfrontend -serialize-debugging-options -profile-coverage-mapping -profile-generate -enable-testing -index-store-path /Users/admin/builder/spi-builder-workspace/.derivedData/Index.noindex/DataStore -Xcc -D_LIBCPP_HARDENING_MODE\=_LIBCPP_HARDENING_MODE_DEBUG -swift-version 5 -I /Users/admin/builder/spi-builder-workspace/.derivedData/Build/Products/Debug-watchos -Isystem /Applications/Xcode-27.0.0-Release.Candidate.app/Contents/Developer/Platforms/WatchOS.platform/Developer/usr/lib -F /Users/admin/builder/spi-builder-workspace/.derivedData/Build/Products/Debug-watchos -F /Applications/Xcode-27.0.0-Release.Candidate.app/Contents/Developer/Platforms/WatchOS.platform/Developer/Library/Frameworks -F /Applications/Xcode-27.0.0-Release.Candidate.app/Contents/Developer/Platforms/WatchOS.platform/Developer/SDKs/WatchOS27.0.sdk/Developer/Library/Frameworks -c -j10 -enable-batch-mode -incremental -Xcc -ivfsstatcache -Xcc /Users/admin/builder/spi-builder-workspace/.derivedData/SDKStatCaches.noindex/watchos27.0-24R360-e829b21a6f8c9b70876ba0858053c04477534ef55a1706bf4c1112bbb242f0a2.sdkstatcache -output-file-map /Users/admin/builder/spi-builder-workspace/.derivedData/Build/Intermediates.noindex/FSEventsWrapper.build/Debug-watchos/FSEventsWrapper-t.build/Objects-normal/arm64/FSEventsWrapper-OutputFileMap.json -save-temps -no-color-diagnostics -explicit-module-build -module-cache-path /Users/admin/builder/spi-builder-workspace/.derivedData/Build/Intermediates.noindex/SwiftExplicitPrecompiledModules -clang-scanner-module-cache-path /Users/admin/builder/spi-builder-workspace/.derivedData/ModuleCache.noindex -sdk-module-cache-path /Users/admin/builder/spi-builder-workspace/.derivedData/SDKExplicitPrecompiledModules -emit-dependencies -emit-module -emit-module-path /Users/admin/builder/spi-builder-workspace/.derivedData/Build/Intermediates.noindex/FSEventsWrapper.build/Debug-watchos/FSEventsWrapper-t.build/Objects-normal/arm64/FSEventsWrapper.swiftmodule -serialize-diagnostics -dependency-scan-serialize-diagnostics-path /Users/admin/builder/spi-builder-workspace/.derivedData/Build/Intermediates.noindex/FSEventsWrapper.build/Debug-watchos/FSEventsWrapper-t.build/Objects-normal/arm64/FSEventsWrapper-dependency-scan.dia -validate-clang-modules-once -clang-build-session-file /Users/admin/builder/spi-builder-workspace/.derivedData/ModuleCache.noindex/Session.modulevalidation -Xcc -fmodules-prune-interval\=86400 -Xcc -fmodules-prune-after\=345600 -emit-const-values -const-gather-protocols-list /Users/admin/builder/spi-builder-workspace/.derivedData/Build/Intermediates.noindex/FSEventsWrapper.build/Debug-watchos/FSEventsWrapper-t.build/Objects-normal/arm64/FSEventsWrapper_const_extract_protocols.json -Xcc -I/Users/admin/builder/spi-builder-workspace/.derivedData/Build/Products/Debug-watchos/include -Xcc -I/Users/admin/builder/spi-builder-workspace/.derivedData/Build/Intermediates.noindex/FSEventsWrapper.build/Debug-watchos/FSEventsWrapper-t.build/DerivedSources-normal/arm64 -Xcc -I/Users/admin/builder/spi-builder-workspace/.derivedData/Build/Intermediates.noindex/FSEventsWrapper.build/Debug-watchos/FSEventsWrapper-t.build/DerivedSources/arm64 -Xcc -I/Users/admin/builder/spi-builder-workspace/.derivedData/Build/Intermediates.noindex/FSEventsWrapper.build/Debug-watchos/FSEventsWrapper-t.build/DerivedSources -Xcc -DSWIFT_PACKAGE -Xcc -DDEBUG\=1 -emit-objc-header -emit-objc-header-path /Users/admin/builder/spi-builder-workspace/.derivedData/Build/Intermediates.noindex/FSEventsWrapper.build/Debug-watchos/FSEventsWrapper-t.build/Objects-normal/arm64/FSEventsWrapper-Swift.h -working-directory /Users/admin/builder/spi-builder-workspace/.swiftpm/xcode -experimental-emit-module-separately -disable-cmo
SwiftCompile normal arm64 Compiling\ FSEventAsyncStream.swift /Users/admin/builder/spi-builder-workspace/Sources/FSEventAsyncStream.swift (in target 'FSEventsWrapper' from project 'FSEventsWrapper')
SwiftCompile normal arm64 /Users/admin/builder/spi-builder-workspace/Sources/FSEventAsyncStream.swift (in target 'FSEventsWrapper' from project 'FSEventsWrapper')
    cd /Users/admin/builder/spi-builder-workspace/.swiftpm/xcode
    builtin-SwiftPerFileCompile FSEventAsyncStream.swift
/Users/admin/builder/spi-builder-workspace/Sources/FSEventAsyncStream.swift:20:29: error: cannot find type 'FSEventStreamCreateFlags' in scope
18 | 		private var streamIterator: AsyncStream<FSEvent>.Iterator
19 |
20 | 		init(path: String, flags: FSEventStreamCreateFlags) {
   |                             `- error: cannot find type 'FSEventStreamCreateFlags' in scope
21 | 			let (stream, continuation) = AsyncStream<FSEvent>.makeStream()
22 |
/Users/admin/builder/spi-builder-workspace/Sources/FSEventAsyncStream.swift:42:20: error: cannot find type 'FSEventStreamCreateFlags' in scope
40 |
41 | 	public let path: String
42 | 	public let flags: FSEventStreamCreateFlags
   |                    `- error: cannot find type 'FSEventStreamCreateFlags' in scope
43 |
44 | 	public init(path: String, flags: FSEventStreamCreateFlags = FSEventStreamCreateFlags(kFSEventStreamCreateFlagNone)) {
/Users/admin/builder/spi-builder-workspace/Sources/FSEventAsyncStream.swift:44:35: error: cannot find type 'FSEventStreamCreateFlags' in scope
42 | 	public let flags: FSEventStreamCreateFlags
43 |
44 | 	public init(path: String, flags: FSEventStreamCreateFlags = FSEventStreamCreateFlags(kFSEventStreamCreateFlagNone)) {
   |                                   `- error: cannot find type 'FSEventStreamCreateFlags' in scope
45 | 		self.path = path
46 | 		self.flags = flags
/Users/admin/builder/spi-builder-workspace/Sources/FSEventStream.swift:29:18: error: cannot find type 'FSEventStreamEventId' in scope
 27 | 	public convenience init?(
 28 | 		path: String,
 29 | 		since startId: FSEventStreamEventId? = nil, updateInterval: CFTimeInterval = 0, fsEventStreamFlags flags: FSEventStreamCreateFlags = FSEventStreamCreateFlags(kFSEventStreamCreateFlagNone),
    |                  `- error: cannot find type 'FSEventStreamEventId' in scope
 30 | 		queue: DispatchQueue = .global(),
 31 | 		callback: @escaping Callback
/Users/admin/builder/spi-builder-workspace/Sources/FSEventStream.swift:29:109: error: cannot find type 'FSEventStreamCreateFlags' in scope
 27 | 	public convenience init?(
 28 | 		path: String,
 29 | 		since startId: FSEventStreamEventId? = nil, updateInterval: CFTimeInterval = 0, fsEventStreamFlags flags: FSEventStreamCreateFlags = FSEventStreamCreateFlags(kFSEventStreamCreateFlagNone),
    |                                                                                                             `- error: cannot find type 'FSEventStreamCreateFlags' in scope
 30 | 		queue: DispatchQueue = .global(),
 31 | 		callback: @escaping Callback
/Users/admin/builder/spi-builder-workspace/Sources/FSEventStream.swift:70:18: error: cannot find type 'FSEventStreamEventId' in scope
 68 | 	public init?(
 69 | 		paths: [String],
 70 | 		since startId: FSEventStreamEventId? = nil, updateInterval: CFTimeInterval = 0,
    |                  `- error: cannot find type 'FSEventStreamEventId' in scope
 71 | 		fsEventStreamFlags: FSEventStreamCreateFlags = FSEventStreamCreateFlags(kFSEventStreamCreateFlagNone),
 72 | 		queue: DispatchQueue = .global(),
SwiftEmitModule normal arm64_32 Emitting\ module\ for\ FSEventsWrapper (in target 'FSEventsWrapper' from project 'FSEventsWrapper')
/Users/admin/builder/spi-builder-workspace/Sources/FSEvent.swift:45:38: error: cannot find type 'FSEventStreamEventId' in scope
 43 |
 44 | 	/** `kFSEventStreamEventFlagNone` or unknown flag. */
 45 | 	case generic(path: String, eventId: FSEventStreamEventId, fromUs: Bool?)
    |                                      `- error: cannot find type 'FSEventStreamEventId' in scope
 46 |
 47 | 	/**
/Users/admin/builder/spi-builder-workspace/Sources/FSEvent.swift:90:44: error: cannot find type 'FSEventStreamEventId' in scope
 88 | 	 - note: I don't know if the “event is from us” flag is set for this event, nor if the event id has any meaning here…
 89 | 	 I don’t know if there is a valid event id for this event (probably not). */
 90 | 	case volumeMounted(path: String, eventId: FSEventStreamEventId, fromUs: Bool?)
    |                                            `- error: cannot find type 'FSEventStreamEventId' in scope
 91 |
 92 | 	/**
/Users/admin/builder/spi-builder-workspace/Sources/FSEvent.swift:97:46: error: cannot find type 'FSEventStreamEventId' in scope
 95 | 	 - note: I don't know if the “event is from us” flag is set for this event, nor if the event id has any meaning here…
 96 | 	 I don’t know if there is a valid event id for this event (probably not). */
 97 | 	case volumeUnmounted(path: String, eventId: FSEventStreamEventId, fromUs: Bool?)
    |                                              `- error: cannot find type 'FSEventStreamEventId' in scope
 98 |
 99 | 	/* **************************************************************************
/Users/admin/builder/spi-builder-workspace/Sources/FSEvent.swift:111:62: error: cannot find type 'FSEventStreamEventId' in scope
109 |
110 | 	/** `kFSEventStreamEventFlagItemCreated` */
111 | 	case itemCreated(path: String, itemType: ItemType, eventId: FSEventStreamEventId, fromUs: Bool?)
    |                                                              `- error: cannot find type 'FSEventStreamEventId' in scope
112 |
113 | 	/** `kFSEventStreamEventFlagItemRemoved` */
/Users/admin/builder/spi-builder-workspace/Sources/FSEvent.swift:114:62: error: cannot find type 'FSEventStreamEventId' in scope
112 |
113 | 	/** `kFSEventStreamEventFlagItemRemoved` */
114 | 	case itemRemoved(path: String, itemType: ItemType, eventId: FSEventStreamEventId, fromUs: Bool?)
    |                                                              `- error: cannot find type 'FSEventStreamEventId' in scope
115 |
116 | 	/** `kFSEventStreamEventFlagItemInodeMetaMod` */
/Users/admin/builder/spi-builder-workspace/Sources/FSEvent.swift:117:76: error: cannot find type 'FSEventStreamEventId' in scope
115 |
116 | 	/** `kFSEventStreamEventFlagItemInodeMetaMod` */
117 | 	case itemInodeMetadataModified(path: String, itemType: ItemType, eventId: FSEventStreamEventId, fromUs: Bool?)
    |                                                                            `- error: cannot find type 'FSEventStreamEventId' in scope
118 |
119 | 	/**
/Users/admin/builder/spi-builder-workspace/Sources/FSEvent.swift:129:62: error: cannot find type 'FSEventStreamEventId' in scope
127 | 	 (you don’t have the information of the callback call from FSEventsWrapper) at one event interval,
128 | 	 the first one being the original name, the second one the new name. */
129 | 	case itemRenamed(path: String, itemType: ItemType, eventId: FSEventStreamEventId, fromUs: Bool?)
    |                                                              `- error: cannot find type 'FSEventStreamEventId' in scope
130 |
131 | 	/** `kFSEventStreamEventFlagItemModified` */
/Users/admin/builder/spi-builder-workspace/Sources/FSEvent.swift:132:67: error: cannot find type 'FSEventStreamEventId' in scope
130 |
131 | 	/** `kFSEventStreamEventFlagItemModified` */
132 | 	case itemDataModified(path: String, itemType: ItemType, eventId: FSEventStreamEventId, fromUs: Bool?)
    |                                                                   `- error: cannot find type 'FSEventStreamEventId' in scope
133 |
134 | 	/** `kFSEventStreamEventFlagItemFinderInfoMod` */
/Users/admin/builder/spi-builder-workspace/Sources/FSEvent.swift:135:73: error: cannot find type 'FSEventStreamEventId' in scope
133 |
134 | 	/** `kFSEventStreamEventFlagItemFinderInfoMod` */
135 | 	case itemFinderInfoModified(path: String, itemType: ItemType, eventId: FSEventStreamEventId, fromUs: Bool?)
    |                                                                         `- error: cannot find type 'FSEventStreamEventId' in scope
136 |
137 | 	/** `kFSEventStreamEventFlagItemChangeOwner` */
/Users/admin/builder/spi-builder-workspace/Sources/FSEvent.swift:138:72: error: cannot find type 'FSEventStreamEventId' in scope
136 |
137 | 	/** `kFSEventStreamEventFlagItemChangeOwner` */
138 | 	case itemOwnershipModified(path: String, itemType: ItemType, eventId: FSEventStreamEventId, fromUs: Bool?)
    |                                                                        `- error: cannot find type 'FSEventStreamEventId' in scope
139 |
140 | 	/** `kFSEventStreamEventFlagItemXattrMod` */
/Users/admin/builder/spi-builder-workspace/Sources/FSEvent.swift:141:68: error: cannot find type 'FSEventStreamEventId' in scope
139 |
140 | 	/** `kFSEventStreamEventFlagItemXattrMod` */
141 | 	case itemXattrModified(path: String, itemType: ItemType, eventId: FSEventStreamEventId, fromUs: Bool?)
    |                                                                    `- error: cannot find type 'FSEventStreamEventId' in scope
142 |
143 | 	/**
/Users/admin/builder/spi-builder-workspace/Sources/FSEvent.swift:148:67: error: cannot find type 'FSEventStreamEventId' in scope
146 | 	 Only available from macOS 10.13 and macCatalyst 11.0, but we cannot use @available on an enum case with associated values. */
147 | //	@available(macOS 10.13, macCatalyst 11.0, *)
148 | 	case itemClonedAtPath(path: String, itemType: ItemType, eventId: FSEventStreamEventId, fromUs: Bool?)
    |                                                                   `- error: cannot find type 'FSEventStreamEventId' in scope
149 |
150 | }
/Users/admin/builder/spi-builder-workspace/Sources/FSEventAsyncStream.swift:20:29: error: cannot find type 'FSEventStreamCreateFlags' in scope
18 | 		private var streamIterator: AsyncStream<FSEvent>.Iterator
19 |
20 | 		init(path: String, flags: FSEventStreamCreateFlags) {
   |                             `- error: cannot find type 'FSEventStreamCreateFlags' in scope
21 | 			let (stream, continuation) = AsyncStream<FSEvent>.makeStream()
22 |
/Users/admin/builder/spi-builder-workspace/Sources/FSEventAsyncStream.swift:42:20: error: cannot find type 'FSEventStreamCreateFlags' in scope
40 |
41 | 	public let path: String
42 | 	public let flags: FSEventStreamCreateFlags
   |                    `- error: cannot find type 'FSEventStreamCreateFlags' in scope
43 |
44 | 	public init(path: String, flags: FSEventStreamCreateFlags = FSEventStreamCreateFlags(kFSEventStreamCreateFlagNone)) {
/Users/admin/builder/spi-builder-workspace/Sources/FSEventAsyncStream.swift:44:35: error: cannot find type 'FSEventStreamCreateFlags' in scope
42 | 	public let flags: FSEventStreamCreateFlags
43 |
44 | 	public init(path: String, flags: FSEventStreamCreateFlags = FSEventStreamCreateFlags(kFSEventStreamCreateFlagNone)) {
   |                                   `- error: cannot find type 'FSEventStreamCreateFlags' in scope
45 | 		self.path = path
46 | 		self.flags = flags
/Users/admin/builder/spi-builder-workspace/Sources/FSEventStream.swift:20:28: error: cannot find type 'FSEventStreamRef' in scope
 18 | 	public let callback: Callback
 19 |
 20 | 	internal let eventStream: FSEventStreamRef
    |                            `- error: cannot find type 'FSEventStreamRef' in scope
 21 | 	internal let eventStreamFlags: FSEventStreamCreateFlags
 22 |
/Users/admin/builder/spi-builder-workspace/Sources/FSEventStream.swift:21:33: error: cannot find type 'FSEventStreamCreateFlags' in scope
 19 |
 20 | 	internal let eventStream: FSEventStreamRef
 21 | 	internal let eventStreamFlags: FSEventStreamCreateFlags
    |                                 `- error: cannot find type 'FSEventStreamCreateFlags' in scope
 22 |
 23 | 	public let queue: DispatchQueue
/Users/admin/builder/spi-builder-workspace/Sources/FSEventStream.swift:29:18: error: cannot find type 'FSEventStreamEventId' in scope
 27 | 	public convenience init?(
 28 | 		path: String,
 29 | 		since startId: FSEventStreamEventId? = nil, updateInterval: CFTimeInterval = 0, fsEventStreamFlags flags: FSEventStreamCreateFlags = FSEventStreamCreateFlags(kFSEventStreamCreateFlagNone),
    |                  `- error: cannot find type 'FSEventStreamEventId' in scope
 30 | 		queue: DispatchQueue = .global(),
 31 | 		callback: @escaping Callback
/Users/admin/builder/spi-builder-workspace/Sources/FSEventStream.swift:29:109: error: cannot find type 'FSEventStreamCreateFlags' in scope
 27 | 	public convenience init?(
 28 | 		path: String,
 29 | 		since startId: FSEventStreamEventId? = nil, updateInterval: CFTimeInterval = 0, fsEventStreamFlags flags: FSEventStreamCreateFlags = FSEventStreamCreateFlags(kFSEventStreamCreateFlagNone),
    |                                                                                                             `- error: cannot find type 'FSEventStreamCreateFlags' in scope
 30 | 		queue: DispatchQueue = .global(),
 31 | 		callback: @escaping Callback
/Users/admin/builder/spi-builder-workspace/Sources/FSEventStream.swift:70:18: error: cannot find type 'FSEventStreamEventId' in scope
 68 | 	public init?(
 69 | 		paths: [String],
 70 | 		since startId: FSEventStreamEventId? = nil, updateInterval: CFTimeInterval = 0,
    |                  `- error: cannot find type 'FSEventStreamEventId' in scope
 71 | 		fsEventStreamFlags: FSEventStreamCreateFlags = FSEventStreamCreateFlags(kFSEventStreamCreateFlagNone),
 72 | 		queue: DispatchQueue = .global(),
/Users/admin/builder/spi-builder-workspace/Sources/FSEventStream.swift:71:23: error: cannot find type 'FSEventStreamCreateFlags' in scope
 69 | 		paths: [String],
 70 | 		since startId: FSEventStreamEventId? = nil, updateInterval: CFTimeInterval = 0,
 71 | 		fsEventStreamFlags: FSEventStreamCreateFlags = FSEventStreamCreateFlags(kFSEventStreamCreateFlagNone),
    |                       `- error: cannot find type 'FSEventStreamCreateFlags' in scope
 72 | 		queue: DispatchQueue = .global(),
 73 | 		callback: @escaping Callback
/Users/admin/builder/spi-builder-workspace/Sources/FSEventStream.swift:140:13: error: cannot find type 'ConstFSEventStreamRef' in scope
138 |
139 | private func eventStreamCallback(
140 | 	streamRef: ConstFSEventStreamRef,
    |             `- error: cannot find type 'ConstFSEventStreamRef' in scope
141 | 	clientCallBackInfo: UnsafeMutableRawPointer?,
142 | 	numEvents: Int,
/Users/admin/builder/spi-builder-workspace/Sources/FSEventStream.swift:144:28: error: cannot find type 'FSEventStreamEventFlags' in scope
142 | 	numEvents: Int,
143 | 	eventPathsAsVoidPtr: UnsafeMutableRawPointer,
144 | 	eventFlags: UnsafePointer<FSEventStreamEventFlags>,
    |                            `- error: cannot find type 'FSEventStreamEventFlags' in scope
145 | 	eventIds: UnsafePointer<FSEventStreamEventId>
146 | ) {
/Users/admin/builder/spi-builder-workspace/Sources/FSEventStream.swift:145:26: error: cannot find type 'FSEventStreamEventId' in scope
143 | 	eventPathsAsVoidPtr: UnsafeMutableRawPointer,
144 | 	eventFlags: UnsafePointer<FSEventStreamEventFlags>,
145 | 	eventIds: UnsafePointer<FSEventStreamEventId>
    |                          `- error: cannot find type 'FSEventStreamEventId' in scope
146 | ) {
147 | 	guard let clientCallBackInfo = clientCallBackInfo,
Failed frontend command:
/Applications/Xcode-27.0.0-Release.Candidate.app/Contents/Developer/Toolchains/XcodeDefault.xctoolchain/usr/bin/swift-frontend -frontend -emit-module -experimental-skip-non-inlinable-function-bodies-without-types /Users/admin/builder/spi-builder-workspace/Sources/FSEvent.swift /Users/admin/builder/spi-builder-workspace/Sources/FSEventAsyncStream.swift /Users/admin/builder/spi-builder-workspace/Sources/FSEventStream.swift -target arm64_32-apple-watchos9.0 -disable-cross-import-overlay-search -load-resolved-plugin /Applications/Xcode-27.0.0-Release.Candidate.app/Contents/Developer/Platforms/WatchOS.platform/Developer/usr/lib/swift/host/plugins/libFoundationMacros.dylib\#/Applications/Xcode-27.0.0-Release.Candidate.app/Contents/Developer/Platforms/WatchOS.platform/Developer/usr/bin/swift-plugin-server\#FoundationMacros -load-resolved-plugin /Applications/Xcode-27.0.0-Release.Candidate.app/Contents/Developer/Platforms/WatchOS.platform/Developer/usr/lib/swift/host/plugins/libObservationMacros.dylib\#/Applications/Xcode-27.0.0-Release.Candidate.app/Contents/Developer/Platforms/WatchOS.platform/Developer/usr/bin/swift-plugin-server\#ObservationMacros -load-resolved-plugin /Applications/Xcode-27.0.0-Release.Candidate.app/Contents/Developer/Platforms/WatchOS.platform/Developer/usr/lib/swift/host/plugins/libSwiftMacros.dylib\#/Applications/Xcode-27.0.0-Release.Candidate.app/Contents/Developer/Platforms/WatchOS.platform/Developer/usr/bin/swift-plugin-server\#SwiftMacros -disable-implicit-swift-modules -Xcc -fno-implicit-modules -Xcc -fno-implicit-module-maps -explicit-swift-module-map-file /Users/admin/builder/spi-builder-workspace/.derivedData/Build/Intermediates.noindex/FSEventsWrapper.build/Debug-watchos/FSEventsWrapper-t.build/Objects-normal/arm64_32/FSEventsWrapper-dependencies-1.json -enable-objc-interop -sdk /Applications/Xcode-27.0.0-Release.Candidate.app/Contents/Developer/Platforms/WatchOS.platform/Developer/SDKs/WatchOS27.0.sdk -I /Users/admin/builder/spi-builder-workspace/.derivedData/Build/Products/Debug-watchos -Isystem /Applications/Xcode-27.0.0-Release.Candidate.app/Contents/Developer/Platforms/WatchOS.platform/Developer/usr/lib -F /Users/admin/builder/spi-builder-workspace/.derivedData/Build/Products/Debug-watchos -F /Applications/Xcode-27.0.0-Release.Candidate.app/Contents/Developer/Platforms/WatchOS.platform/Developer/Library/Frameworks -F /Applications/Xcode-27.0.0-Release.Candidate.app/Contents/Developer/Platforms/WatchOS.platform/Developer/SDKs/WatchOS27.0.sdk/Developer/Library/Frameworks -module-cache-path /Users/admin/builder/spi-builder-workspace/.derivedData/Build/Intermediates.noindex/SwiftExplicitPrecompiledModules -no-color-diagnostics -Xcc -fno-color-diagnostics -enable-testing -g -debug-info-format\=dwarf -dwarf-version\=4 -profile-generate -profile-coverage-mapping -swift-version 5 -Onone -D SWIFT_PACKAGE -D DEBUG -D SWIFT_MODULE_RESOURCE_BUNDLE_UNAVAILABLE -D Xcode -serialize-debugging-options -enable-experimental-feature DebugDescriptionMacro -empty-abi-descriptor -validate-clang-modules-once -clang-build-session-file /Users/admin/builder/spi-builder-workspace/.derivedData/ModuleCache.noindex/Session.modulevalidation -Xcc -working-directory -Xcc /Users/admin/builder/spi-builder-workspace/.swiftpm/xcode -enable-anonymous-context-mangled-names -file-compilation-dir /Users/admin/builder/spi-builder-workspace/.swiftpm/xcode -Xcc -D_LIBCPP_HARDENING_MODE\=_LIBCPP_HARDENING_MODE_DEBUG -Xcc -ivfsstatcache -Xcc /Users/admin/builder/spi-builder-workspace/.derivedData/SDKStatCaches.noindex/watchos27.0-24R360-e829b21a6f8c9b70876ba0858053c04477534ef55a1706bf4c1112bbb242f0a2.sdkstatcache -Xcc -fmodules-prune-interval\=86400 -Xcc -fmodules-prune-after\=345600 -Xcc -I/Users/admin/builder/spi-builder-workspace/.derivedData/Build/Products/Debug-watchos/include -Xcc -I/Users/admin/builder/spi-builder-workspace/.derivedData/Build/Intermediates.noindex/FSEventsWrapper.build/Debug-watchos/FSEventsWrapper-t.build/DerivedSources-normal/arm64_32 -Xcc -I/Users/admin/builder/spi-builder-workspace/.derivedData/Build/Intermediates.noindex/FSEventsWrapper.build/Debug-watchos/FSEventsWrapper-t.build/DerivedSources/arm64_32 -Xcc -I/Users/admin/builder/spi-builder-workspace/.derivedData/Build/Intermediates.noindex/FSEventsWrapper.build/Debug-watchos/FSEventsWrapper-t.build/DerivedSources -Xcc -DSWIFT_PACKAGE -Xcc -DDEBUG\=1 -no-auto-bridging-header-chaining -module-name FSEventsWrapper -const-gather-protocols-file /Users/admin/builder/spi-builder-workspace/.derivedData/Build/Intermediates.noindex/FSEventsWrapper.build/Debug-watchos/FSEventsWrapper-t.build/Objects-normal/arm64_32/FSEventsWrapper_const_extract_protocols.json -disable-clang-spi -clang-target arm64_32-apple-watchos27.0 -target-sdk-version 27.0 -target-sdk-name watchos27.0 -in-process-plugin-server-path /Applications/Xcode-27.0.0-Release.Candidate.app/Contents/Developer/Toolchains/XcodeDefault.xctoolchain/usr/lib/swift/host/libSwiftInProcPluginServer.dylib -emit-module-doc-path /Users/admin/builder/spi-builder-workspace/.derivedData/Build/Intermediates.noindex/FSEventsWrapper.build/Debug-watchos/FSEventsWrapper-t.build/Objects-normal/arm64_32/FSEventsWrapper.swiftdoc -emit-module-source-info-path /Users/admin/builder/spi-builder-workspace/.derivedData/Build/Intermediates.noindex/FSEventsWrapper.build/Debug-watchos/FSEventsWrapper-t.build/Objects-normal/arm64_32/FSEventsWrapper.swiftsourceinfo -emit-objc-header-path /Users/admin/builder/spi-builder-workspace/.derivedData/Build/Intermediates.noindex/FSEventsWrapper.build/Debug-watchos/FSEventsWrapper-t.build/Objects-normal/arm64_32/FSEventsWrapper-Swift.h -serialize-diagnostics-path /Users/admin/builder/spi-builder-workspace/.derivedData/Build/Intermediates.noindex/FSEventsWrapper.build/Debug-watchos/FSEventsWrapper-t.build/Objects-normal/arm64_32/FSEventsWrapper-primary-emit-module.dia -emit-dependencies-path /Users/admin/builder/spi-builder-workspace/.derivedData/Build/Intermediates.noindex/FSEventsWrapper.build/Debug-watchos/FSEventsWrapper-t.build/Objects-normal/arm64_32/FSEventsWrapper-primary-emit-module.d -parse-as-library -o /Users/admin/builder/spi-builder-workspace/.derivedData/Build/Intermediates.noindex/FSEventsWrapper.build/Debug-watchos/FSEventsWrapper-t.build/Objects-normal/arm64_32/FSEventsWrapper.swiftmodule -emit-abi-descriptor-path /Users/admin/builder/spi-builder-workspace/.derivedData/Build/Intermediates.noindex/FSEventsWrapper.build/Debug-watchos/FSEventsWrapper-t.build/Objects-normal/arm64_32/FSEventsWrapper.abi.json
SwiftCompile normal arm64_32 (in target 'FSEventsWrapper' from project 'FSEventsWrapper')
    cd /Users/admin/builder/spi-builder-workspace/.swiftpm/xcode

SwiftCompile normal arm64_32 Compiling\ FSEvent.swift /Users/admin/builder/spi-builder-workspace/Sources/FSEvent.swift (in target 'FSEventsWrapper' from project 'FSEventsWrapper')
SwiftCompile normal arm64_32 /Users/admin/builder/spi-builder-workspace/Sources/FSEvent.swift (in target 'FSEventsWrapper' from project 'FSEventsWrapper')
    cd /Users/admin/builder/spi-builder-workspace/.swiftpm/xcode
    builtin-SwiftPerFileCompile FSEvent.swift
/Users/admin/builder/spi-builder-workspace/Sources/FSEvent.swift:45:38: error: cannot find type 'FSEventStreamEventId' in scope
 43 |
 44 | 	/** `kFSEventStreamEventFlagNone` or unknown flag. */
 45 | 	case generic(path: String, eventId: FSEventStreamEventId, fromUs: Bool?)
    |                                      `- error: cannot find type 'FSEventStreamEventId' in scope
 46 |
 47 | 	/**
/Users/admin/builder/spi-builder-workspace/Sources/FSEvent.swift:90:44: error: cannot find type 'FSEventStreamEventId' in scope
 88 | 	 - note: I don't know if the “event is from us” flag is set for this event, nor if the event id has any meaning here…
 89 | 	 I don’t know if there is a valid event id for this event (probably not). */
 90 | 	case volumeMounted(path: String, eventId: FSEventStreamEventId, fromUs: Bool?)
    |                                            `- error: cannot find type 'FSEventStreamEventId' in scope
 91 |
 92 | 	/**
/Users/admin/builder/spi-builder-workspace/Sources/FSEvent.swift:97:46: error: cannot find type 'FSEventStreamEventId' in scope
 95 | 	 - note: I don't know if the “event is from us” flag is set for this event, nor if the event id has any meaning here…
 96 | 	 I don’t know if there is a valid event id for this event (probably not). */
 97 | 	case volumeUnmounted(path: String, eventId: FSEventStreamEventId, fromUs: Bool?)
    |                                              `- error: cannot find type 'FSEventStreamEventId' in scope
 98 |
 99 | 	/* **************************************************************************
/Users/admin/builder/spi-builder-workspace/Sources/FSEvent.swift:111:62: error: cannot find type 'FSEventStreamEventId' in scope
109 |
110 | 	/** `kFSEventStreamEventFlagItemCreated` */
111 | 	case itemCreated(path: String, itemType: ItemType, eventId: FSEventStreamEventId, fromUs: Bool?)
    |                                                              `- error: cannot find type 'FSEventStreamEventId' in scope
112 |
113 | 	/** `kFSEventStreamEventFlagItemRemoved` */
/Users/admin/builder/spi-builder-workspace/Sources/FSEvent.swift:114:62: error: cannot find type 'FSEventStreamEventId' in scope
112 |
113 | 	/** `kFSEventStreamEventFlagItemRemoved` */
114 | 	case itemRemoved(path: String, itemType: ItemType, eventId: FSEventStreamEventId, fromUs: Bool?)
    |                                                              `- error: cannot find type 'FSEventStreamEventId' in scope
115 |
116 | 	/** `kFSEventStreamEventFlagItemInodeMetaMod` */
/Users/admin/builder/spi-builder-workspace/Sources/FSEvent.swift:117:76: error: cannot find type 'FSEventStreamEventId' in scope
115 |
116 | 	/** `kFSEventStreamEventFlagItemInodeMetaMod` */
117 | 	case itemInodeMetadataModified(path: String, itemType: ItemType, eventId: FSEventStreamEventId, fromUs: Bool?)
    |                                                                            `- error: cannot find type 'FSEventStreamEventId' in scope
118 |
119 | 	/**
/Users/admin/builder/spi-builder-workspace/Sources/FSEvent.swift:129:62: error: cannot find type 'FSEventStreamEventId' in scope
127 | 	 (you don’t have the information of the callback call from FSEventsWrapper) at one event interval,
128 | 	 the first one being the original name, the second one the new name. */
129 | 	case itemRenamed(path: String, itemType: ItemType, eventId: FSEventStreamEventId, fromUs: Bool?)
    |                                                              `- error: cannot find type 'FSEventStreamEventId' in scope
130 |
131 | 	/** `kFSEventStreamEventFlagItemModified` */
/Users/admin/builder/spi-builder-workspace/Sources/FSEvent.swift:132:67: error: cannot find type 'FSEventStreamEventId' in scope
130 |
131 | 	/** `kFSEventStreamEventFlagItemModified` */
132 | 	case itemDataModified(path: String, itemType: ItemType, eventId: FSEventStreamEventId, fromUs: Bool?)
    |                                                                   `- error: cannot find type 'FSEventStreamEventId' in scope
133 |
134 | 	/** `kFSEventStreamEventFlagItemFinderInfoMod` */
/Users/admin/builder/spi-builder-workspace/Sources/FSEvent.swift:135:73: error: cannot find type 'FSEventStreamEventId' in scope
133 |
134 | 	/** `kFSEventStreamEventFlagItemFinderInfoMod` */
135 | 	case itemFinderInfoModified(path: String, itemType: ItemType, eventId: FSEventStreamEventId, fromUs: Bool?)
    |                                                                         `- error: cannot find type 'FSEventStreamEventId' in scope
136 |
137 | 	/** `kFSEventStreamEventFlagItemChangeOwner` */
/Users/admin/builder/spi-builder-workspace/Sources/FSEvent.swift:138:72: error: cannot find type 'FSEventStreamEventId' in scope
136 |
137 | 	/** `kFSEventStreamEventFlagItemChangeOwner` */
138 | 	case itemOwnershipModified(path: String, itemType: ItemType, eventId: FSEventStreamEventId, fromUs: Bool?)
    |                                                                        `- error: cannot find type 'FSEventStreamEventId' in scope
139 |
140 | 	/** `kFSEventStreamEventFlagItemXattrMod` */
/Users/admin/builder/spi-builder-workspace/Sources/FSEvent.swift:141:68: error: cannot find type 'FSEventStreamEventId' in scope
139 |
140 | 	/** `kFSEventStreamEventFlagItemXattrMod` */
141 | 	case itemXattrModified(path: String, itemType: ItemType, eventId: FSEventStreamEventId, fromUs: Bool?)
    |                                                                    `- error: cannot find type 'FSEventStreamEventId' in scope
142 |
143 | 	/**
SwiftEmitModule normal arm64 Emitting\ module\ for\ FSEventsWrapper (in target 'FSEventsWrapper' from project 'FSEventsWrapper')
/Users/admin/builder/spi-builder-workspace/Sources/FSEvent.swift:45:38: error: cannot find type 'FSEventStreamEventId' in scope
 43 |
 44 | 	/** `kFSEventStreamEventFlagNone` or unknown flag. */
 45 | 	case generic(path: String, eventId: FSEventStreamEventId, fromUs: Bool?)
    |                                      `- error: cannot find type 'FSEventStreamEventId' in scope
 46 |
 47 | 	/**
/Users/admin/builder/spi-builder-workspace/Sources/FSEvent.swift:90:44: error: cannot find type 'FSEventStreamEventId' in scope
 88 | 	 - note: I don't know if the “event is from us” flag is set for this event, nor if the event id has any meaning here…
 89 | 	 I don’t know if there is a valid event id for this event (probably not). */
 90 | 	case volumeMounted(path: String, eventId: FSEventStreamEventId, fromUs: Bool?)
    |                                            `- error: cannot find type 'FSEventStreamEventId' in scope
 91 |
 92 | 	/**
/Users/admin/builder/spi-builder-workspace/Sources/FSEvent.swift:97:46: error: cannot find type 'FSEventStreamEventId' in scope
 95 | 	 - note: I don't know if the “event is from us” flag is set for this event, nor if the event id has any meaning here…
 96 | 	 I don’t know if there is a valid event id for this event (probably not). */
 97 | 	case volumeUnmounted(path: String, eventId: FSEventStreamEventId, fromUs: Bool?)
    |                                              `- error: cannot find type 'FSEventStreamEventId' in scope
 98 |
 99 | 	/* **************************************************************************
/Users/admin/builder/spi-builder-workspace/Sources/FSEvent.swift:111:62: error: cannot find type 'FSEventStreamEventId' in scope
109 |
110 | 	/** `kFSEventStreamEventFlagItemCreated` */
111 | 	case itemCreated(path: String, itemType: ItemType, eventId: FSEventStreamEventId, fromUs: Bool?)
    |                                                              `- error: cannot find type 'FSEventStreamEventId' in scope
112 |
113 | 	/** `kFSEventStreamEventFlagItemRemoved` */
/Users/admin/builder/spi-builder-workspace/Sources/FSEvent.swift:114:62: error: cannot find type 'FSEventStreamEventId' in scope
112 |
113 | 	/** `kFSEventStreamEventFlagItemRemoved` */
114 | 	case itemRemoved(path: String, itemType: ItemType, eventId: FSEventStreamEventId, fromUs: Bool?)
    |                                                              `- error: cannot find type 'FSEventStreamEventId' in scope
115 |
116 | 	/** `kFSEventStreamEventFlagItemInodeMetaMod` */
/Users/admin/builder/spi-builder-workspace/Sources/FSEvent.swift:117:76: error: cannot find type 'FSEventStreamEventId' in scope
115 |
116 | 	/** `kFSEventStreamEventFlagItemInodeMetaMod` */
117 | 	case itemInodeMetadataModified(path: String, itemType: ItemType, eventId: FSEventStreamEventId, fromUs: Bool?)
    |                                                                            `- error: cannot find type 'FSEventStreamEventId' in scope
118 |
119 | 	/**
/Users/admin/builder/spi-builder-workspace/Sources/FSEvent.swift:129:62: error: cannot find type 'FSEventStreamEventId' in scope
127 | 	 (you don’t have the information of the callback call from FSEventsWrapper) at one event interval,
128 | 	 the first one being the original name, the second one the new name. */
129 | 	case itemRenamed(path: String, itemType: ItemType, eventId: FSEventStreamEventId, fromUs: Bool?)
    |                                                              `- error: cannot find type 'FSEventStreamEventId' in scope
130 |
131 | 	/** `kFSEventStreamEventFlagItemModified` */
/Users/admin/builder/spi-builder-workspace/Sources/FSEvent.swift:132:67: error: cannot find type 'FSEventStreamEventId' in scope
130 |
131 | 	/** `kFSEventStreamEventFlagItemModified` */
132 | 	case itemDataModified(path: String, itemType: ItemType, eventId: FSEventStreamEventId, fromUs: Bool?)
    |                                                                   `- error: cannot find type 'FSEventStreamEventId' in scope
133 |
134 | 	/** `kFSEventStreamEventFlagItemFinderInfoMod` */
/Users/admin/builder/spi-builder-workspace/Sources/FSEvent.swift:135:73: error: cannot find type 'FSEventStreamEventId' in scope
133 |
134 | 	/** `kFSEventStreamEventFlagItemFinderInfoMod` */
135 | 	case itemFinderInfoModified(path: String, itemType: ItemType, eventId: FSEventStreamEventId, fromUs: Bool?)
    |                                                                         `- error: cannot find type 'FSEventStreamEventId' in scope
136 |
137 | 	/** `kFSEventStreamEventFlagItemChangeOwner` */
/Users/admin/builder/spi-builder-workspace/Sources/FSEvent.swift:138:72: error: cannot find type 'FSEventStreamEventId' in scope
136 |
137 | 	/** `kFSEventStreamEventFlagItemChangeOwner` */
138 | 	case itemOwnershipModified(path: String, itemType: ItemType, eventId: FSEventStreamEventId, fromUs: Bool?)
    |                                                                        `- error: cannot find type 'FSEventStreamEventId' in scope
139 |
140 | 	/** `kFSEventStreamEventFlagItemXattrMod` */
/Users/admin/builder/spi-builder-workspace/Sources/FSEvent.swift:141:68: error: cannot find type 'FSEventStreamEventId' in scope
139 |
140 | 	/** `kFSEventStreamEventFlagItemXattrMod` */
141 | 	case itemXattrModified(path: String, itemType: ItemType, eventId: FSEventStreamEventId, fromUs: Bool?)
    |                                                                    `- error: cannot find type 'FSEventStreamEventId' in scope
142 |
143 | 	/**
/Users/admin/builder/spi-builder-workspace/Sources/FSEvent.swift:148:67: error: cannot find type 'FSEventStreamEventId' in scope
146 | 	 Only available from macOS 10.13 and macCatalyst 11.0, but we cannot use @available on an enum case with associated values. */
147 | //	@available(macOS 10.13, macCatalyst 11.0, *)
148 | 	case itemClonedAtPath(path: String, itemType: ItemType, eventId: FSEventStreamEventId, fromUs: Bool?)
    |                                                                   `- error: cannot find type 'FSEventStreamEventId' in scope
149 |
150 | }
/Users/admin/builder/spi-builder-workspace/Sources/FSEventAsyncStream.swift:20:29: error: cannot find type 'FSEventStreamCreateFlags' in scope
18 | 		private var streamIterator: AsyncStream<FSEvent>.Iterator
19 |
20 | 		init(path: String, flags: FSEventStreamCreateFlags) {
   |                             `- error: cannot find type 'FSEventStreamCreateFlags' in scope
21 | 			let (stream, continuation) = AsyncStream<FSEvent>.makeStream()
22 |
/Users/admin/builder/spi-builder-workspace/Sources/FSEventAsyncStream.swift:42:20: error: cannot find type 'FSEventStreamCreateFlags' in scope
40 |
41 | 	public let path: String
42 | 	public let flags: FSEventStreamCreateFlags
   |                    `- error: cannot find type 'FSEventStreamCreateFlags' in scope
43 |
44 | 	public init(path: String, flags: FSEventStreamCreateFlags = FSEventStreamCreateFlags(kFSEventStreamCreateFlagNone)) {
/Users/admin/builder/spi-builder-workspace/Sources/FSEventAsyncStream.swift:44:35: error: cannot find type 'FSEventStreamCreateFlags' in scope
42 | 	public let flags: FSEventStreamCreateFlags
43 |
44 | 	public init(path: String, flags: FSEventStreamCreateFlags = FSEventStreamCreateFlags(kFSEventStreamCreateFlagNone)) {
   |                                   `- error: cannot find type 'FSEventStreamCreateFlags' in scope
45 | 		self.path = path
46 | 		self.flags = flags
/Users/admin/builder/spi-builder-workspace/Sources/FSEventStream.swift:20:28: error: cannot find type 'FSEventStreamRef' in scope
 18 | 	public let callback: Callback
 19 |
 20 | 	internal let eventStream: FSEventStreamRef
    |                            `- error: cannot find type 'FSEventStreamRef' in scope
 21 | 	internal let eventStreamFlags: FSEventStreamCreateFlags
 22 |
/Users/admin/builder/spi-builder-workspace/Sources/FSEventStream.swift:21:33: error: cannot find type 'FSEventStreamCreateFlags' in scope
 19 |
 20 | 	internal let eventStream: FSEventStreamRef
 21 | 	internal let eventStreamFlags: FSEventStreamCreateFlags
    |                                 `- error: cannot find type 'FSEventStreamCreateFlags' in scope
 22 |
 23 | 	public let queue: DispatchQueue
/Users/admin/builder/spi-builder-workspace/Sources/FSEventStream.swift:29:18: error: cannot find type 'FSEventStreamEventId' in scope
 27 | 	public convenience init?(
 28 | 		path: String,
 29 | 		since startId: FSEventStreamEventId? = nil, updateInterval: CFTimeInterval = 0, fsEventStreamFlags flags: FSEventStreamCreateFlags = FSEventStreamCreateFlags(kFSEventStreamCreateFlagNone),
    |                  `- error: cannot find type 'FSEventStreamEventId' in scope
 30 | 		queue: DispatchQueue = .global(),
 31 | 		callback: @escaping Callback
/Users/admin/builder/spi-builder-workspace/Sources/FSEventStream.swift:29:109: error: cannot find type 'FSEventStreamCreateFlags' in scope
 27 | 	public convenience init?(
 28 | 		path: String,
 29 | 		since startId: FSEventStreamEventId? = nil, updateInterval: CFTimeInterval = 0, fsEventStreamFlags flags: FSEventStreamCreateFlags = FSEventStreamCreateFlags(kFSEventStreamCreateFlagNone),
    |                                                                                                             `- error: cannot find type 'FSEventStreamCreateFlags' in scope
 30 | 		queue: DispatchQueue = .global(),
 31 | 		callback: @escaping Callback
/Users/admin/builder/spi-builder-workspace/Sources/FSEventStream.swift:70:18: error: cannot find type 'FSEventStreamEventId' in scope
 68 | 	public init?(
 69 | 		paths: [String],
 70 | 		since startId: FSEventStreamEventId? = nil, updateInterval: CFTimeInterval = 0,
    |                  `- error: cannot find type 'FSEventStreamEventId' in scope
 71 | 		fsEventStreamFlags: FSEventStreamCreateFlags = FSEventStreamCreateFlags(kFSEventStreamCreateFlagNone),
 72 | 		queue: DispatchQueue = .global(),
/Users/admin/builder/spi-builder-workspace/Sources/FSEventStream.swift:71:23: error: cannot find type 'FSEventStreamCreateFlags' in scope
 69 | 		paths: [String],
 70 | 		since startId: FSEventStreamEventId? = nil, updateInterval: CFTimeInterval = 0,
 71 | 		fsEventStreamFlags: FSEventStreamCreateFlags = FSEventStreamCreateFlags(kFSEventStreamCreateFlagNone),
    |                       `- error: cannot find type 'FSEventStreamCreateFlags' in scope
 72 | 		queue: DispatchQueue = .global(),
 73 | 		callback: @escaping Callback
/Users/admin/builder/spi-builder-workspace/Sources/FSEventStream.swift:140:13: error: cannot find type 'ConstFSEventStreamRef' in scope
138 |
139 | private func eventStreamCallback(
140 | 	streamRef: ConstFSEventStreamRef,
    |             `- error: cannot find type 'ConstFSEventStreamRef' in scope
141 | 	clientCallBackInfo: UnsafeMutableRawPointer?,
142 | 	numEvents: Int,
/Users/admin/builder/spi-builder-workspace/Sources/FSEventStream.swift:144:28: error: cannot find type 'FSEventStreamEventFlags' in scope
142 | 	numEvents: Int,
143 | 	eventPathsAsVoidPtr: UnsafeMutableRawPointer,
144 | 	eventFlags: UnsafePointer<FSEventStreamEventFlags>,
    |                            `- error: cannot find type 'FSEventStreamEventFlags' in scope
145 | 	eventIds: UnsafePointer<FSEventStreamEventId>
146 | ) {
/Users/admin/builder/spi-builder-workspace/Sources/FSEventStream.swift:145:26: error: cannot find type 'FSEventStreamEventId' in scope
143 | 	eventPathsAsVoidPtr: UnsafeMutableRawPointer,
144 | 	eventFlags: UnsafePointer<FSEventStreamEventFlags>,
145 | 	eventIds: UnsafePointer<FSEventStreamEventId>
    |                          `- error: cannot find type 'FSEventStreamEventId' in scope
146 | ) {
147 | 	guard let clientCallBackInfo = clientCallBackInfo,
Failed frontend command:
/Applications/Xcode-27.0.0-Release.Candidate.app/Contents/Developer/Toolchains/XcodeDefault.xctoolchain/usr/bin/swift-frontend -frontend -emit-module -experimental-skip-non-inlinable-function-bodies-without-types /Users/admin/builder/spi-builder-workspace/Sources/FSEvent.swift /Users/admin/builder/spi-builder-workspace/Sources/FSEventAsyncStream.swift /Users/admin/builder/spi-builder-workspace/Sources/FSEventStream.swift -target arm64-apple-watchos9.0 -disable-cross-import-overlay-search -load-resolved-plugin /Applications/Xcode-27.0.0-Release.Candidate.app/Contents/Developer/Platforms/WatchOS.platform/Developer/usr/lib/swift/host/plugins/libFoundationMacros.dylib\#/Applications/Xcode-27.0.0-Release.Candidate.app/Contents/Developer/Platforms/WatchOS.platform/Developer/usr/bin/swift-plugin-server\#FoundationMacros -load-resolved-plugin /Applications/Xcode-27.0.0-Release.Candidate.app/Contents/Developer/Platforms/WatchOS.platform/Developer/usr/lib/swift/host/plugins/libObservationMacros.dylib\#/Applications/Xcode-27.0.0-Release.Candidate.app/Contents/Developer/Platforms/WatchOS.platform/Developer/usr/bin/swift-plugin-server\#ObservationMacros -load-resolved-plugin /Applications/Xcode-27.0.0-Release.Candidate.app/Contents/Developer/Platforms/WatchOS.platform/Developer/usr/lib/swift/host/plugins/libSwiftMacros.dylib\#/Applications/Xcode-27.0.0-Release.Candidate.app/Contents/Developer/Platforms/WatchOS.platform/Developer/usr/bin/swift-plugin-server\#SwiftMacros -disable-implicit-swift-modules -Xcc -fno-implicit-modules -Xcc -fno-implicit-module-maps -explicit-swift-module-map-file /Users/admin/builder/spi-builder-workspace/.derivedData/Build/Intermediates.noindex/FSEventsWrapper.build/Debug-watchos/FSEventsWrapper-t.build/Objects-normal/arm64/FSEventsWrapper-dependencies-2.json -Xllvm -aarch64-use-tbi -enable-objc-interop -stack-check -sdk /Applications/Xcode-27.0.0-Release.Candidate.app/Contents/Developer/Platforms/WatchOS.platform/Developer/SDKs/WatchOS27.0.sdk -I /Users/admin/builder/spi-builder-workspace/.derivedData/Build/Products/Debug-watchos -Isystem /Applications/Xcode-27.0.0-Release.Candidate.app/Contents/Developer/Platforms/WatchOS.platform/Developer/usr/lib -F /Users/admin/builder/spi-builder-workspace/.derivedData/Build/Products/Debug-watchos -F /Applications/Xcode-27.0.0-Release.Candidate.app/Contents/Developer/Platforms/WatchOS.platform/Developer/Library/Frameworks -F /Applications/Xcode-27.0.0-Release.Candidate.app/Contents/Developer/Platforms/WatchOS.platform/Developer/SDKs/WatchOS27.0.sdk/Developer/Library/Frameworks -module-cache-path /Users/admin/builder/spi-builder-workspace/.derivedData/Build/Intermediates.noindex/SwiftExplicitPrecompiledModules -no-color-diagnostics -Xcc -fno-color-diagnostics -enable-testing -g -debug-info-format\=dwarf -dwarf-version\=4 -profile-generate -profile-coverage-mapping -swift-version 5 -Onone -D SWIFT_PACKAGE -D DEBUG -D SWIFT_MODULE_RESOURCE_BUNDLE_UNAVAILABLE -D Xcode -serialize-debugging-options -enable-experimental-feature DebugDescriptionMacro -empty-abi-descriptor -validate-clang-modules-once -clang-build-session-file /Users/admin/builder/spi-builder-workspace/.derivedData/ModuleCache.noindex/Session.modulevalidation -Xcc -working-directory -Xcc /Users/admin/builder/spi-builder-workspace/.swiftpm/xcode -enable-anonymous-context-mangled-names -file-compilation-dir /Users/admin/builder/spi-builder-workspace/.swiftpm/xcode -Xcc -D_LIBCPP_HARDENING_MODE\=_LIBCPP_HARDENING_MODE_DEBUG -Xcc -ivfsstatcache -Xcc /Users/admin/builder/spi-builder-workspace/.derivedData/SDKStatCaches.noindex/watchos27.0-24R360-e829b21a6f8c9b70876ba0858053c04477534ef55a1706bf4c1112bbb242f0a2.sdkstatcache -Xcc -fmodules-prune-interval\=86400 -Xcc -fmodules-prune-after\=345600 -Xcc -I/Users/admin/builder/spi-builder-workspace/.derivedData/Build/Products/Debug-watchos/include -Xcc -I/Users/admin/builder/spi-builder-workspace/.derivedData/Build/Intermediates.noindex/FSEventsWrapper.build/Debug-watchos/FSEventsWrapper-t.build/DerivedSources-normal/arm64 -Xcc -I/Users/admin/builder/spi-builder-workspace/.derivedData/Build/Intermediates.noindex/FSEventsWrapper.build/Debug-watchos/FSEventsWrapper-t.build/DerivedSources/arm64 -Xcc -I/Users/admin/builder/spi-builder-workspace/.derivedData/Build/Intermediates.noindex/FSEventsWrapper.build/Debug-watchos/FSEventsWrapper-t.build/DerivedSources -Xcc -DSWIFT_PACKAGE -Xcc -DDEBUG\=1 -no-auto-bridging-header-chaining -module-name FSEventsWrapper -const-gather-protocols-file /Users/admin/builder/spi-builder-workspace/.derivedData/Build/Intermediates.noindex/FSEventsWrapper.build/Debug-watchos/FSEventsWrapper-t.build/Objects-normal/arm64/FSEventsWrapper_const_extract_protocols.json -disable-clang-spi -clang-target arm64-apple-watchos27.0 -target-sdk-version 27.0 -target-sdk-name watchos27.0 -in-process-plugin-server-path /Applications/Xcode-27.0.0-Release.Candidate.app/Contents/Developer/Toolchains/XcodeDefault.xctoolchain/usr/lib/swift/host/libSwiftInProcPluginServer.dylib -emit-module-doc-path /Users/admin/builder/spi-builder-workspace/.derivedData/Build/Intermediates.noindex/FSEventsWrapper.build/Debug-watchos/FSEventsWrapper-t.build/Objects-normal/arm64/FSEventsWrapper.swiftdoc -emit-module-source-info-path /Users/admin/builder/spi-builder-workspace/.derivedData/Build/Intermediates.noindex/FSEventsWrapper.build/Debug-watchos/FSEventsWrapper-t.build/Objects-normal/arm64/FSEventsWrapper.swiftsourceinfo -emit-objc-header-path /Users/admin/builder/spi-builder-workspace/.derivedData/Build/Intermediates.noindex/FSEventsWrapper.build/Debug-watchos/FSEventsWrapper-t.build/Objects-normal/arm64/FSEventsWrapper-Swift.h -serialize-diagnostics-path /Users/admin/builder/spi-builder-workspace/.derivedData/Build/Intermediates.noindex/FSEventsWrapper.build/Debug-watchos/FSEventsWrapper-t.build/Objects-normal/arm64/FSEventsWrapper-primary-emit-module.dia -emit-dependencies-path /Users/admin/builder/spi-builder-workspace/.derivedData/Build/Intermediates.noindex/FSEventsWrapper.build/Debug-watchos/FSEventsWrapper-t.build/Objects-normal/arm64/FSEventsWrapper-primary-emit-module.d -parse-as-library -o /Users/admin/builder/spi-builder-workspace/.derivedData/Build/Intermediates.noindex/FSEventsWrapper.build/Debug-watchos/FSEventsWrapper-t.build/Objects-normal/arm64/FSEventsWrapper.swiftmodule -emit-abi-descriptor-path /Users/admin/builder/spi-builder-workspace/.derivedData/Build/Intermediates.noindex/FSEventsWrapper.build/Debug-watchos/FSEventsWrapper-t.build/Objects-normal/arm64/FSEventsWrapper.abi.json
SwiftCompile normal arm64 (in target 'FSEventsWrapper' from project 'FSEventsWrapper')
    cd /Users/admin/builder/spi-builder-workspace/.swiftpm/xcode

SwiftCompile normal arm64_32 Compiling\ FSEventAsyncStream.swift /Users/admin/builder/spi-builder-workspace/Sources/FSEventAsyncStream.swift (in target 'FSEventsWrapper' from project 'FSEventsWrapper')
SwiftCompile normal arm64_32 /Users/admin/builder/spi-builder-workspace/Sources/FSEventAsyncStream.swift (in target 'FSEventsWrapper' from project 'FSEventsWrapper')
    cd /Users/admin/builder/spi-builder-workspace/.swiftpm/xcode
    builtin-SwiftPerFileCompile FSEventAsyncStream.swift
/Users/admin/builder/spi-builder-workspace/Sources/FSEventAsyncStream.swift:20:29: error: cannot find type 'FSEventStreamCreateFlags' in scope
18 | 		private var streamIterator: AsyncStream<FSEvent>.Iterator
19 |
20 | 		init(path: String, flags: FSEventStreamCreateFlags) {
   |                             `- error: cannot find type 'FSEventStreamCreateFlags' in scope
21 | 			let (stream, continuation) = AsyncStream<FSEvent>.makeStream()
22 |
/Users/admin/builder/spi-builder-workspace/Sources/FSEventAsyncStream.swift:42:20: error: cannot find type 'FSEventStreamCreateFlags' in scope
40 |
41 | 	public let path: String
42 | 	public let flags: FSEventStreamCreateFlags
   |                    `- error: cannot find type 'FSEventStreamCreateFlags' in scope
43 |
44 | 	public init(path: String, flags: FSEventStreamCreateFlags = FSEventStreamCreateFlags(kFSEventStreamCreateFlagNone)) {
/Users/admin/builder/spi-builder-workspace/Sources/FSEventAsyncStream.swift:44:35: error: cannot find type 'FSEventStreamCreateFlags' in scope
42 | 	public let flags: FSEventStreamCreateFlags
43 |
44 | 	public init(path: String, flags: FSEventStreamCreateFlags = FSEventStreamCreateFlags(kFSEventStreamCreateFlagNone)) {
   |                                   `- error: cannot find type 'FSEventStreamCreateFlags' in scope
45 | 		self.path = path
46 | 		self.flags = flags
/Users/admin/builder/spi-builder-workspace/Sources/FSEventStream.swift:29:18: error: cannot find type 'FSEventStreamEventId' in scope
 27 | 	public convenience init?(
 28 | 		path: String,
 29 | 		since startId: FSEventStreamEventId? = nil, updateInterval: CFTimeInterval = 0, fsEventStreamFlags flags: FSEventStreamCreateFlags = FSEventStreamCreateFlags(kFSEventStreamCreateFlagNone),
    |                  `- error: cannot find type 'FSEventStreamEventId' in scope
 30 | 		queue: DispatchQueue = .global(),
 31 | 		callback: @escaping Callback
/Users/admin/builder/spi-builder-workspace/Sources/FSEventStream.swift:29:109: error: cannot find type 'FSEventStreamCreateFlags' in scope
 27 | 	public convenience init?(
 28 | 		path: String,
 29 | 		since startId: FSEventStreamEventId? = nil, updateInterval: CFTimeInterval = 0, fsEventStreamFlags flags: FSEventStreamCreateFlags = FSEventStreamCreateFlags(kFSEventStreamCreateFlagNone),
    |                                                                                                             `- error: cannot find type 'FSEventStreamCreateFlags' in scope
 30 | 		queue: DispatchQueue = .global(),
 31 | 		callback: @escaping Callback
/Users/admin/builder/spi-builder-workspace/Sources/FSEventStream.swift:70:18: error: cannot find type 'FSEventStreamEventId' in scope
 68 | 	public init?(
 69 | 		paths: [String],
 70 | 		since startId: FSEventStreamEventId? = nil, updateInterval: CFTimeInterval = 0,
    |                  `- error: cannot find type 'FSEventStreamEventId' in scope
 71 | 		fsEventStreamFlags: FSEventStreamCreateFlags = FSEventStreamCreateFlags(kFSEventStreamCreateFlagNone),
 72 | 		queue: DispatchQueue = .global(),
SwiftCompile normal arm64 Compiling\ FSEventStream.swift /Users/admin/builder/spi-builder-workspace/Sources/FSEventStream.swift (in target 'FSEventsWrapper' from project 'FSEventsWrapper')
/Users/admin/builder/spi-builder-workspace/Sources/FSEventStream.swift:20:28: error: cannot find type 'FSEventStreamRef' in scope
 18 | 	public let callback: Callback
 19 |
 20 | 	internal let eventStream: FSEventStreamRef
    |                            `- error: cannot find type 'FSEventStreamRef' in scope
 21 | 	internal let eventStreamFlags: FSEventStreamCreateFlags
 22 |
/Users/admin/builder/spi-builder-workspace/Sources/FSEventStream.swift:21:33: error: cannot find type 'FSEventStreamCreateFlags' in scope
 19 |
 20 | 	internal let eventStream: FSEventStreamRef
 21 | 	internal let eventStreamFlags: FSEventStreamCreateFlags
    |                                 `- error: cannot find type 'FSEventStreamCreateFlags' in scope
 22 |
 23 | 	public let queue: DispatchQueue
/Users/admin/builder/spi-builder-workspace/Sources/FSEventStream.swift:29:18: error: cannot find type 'FSEventStreamEventId' in scope
 27 | 	public convenience init?(
 28 | 		path: String,
 29 | 		since startId: FSEventStreamEventId? = nil, updateInterval: CFTimeInterval = 0, fsEventStreamFlags flags: FSEventStreamCreateFlags = FSEventStreamCreateFlags(kFSEventStreamCreateFlagNone),
    |                  `- error: cannot find type 'FSEventStreamEventId' in scope
 30 | 		queue: DispatchQueue = .global(),
 31 | 		callback: @escaping Callback
/Users/admin/builder/spi-builder-workspace/Sources/FSEventStream.swift:29:109: error: cannot find type 'FSEventStreamCreateFlags' in scope
 27 | 	public convenience init?(
 28 | 		path: String,
 29 | 		since startId: FSEventStreamEventId? = nil, updateInterval: CFTimeInterval = 0, fsEventStreamFlags flags: FSEventStreamCreateFlags = FSEventStreamCreateFlags(kFSEventStreamCreateFlagNone),
    |                                                                                                             `- error: cannot find type 'FSEventStreamCreateFlags' in scope
 30 | 		queue: DispatchQueue = .global(),
 31 | 		callback: @escaping Callback
/Users/admin/builder/spi-builder-workspace/Sources/FSEventStream.swift:70:18: error: cannot find type 'FSEventStreamEventId' in scope
 68 | 	public init?(
 69 | 		paths: [String],
 70 | 		since startId: FSEventStreamEventId? = nil, updateInterval: CFTimeInterval = 0,
    |                  `- error: cannot find type 'FSEventStreamEventId' in scope
 71 | 		fsEventStreamFlags: FSEventStreamCreateFlags = FSEventStreamCreateFlags(kFSEventStreamCreateFlagNone),
 72 | 		queue: DispatchQueue = .global(),
/Users/admin/builder/spi-builder-workspace/Sources/FSEventStream.swift:71:23: error: cannot find type 'FSEventStreamCreateFlags' in scope
 69 | 		paths: [String],
 70 | 		since startId: FSEventStreamEventId? = nil, updateInterval: CFTimeInterval = 0,
 71 | 		fsEventStreamFlags: FSEventStreamCreateFlags = FSEventStreamCreateFlags(kFSEventStreamCreateFlagNone),
    |                       `- error: cannot find type 'FSEventStreamCreateFlags' in scope
 72 | 		queue: DispatchQueue = .global(),
 73 | 		callback: @escaping Callback
/Users/admin/builder/spi-builder-workspace/Sources/FSEventStream.swift:140:13: error: cannot find type 'ConstFSEventStreamRef' in scope
138 |
139 | private func eventStreamCallback(
140 | 	streamRef: ConstFSEventStreamRef,
    |             `- error: cannot find type 'ConstFSEventStreamRef' in scope
141 | 	clientCallBackInfo: UnsafeMutableRawPointer?,
142 | 	numEvents: Int,
/Users/admin/builder/spi-builder-workspace/Sources/FSEventStream.swift:144:28: error: cannot find type 'FSEventStreamEventFlags' in scope
142 | 	numEvents: Int,
143 | 	eventPathsAsVoidPtr: UnsafeMutableRawPointer,
144 | 	eventFlags: UnsafePointer<FSEventStreamEventFlags>,
    |                            `- error: cannot find type 'FSEventStreamEventFlags' in scope
145 | 	eventIds: UnsafePointer<FSEventStreamEventId>
146 | ) {
/Users/admin/builder/spi-builder-workspace/Sources/FSEventStream.swift:145:26: error: cannot find type 'FSEventStreamEventId' in scope
143 | 	eventPathsAsVoidPtr: UnsafeMutableRawPointer,
144 | 	eventFlags: UnsafePointer<FSEventStreamEventFlags>,
145 | 	eventIds: UnsafePointer<FSEventStreamEventId>
    |                          `- error: cannot find type 'FSEventStreamEventId' in scope
146 | ) {
147 | 	guard let clientCallBackInfo = clientCallBackInfo,
/Users/admin/builder/spi-builder-workspace/Sources/FSEventStream.swift:76:34: error: cannot find 'FSEventStreamEventId' in scope
 74 | 	) {
 75 | 		let cfpaths: CFArray = paths as CFArray
 76 | 		let actualStartId = startId ?? FSEventStreamEventId(kFSEventStreamEventIdSinceNow)
    |                                  `- error: cannot find 'FSEventStreamEventId' in scope
 77 | 		let actualFlags = FSEventStreamCreateFlags(kFSEventStreamCreateFlagUseCFTypes | Int(fsEventStreamFlags))
 78 |
/Users/admin/builder/spi-builder-workspace/Sources/FSEventStream.swift:76:55: error: cannot find 'kFSEventStreamEventIdSinceNow' in scope
 74 | 	) {
 75 | 		let cfpaths: CFArray = paths as CFArray
 76 | 		let actualStartId = startId ?? FSEventStreamEventId(kFSEventStreamEventIdSinceNow)
    |                                                       `- error: cannot find 'kFSEventStreamEventIdSinceNow' in scope
 77 | 		let actualFlags = FSEventStreamCreateFlags(kFSEventStreamCreateFlagUseCFTypes | Int(fsEventStreamFlags))
 78 |
/Users/admin/builder/spi-builder-workspace/Sources/FSEventStream.swift:77:21: error: cannot find 'FSEventStreamCreateFlags' in scope
 75 | 		let cfpaths: CFArray = paths as CFArray
 76 | 		let actualStartId = startId ?? FSEventStreamEventId(kFSEventStreamEventIdSinceNow)
 77 | 		let actualFlags = FSEventStreamCreateFlags(kFSEventStreamCreateFlagUseCFTypes | Int(fsEventStreamFlags))
    |                     `- error: cannot find 'FSEventStreamCreateFlags' in scope
 78 |
 79 | 		self.callback = callback
/Users/admin/builder/spi-builder-workspace/Sources/FSEventStream.swift:77:46: error: cannot find 'kFSEventStreamCreateFlagUseCFTypes' in scope
 75 | 		let cfpaths: CFArray = paths as CFArray
 76 | 		let actualStartId = startId ?? FSEventStreamEventId(kFSEventStreamEventIdSinceNow)
 77 | 		let actualFlags = FSEventStreamCreateFlags(kFSEventStreamCreateFlagUseCFTypes | Int(fsEventStreamFlags))
    |                                              `- error: cannot find 'kFSEventStreamCreateFlagUseCFTypes' in scope
 78 |
 79 | 		self.callback = callback
/Users/admin/builder/spi-builder-workspace/Sources/FSEventStream.swift:84:17: error: cannot find 'FSEventStreamContext' in scope
 82 |
 83 | 		let objcWrapper = FSEventStreamObjCWrapper()
 84 | 		var context = FSEventStreamContext(
    |                 `- error: cannot find 'FSEventStreamContext' in scope
 85 | 			version: 0,
 86 | 			info: Unmanaged.passUnretained(objcWrapper).toOpaque(),
/Users/admin/builder/spi-builder-workspace/Sources/FSEventStream.swift:98:17: error: cannot find 'FSEventStreamCreate' in scope
 96 | 			copyDescription: nil /* I do not know how to trigger this block, so cannot test, so we set to nil! */
 97 | 		)
 98 | 		guard let s = FSEventStreamCreate(kCFAllocatorDefault, eventStreamCallback, &context, cfpaths, actualStartId, updateInterval, actualFlags) else {
    |                 `- error: cannot find 'FSEventStreamCreate' in scope
 99 | 			return nil
100 | 		}
/Users/admin/builder/spi-builder-workspace/Sources/FSEventStream.swift:98:17: error: failed to produce diagnostic for expression; please submit a bug report (https://swift.org/contributing/#reporting-bugs)
 96 | 			copyDescription: nil /* I do not know how to trigger this block, so cannot test, so we set to nil! */
 97 | 		)
 98 | 		guard let s = FSEventStreamCreate(kCFAllocatorDefault, eventStreamCallback, &context, cfpaths, actualStartId, updateInterval, actualFlags) else {
    |                 `- error: failed to produce diagnostic for expression; please submit a bug report (https://swift.org/contributing/#reporting-bugs)
 99 | 			return nil
100 | 		}
/Users/admin/builder/spi-builder-workspace/Sources/FSEventStream.swift:104:3: error: cannot find 'FSEventStreamSetDispatchQueue' in scope
102 | 		self.eventStreamFlags = actualFlags
103 |
104 | 		FSEventStreamSetDispatchQueue(s, queue)
    |   `- error: cannot find 'FSEventStreamSetDispatchQueue' in scope
105 |
106 | 		objcWrapper.swiftStream = self
/Users/admin/builder/spi-builder-workspace/Sources/FSEventStream.swift:111:3: error: cannot find 'FSEventStreamInvalidate' in scope
109 | 	deinit {
110 | 		stopWatching()
111 | 		FSEventStreamInvalidate(eventStream)
    |   `- error: cannot find 'FSEventStreamInvalidate' in scope
112 | 		FSEventStreamRelease(eventStream) /* I thought the release would be automatic, it seems it is not. */
113 | 	}
/Users/admin/builder/spi-builder-workspace/Sources/FSEventStream.swift:112:3: error: cannot find 'FSEventStreamRelease' in scope
110 | 		stopWatching()
111 | 		FSEventStreamInvalidate(eventStream)
112 | 		FSEventStreamRelease(eventStream) /* I thought the release would be automatic, it seems it is not. */
    |   `- error: cannot find 'FSEventStreamRelease' in scope
113 | 	}
114 |
/Users/admin/builder/spi-builder-workspace/Sources/FSEventStream.swift:118:3: error: cannot find 'FSEventStreamStart' in scope
116 | 		if isStarted {return}
117 |
118 | 		FSEventStreamStart(eventStream)
    |   `- error: cannot find 'FSEventStreamStart' in scope
119 | 		isStarted = true
120 | 	}
/Users/admin/builder/spi-builder-workspace/Sources/FSEventStream.swift:125:3: error: cannot find 'FSEventStreamStop' in scope
123 | 		if !isStarted {return}
124 |
125 | 		FSEventStreamStop(eventStream)
    |   `- error: cannot find 'FSEventStreamStop' in scope
126 | 		isStarted = false
127 | 	}
/Users/admin/builder/spi-builder-workspace/Sources/FSEventStream.swift:165:36: error: cannot find 'FSEventStreamCreateFlags' in scope
163 |
164 | 		let fromUs = (
165 | 			(swiftStream.eventStreamFlags & FSEventStreamCreateFlags(kFSEventStreamCreateFlagMarkSelf)) != 0 ?
    |                                    `- error: cannot find 'FSEventStreamCreateFlags' in scope
166 | 				(currentEventFlags & FSEventStreamEventFlags(kFSEventStreamEventFlagOwnEvent)) != 0 :
167 | 				nil
SwiftCompile normal arm64 /Users/admin/builder/spi-builder-workspace/Sources/FSEventStream.swift (in target 'FSEventsWrapper' from project 'FSEventsWrapper')
    cd /Users/admin/builder/spi-builder-workspace/.swiftpm/xcode
    builtin-SwiftPerFileCompile FSEventStream.swift
/Users/admin/builder/spi-builder-workspace/Sources/FSEventStream.swift:165:61: error: cannot find 'kFSEventStreamCreateFlagMarkSelf' in scope
163 |
164 | 		let fromUs = (
165 | 			(swiftStream.eventStreamFlags & FSEventStreamCreateFlags(kFSEventStreamCreateFlagMarkSelf)) != 0 ?
    |                                                             `- error: cannot find 'kFSEventStreamCreateFlagMarkSelf' in scope
166 | 				(currentEventFlags & FSEventStreamEventFlags(kFSEventStreamEventFlagOwnEvent)) != 0 :
167 | 				nil
/Users/admin/builder/spi-builder-workspace/Sources/FSEventStream.swift:166:26: error: cannot find 'FSEventStreamEventFlags' in scope
164 | 		let fromUs = (
165 | 			(swiftStream.eventStreamFlags & FSEventStreamCreateFlags(kFSEventStreamCreateFlagMarkSelf)) != 0 ?
166 | 				(currentEventFlags & FSEventStreamEventFlags(kFSEventStreamEventFlagOwnEvent)) != 0 :
    |                          `- error: cannot find 'FSEventStreamEventFlags' in scope
167 | 				nil
168 | 		)
/Users/admin/builder/spi-builder-workspace/Sources/FSEventStream.swift:166:50: error: cannot find 'kFSEventStreamEventFlagOwnEvent' in scope
164 | 		let fromUs = (
165 | 			(swiftStream.eventStreamFlags & FSEventStreamCreateFlags(kFSEventStreamCreateFlagMarkSelf)) != 0 ?
166 | 				(currentEventFlags & FSEventStreamEventFlags(kFSEventStreamEventFlagOwnEvent)) != 0 :
    |                                                  `- error: cannot find 'kFSEventStreamEventFlagOwnEvent' in scope
167 | 				nil
168 | 		)
/Users/admin/builder/spi-builder-workspace/Sources/FSEventStream.swift:169:45: error: cannot find 'FSEventStreamEventFlags' in scope
167 | 				nil
168 | 		)
169 | 		currentEventFlags = (currentEventFlags & ~FSEventStreamEventFlags(kFSEventStreamEventFlagOwnEvent))
    |                                             `- error: cannot find 'FSEventStreamEventFlags' in scope
170 |
171 | 		if currentEventFlags == kFSEventStreamEventFlagNone {
SwiftCompile normal arm64 Compiling\ FSEvent.swift /Users/admin/builder/spi-builder-workspace/Sources/FSEvent.swift (in target 'FSEventsWrapper' from project 'FSEventsWrapper')
/Users/admin/builder/spi-builder-workspace/Sources/FSEvent.swift:45:38: error: cannot find type 'FSEventStreamEventId' in scope
 43 |
 44 | 	/** `kFSEventStreamEventFlagNone` or unknown flag. */
 45 | 	case generic(path: String, eventId: FSEventStreamEventId, fromUs: Bool?)
    |                                      `- error: cannot find type 'FSEventStreamEventId' in scope
 46 |
 47 | 	/**
/Users/admin/builder/spi-builder-workspace/Sources/FSEvent.swift:90:44: error: cannot find type 'FSEventStreamEventId' in scope
 88 | 	 - note: I don't know if the “event is from us” flag is set for this event, nor if the event id has any meaning here…
 89 | 	 I don’t know if there is a valid event id for this event (probably not). */
 90 | 	case volumeMounted(path: String, eventId: FSEventStreamEventId, fromUs: Bool?)
    |                                            `- error: cannot find type 'FSEventStreamEventId' in scope
 91 |
 92 | 	/**
/Users/admin/builder/spi-builder-workspace/Sources/FSEvent.swift:97:46: error: cannot find type 'FSEventStreamEventId' in scope
 95 | 	 - note: I don't know if the “event is from us” flag is set for this event, nor if the event id has any meaning here…
 96 | 	 I don’t know if there is a valid event id for this event (probably not). */
 97 | 	case volumeUnmounted(path: String, eventId: FSEventStreamEventId, fromUs: Bool?)
    |                                              `- error: cannot find type 'FSEventStreamEventId' in scope
 98 |
 99 | 	/* **************************************************************************
/Users/admin/builder/spi-builder-workspace/Sources/FSEvent.swift:111:62: error: cannot find type 'FSEventStreamEventId' in scope
109 |
110 | 	/** `kFSEventStreamEventFlagItemCreated` */
111 | 	case itemCreated(path: String, itemType: ItemType, eventId: FSEventStreamEventId, fromUs: Bool?)
    |                                                              `- error: cannot find type 'FSEventStreamEventId' in scope
112 |
113 | 	/** `kFSEventStreamEventFlagItemRemoved` */
/Users/admin/builder/spi-builder-workspace/Sources/FSEvent.swift:114:62: error: cannot find type 'FSEventStreamEventId' in scope
112 |
113 | 	/** `kFSEventStreamEventFlagItemRemoved` */
114 | 	case itemRemoved(path: String, itemType: ItemType, eventId: FSEventStreamEventId, fromUs: Bool?)
    |                                                              `- error: cannot find type 'FSEventStreamEventId' in scope
115 |
116 | 	/** `kFSEventStreamEventFlagItemInodeMetaMod` */
/Users/admin/builder/spi-builder-workspace/Sources/FSEvent.swift:117:76: error: cannot find type 'FSEventStreamEventId' in scope
115 |
116 | 	/** `kFSEventStreamEventFlagItemInodeMetaMod` */
117 | 	case itemInodeMetadataModified(path: String, itemType: ItemType, eventId: FSEventStreamEventId, fromUs: Bool?)
    |                                                                            `- error: cannot find type 'FSEventStreamEventId' in scope
118 |
119 | 	/**
/Users/admin/builder/spi-builder-workspace/Sources/FSEvent.swift:129:62: error: cannot find type 'FSEventStreamEventId' in scope
127 | 	 (you don’t have the information of the callback call from FSEventsWrapper) at one event interval,
128 | 	 the first one being the original name, the second one the new name. */
129 | 	case itemRenamed(path: String, itemType: ItemType, eventId: FSEventStreamEventId, fromUs: Bool?)
    |                                                              `- error: cannot find type 'FSEventStreamEventId' in scope
130 |
131 | 	/** `kFSEventStreamEventFlagItemModified` */
/Users/admin/builder/spi-builder-workspace/Sources/FSEvent.swift:132:67: error: cannot find type 'FSEventStreamEventId' in scope
130 |
131 | 	/** `kFSEventStreamEventFlagItemModified` */
132 | 	case itemDataModified(path: String, itemType: ItemType, eventId: FSEventStreamEventId, fromUs: Bool?)
    |                                                                   `- error: cannot find type 'FSEventStreamEventId' in scope
133 |
134 | 	/** `kFSEventStreamEventFlagItemFinderInfoMod` */
/Users/admin/builder/spi-builder-workspace/Sources/FSEvent.swift:135:73: error: cannot find type 'FSEventStreamEventId' in scope
133 |
134 | 	/** `kFSEventStreamEventFlagItemFinderInfoMod` */
135 | 	case itemFinderInfoModified(path: String, itemType: ItemType, eventId: FSEventStreamEventId, fromUs: Bool?)
    |                                                                         `- error: cannot find type 'FSEventStreamEventId' in scope
136 |
137 | 	/** `kFSEventStreamEventFlagItemChangeOwner` */
/Users/admin/builder/spi-builder-workspace/Sources/FSEvent.swift:138:72: error: cannot find type 'FSEventStreamEventId' in scope
136 |
137 | 	/** `kFSEventStreamEventFlagItemChangeOwner` */
138 | 	case itemOwnershipModified(path: String, itemType: ItemType, eventId: FSEventStreamEventId, fromUs: Bool?)
    |                                                                        `- error: cannot find type 'FSEventStreamEventId' in scope
139 |
140 | 	/** `kFSEventStreamEventFlagItemXattrMod` */
/Users/admin/builder/spi-builder-workspace/Sources/FSEvent.swift:141:68: error: cannot find type 'FSEventStreamEventId' in scope
139 |
140 | 	/** `kFSEventStreamEventFlagItemXattrMod` */
141 | 	case itemXattrModified(path: String, itemType: ItemType, eventId: FSEventStreamEventId, fromUs: Bool?)
    |                                                                    `- error: cannot find type 'FSEventStreamEventId' in scope
142 |
143 | 	/**
SwiftCompile normal arm64 /Users/admin/builder/spi-builder-workspace/Sources/FSEvent.swift (in target 'FSEventsWrapper' from project 'FSEventsWrapper')
    cd /Users/admin/builder/spi-builder-workspace/.swiftpm/xcode
    builtin-SwiftPerFileCompile FSEvent.swift
SwiftCompile normal arm64_32 Compiling\ FSEventStream.swift /Users/admin/builder/spi-builder-workspace/Sources/FSEventStream.swift (in target 'FSEventsWrapper' from project 'FSEventsWrapper')
/Users/admin/builder/spi-builder-workspace/Sources/FSEventStream.swift:20:28: error: cannot find type 'FSEventStreamRef' in scope
 18 | 	public let callback: Callback
 19 |
 20 | 	internal let eventStream: FSEventStreamRef
    |                            `- error: cannot find type 'FSEventStreamRef' in scope
 21 | 	internal let eventStreamFlags: FSEventStreamCreateFlags
 22 |
/Users/admin/builder/spi-builder-workspace/Sources/FSEventStream.swift:21:33: error: cannot find type 'FSEventStreamCreateFlags' in scope
 19 |
 20 | 	internal let eventStream: FSEventStreamRef
 21 | 	internal let eventStreamFlags: FSEventStreamCreateFlags
    |                                 `- error: cannot find type 'FSEventStreamCreateFlags' in scope
 22 |
 23 | 	public let queue: DispatchQueue
/Users/admin/builder/spi-builder-workspace/Sources/FSEventStream.swift:29:18: error: cannot find type 'FSEventStreamEventId' in scope
 27 | 	public convenience init?(
 28 | 		path: String,
 29 | 		since startId: FSEventStreamEventId? = nil, updateInterval: CFTimeInterval = 0, fsEventStreamFlags flags: FSEventStreamCreateFlags = FSEventStreamCreateFlags(kFSEventStreamCreateFlagNone),
    |                  `- error: cannot find type 'FSEventStreamEventId' in scope
 30 | 		queue: DispatchQueue = .global(),
 31 | 		callback: @escaping Callback
/Users/admin/builder/spi-builder-workspace/Sources/FSEventStream.swift:29:109: error: cannot find type 'FSEventStreamCreateFlags' in scope
 27 | 	public convenience init?(
 28 | 		path: String,
 29 | 		since startId: FSEventStreamEventId? = nil, updateInterval: CFTimeInterval = 0, fsEventStreamFlags flags: FSEventStreamCreateFlags = FSEventStreamCreateFlags(kFSEventStreamCreateFlagNone),
    |                                                                                                             `- error: cannot find type 'FSEventStreamCreateFlags' in scope
 30 | 		queue: DispatchQueue = .global(),
 31 | 		callback: @escaping Callback
/Users/admin/builder/spi-builder-workspace/Sources/FSEventStream.swift:70:18: error: cannot find type 'FSEventStreamEventId' in scope
 68 | 	public init?(
 69 | 		paths: [String],
 70 | 		since startId: FSEventStreamEventId? = nil, updateInterval: CFTimeInterval = 0,
    |                  `- error: cannot find type 'FSEventStreamEventId' in scope
 71 | 		fsEventStreamFlags: FSEventStreamCreateFlags = FSEventStreamCreateFlags(kFSEventStreamCreateFlagNone),
 72 | 		queue: DispatchQueue = .global(),
/Users/admin/builder/spi-builder-workspace/Sources/FSEventStream.swift:71:23: error: cannot find type 'FSEventStreamCreateFlags' in scope
 69 | 		paths: [String],
 70 | 		since startId: FSEventStreamEventId? = nil, updateInterval: CFTimeInterval = 0,
 71 | 		fsEventStreamFlags: FSEventStreamCreateFlags = FSEventStreamCreateFlags(kFSEventStreamCreateFlagNone),
    |                       `- error: cannot find type 'FSEventStreamCreateFlags' in scope
 72 | 		queue: DispatchQueue = .global(),
 73 | 		callback: @escaping Callback
/Users/admin/builder/spi-builder-workspace/Sources/FSEventStream.swift:140:13: error: cannot find type 'ConstFSEventStreamRef' in scope
138 |
139 | private func eventStreamCallback(
140 | 	streamRef: ConstFSEventStreamRef,
    |             `- error: cannot find type 'ConstFSEventStreamRef' in scope
141 | 	clientCallBackInfo: UnsafeMutableRawPointer?,
142 | 	numEvents: Int,
/Users/admin/builder/spi-builder-workspace/Sources/FSEventStream.swift:144:28: error: cannot find type 'FSEventStreamEventFlags' in scope
142 | 	numEvents: Int,
143 | 	eventPathsAsVoidPtr: UnsafeMutableRawPointer,
144 | 	eventFlags: UnsafePointer<FSEventStreamEventFlags>,
    |                            `- error: cannot find type 'FSEventStreamEventFlags' in scope
145 | 	eventIds: UnsafePointer<FSEventStreamEventId>
146 | ) {
/Users/admin/builder/spi-builder-workspace/Sources/FSEventStream.swift:145:26: error: cannot find type 'FSEventStreamEventId' in scope
143 | 	eventPathsAsVoidPtr: UnsafeMutableRawPointer,
144 | 	eventFlags: UnsafePointer<FSEventStreamEventFlags>,
145 | 	eventIds: UnsafePointer<FSEventStreamEventId>
    |                          `- error: cannot find type 'FSEventStreamEventId' in scope
146 | ) {
147 | 	guard let clientCallBackInfo = clientCallBackInfo,
/Users/admin/builder/spi-builder-workspace/Sources/FSEventStream.swift:76:34: error: cannot find 'FSEventStreamEventId' in scope
 74 | 	) {
 75 | 		let cfpaths: CFArray = paths as CFArray
 76 | 		let actualStartId = startId ?? FSEventStreamEventId(kFSEventStreamEventIdSinceNow)
    |                                  `- error: cannot find 'FSEventStreamEventId' in scope
 77 | 		let actualFlags = FSEventStreamCreateFlags(kFSEventStreamCreateFlagUseCFTypes | Int(fsEventStreamFlags))
 78 |
/Users/admin/builder/spi-builder-workspace/Sources/FSEventStream.swift:76:55: error: cannot find 'kFSEventStreamEventIdSinceNow' in scope
 74 | 	) {
 75 | 		let cfpaths: CFArray = paths as CFArray
 76 | 		let actualStartId = startId ?? FSEventStreamEventId(kFSEventStreamEventIdSinceNow)
    |                                                       `- error: cannot find 'kFSEventStreamEventIdSinceNow' in scope
 77 | 		let actualFlags = FSEventStreamCreateFlags(kFSEventStreamCreateFlagUseCFTypes | Int(fsEventStreamFlags))
 78 |
/Users/admin/builder/spi-builder-workspace/Sources/FSEventStream.swift:77:21: error: cannot find 'FSEventStreamCreateFlags' in scope
 75 | 		let cfpaths: CFArray = paths as CFArray
 76 | 		let actualStartId = startId ?? FSEventStreamEventId(kFSEventStreamEventIdSinceNow)
 77 | 		let actualFlags = FSEventStreamCreateFlags(kFSEventStreamCreateFlagUseCFTypes | Int(fsEventStreamFlags))
    |                     `- error: cannot find 'FSEventStreamCreateFlags' in scope
 78 |
 79 | 		self.callback = callback
/Users/admin/builder/spi-builder-workspace/Sources/FSEventStream.swift:77:46: error: cannot find 'kFSEventStreamCreateFlagUseCFTypes' in scope
 75 | 		let cfpaths: CFArray = paths as CFArray
 76 | 		let actualStartId = startId ?? FSEventStreamEventId(kFSEventStreamEventIdSinceNow)
 77 | 		let actualFlags = FSEventStreamCreateFlags(kFSEventStreamCreateFlagUseCFTypes | Int(fsEventStreamFlags))
    |                                              `- error: cannot find 'kFSEventStreamCreateFlagUseCFTypes' in scope
 78 |
 79 | 		self.callback = callback
/Users/admin/builder/spi-builder-workspace/Sources/FSEventStream.swift:84:17: error: cannot find 'FSEventStreamContext' in scope
 82 |
 83 | 		let objcWrapper = FSEventStreamObjCWrapper()
 84 | 		var context = FSEventStreamContext(
    |                 `- error: cannot find 'FSEventStreamContext' in scope
 85 | 			version: 0,
 86 | 			info: Unmanaged.passUnretained(objcWrapper).toOpaque(),
/Users/admin/builder/spi-builder-workspace/Sources/FSEventStream.swift:98:17: error: cannot find 'FSEventStreamCreate' in scope
 96 | 			copyDescription: nil /* I do not know how to trigger this block, so cannot test, so we set to nil! */
 97 | 		)
 98 | 		guard let s = FSEventStreamCreate(kCFAllocatorDefault, eventStreamCallback, &context, cfpaths, actualStartId, updateInterval, actualFlags) else {
    |                 `- error: cannot find 'FSEventStreamCreate' in scope
 99 | 			return nil
100 | 		}
/Users/admin/builder/spi-builder-workspace/Sources/FSEventStream.swift:98:17: error: failed to produce diagnostic for expression; please submit a bug report (https://swift.org/contributing/#reporting-bugs)
 96 | 			copyDescription: nil /* I do not know how to trigger this block, so cannot test, so we set to nil! */
 97 | 		)
 98 | 		guard let s = FSEventStreamCreate(kCFAllocatorDefault, eventStreamCallback, &context, cfpaths, actualStartId, updateInterval, actualFlags) else {
    |                 `- error: failed to produce diagnostic for expression; please submit a bug report (https://swift.org/contributing/#reporting-bugs)
 99 | 			return nil
100 | 		}
/Users/admin/builder/spi-builder-workspace/Sources/FSEventStream.swift:104:3: error: cannot find 'FSEventStreamSetDispatchQueue' in scope
102 | 		self.eventStreamFlags = actualFlags
103 |
104 | 		FSEventStreamSetDispatchQueue(s, queue)
    |   `- error: cannot find 'FSEventStreamSetDispatchQueue' in scope
105 |
106 | 		objcWrapper.swiftStream = self
/Users/admin/builder/spi-builder-workspace/Sources/FSEventStream.swift:111:3: error: cannot find 'FSEventStreamInvalidate' in scope
109 | 	deinit {
110 | 		stopWatching()
111 | 		FSEventStreamInvalidate(eventStream)
    |   `- error: cannot find 'FSEventStreamInvalidate' in scope
112 | 		FSEventStreamRelease(eventStream) /* I thought the release would be automatic, it seems it is not. */
113 | 	}
/Users/admin/builder/spi-builder-workspace/Sources/FSEventStream.swift:112:3: error: cannot find 'FSEventStreamRelease' in scope
110 | 		stopWatching()
111 | 		FSEventStreamInvalidate(eventStream)
112 | 		FSEventStreamRelease(eventStream) /* I thought the release would be automatic, it seems it is not. */
    |   `- error: cannot find 'FSEventStreamRelease' in scope
113 | 	}
114 |
/Users/admin/builder/spi-builder-workspace/Sources/FSEventStream.swift:118:3: error: cannot find 'FSEventStreamStart' in scope
116 | 		if isStarted {return}
117 |
118 | 		FSEventStreamStart(eventStream)
    |   `- error: cannot find 'FSEventStreamStart' in scope
119 | 		isStarted = true
120 | 	}
/Users/admin/builder/spi-builder-workspace/Sources/FSEventStream.swift:125:3: error: cannot find 'FSEventStreamStop' in scope
123 | 		if !isStarted {return}
124 |
125 | 		FSEventStreamStop(eventStream)
    |   `- error: cannot find 'FSEventStreamStop' in scope
126 | 		isStarted = false
127 | 	}
/Users/admin/builder/spi-builder-workspace/Sources/FSEventStream.swift:165:36: error: cannot find 'FSEventStreamCreateFlags' in scope
163 |
164 | 		let fromUs = (
165 | 			(swiftStream.eventStreamFlags & FSEventStreamCreateFlags(kFSEventStreamCreateFlagMarkSelf)) != 0 ?
    |                                    `- error: cannot find 'FSEventStreamCreateFlags' in scope
166 | 				(currentEventFlags & FSEventStreamEventFlags(kFSEventStreamEventFlagOwnEvent)) != 0 :
167 | 				nil
/Users/admin/builder/spi-builder-workspace/Sources/FSEventStream.swift:165:61: error: cannot find 'kFSEventStreamCreateFlagMarkSelf' in scope
163 |
164 | 		let fromUs = (
165 | 			(swiftStream.eventStreamFlags & FSEventStreamCreateFlags(kFSEventStreamCreateFlagMarkSelf)) != 0 ?
    |                                                             `- error: cannot find 'kFSEventStreamCreateFlagMarkSelf' in scope
166 | 				(currentEventFlags & FSEventStreamEventFlags(kFSEventStreamEventFlagOwnEvent)) != 0 :
167 | 				nil
/Users/admin/builder/spi-builder-workspace/Sources/FSEventStream.swift:166:26: error: cannot find 'FSEventStreamEventFlags' in scope
164 | 		let fromUs = (
165 | 			(swiftStream.eventStreamFlags & FSEventStreamCreateFlags(kFSEventStreamCreateFlagMarkSelf)) != 0 ?
166 | 				(currentEventFlags & FSEventStreamEventFlags(kFSEventStreamEventFlagOwnEvent)) != 0 :
    |                          `- error: cannot find 'FSEventStreamEventFlags' in scope
167 | 				nil
168 | 		)
/Users/admin/builder/spi-builder-workspace/Sources/FSEventStream.swift:166:50: error: cannot find 'kFSEventStreamEventFlagOwnEvent' in scope
164 | 		let fromUs = (
165 | 			(swiftStream.eventStreamFlags & FSEventStreamCreateFlags(kFSEventStreamCreateFlagMarkSelf)) != 0 ?
166 | 				(currentEventFlags & FSEventStreamEventFlags(kFSEventStreamEventFlagOwnEvent)) != 0 :
    |                                                  `- error: cannot find 'kFSEventStreamEventFlagOwnEvent' in scope
167 | 				nil
168 | 		)
/Users/admin/builder/spi-builder-workspace/Sources/FSEventStream.swift:169:45: error: cannot find 'FSEventStreamEventFlags' in scope
167 | 				nil
168 | 		)
169 | 		currentEventFlags = (currentEventFlags & ~FSEventStreamEventFlags(kFSEventStreamEventFlagOwnEvent))
    |                                             `- error: cannot find 'FSEventStreamEventFlags' in scope
170 |
171 | 		if currentEventFlags == kFSEventStreamEventFlagNone {
SwiftCompile normal arm64_32 /Users/admin/builder/spi-builder-workspace/Sources/FSEventStream.swift (in target 'FSEventsWrapper' from project 'FSEventsWrapper')
    cd /Users/admin/builder/spi-builder-workspace/.swiftpm/xcode
    builtin-SwiftPerFileCompile FSEventStream.swift
PruneExplicitPrecompiledModules /Users/admin/builder/spi-builder-workspace/.derivedData/Build/Intermediates.noindex/ExplicitPrecompiledModules
PruneExplicitPrecompiledModules /Users/admin/builder/spi-builder-workspace/.derivedData/Build/Intermediates.noindex/SwiftExplicitPrecompiledModules
PruneExplicitPrecompiledModules /Users/admin/builder/spi-builder-workspace/.derivedData/SDKExplicitPrecompiledModules
2026-09-19 05:40:33.464 xcodebuild[734:4622] [MT] IDERunDestination: Supported platforms for the buildables in the current scheme is empty.
** BUILD FAILED **
The following build commands failed:
	SwiftEmitModule normal arm64_32 Emitting\ module\ for\ FSEventsWrapper (in target 'FSEventsWrapper' from project 'FSEventsWrapper')
	SwiftCompile normal arm64_32 (in target 'FSEventsWrapper' from project 'FSEventsWrapper')
	SwiftEmitModule normal arm64 Emitting\ module\ for\ FSEventsWrapper (in target 'FSEventsWrapper' from project 'FSEventsWrapper')
	SwiftCompile normal arm64 (in target 'FSEventsWrapper' from project 'FSEventsWrapper')
	Building workspace FSEventsWrapper with scheme FSEventsWrapper
(5 failures)
BUILD FAILURE 6.4 watchOS