Build Information
Failed to build BuildAnalyzer, reference main (39e1c2), with Swift 6.4 for tvOS using Xcode 27.0 on 19 Sep 2026 18:04:14 UTC.
Build Command
env DEVELOPER_DIR=/Applications/Xcode-27.0.0-Release.Candidate.app xcrun xcodebuild -IDEClonedSourcePackagesDirPathOverride=$PWD/.dependencies -skipMacroValidation -skipPackagePluginValidation -derivedDataPath $PWD/.derivedData build -scheme BuildAnalyzer-Package -destination generic/platform=tvOSBuild Log
SwiftDriver BuildAnalyzerKit normal arm64 com.apple.xcode.tools.swift.compiler (in target 'BuildAnalyzerKit' from project 'BuildAnalyzer')
cd /Users/admin/builder/spi-builder-workspace/.swiftpm/xcode
builtin-SwiftDriver -- /Applications/Xcode-27.0.0-Release.Candidate.app/Contents/Developer/Toolchains/XcodeDefault.xctoolchain/usr/bin/swiftc -parse-as-library -module-name BuildAnalyzerKit -Onone @/Users/admin/builder/spi-builder-workspace/.derivedData/Build/Intermediates.noindex/BuildAnalyzer.build/Debug-appletvos/BuildAnalyzerKit-t.build/Objects-normal/arm64/BuildAnalyzerKit.SwiftFileList -DSWIFT_PACKAGE -DDEBUG -DSWIFT_MODULE_RESOURCE_BUNDLE_UNAVAILABLE -DXcode -enable-upcoming-feature BareSlashRegexLiterals -plugin-path /Applications/Xcode-27.0.0-Release.Candidate.app/Contents/Developer/Toolchains/XcodeDefault.xctoolchain/usr/lib/swift/host/plugins/testing -enable-experimental-feature DebugDescriptionMacro -sdk /Applications/Xcode-27.0.0-Release.Candidate.app/Contents/Developer/Platforms/AppleTVOS.platform/Developer/SDKs/AppleTVOS27.0.sdk -target arm64-apple-tvos15.0 -g -module-cache-path /Users/admin/builder/spi-builder-workspace/.derivedData/ModuleCache.noindex -Xfrontend -serialize-debugging-options -profile-coverage-mapping -profile-generate -enable-testing -index-store-path /Users/admin/builder/spi-builder-workspace/.derivedData/Index.noindex/DataStore -Xcc -D_LIBCPP_HARDENING_MODE\=_LIBCPP_HARDENING_MODE_DEBUG -swift-version 5 -I /Users/admin/builder/spi-builder-workspace/.derivedData/Build/Products/Debug-appletvos -Isystem /Applications/Xcode-27.0.0-Release.Candidate.app/Contents/Developer/Platforms/AppleTVOS.platform/Developer/usr/lib -F /Users/admin/builder/spi-builder-workspace/.derivedData/Build/Products/Debug-appletvos/PackageFrameworks -F /Users/admin/builder/spi-builder-workspace/.derivedData/Build/Products/Debug-appletvos -F /Applications/Xcode-27.0.0-Release.Candidate.app/Contents/Developer/Platforms/AppleTVOS.platform/Developer/Library/Frameworks -F /Applications/Xcode-27.0.0-Release.Candidate.app/Contents/Developer/Platforms/AppleTVOS.platform/Developer/SDKs/AppleTVOS27.0.sdk/Developer/Library/Frameworks -c -j10 -enable-batch-mode -incremental -Xcc -ivfsstatcache -Xcc /Users/admin/builder/spi-builder-workspace/.derivedData/SDKStatCaches.noindex/appletvos27.0-24J360-e829b21a6f8c9b70876ba0858053c044b32bfd8d43560033f8d89884cdb90028.sdkstatcache -output-file-map /Users/admin/builder/spi-builder-workspace/.derivedData/Build/Intermediates.noindex/BuildAnalyzer.build/Debug-appletvos/BuildAnalyzerKit-t.build/Objects-normal/arm64/BuildAnalyzerKit-OutputFileMap.json -save-temps -no-color-diagnostics -explicit-module-build -module-cache-path /Users/admin/builder/spi-builder-workspace/.derivedData/Build/Intermediates.noindex/SwiftExplicitPrecompiledModules -clang-scanner-module-cache-path /Users/admin/builder/spi-builder-workspace/.derivedData/ModuleCache.noindex -sdk-module-cache-path /Users/admin/builder/spi-builder-workspace/.derivedData/SDKExplicitPrecompiledModules -emit-dependencies -emit-module -emit-module-path /Users/admin/builder/spi-builder-workspace/.derivedData/Build/Intermediates.noindex/BuildAnalyzer.build/Debug-appletvos/BuildAnalyzerKit-t.build/Objects-normal/arm64/BuildAnalyzerKit.swiftmodule -serialize-diagnostics -dependency-scan-serialize-diagnostics-path /Users/admin/builder/spi-builder-workspace/.derivedData/Build/Intermediates.noindex/BuildAnalyzer.build/Debug-appletvos/BuildAnalyzerKit-t.build/Objects-normal/arm64/BuildAnalyzerKit-dependency-scan.dia -validate-clang-modules-once -clang-build-session-file /Users/admin/builder/spi-builder-workspace/.derivedData/ModuleCache.noindex/Session.modulevalidation -Xcc -fmodules-prune-interval\=86400 -Xcc -fmodules-prune-after\=345600 -package-name spi_builder_workspace -emit-const-values -const-gather-protocols-list /Users/admin/builder/spi-builder-workspace/.derivedData/Build/Intermediates.noindex/BuildAnalyzer.build/Debug-appletvos/BuildAnalyzerKit-t.build/Objects-normal/arm64/BuildAnalyzerKit_const_extract_protocols.json -Xcc -I/Users/admin/builder/spi-builder-workspace/.derivedData/Build/Products/Debug-appletvos/include -Xcc -I/Users/admin/builder/spi-builder-workspace/.derivedData/Build/Intermediates.noindex/BuildAnalyzer.build/Debug-appletvos/BuildAnalyzerKit-t.build/DerivedSources-normal/arm64 -Xcc -I/Users/admin/builder/spi-builder-workspace/.derivedData/Build/Intermediates.noindex/BuildAnalyzer.build/Debug-appletvos/BuildAnalyzerKit-t.build/DerivedSources/arm64 -Xcc -I/Users/admin/builder/spi-builder-workspace/.derivedData/Build/Intermediates.noindex/BuildAnalyzer.build/Debug-appletvos/BuildAnalyzerKit-t.build/DerivedSources -Xcc -DSWIFT_PACKAGE -Xcc -DDEBUG\=1 -emit-objc-header -emit-objc-header-path /Users/admin/builder/spi-builder-workspace/.derivedData/Build/Intermediates.noindex/BuildAnalyzer.build/Debug-appletvos/BuildAnalyzerKit-t.build/Objects-normal/arm64/BuildAnalyzerKit-Swift.h -working-directory /Users/admin/builder/spi-builder-workspace/.swiftpm/xcode -experimental-emit-module-separately -disable-cmo
ExtractAppIntentsMetadata (in target 'SQLite' from project 'SQLite.swift')
cd /Users/admin/builder/spi-builder-workspace/.dependencies/checkouts/SQLite.swift
/Applications/Xcode-27.0.0-Release.Candidate.app/Contents/Developer/Toolchains/XcodeDefault.xctoolchain/usr/bin/appintentsmetadataprocessor --toolchain-dir /var/run/com.apple.security.cryptexd/mnt/com.apple.MobileAsset.MetalToolchain-v27.1.266.1.LP9Y5m/Metal.xctoolchain --module-name SQLite --sdk-root /Applications/Xcode-27.0.0-Release.Candidate.app/Contents/Developer/Platforms/AppleTVOS.platform/Developer/SDKs/AppleTVOS27.0.sdk --xcode-version 27A266a --platform-family tvOS --deployment-target 15.0 --bundle-identifier sqlite.swift.SQLite --output /Users/admin/builder/spi-builder-workspace/.derivedData/Build/Products/Debug-appletvos/SQLite.appintents --target-triple arm64-apple-tvos15.0 --binary-file /Users/admin/builder/spi-builder-workspace/.derivedData/Build/Products/Debug-appletvos/SQLite.o --dependency-file /Users/admin/builder/spi-builder-workspace/.derivedData/Build/Intermediates.noindex/SQLite.swift.build/Debug-appletvos/SQLite-t.build/Objects-normal/arm64/SQLite_dependency_info.dat --stringsdata-file /Users/admin/builder/spi-builder-workspace/.derivedData/Build/Intermediates.noindex/SQLite.swift.build/Debug-appletvos/SQLite-t.build/Objects-normal/arm64/ExtractedAppShortcutsMetadata.stringsdata --source-file-list /Users/admin/builder/spi-builder-workspace/.derivedData/Build/Intermediates.noindex/SQLite.swift.build/Debug-appletvos/SQLite-t.build/Objects-normal/arm64/SQLite.SwiftFileList --metadata-file-list /Users/admin/builder/spi-builder-workspace/.derivedData/Build/Intermediates.noindex/SQLite.swift.build/Debug-appletvos/SQLite-t.build/SQLite.DependencyMetadataFileList --static-metadata-file-list /Users/admin/builder/spi-builder-workspace/.derivedData/Build/Intermediates.noindex/SQLite.swift.build/Debug-appletvos/SQLite-t.build/SQLite.DependencyStaticMetadataFileList --swift-const-vals-list /Users/admin/builder/spi-builder-workspace/.derivedData/Build/Intermediates.noindex/SQLite.swift.build/Debug-appletvos/SQLite-t.build/Objects-normal/arm64/SQLite.SwiftConstValuesFileList --force --compile-time-extraction --deployment-aware-processing --no-app-shortcuts-localization
2026-09-19 14:04:08.829 appintentsmetadataprocessor[826:4997] Starting appintentsmetadataprocessor export
2026-09-19 14:04:08.935 appintentsmetadataprocessor[826:4997] Extracted no relevant App Intents symbols, skipping writing output
SwiftDriverJobDiscovery normal arm64 Compiling D3Projector.swift (in target 'GraphKit' from project 'BuildAnalyzer')
SwiftDriver\ Compilation GraphKit normal arm64 com.apple.xcode.tools.swift.compiler (in target 'GraphKit' from project 'BuildAnalyzer')
cd /Users/admin/builder/spi-builder-workspace/.swiftpm/xcode
builtin-Swift-Compilation -- /Applications/Xcode-27.0.0-Release.Candidate.app/Contents/Developer/Toolchains/XcodeDefault.xctoolchain/usr/bin/swiftc -parse-as-library -module-name GraphKit -Onone @/Users/admin/builder/spi-builder-workspace/.derivedData/Build/Intermediates.noindex/BuildAnalyzer.build/Debug-appletvos/GraphKit-t.build/Objects-normal/arm64/GraphKit.SwiftFileList -DSWIFT_PACKAGE -DDEBUG -DSWIFT_MODULE_RESOURCE_BUNDLE_UNAVAILABLE -DXcode -plugin-path /Applications/Xcode-27.0.0-Release.Candidate.app/Contents/Developer/Toolchains/XcodeDefault.xctoolchain/usr/lib/swift/host/plugins/testing -enable-experimental-feature DebugDescriptionMacro -sdk /Applications/Xcode-27.0.0-Release.Candidate.app/Contents/Developer/Platforms/AppleTVOS.platform/Developer/SDKs/AppleTVOS27.0.sdk -target arm64-apple-tvos15.0 -g -module-cache-path /Users/admin/builder/spi-builder-workspace/.derivedData/ModuleCache.noindex -Xfrontend -serialize-debugging-options -profile-coverage-mapping -profile-generate -enable-testing -index-store-path /Users/admin/builder/spi-builder-workspace/.derivedData/Index.noindex/DataStore -Xcc -D_LIBCPP_HARDENING_MODE\=_LIBCPP_HARDENING_MODE_DEBUG -swift-version 5 -I /Users/admin/builder/spi-builder-workspace/.derivedData/Build/Products/Debug-appletvos -Isystem /Applications/Xcode-27.0.0-Release.Candidate.app/Contents/Developer/Platforms/AppleTVOS.platform/Developer/usr/lib -F /Users/admin/builder/spi-builder-workspace/.derivedData/Build/Products/Debug-appletvos -F /Applications/Xcode-27.0.0-Release.Candidate.app/Contents/Developer/Platforms/AppleTVOS.platform/Developer/Library/Frameworks -F /Applications/Xcode-27.0.0-Release.Candidate.app/Contents/Developer/Platforms/AppleTVOS.platform/Developer/SDKs/AppleTVOS27.0.sdk/Developer/Library/Frameworks -c -j10 -enable-batch-mode -incremental -Xcc -ivfsstatcache -Xcc /Users/admin/builder/spi-builder-workspace/.derivedData/SDKStatCaches.noindex/appletvos27.0-24J360-e829b21a6f8c9b70876ba0858053c044b32bfd8d43560033f8d89884cdb90028.sdkstatcache -output-file-map /Users/admin/builder/spi-builder-workspace/.derivedData/Build/Intermediates.noindex/BuildAnalyzer.build/Debug-appletvos/GraphKit-t.build/Objects-normal/arm64/GraphKit-OutputFileMap.json -save-temps -no-color-diagnostics -explicit-module-build -module-cache-path /Users/admin/builder/spi-builder-workspace/.derivedData/Build/Intermediates.noindex/SwiftExplicitPrecompiledModules -clang-scanner-module-cache-path /Users/admin/builder/spi-builder-workspace/.derivedData/ModuleCache.noindex -sdk-module-cache-path /Users/admin/builder/spi-builder-workspace/.derivedData/SDKExplicitPrecompiledModules -emit-dependencies -emit-module -emit-module-path /Users/admin/builder/spi-builder-workspace/.derivedData/Build/Intermediates.noindex/BuildAnalyzer.build/Debug-appletvos/GraphKit-t.build/Objects-normal/arm64/GraphKit.swiftmodule -serialize-diagnostics -dependency-scan-serialize-diagnostics-path /Users/admin/builder/spi-builder-workspace/.derivedData/Build/Intermediates.noindex/BuildAnalyzer.build/Debug-appletvos/GraphKit-t.build/Objects-normal/arm64/GraphKit-dependency-scan.dia -validate-clang-modules-once -clang-build-session-file /Users/admin/builder/spi-builder-workspace/.derivedData/ModuleCache.noindex/Session.modulevalidation -Xcc -fmodules-prune-interval\=86400 -Xcc -fmodules-prune-after\=345600 -package-name spi_builder_workspace -emit-const-values -const-gather-protocols-list /Users/admin/builder/spi-builder-workspace/.derivedData/Build/Intermediates.noindex/BuildAnalyzer.build/Debug-appletvos/GraphKit-t.build/Objects-normal/arm64/GraphKit_const_extract_protocols.json -Xcc -I/Users/admin/builder/spi-builder-workspace/.derivedData/Build/Products/Debug-appletvos/include -Xcc -I/Users/admin/builder/spi-builder-workspace/.derivedData/Build/Intermediates.noindex/BuildAnalyzer.build/Debug-appletvos/GraphKit-t.build/DerivedSources-normal/arm64 -Xcc -I/Users/admin/builder/spi-builder-workspace/.derivedData/Build/Intermediates.noindex/BuildAnalyzer.build/Debug-appletvos/GraphKit-t.build/DerivedSources/arm64 -Xcc -I/Users/admin/builder/spi-builder-workspace/.derivedData/Build/Intermediates.noindex/BuildAnalyzer.build/Debug-appletvos/GraphKit-t.build/DerivedSources -Xcc -DSWIFT_PACKAGE -Xcc -DDEBUG\=1 -emit-objc-header -emit-objc-header-path /Users/admin/builder/spi-builder-workspace/.derivedData/Build/Intermediates.noindex/BuildAnalyzer.build/Debug-appletvos/GraphKit-t.build/Objects-normal/arm64/GraphKit-Swift.h -working-directory /Users/admin/builder/spi-builder-workspace/.swiftpm/xcode -experimental-emit-module-separately -disable-cmo
Ld /Users/admin/builder/spi-builder-workspace/.derivedData/Build/Products/Debug-appletvos/GraphKit.o normal (in target 'GraphKit' from project 'BuildAnalyzer')
cd /Users/admin/builder/spi-builder-workspace
/Applications/Xcode-27.0.0-Release.Candidate.app/Contents/Developer/Toolchains/XcodeDefault.xctoolchain/usr/bin/clang -Xlinker -reproducible -target arm64-apple-tvos15.0 -r -isysroot /Applications/Xcode-27.0.0-Release.Candidate.app/Contents/Developer/Platforms/AppleTVOS.platform/Developer/SDKs/AppleTVOS27.0.sdk -O0 -Xlinker -no_warn_duplicate_libraries -F/Users/admin/builder/spi-builder-workspace/.derivedData/Build/Intermediates.noindex/EagerLinkingTBDs/Debug-appletvos -F/Users/admin/builder/spi-builder-workspace/.derivedData/Build/Products/Debug-appletvos -iframework /Applications/Xcode-27.0.0-Release.Candidate.app/Contents/Developer/Platforms/AppleTVOS.platform/Developer/Library/Frameworks -iframework /Applications/Xcode-27.0.0-Release.Candidate.app/Contents/Developer/Platforms/AppleTVOS.platform/Developer/SDKs/AppleTVOS27.0.sdk/Developer/Library/Frameworks -filelist /Users/admin/builder/spi-builder-workspace/.derivedData/Build/Intermediates.noindex/BuildAnalyzer.build/Debug-appletvos/GraphKit-t.build/Objects-normal/arm64/GraphKit.LinkFileList -nostdlib -Xlinker -object_path_lto -Xlinker /Users/admin/builder/spi-builder-workspace/.derivedData/Build/Intermediates.noindex/BuildAnalyzer.build/Debug-appletvos/GraphKit-t.build/Objects-normal/arm64/GraphKit_lto.o -Xlinker -no_deduplicate -Xlinker -debug_variant -Xlinker -dependency_info -Xlinker /Users/admin/builder/spi-builder-workspace/.derivedData/Build/Intermediates.noindex/BuildAnalyzer.build/Debug-appletvos/GraphKit-t.build/Objects-normal/arm64/GraphKit_dependency_info.dat -fobjc-link-runtime -L/Applications/Xcode-27.0.0-Release.Candidate.app/Contents/Developer/Toolchains/XcodeDefault.xctoolchain/usr/lib/swift/appletvos -L/usr/lib/swift -Xlinker -add_ast_path -Xlinker /Users/admin/builder/spi-builder-workspace/.derivedData/Build/Intermediates.noindex/BuildAnalyzer.build/Debug-appletvos/GraphKit-t.build/Objects-normal/arm64/GraphKit.swiftmodule -o /Users/admin/builder/spi-builder-workspace/.derivedData/Build/Products/Debug-appletvos/GraphKit.o
SwiftDriverJobDiscovery normal arm64 Compiling Empty.swift (in target 'CryptoSwiftResources' from project 'CryptoSwift')
ExtractAppIntentsMetadata (in target 'GraphKit' from project 'BuildAnalyzer')
cd /Users/admin/builder/spi-builder-workspace
/Applications/Xcode-27.0.0-Release.Candidate.app/Contents/Developer/Toolchains/XcodeDefault.xctoolchain/usr/bin/appintentsmetadataprocessor --toolchain-dir /var/run/com.apple.security.cryptexd/mnt/com.apple.MobileAsset.MetalToolchain-v27.1.266.1.LP9Y5m/Metal.xctoolchain --module-name GraphKit --sdk-root /Applications/Xcode-27.0.0-Release.Candidate.app/Contents/Developer/Platforms/AppleTVOS.platform/Developer/SDKs/AppleTVOS27.0.sdk --xcode-version 27A266a --platform-family tvOS --deployment-target 15.0 --bundle-identifier spi-builder-workspace.GraphKit --output /Users/admin/builder/spi-builder-workspace/.derivedData/Build/Products/Debug-appletvos/GraphKit.appintents --target-triple arm64-apple-tvos15.0 --binary-file /Users/admin/builder/spi-builder-workspace/.derivedData/Build/Products/Debug-appletvos/GraphKit.o --dependency-file /Users/admin/builder/spi-builder-workspace/.derivedData/Build/Intermediates.noindex/BuildAnalyzer.build/Debug-appletvos/GraphKit-t.build/Objects-normal/arm64/GraphKit_dependency_info.dat --stringsdata-file /Users/admin/builder/spi-builder-workspace/.derivedData/Build/Intermediates.noindex/BuildAnalyzer.build/Debug-appletvos/GraphKit-t.build/Objects-normal/arm64/ExtractedAppShortcutsMetadata.stringsdata --source-file-list /Users/admin/builder/spi-builder-workspace/.derivedData/Build/Intermediates.noindex/BuildAnalyzer.build/Debug-appletvos/GraphKit-t.build/Objects-normal/arm64/GraphKit.SwiftFileList --metadata-file-list /Users/admin/builder/spi-builder-workspace/.derivedData/Build/Intermediates.noindex/BuildAnalyzer.build/Debug-appletvos/GraphKit-t.build/GraphKit.DependencyMetadataFileList --static-metadata-file-list /Users/admin/builder/spi-builder-workspace/.derivedData/Build/Intermediates.noindex/BuildAnalyzer.build/Debug-appletvos/GraphKit-t.build/GraphKit.DependencyStaticMetadataFileList --swift-const-vals-list /Users/admin/builder/spi-builder-workspace/.derivedData/Build/Intermediates.noindex/BuildAnalyzer.build/Debug-appletvos/GraphKit-t.build/Objects-normal/arm64/GraphKit.SwiftConstValuesFileList --force --compile-time-extraction --deployment-aware-processing --no-app-shortcuts-localization
2026-09-19 14:04:08.829 appintentsmetadataprocessor[829:5023] Starting appintentsmetadataprocessor export
2026-09-19 14:04:08.935 appintentsmetadataprocessor[829:5023] Extracted no relevant App Intents symbols, skipping writing output
SwiftDriverJobDiscovery normal arm64 Compiling resource_bundle_accessor.swift (in target 'CryptoSwiftResources' from project 'CryptoSwift')
SwiftDriver\ Compilation CryptoSwiftResources normal arm64 com.apple.xcode.tools.swift.compiler (in target 'CryptoSwiftResources' from project 'CryptoSwift')
cd /Users/admin/builder/spi-builder-workspace/.swiftpm/xcode
builtin-Swift-Compilation -- /Applications/Xcode-27.0.0-Release.Candidate.app/Contents/Developer/Toolchains/XcodeDefault.xctoolchain/usr/bin/swiftc -parse-as-library -module-name CryptoSwiftResources -Onone @/Users/admin/builder/spi-builder-workspace/.derivedData/Build/Intermediates.noindex/CryptoSwift.build/Debug-appletvos/CryptoSwiftResources-t.build/Objects-normal/arm64/CryptoSwiftResources.SwiftFileList -DSWIFT_PACKAGE -DDEBUG -DSWIFT_MODULE_RESOURCE_BUNDLE_AVAILABLE -DXcode -plugin-path /Applications/Xcode-27.0.0-Release.Candidate.app/Contents/Developer/Toolchains/XcodeDefault.xctoolchain/usr/lib/swift/host/plugins/testing -enable-experimental-feature DebugDescriptionMacro -sdk /Applications/Xcode-27.0.0-Release.Candidate.app/Contents/Developer/Platforms/AppleTVOS.platform/Developer/SDKs/AppleTVOS27.0.sdk -target arm64-apple-tvos15.0 -g -module-cache-path /Users/admin/builder/spi-builder-workspace/.derivedData/ModuleCache.noindex -Xfrontend -serialize-debugging-options -profile-coverage-mapping -profile-generate -enable-testing -suppress-warnings -index-store-path /Users/admin/builder/spi-builder-workspace/.derivedData/Index.noindex/DataStore -Xcc -D_LIBCPP_HARDENING_MODE\=_LIBCPP_HARDENING_MODE_DEBUG -swift-version 5 -I /Users/admin/builder/spi-builder-workspace/.derivedData/Build/Products/Debug-appletvos -Isystem /Applications/Xcode-27.0.0-Release.Candidate.app/Contents/Developer/Platforms/AppleTVOS.platform/Developer/usr/lib -F /Users/admin/builder/spi-builder-workspace/.derivedData/Build/Products/Debug-appletvos -F /Applications/Xcode-27.0.0-Release.Candidate.app/Contents/Developer/Platforms/AppleTVOS.platform/Developer/Library/Frameworks -F /Applications/Xcode-27.0.0-Release.Candidate.app/Contents/Developer/Platforms/AppleTVOS.platform/Developer/SDKs/AppleTVOS27.0.sdk/Developer/Library/Frameworks -c -j10 -enable-batch-mode -incremental -Xcc -ivfsstatcache -Xcc /Users/admin/builder/spi-builder-workspace/.derivedData/SDKStatCaches.noindex/appletvos27.0-24J360-e829b21a6f8c9b70876ba0858053c044b32bfd8d43560033f8d89884cdb90028.sdkstatcache -output-file-map /Users/admin/builder/spi-builder-workspace/.derivedData/Build/Intermediates.noindex/CryptoSwift.build/Debug-appletvos/CryptoSwiftResources-t.build/Objects-normal/arm64/CryptoSwiftResources-OutputFileMap.json -save-temps -no-color-diagnostics -explicit-module-build -module-cache-path /Users/admin/builder/spi-builder-workspace/.derivedData/Build/Intermediates.noindex/SwiftExplicitPrecompiledModules -clang-scanner-module-cache-path /Users/admin/builder/spi-builder-workspace/.derivedData/ModuleCache.noindex -sdk-module-cache-path /Users/admin/builder/spi-builder-workspace/.derivedData/SDKExplicitPrecompiledModules -emit-dependencies -emit-module -emit-module-path /Users/admin/builder/spi-builder-workspace/.derivedData/Build/Intermediates.noindex/CryptoSwift.build/Debug-appletvos/CryptoSwiftResources-t.build/Objects-normal/arm64/CryptoSwiftResources.swiftmodule -serialize-diagnostics -dependency-scan-serialize-diagnostics-path /Users/admin/builder/spi-builder-workspace/.derivedData/Build/Intermediates.noindex/CryptoSwift.build/Debug-appletvos/CryptoSwiftResources-t.build/Objects-normal/arm64/CryptoSwiftResources-dependency-scan.dia -validate-clang-modules-once -clang-build-session-file /Users/admin/builder/spi-builder-workspace/.derivedData/ModuleCache.noindex/Session.modulevalidation -Xcc -fmodules-prune-interval\=86400 -Xcc -fmodules-prune-after\=345600 -emit-const-values -const-gather-protocols-list /Users/admin/builder/spi-builder-workspace/.derivedData/Build/Intermediates.noindex/CryptoSwift.build/Debug-appletvos/CryptoSwiftResources-t.build/Objects-normal/arm64/CryptoSwiftResources_const_extract_protocols.json -Xcc -I/Users/admin/builder/spi-builder-workspace/.derivedData/Build/Products/Debug-appletvos/include -Xcc -I/Users/admin/builder/spi-builder-workspace/.derivedData/Build/Intermediates.noindex/CryptoSwift.build/Debug-appletvos/CryptoSwiftResources-t.build/DerivedSources-normal/arm64 -Xcc -I/Users/admin/builder/spi-builder-workspace/.derivedData/Build/Intermediates.noindex/CryptoSwift.build/Debug-appletvos/CryptoSwiftResources-t.build/DerivedSources/arm64 -Xcc -I/Users/admin/builder/spi-builder-workspace/.derivedData/Build/Intermediates.noindex/CryptoSwift.build/Debug-appletvos/CryptoSwiftResources-t.build/DerivedSources -Xcc -DSWIFT_PACKAGE -Xcc -DDEBUG\=1 -emit-objc-header -emit-objc-header-path /Users/admin/builder/spi-builder-workspace/.derivedData/Build/Intermediates.noindex/CryptoSwift.build/Debug-appletvos/CryptoSwiftResources-t.build/Objects-normal/arm64/CryptoSwiftResources-Swift.h -working-directory /Users/admin/builder/spi-builder-workspace/.swiftpm/xcode -experimental-emit-module-separately -disable-cmo
Ld /Users/admin/builder/spi-builder-workspace/.derivedData/Build/Products/Debug-appletvos/CryptoSwiftResources.o normal (in target 'CryptoSwiftResources' from project 'CryptoSwift')
cd /Users/admin/builder/spi-builder-workspace/.dependencies/checkouts/CryptoSwift
/Applications/Xcode-27.0.0-Release.Candidate.app/Contents/Developer/Toolchains/XcodeDefault.xctoolchain/usr/bin/clang -Xlinker -reproducible -target arm64-apple-tvos15.0 -r -isysroot /Applications/Xcode-27.0.0-Release.Candidate.app/Contents/Developer/Platforms/AppleTVOS.platform/Developer/SDKs/AppleTVOS27.0.sdk -O0 -w -Xlinker -no_warn_duplicate_libraries -F/Users/admin/builder/spi-builder-workspace/.derivedData/Build/Intermediates.noindex/EagerLinkingTBDs/Debug-appletvos -F/Users/admin/builder/spi-builder-workspace/.derivedData/Build/Products/Debug-appletvos -iframework /Applications/Xcode-27.0.0-Release.Candidate.app/Contents/Developer/Platforms/AppleTVOS.platform/Developer/Library/Frameworks -iframework /Applications/Xcode-27.0.0-Release.Candidate.app/Contents/Developer/Platforms/AppleTVOS.platform/Developer/SDKs/AppleTVOS27.0.sdk/Developer/Library/Frameworks -filelist /Users/admin/builder/spi-builder-workspace/.derivedData/Build/Intermediates.noindex/CryptoSwift.build/Debug-appletvos/CryptoSwiftResources-t.build/Objects-normal/arm64/CryptoSwiftResources.LinkFileList -nostdlib -Xlinker -object_path_lto -Xlinker /Users/admin/builder/spi-builder-workspace/.derivedData/Build/Intermediates.noindex/CryptoSwift.build/Debug-appletvos/CryptoSwiftResources-t.build/Objects-normal/arm64/CryptoSwiftResources_lto.o -Xlinker -no_deduplicate -Xlinker -debug_variant -Xlinker -dependency_info -Xlinker /Users/admin/builder/spi-builder-workspace/.derivedData/Build/Intermediates.noindex/CryptoSwift.build/Debug-appletvos/CryptoSwiftResources-t.build/Objects-normal/arm64/CryptoSwiftResources_dependency_info.dat -fobjc-link-runtime -L/Applications/Xcode-27.0.0-Release.Candidate.app/Contents/Developer/Toolchains/XcodeDefault.xctoolchain/usr/lib/swift/appletvos -L/usr/lib/swift -Xlinker -add_ast_path -Xlinker /Users/admin/builder/spi-builder-workspace/.derivedData/Build/Intermediates.noindex/CryptoSwift.build/Debug-appletvos/CryptoSwiftResources-t.build/Objects-normal/arm64/CryptoSwiftResources.swiftmodule -o /Users/admin/builder/spi-builder-workspace/.derivedData/Build/Products/Debug-appletvos/CryptoSwiftResources.o
ExtractAppIntentsMetadata (in target 'CryptoSwiftResources' from project 'CryptoSwift')
cd /Users/admin/builder/spi-builder-workspace/.dependencies/checkouts/CryptoSwift
/Applications/Xcode-27.0.0-Release.Candidate.app/Contents/Developer/Toolchains/XcodeDefault.xctoolchain/usr/bin/appintentsmetadataprocessor --toolchain-dir /var/run/com.apple.security.cryptexd/mnt/com.apple.MobileAsset.MetalToolchain-v27.1.266.1.LP9Y5m/Metal.xctoolchain --module-name CryptoSwiftResources --sdk-root /Applications/Xcode-27.0.0-Release.Candidate.app/Contents/Developer/Platforms/AppleTVOS.platform/Developer/SDKs/AppleTVOS27.0.sdk --xcode-version 27A266a --platform-family tvOS --deployment-target 15.0 --bundle-identifier cryptoswift.CryptoSwiftResources --output /Users/admin/builder/spi-builder-workspace/.derivedData/Build/Products/Debug-appletvos/CryptoSwiftResources.appintents --target-triple arm64-apple-tvos15.0 --binary-file /Users/admin/builder/spi-builder-workspace/.derivedData/Build/Products/Debug-appletvos/CryptoSwiftResources.o --dependency-file /Users/admin/builder/spi-builder-workspace/.derivedData/Build/Intermediates.noindex/CryptoSwift.build/Debug-appletvos/CryptoSwiftResources-t.build/Objects-normal/arm64/CryptoSwiftResources_dependency_info.dat --stringsdata-file /Users/admin/builder/spi-builder-workspace/.derivedData/Build/Intermediates.noindex/CryptoSwift.build/Debug-appletvos/CryptoSwiftResources-t.build/Objects-normal/arm64/ExtractedAppShortcutsMetadata.stringsdata --source-file-list /Users/admin/builder/spi-builder-workspace/.derivedData/Build/Intermediates.noindex/CryptoSwift.build/Debug-appletvos/CryptoSwiftResources-t.build/Objects-normal/arm64/CryptoSwiftResources.SwiftFileList --metadata-file-list /Users/admin/builder/spi-builder-workspace/.derivedData/Build/Intermediates.noindex/CryptoSwift.build/Debug-appletvos/CryptoSwiftResources-t.build/CryptoSwiftResources.DependencyMetadataFileList --static-metadata-file-list /Users/admin/builder/spi-builder-workspace/.derivedData/Build/Intermediates.noindex/CryptoSwift.build/Debug-appletvos/CryptoSwiftResources-t.build/CryptoSwiftResources.DependencyStaticMetadataFileList --swift-const-vals-list /Users/admin/builder/spi-builder-workspace/.derivedData/Build/Intermediates.noindex/CryptoSwift.build/Debug-appletvos/CryptoSwiftResources-t.build/Objects-normal/arm64/CryptoSwiftResources.SwiftConstValuesFileList --force --compile-time-extraction --deployment-aware-processing --no-app-shortcuts-localization
2026-09-19 14:04:08.888 appintentsmetadataprocessor[832:5079] Starting appintentsmetadataprocessor export
2026-09-19 14:04:08.949 appintentsmetadataprocessor[832:5079] Extracted no relevant App Intents symbols, skipping writing output
SwiftCompile normal arm64 Compiling\ BuildGraphNode.swift,\ BuildGraphNodeKind.swift /Users/admin/builder/spi-builder-workspace/Sources/BuildAnalyzerKit/BuildGraphNode.swift /Users/admin/builder/spi-builder-workspace/Sources/BuildAnalyzerKit/BuildGraphNodeKind.swift (in target 'BuildAnalyzerKit' from project 'BuildAnalyzer')
/Users/admin/builder/spi-builder-workspace/Sources/BuildAnalyzerKit/BuildGraphNodeKind.swift:4:5: warning: 'public' modifier is redundant for enum declared in a public extension
2 |
3 | public extension BuildGraphNode {
4 | public enum NodeType {
| `- warning: 'public' modifier is redundant for enum declared in a public extension
5 | // an actual command
6 | case command
/Users/admin/builder/spi-builder-workspace/Sources/BuildAnalyzerKit/BuildGraphNodeKind.swift:132:1: warning: extension declares a conformance of imported type 'Array' to imported protocol 'Comparable'; this will not behave correctly if the owners of 'Swift' introduce this conformance in the future
130 | }
131 |
132 | extension Array<String>: Comparable {
| |- warning: extension declares a conformance of imported type 'Array' to imported protocol 'Comparable'; this will not behave correctly if the owners of 'Swift' introduce this conformance in the future
| `- note: add '@retroactive' to silence this warning
133 | public static func < (lhs: Array<Element>, rhs: Array<Element>) -> Bool {
134 | guard let l = lhs.first, let r = rhs.first else {
/Users/admin/builder/spi-builder-workspace/Sources/BuildAnalyzerKit/BuildGraphNodeKind.swift:73:44: error: 'Regex' is only available in tvOS 16.0 or newer
8 | case node
9 | }
10 | indirect enum Kind: Hashable, Comparable {
| `- note: add '@available' attribute to enclosing enum
11 | // Group of the kind - used to group all nodes in the Hierarchy outline (left pane)
12 | public enum Group: Comparable {
:
64 | }
65 |
66 | public static func generateKind(name: String) -> Kind {
| `- note: add '@available' attribute to enclosing static method
67 | do {
68 | if name.first == "/" {
:
71 | } else if name == "<all>" {
72 | return .end
73 | } else if let result = try /P(?<index>\d+):(?<some>.*):(?<configuration>[^:]*):Gate (?<gateName>.+)/.firstMatch(in: name) {
| |- error: 'Regex' is only available in tvOS 16.0 or newer
| `- note: add 'if #available' version check
74 | // e.g. P0:::Gate target-XcodeHasher-PACKAGE-TARGET:XcodeHasher-SDKROOT:macosx:SDK_VARIANT:macos-SwiftStandardLibrariesTaskProducer
75 | // e.g. P0:target-BuildAnalyzer-be0c796e7ab161295c9e11c90ddae75a2b86e3aa1cc2f374c8ee86a36d7adc00-:Debug:Gate target-BuildAnalyzer-be0c796e7ab161295c9e11c90ddae75a2b86e3aa1cc2f374c8ee86a36d7adc00--entry
/Users/admin/builder/spi-builder-workspace/Sources/BuildAnalyzerKit/BuildGraphNodeKind.swift:73:118: error: 'firstMatch(in:)' is only available in tvOS 16.0 or newer
8 | case node
9 | }
10 | indirect enum Kind: Hashable, Comparable {
| `- note: add '@available' attribute to enclosing enum
11 | // Group of the kind - used to group all nodes in the Hierarchy outline (left pane)
12 | public enum Group: Comparable {
:
64 | }
65 |
66 | public static func generateKind(name: String) -> Kind {
| `- note: add '@available' attribute to enclosing static method
67 | do {
68 | if name.first == "/" {
:
71 | } else if name == "<all>" {
72 | return .end
73 | } else if let result = try /P(?<index>\d+):(?<some>.*):(?<configuration>[^:]*):Gate (?<gateName>.+)/.firstMatch(in: name) {
| |- error: 'firstMatch(in:)' is only available in tvOS 16.0 or newer
| `- note: add 'if #available' version check
74 | // e.g. P0:::Gate target-XcodeHasher-PACKAGE-TARGET:XcodeHasher-SDKROOT:macosx:SDK_VARIANT:macos-SwiftStandardLibrariesTaskProducer
75 | // e.g. P0:target-BuildAnalyzer-be0c796e7ab161295c9e11c90ddae75a2b86e3aa1cc2f374c8ee86a36d7adc00-:Debug:Gate target-BuildAnalyzer-be0c796e7ab161295c9e11c90ddae75a2b86e3aa1cc2f374c8ee86a36d7adc00--entry
/Users/admin/builder/spi-builder-workspace/Sources/BuildAnalyzerKit/BuildGraphNodeKind.swift:76:36: error: 'output' is only available in tvOS 16.0 or newer
8 | case node
9 | }
10 | indirect enum Kind: Hashable, Comparable {
| `- note: add '@available' attribute to enclosing enum
11 | // Group of the kind - used to group all nodes in the Hierarchy outline (left pane)
12 | public enum Group: Comparable {
:
64 | }
65 |
66 | public static func generateKind(name: String) -> Kind {
| `- note: add '@available' attribute to enclosing static method
67 | do {
68 | if name.first == "/" {
:
74 | // e.g. P0:::Gate target-XcodeHasher-PACKAGE-TARGET:XcodeHasher-SDKROOT:macosx:SDK_VARIANT:macos-SwiftStandardLibrariesTaskProducer
75 | // e.g. P0:target-BuildAnalyzer-be0c796e7ab161295c9e11c90ddae75a2b86e3aa1cc2f374c8ee86a36d7adc00-:Debug:Gate target-BuildAnalyzer-be0c796e7ab161295c9e11c90ddae75a2b86e3aa1cc2f374c8ee86a36d7adc00--entry
76 | let o = result.output
| |- error: 'output' is only available in tvOS 16.0 or newer
| `- note: add 'if #available' version check
77 | // wrap the "gate" into <> to match the expected format in generateKind
78 | let gateKind = generateKind(name: "<\(o.gateName)>")
/Users/admin/builder/spi-builder-workspace/Sources/BuildAnalyzerKit/BuildGraphNodeKind.swift:80:44: error: 'Regex' is only available in tvOS 16.0 or newer
8 | case node
9 | }
10 | indirect enum Kind: Hashable, Comparable {
| `- note: add '@available' attribute to enclosing enum
11 | // Group of the kind - used to group all nodes in the Hierarchy outline (left pane)
12 | public enum Group: Comparable {
:
64 | }
65 |
66 | public static func generateKind(name: String) -> Kind {
| `- note: add '@available' attribute to enclosing static method
67 | do {
68 | if name.first == "/" {
:
78 | let gateKind = generateKind(name: "<\(o.gateName)>")
79 | return .gate(index: Int(o.index) ?? 0, kind: gateKind)
80 | } else if let result = try /P(?<index>\d+):(target-(?<target>[^-]+)-(?<some>.*))?:(?<configuration>[^:]*):(?<stepName>\S+)(?: (?<args>.+))?/.firstMatch(in: name) {
| |- error: 'Regex' is only available in tvOS 16.0 or newer
| `- note: add 'if #available' version check
81 | // e.g. P0:::CreateBuildDirectory /Some/DerivedData/BuildAnalyzer/Build/Intermediates.noindex
82 | // P0:target-BuildAnalyzer-be0c796e7ab161295c9e11c90ddae75a2b86e3aa1cc2f374c8ee86a36d7adc00-:Debug:CpResource /Users/bartosz/Development/BuildAnalyzer/DerivedData/BuildAnalyzer/Build/Products/Debug/BuildAnalyzer.app/Contents/Resources/img /Users/bartosz/Development/BuildAnalyzer/BuildAnalyzer/Resources/img
/Users/admin/builder/spi-builder-workspace/Sources/BuildAnalyzerKit/BuildGraphNodeKind.swift:80:158: error: 'firstMatch(in:)' is only available in tvOS 16.0 or newer
8 | case node
9 | }
10 | indirect enum Kind: Hashable, Comparable {
| `- note: add '@available' attribute to enclosing enum
11 | // Group of the kind - used to group all nodes in the Hierarchy outline (left pane)
12 | public enum Group: Comparable {
:
64 | }
65 |
66 | public static func generateKind(name: String) -> Kind {
| `- note: add '@available' attribute to enclosing static method
67 | do {
68 | if name.first == "/" {
:
78 | let gateKind = generateKind(name: "<\(o.gateName)>")
79 | return .gate(index: Int(o.index) ?? 0, kind: gateKind)
80 | } else if let result = try /P(?<index>\d+):(target-(?<target>[^-]+)-(?<some>.*))?:(?<configuration>[^:]*):(?<stepName>\S+)(?: (?<args>.+))?/.firstMatch(in: name) {
| |- error: 'firstMatch(in:)' is only available in tvOS 16.0 or newer
| `- note: add 'if #available' version check
81 | // e.g. P0:::CreateBuildDirectory /Some/DerivedData/BuildAnalyzer/Build/Intermediates.noindex
82 | // P0:target-BuildAnalyzer-be0c796e7ab161295c9e11c90ddae75a2b86e3aa1cc2f374c8ee86a36d7adc00-:Debug:CpResource /Users/bartosz/Development/BuildAnalyzer/DerivedData/BuildAnalyzer/Build/Products/Debug/BuildAnalyzer.app/Contents/Resources/img /Users/bartosz/Development/BuildAnalyzer/BuildAnalyzer/Resources/img
/Users/admin/builder/spi-builder-workspace/Sources/BuildAnalyzerKit/BuildGraphNodeKind.swift:84:36: error: 'output' is only available in tvOS 16.0 or newer
8 | case node
9 | }
10 | indirect enum Kind: Hashable, Comparable {
| `- note: add '@available' attribute to enclosing enum
11 | // Group of the kind - used to group all nodes in the Hierarchy outline (left pane)
12 | public enum Group: Comparable {
:
64 | }
65 |
66 | public static func generateKind(name: String) -> Kind {
| `- note: add '@available' attribute to enclosing static method
67 | do {
68 | if name.first == "/" {
:
82 | // P0:target-BuildAnalyzer-be0c796e7ab161295c9e11c90ddae75a2b86e3aa1cc2f374c8ee86a36d7adc00-:Debug:CpResource /Users/bartosz/Development/BuildAnalyzer/DerivedData/BuildAnalyzer/Build/Products/Debug/BuildAnalyzer.app/Contents/Resources/img /Users/bartosz/Development/BuildAnalyzer/BuildAnalyzer/Resources/img
83 |
84 | let o = result.output
| |- error: 'output' is only available in tvOS 16.0 or newer
| `- note: add 'if #available' version check
85 | // wrap the "gate" into <> to match the expected format in generateKind
86 | return .command(stepName: String(o.stepName), args:o.args?.components(separatedBy: " ") ?? [], target: String(o.target ?? ""))
/Users/admin/builder/spi-builder-workspace/Sources/BuildAnalyzerKit/BuildGraphNodeKind.swift:87:44: error: 'Regex' is only available in tvOS 16.0 or newer
8 | case node
9 | }
10 | indirect enum Kind: Hashable, Comparable {
| `- note: add '@available' attribute to enclosing enum
11 | // Group of the kind - used to group all nodes in the Hierarchy outline (left pane)
12 | public enum Group: Comparable {
:
64 | }
65 |
66 | public static func generateKind(name: String) -> Kind {
| `- note: add '@available' attribute to enclosing static method
67 | do {
68 | if name.first == "/" {
:
85 | // wrap the "gate" into <> to match the expected format in generateKind
86 | return .command(stepName: String(o.stepName), args:o.args?.components(separatedBy: " ") ?? [], target: String(o.target ?? ""))
87 | } else if let result = try /<TRIGGER: (?<stepName>[^-]+)[ \-](?<args>\/.+)>/.firstMatch(in: name) {
| |- error: 'Regex' is only available in tvOS 16.0 or newer
| `- note: add 'if #available' version check
88 | // e.g. <CodeSign /SomePath/Build/Products/Debug/BuildAnalyzer.app>
89 | // e.g. <CreateBuildDirectory-/SomePath/DerivedData/BuildAnalyzer/Build/Products>>
/Users/admin/builder/spi-builder-workspace/Sources/BuildAnalyzerKit/BuildGraphNodeKind.swift:87:94: error: 'firstMatch(in:)' is only available in tvOS 16.0 or newer
8 | case node
9 | }
10 | indirect enum Kind: Hashable, Comparable {
| `- note: add '@available' attribute to enclosing enum
11 | // Group of the kind - used to group all nodes in the Hierarchy outline (left pane)
12 | public enum Group: Comparable {
:
64 | }
65 |
66 | public static func generateKind(name: String) -> Kind {
| `- note: add '@available' attribute to enclosing static method
67 | do {
68 | if name.first == "/" {
:
85 | // wrap the "gate" into <> to match the expected format in generateKind
86 | return .command(stepName: String(o.stepName), args:o.args?.components(separatedBy: " ") ?? [], target: String(o.target ?? ""))
87 | } else if let result = try /<TRIGGER: (?<stepName>[^-]+)[ \-](?<args>\/.+)>/.firstMatch(in: name) {
| |- error: 'firstMatch(in:)' is only available in tvOS 16.0 or newer
| `- note: add 'if #available' version check
88 | // e.g. <CodeSign /SomePath/Build/Products/Debug/BuildAnalyzer.app>
89 | // e.g. <CreateBuildDirectory-/SomePath/DerivedData/BuildAnalyzer/Build/Products>>
/Users/admin/builder/spi-builder-workspace/Sources/BuildAnalyzerKit/BuildGraphNodeKind.swift:90:36: error: 'output' is only available in tvOS 16.0 or newer
8 | case node
9 | }
10 | indirect enum Kind: Hashable, Comparable {
| `- note: add '@available' attribute to enclosing enum
11 | // Group of the kind - used to group all nodes in the Hierarchy outline (left pane)
12 | public enum Group: Comparable {
:
64 | }
65 |
66 | public static func generateKind(name: String) -> Kind {
| `- note: add '@available' attribute to enclosing static method
67 | do {
68 | if name.first == "/" {
:
88 | // e.g. <CodeSign /SomePath/Build/Products/Debug/BuildAnalyzer.app>
89 | // e.g. <CreateBuildDirectory-/SomePath/DerivedData/BuildAnalyzer/Build/Products>>
90 | let o = result.output
| |- error: 'output' is only available in tvOS 16.0 or newer
| `- note: add 'if #available' version check
91 | return .triggerStep(stepName: String(o.stepName), args: o.args.components(separatedBy: " "))
92 | } else if let result = try /<target-(?<targetName>[^-]+)-(?<hash>[0-9a-f]{64})--(?<stepName>.+)>/.firstMatch(in: name) {
/Users/admin/builder/spi-builder-workspace/Sources/BuildAnalyzerKit/BuildGraphNodeKind.swift:92:44: error: 'Regex' is only available in tvOS 16.0 or newer
8 | case node
9 | }
10 | indirect enum Kind: Hashable, Comparable {
| `- note: add '@available' attribute to enclosing enum
11 | // Group of the kind - used to group all nodes in the Hierarchy outline (left pane)
12 | public enum Group: Comparable {
:
64 | }
65 |
66 | public static func generateKind(name: String) -> Kind {
| `- note: add '@available' attribute to enclosing static method
67 | do {
68 | if name.first == "/" {
:
90 | let o = result.output
91 | return .triggerStep(stepName: String(o.stepName), args: o.args.components(separatedBy: " "))
92 | } else if let result = try /<target-(?<targetName>[^-]+)-(?<hash>[0-9a-f]{64})--(?<stepName>.+)>/.firstMatch(in: name) {
| |- error: 'Regex' is only available in tvOS 16.0 or newer
| `- note: add 'if #available' version check
93 | // e.g. <target-BuildAnalyzer-be0c796e7ab161295c9e11c90ddae75a2b86e3aa1cc2f374c8ee86a36d7adc00--TAPISymbolExtractorTaskProducer>
94 | let o = result.output
/Users/admin/builder/spi-builder-workspace/Sources/BuildAnalyzerKit/BuildGraphNodeKind.swift:92:115: error: 'firstMatch(in:)' is only available in tvOS 16.0 or newer
8 | case node
9 | }
10 | indirect enum Kind: Hashable, Comparable {
| `- note: add '@available' attribute to enclosing enum
11 | // Group of the kind - used to group all nodes in the Hierarchy outline (left pane)
12 | public enum Group: Comparable {
:
64 | }
65 |
66 | public static func generateKind(name: String) -> Kind {
| `- note: add '@available' attribute to enclosing static method
67 | do {
68 | if name.first == "/" {
:
90 | let o = result.output
91 | return .triggerStep(stepName: String(o.stepName), args: o.args.components(separatedBy: " "))
92 | } else if let result = try /<target-(?<targetName>[^-]+)-(?<hash>[0-9a-f]{64})--(?<stepName>.+)>/.firstMatch(in: name) {
| |- error: 'firstMatch(in:)' is only available in tvOS 16.0 or newer
| `- note: add 'if #available' version check
93 | // e.g. <target-BuildAnalyzer-be0c796e7ab161295c9e11c90ddae75a2b86e3aa1cc2f374c8ee86a36d7adc00--TAPISymbolExtractorTaskProducer>
94 | let o = result.output
/Users/admin/builder/spi-builder-workspace/Sources/BuildAnalyzerKit/BuildGraphNodeKind.swift:94:36: error: 'output' is only available in tvOS 16.0 or newer
8 | case node
9 | }
10 | indirect enum Kind: Hashable, Comparable {
| `- note: add '@available' attribute to enclosing enum
11 | // Group of the kind - used to group all nodes in the Hierarchy outline (left pane)
12 | public enum Group: Comparable {
:
64 | }
65 |
66 | public static func generateKind(name: String) -> Kind {
| `- note: add '@available' attribute to enclosing static method
67 | do {
68 | if name.first == "/" {
:
92 | } else if let result = try /<target-(?<targetName>[^-]+)-(?<hash>[0-9a-f]{64})--(?<stepName>.+)>/.firstMatch(in: name) {
93 | // e.g. <target-BuildAnalyzer-be0c796e7ab161295c9e11c90ddae75a2b86e3aa1cc2f374c8ee86a36d7adc00--TAPISymbolExtractorTaskProducer>
94 | let o = result.output
| |- error: 'output' is only available in tvOS 16.0 or newer
| `- note: add 'if #available' version check
95 | return .complexStep(stepName: String(o.stepName), target: String(o.targetName))
96 | } else if let result = try /<target-(?<targetNameModule>[^-]+_)?(?<targetName>[^-]+)-PACKAGE-RESOURCE.*:(?<stepName>[^:]+)>/.firstMatch(in: name) {
/Users/admin/builder/spi-builder-workspace/Sources/BuildAnalyzerKit/BuildGraphNodeKind.swift:96:44: error: 'Regex' is only available in tvOS 16.0 or newer
8 | case node
9 | }
10 | indirect enum Kind: Hashable, Comparable {
| `- note: add '@available' attribute to enclosing enum
11 | // Group of the kind - used to group all nodes in the Hierarchy outline (left pane)
12 | public enum Group: Comparable {
:
64 | }
65 |
66 | public static func generateKind(name: String) -> Kind {
| `- note: add '@available' attribute to enclosing static method
67 | do {
68 | if name.first == "/" {
:
94 | let o = result.output
95 | return .complexStep(stepName: String(o.stepName), target: String(o.targetName))
96 | } else if let result = try /<target-(?<targetNameModule>[^-]+_)?(?<targetName>[^-]+)-PACKAGE-RESOURCE.*:(?<stepName>[^:]+)>/.firstMatch(in: name) {
| |- error: 'Regex' is only available in tvOS 16.0 or newer
| `- note: add 'if #available' version check
97 | // e.g. <target-XCRemoteCache_XCRemoteCacheTests-PACKAGE-RESOURCE:XCRemoteCacheTests-SDKROOT:macosx:SDK_VARIANT:macos-entry>
98 | let o = result.output
/Users/admin/builder/spi-builder-workspace/Sources/BuildAnalyzerKit/BuildGraphNodeKind.swift:96:142: error: 'firstMatch(in:)' is only available in tvOS 16.0 or newer
8 | case node
9 | }
10 | indirect enum Kind: Hashable, Comparable {
| `- note: add '@available' attribute to enclosing enum
11 | // Group of the kind - used to group all nodes in the Hierarchy outline (left pane)
12 | public enum Group: Comparable {
:
64 | }
65 |
66 | public static func generateKind(name: String) -> Kind {
| `- note: add '@available' attribute to enclosing static method
67 | do {
68 | if name.first == "/" {
:
94 | let o = result.output
95 | return .complexStep(stepName: String(o.stepName), target: String(o.targetName))
96 | } else if let result = try /<target-(?<targetNameModule>[^-]+_)?(?<targetName>[^-]+)-PACKAGE-RESOURCE.*:(?<stepName>[^:]+)>/.firstMatch(in: name) {
| |- error: 'firstMatch(in:)' is only available in tvOS 16.0 or newer
| `- note: add 'if #available' version check
97 | // e.g. <target-XCRemoteCache_XCRemoteCacheTests-PACKAGE-RESOURCE:XCRemoteCacheTests-SDKROOT:macosx:SDK_VARIANT:macos-entry>
98 | let o = result.output
/Users/admin/builder/spi-builder-workspace/Sources/BuildAnalyzerKit/BuildGraphNodeKind.swift:98:36: error: 'output' is only available in tvOS 16.0 or newer
8 | case node
9 | }
10 | indirect enum Kind: Hashable, Comparable {
| `- note: add '@available' attribute to enclosing enum
11 | // Group of the kind - used to group all nodes in the Hierarchy outline (left pane)
12 | public enum Group: Comparable {
:
64 | }
65 |
66 | public static func generateKind(name: String) -> Kind {
| `- note: add '@available' attribute to enclosing static method
67 | do {
68 | if name.first == "/" {
:
96 | } else if let result = try /<target-(?<targetNameModule>[^-]+_)?(?<targetName>[^-]+)-PACKAGE-RESOURCE.*:(?<stepName>[^:]+)>/.firstMatch(in: name) {
97 | // e.g. <target-XCRemoteCache_XCRemoteCacheTests-PACKAGE-RESOURCE:XCRemoteCacheTests-SDKROOT:macosx:SDK_VARIANT:macos-entry>
98 | let o = result.output
| |- error: 'output' is only available in tvOS 16.0 or newer
| `- note: add 'if #available' version check
99 | return .packageResource(stepName: String(o.stepName), target: String(o.targetName))
100 | } else if let result = try /<target-(?<targetName>[^-]+)-PACKAGE-PRODUCT:(?<target>[^-]+)-(?<configuration>[^-]+)-(?<platform>[^-]+)-(?<arch>[^-]+)-(?<stepName>.+)>/.firstMatch(in: name) {
/Users/admin/builder/spi-builder-workspace/Sources/BuildAnalyzerKit/BuildGraphNodeKind.swift:100:44: error: 'Regex' is only available in tvOS 16.0 or newer
8 | case node
9 | }
10 | indirect enum Kind: Hashable, Comparable {
| `- note: add '@available' attribute to enclosing enum
11 | // Group of the kind - used to group all nodes in the Hierarchy outline (left pane)
12 | public enum Group: Comparable {
:
64 | }
65 |
66 | public static func generateKind(name: String) -> Kind {
| `- note: add '@available' attribute to enclosing static method
67 | do {
68 | if name.first == "/" {
:
98 | let o = result.output
99 | return .packageResource(stepName: String(o.stepName), target: String(o.targetName))
100 | } else if let result = try /<target-(?<targetName>[^-]+)-PACKAGE-PRODUCT:(?<target>[^-]+)-(?<configuration>[^-]+)-(?<platform>[^-]+)-(?<arch>[^-]+)-(?<stepName>.+)>/.firstMatch(in: name) {
| |- error: 'Regex' is only available in tvOS 16.0 or newer
| `- note: add 'if #available' version check
101 | // e.g. <target-BuildAnalyzerKit-PACKAGE-PRODUCT:BuildAnalyzerKit-Debug-macosx-arm64-build-headers-stale-file-removal>
102 | let o = result.output
/Users/admin/builder/spi-builder-workspace/Sources/BuildAnalyzerKit/BuildGraphNodeKind.swift:100:183: error: 'firstMatch(in:)' is only available in tvOS 16.0 or newer
8 | case node
9 | }
10 | indirect enum Kind: Hashable, Comparable {
| `- note: add '@available' attribute to enclosing enum
11 | // Group of the kind - used to group all nodes in the Hierarchy outline (left pane)
12 | public enum Group: Comparable {
:
64 | }
65 |
66 | public static func generateKind(name: String) -> Kind {
| `- note: add '@available' attribute to enclosing static method
67 | do {
68 | if name.first == "/" {
:
98 | let o = result.output
99 | return .packageResource(stepName: String(o.stepName), target: String(o.targetName))
100 | } else if let result = try /<target-(?<targetName>[^-]+)-PACKAGE-PRODUCT:(?<target>[^-]+)-(?<configuration>[^-]+)-(?<platform>[^-]+)-(?<arch>[^-]+)-(?<stepName>.+)>/.firstMatch(in: name) {
| |- error: 'firstMatch(in:)' is only available in tvOS 16.0 or newer
| `- note: add 'if #available' version check
101 | // e.g. <target-BuildAnalyzerKit-PACKAGE-PRODUCT:BuildAnalyzerKit-Debug-macosx-arm64-build-headers-stale-file-removal>
102 | let o = result.output
/Users/admin/builder/spi-builder-workspace/Sources/BuildAnalyzerKit/BuildGraphNodeKind.swift:102:36: error: 'output' is only available in tvOS 16.0 or newer
8 | case node
9 | }
10 | indirect enum Kind: Hashable, Comparable {
| `- note: add '@available' attribute to enclosing enum
11 | // Group of the kind - used to group all nodes in the Hierarchy outline (left pane)
12 | public enum Group: Comparable {
:
64 | }
65 |
66 | public static func generateKind(name: String) -> Kind {
| `- note: add '@available' attribute to enclosing static method
67 | do {
68 | if name.first == "/" {
:
100 | } else if let result = try /<target-(?<targetName>[^-]+)-PACKAGE-PRODUCT:(?<target>[^-]+)-(?<configuration>[^-]+)-(?<platform>[^-]+)-(?<arch>[^-]+)-(?<stepName>.+)>/.firstMatch(in: name) {
101 | // e.g. <target-BuildAnalyzerKit-PACKAGE-PRODUCT:BuildAnalyzerKit-Debug-macosx-arm64-build-headers-stale-file-removal>
102 | let o = result.output
| |- error: 'output' is only available in tvOS 16.0 or newer
| `- note: add 'if #available' version check
103 | return .packageProductStep(stepName: String(o.stepName), target: String(o.targetName))
104 | } else if let result = try /<target-(?<targetName>[^-]+)-PACKAGE-PRODUCT:(?<target>[^-]+)-SDKROOT:(?<platform>[^-]+):SDK_VARIANT:(?<arch>[^-]+)-(?<stepName>.+)>/.firstMatch(in: name) {
/Users/admin/builder/spi-builder-workspace/Sources/BuildAnalyzerKit/BuildGraphNodeKind.swift:104:44: error: 'Regex' is only available in tvOS 16.0 or newer
8 | case node
9 | }
10 | indirect enum Kind: Hashable, Comparable {
| `- note: add '@available' attribute to enclosing enum
11 | // Group of the kind - used to group all nodes in the Hierarchy outline (left pane)
12 | public enum Group: Comparable {
:
64 | }
65 |
66 | public static func generateKind(name: String) -> Kind {
| `- note: add '@available' attribute to enclosing static method
67 | do {
68 | if name.first == "/" {
:
102 | let o = result.output
103 | return .packageProductStep(stepName: String(o.stepName), target: String(o.targetName))
104 | } else if let result = try /<target-(?<targetName>[^-]+)-PACKAGE-PRODUCT:(?<target>[^-]+)-SDKROOT:(?<platform>[^-]+):SDK_VARIANT:(?<arch>[^-]+)-(?<stepName>.+)>/.firstMatch(in: name) {
| |- error: 'Regex' is only available in tvOS 16.0 or newer
| `- note: add 'if #available' version check
105 | // e.g. <target-BuildAnalyzerKit-PACKAGE-PRODUCT:BuildAnalyzerKit-SDKROOT:macosx:SDK_VARIANT:macos-begin-compiling>
106 | let o = result.output
/Users/admin/builder/spi-builder-workspace/Sources/BuildAnalyzerKit/BuildGraphNodeKind.swift:104:179: error: 'firstMatch(in:)' is only available in tvOS 16.0 or newer
8 | case node
9 | }
10 | indirect enum Kind: Hashable, Comparable {
| `- note: add '@available' attribute to enclosing enum
11 | // Group of the kind - used to group all nodes in the Hierarchy outline (left pane)
12 | public enum Group: Comparable {
:
64 | }
65 |
66 | public static func generateKind(name: String) -> Kind {
| `- note: add '@available' attribute to enclosing static method
67 | do {
68 | if name.first == "/" {
:
102 | let o = result.output
103 | return .packageProductStep(stepName: String(o.stepName), target: String(o.targetName))
104 | } else if let result = try /<target-(?<targetName>[^-]+)-PACKAGE-PRODUCT:(?<target>[^-]+)-SDKROOT:(?<platform>[^-]+):SDK_VARIANT:(?<arch>[^-]+)-(?<stepName>.+)>/.firstMatch(in: name) {
| |- error: 'firstMatch(in:)' is only available in tvOS 16.0 or newer
| `- note: add 'if #available' version check
105 | // e.g. <target-BuildAnalyzerKit-PACKAGE-PRODUCT:BuildAnalyzerKit-SDKROOT:macosx:SDK_VARIANT:macos-begin-compiling>
106 | let o = result.output
/Users/admin/builder/spi-builder-workspace/Sources/BuildAnalyzerKit/BuildGraphNodeKind.swift:106:36: error: 'output' is only available in tvOS 16.0 or newer
8 | case node
9 | }
10 | indirect enum Kind: Hashable, Comparable {
| `- note: add '@available' attribute to enclosing enum
11 | // Group of the kind - used to group all nodes in the Hierarchy outline (left pane)
12 | public enum Group: Comparable {
:
64 | }
65 |
66 | public static func generateKind(name: String) -> Kind {
| `- note: add '@available' attribute to enclosing static method
67 | do {
68 | if name.first == "/" {
:
104 | } else if let result = try /<target-(?<targetName>[^-]+)-PACKAGE-PRODUCT:(?<target>[^-]+)-SDKROOT:(?<platform>[^-]+):SDK_VARIANT:(?<arch>[^-]+)-(?<stepName>.+)>/.firstMatch(in: name) {
105 | // e.g. <target-BuildAnalyzerKit-PACKAGE-PRODUCT:BuildAnalyzerKit-SDKROOT:macosx:SDK_VARIANT:macos-begin-compiling>
106 | let o = result.output
| |- error: 'output' is only available in tvOS 16.0 or newer
| `- note: add 'if #available' version check
107 | return .packageProductStep(stepName: String(o.stepName), target: String(o.targetName))
108 | } else if let result = try /<target-(?<targetName>[^-]+)-PACKAGE-TARGET:(?<target>[^-]+)-(?<configuration>[^-]+)-(?<platform>[^-]+)-(?<arch>[^-]+)-(?<stepName>.+)>/.firstMatch(in: name) {
/Users/admin/builder/spi-builder-workspace/Sources/BuildAnalyzerKit/BuildGraphNodeKind.swift:108:44: error: 'Regex' is only available in tvOS 16.0 or newer
8 | case node
9 | }
10 | indirect enum Kind: Hashable, Comparable {
| `- note: add '@available' attribute to enclosing enum
11 | // Group of the kind - used to group all nodes in the Hierarchy outline (left pane)
12 | public enum Group: Comparable {
:
64 | }
65 |
66 | public static func generateKind(name: String) -> Kind {
| `- note: add '@available' attribute to enclosing static method
67 | do {
68 | if name.first == "/" {
:
106 | let o = result.output
107 | return .packageProductStep(stepName: String(o.stepName), target: String(o.targetName))
108 | } else if let result = try /<target-(?<targetName>[^-]+)-PACKAGE-TARGET:(?<target>[^-]+)-(?<configuration>[^-]+)-(?<platform>[^-]+)-(?<arch>[^-]+)-(?<stepName>.+)>/.firstMatch(in: name) {
| |- error: 'Regex' is only available in tvOS 16.0 or newer
| `- note: add 'if #available' version check
109 | // e.g. <target-BuildAnalyzerKit-PACKAGE-TARGET:BuildAnalyzerKit-Debug-macosx-arm64-build-headers-stale-file-removal>
110 | let o = result.output
/Users/admin/builder/spi-builder-workspace/Sources/BuildAnalyzerKit/BuildGraphNodeKind.swift:108:182: error: 'firstMatch(in:)' is only available in tvOS 16.0 or newer
8 | case node
9 | }
10 | indirect enum Kind: Hashable, Comparable {
| `- note: add '@available' attribute to enclosing enum
11 | // Group of the kind - used to group all nodes in the Hierarchy outline (left pane)
12 | public enum Group: Comparable {
:
64 | }
65 |
66 | public static func generateKind(name: String) -> Kind {
| `- note: add '@available' attribute to enclosing static method
67 | do {
68 | if name.first == "/" {
:
106 | let o = result.output
107 | return .packageProductStep(stepName: String(o.stepName), target: String(o.targetName))
108 | } else if let result = try /<target-(?<targetName>[^-]+)-PACKAGE-TARGET:(?<target>[^-]+)-(?<configuration>[^-]+)-(?<platform>[^-]+)-(?<arch>[^-]+)-(?<stepName>.+)>/.firstMatch(in: name) {
| |- error: 'firstMatch(in:)' is only available in tvOS 16.0 or newer
| `- note: add 'if #available' version check
109 | // e.g. <target-BuildAnalyzerKit-PACKAGE-TARGET:BuildAnalyzerKit-Debug-macosx-arm64-build-headers-stale-file-removal>
110 | let o = result.output
/Users/admin/builder/spi-builder-workspace/Sources/BuildAnalyzerKit/BuildGraphNodeKind.swift:110:36: error: 'output' is only available in tvOS 16.0 or newer
8 | case node
9 | }
10 | indirect enum Kind: Hashable, Comparable {
| `- note: add '@available' attribute to enclosing enum
11 | // Group of the kind - used to group all nodes in the Hierarchy outline (left pane)
12 | public enum Group: Comparable {
:
64 | }
65 |
66 | public static func generateKind(name: String) -> Kind {
| `- note: add '@available' attribute to enclosing static method
67 | do {
68 | if name.first == "/" {
:
108 | } else if let result = try /<target-(?<targetName>[^-]+)-PACKAGE-TARGET:(?<target>[^-]+)-(?<configuration>[^-]+)-(?<platform>[^-]+)-(?<arch>[^-]+)-(?<stepName>.+)>/.firstMatch(in: name) {
109 | // e.g. <target-BuildAnalyzerKit-PACKAGE-TARGET:BuildAnalyzerKit-Debug-macosx-arm64-build-headers-stale-file-removal>
110 | let o = result.output
| |- error: 'output' is only available in tvOS 16.0 or newer
| `- note: add 'if #available' version check
111 | return .packageTargetStep(stepName: String(o.stepName), target: String(o.targetName))
112 | } else if let result = try /<target-(?<targetName>[^-]+)-PACKAGE-TARGET:(?<target>[^-]+)-SDKROOT:(?<platform>[^-]+):SDK_VARIANT:(?<arch>[^-]+)-(?<stepName>.+)>/.firstMatch(in: name) {
/Users/admin/builder/spi-builder-workspace/Sources/BuildAnalyzerKit/BuildGraphNodeKind.swift:112:44: error: 'Regex' is only available in tvOS 16.0 or newer
8 | case node
9 | }
10 | indirect enum Kind: Hashable, Comparable {
| `- note: add '@available' attribute to enclosing enum
11 | // Group of the kind - used to group all nodes in the Hierarchy outline (left pane)
12 | public enum Group: Comparable {
:
64 | }
65 |
66 | public static func generateKind(name: String) -> Kind {
| `- note: add '@available' attribute to enclosing static method
67 | do {
68 | if name.first == "/" {
:
110 | let o = result.output
111 | return .packageTargetStep(stepName: String(o.stepName), target: String(o.targetName))
112 | } else if let result = try /<target-(?<targetName>[^-]+)-PACKAGE-TARGET:(?<target>[^-]+)-SDKROOT:(?<platform>[^-]+):SDK_VARIANT:(?<arch>[^-]+)-(?<stepName>.+)>/.firstMatch(in: name) {
| |- error: 'Regex' is only available in tvOS 16.0 or newer
| `- note: add 'if #available' version check
113 | // e.g. <target-BuildAnalyzerKit-PACKAGE-TARGET:BuildAnalyzerKit-SDKROOT:macosx:SDK_VARIANT:macos-begin-compiling>
114 | let o = result.output
/Users/admin/builder/spi-builder-workspace/Sources/BuildAnalyzerKit/BuildGraphNodeKind.swift:112:178: error: 'firstMatch(in:)' is only available in tvOS 16.0 or newer
8 | case node
9 | }
10 | indirect enum Kind: Hashable, Comparable {
| `- note: add '@available' attribute to enclosing enum
11 | // Group of the kind - used to group all nodes in the Hierarchy outline (left pane)
12 | public enum Group: Comparable {
:
64 | }
65 |
66 | public static func generateKind(name: String) -> Kind {
| `- note: add '@available' attribute to enclosing static method
67 | do {
68 | if name.first == "/" {
:
110 | let o = result.output
111 | return .packageTargetStep(stepName: String(o.stepName), target: String(o.targetName))
112 | } else if let result = try /<target-(?<targetName>[^-]+)-PACKAGE-TARGET:(?<target>[^-]+)-SDKROOT:(?<platform>[^-]+):SDK_VARIANT:(?<arch>[^-]+)-(?<stepName>.+)>/.firstMatch(in: name) {
| |- error: 'firstMatch(in:)' is only available in tvOS 16.0 or newer
| `- note: add 'if #available' version check
113 | // e.g. <target-BuildAnalyzerKit-PACKAGE-TARGET:BuildAnalyzerKit-SDKROOT:macosx:SDK_VARIANT:macos-begin-compiling>
114 | let o = result.output
/Users/admin/builder/spi-builder-workspace/Sources/BuildAnalyzerKit/BuildGraphNodeKind.swift:114:36: error: 'output' is only available in tvOS 16.0 or newer
8 | case node
9 | }
10 | indirect enum Kind: Hashable, Comparable {
| `- note: add '@available' attribute to enclosing enum
11 | // Group of the kind - used to group all nodes in the Hierarchy outline (left pane)
12 | public enum Group: Comparable {
:
64 | }
65 |
66 | public static func generateKind(name: String) -> Kind {
| `- note: add '@available' attribute to enclosing static method
67 | do {
68 | if name.first == "/" {
:
112 | } else if let result = try /<target-(?<targetName>[^-]+)-PACKAGE-TARGET:(?<target>[^-]+)-SDKROOT:(?<platform>[^-]+):SDK_VARIANT:(?<arch>[^-]+)-(?<stepName>.+)>/.firstMatch(in: name) {
113 | // e.g. <target-BuildAnalyzerKit-PACKAGE-TARGET:BuildAnalyzerKit-SDKROOT:macosx:SDK_VARIANT:macos-begin-compiling>
114 | let o = result.output
| |- error: 'output' is only available in tvOS 16.0 or newer
| `- note: add 'if #available' version check
115 | return .packageTargetStep(stepName: String(o.stepName), target: String(o.targetName))
116 | } else if let result = try /<(?<stepName>[^-]+)[ \-](?<path>\/.+)>/.firstMatch(in: name) {
/Users/admin/builder/spi-builder-workspace/Sources/BuildAnalyzerKit/BuildGraphNodeKind.swift:116:44: error: 'Regex' is only available in tvOS 16.0 or newer
8 | case node
9 | }
10 | indirect enum Kind: Hashable, Comparable {
| `- note: add '@available' attribute to enclosing enum
11 | // Group of the kind - used to group all nodes in the Hierarchy outline (left pane)
12 | public enum Group: Comparable {
:
64 | }
65 |
66 | public static func generateKind(name: String) -> Kind {
| `- note: add '@available' attribute to enclosing static method
67 | do {
68 | if name.first == "/" {
:
114 | let o = result.output
115 | return .packageTargetStep(stepName: String(o.stepName), target: String(o.targetName))
116 | } else if let result = try /<(?<stepName>[^-]+)[ \-](?<path>\/.+)>/.firstMatch(in: name) {
| |- error: 'Regex' is only available in tvOS 16.0 or newer
| `- note: add 'if #available' version check
117 | // e.g. <CodeSign /SomePath/Build/Products/Debug/BuildAnalyzer.app>
118 | // e.g. <CreateBuildDirectory-/SomePath/DerivedData/BuildAnalyzer/Build/Products>>
/Users/admin/builder/spi-builder-workspace/Sources/BuildAnalyzerKit/BuildGraphNodeKind.swift:116:85: error: 'firstMatch(in:)' is only available in tvOS 16.0 or newer
8 | case node
9 | }
10 | indirect enum Kind: Hashable, Comparable {
| `- note: add '@available' attribute to enclosing enum
11 | // Group of the kind - used to group all nodes in the Hierarchy outline (left pane)
12 | public enum Group: Comparable {
:
64 | }
65 |
66 | public static func generateKind(name: String) -> Kind {
| `- note: add '@available' attribute to enclosing static method
67 | do {
68 | if name.first == "/" {
:
114 | let o = result.output
115 | return .packageTargetStep(stepName: String(o.stepName), target: String(o.targetName))
116 | } else if let result = try /<(?<stepName>[^-]+)[ \-](?<path>\/.+)>/.firstMatch(in: name) {
| |- error: 'firstMatch(in:)' is only available in tvOS 16.0 or newer
| `- note: add 'if #available' version check
117 | // e.g. <CodeSign /SomePath/Build/Products/Debug/BuildAnalyzer.app>
118 | // e.g. <CreateBuildDirectory-/SomePath/DerivedData/BuildAnalyzer/Build/Products>>
/Users/admin/builder/spi-builder-workspace/Sources/BuildAnalyzerKit/BuildGraphNodeKind.swift:119:36: error: 'output' is only available in tvOS 16.0 or newer
8 | case node
9 | }
10 | indirect enum Kind: Hashable, Comparable {
| `- note: add '@available' attribute to enclosing enum
11 | // Group of the kind - used to group all nodes in the Hierarchy outline (left pane)
12 | public enum Group: Comparable {
:
64 | }
65 |
66 | public static func generateKind(name: String) -> Kind {
| `- note: add '@available' attribute to enclosing static method
67 | do {
68 | if name.first == "/" {
:
117 | // e.g. <CodeSign /SomePath/Build/Products/Debug/BuildAnalyzer.app>
118 | // e.g. <CreateBuildDirectory-/SomePath/DerivedData/BuildAnalyzer/Build/Products>>
119 | let o = result.output
| |- error: 'output' is only available in tvOS 16.0 or newer
| `- note: add 'if #available' version check
120 | return .simpleStep(stepName: String(o.stepName), file: String(o.path))
121 | } else {
Failed frontend command:
SwiftCompile normal arm64 /Users/admin/builder/spi-builder-workspace/Sources/BuildAnalyzerKit/BuildGraphNode.swift (in target 'BuildAnalyzerKit' from project 'BuildAnalyzer')
cd /Users/admin/builder/spi-builder-workspace/.swiftpm/xcode
builtin-SwiftPerFileCompile BuildGraphNode.swift
SwiftCompile normal arm64 /Users/admin/builder/spi-builder-workspace/Sources/BuildAnalyzerKit/BuildGraphNodeKind.swift (in target 'BuildAnalyzerKit' from project 'BuildAnalyzer')
cd /Users/admin/builder/spi-builder-workspace/.swiftpm/xcode
builtin-SwiftPerFileCompile BuildGraphNodeKind.swift
/Applications/Xcode-27.0.0-Release.Candidate.app/Contents/Developer/Toolchains/XcodeDefault.xctoolchain/usr/bin/swift-frontend -frontend -c /Users/admin/builder/spi-builder-workspace/Sources/BuildAnalyzerKit/BuildGraph.swift /Users/admin/builder/spi-builder-workspace/Sources/BuildAnalyzerKit/BuildGraphGenerator.swift -primary-file /Users/admin/builder/spi-builder-workspace/Sources/BuildAnalyzerKit/BuildGraphNode.swift -primary-file /Users/admin/builder/spi-builder-workspace/Sources/BuildAnalyzerKit/BuildGraphNodeKind.swift /Users/admin/builder/spi-builder-workspace/Sources/BuildAnalyzerKit/BuildGraphProtocol.swift /Users/admin/builder/spi-builder-workspace/Sources/BuildAnalyzerKit/BuildManifestParser.swift /Users/admin/builder/spi-builder-workspace/Sources/BuildAnalyzerKit/DataStructure/Queue.swift /Users/admin/builder/spi-builder-workspace/Sources/BuildAnalyzerKit/Projection/BuildGraphNodeProjectionNode.swift /Users/admin/builder/spi-builder-workspace/Sources/BuildAnalyzerKit/Projection/BuildGraphProjection.swift /Users/admin/builder/spi-builder-workspace/Sources/BuildAnalyzerKit/Projection/BuildGraphProjectionExpansion.swift /Users/admin/builder/spi-builder-workspace/Sources/BuildAnalyzerKit/Projection/BuildGraphProtocol+Expansion.swift /Users/admin/builder/spi-builder-workspace/Sources/BuildAnalyzerKit/Timing/BuildGraphNodeTimingReader.swift /Users/admin/builder/spi-builder-workspace/Sources/BuildAnalyzerKit/Timing/BuildGraphNodeTimingSqlReader.swift -emit-dependencies-path /Users/admin/builder/spi-builder-workspace/.derivedData/Build/Intermediates.noindex/BuildAnalyzer.build/Debug-appletvos/BuildAnalyzerKit-t.build/Objects-normal/arm64/BuildGraphNode.d -emit-const-values-path /Users/admin/builder/spi-builder-workspace/.derivedData/Build/Intermediates.noindex/BuildAnalyzer.build/Debug-appletvos/BuildAnalyzerKit-t.build/Objects-normal/arm64/BuildGraphNode.swiftconstvalues -emit-reference-dependencies-path /Users/admin/builder/spi-builder-workspace/.derivedData/Build/Intermediates.noindex/BuildAnalyzer.build/Debug-appletvos/BuildAnalyzerKit-t.build/Objects-normal/arm64/BuildGraphNode.swiftdeps -serialize-diagnostics-path /Users/admin/builder/spi-builder-workspace/.derivedData/Build/Intermediates.noindex/BuildAnalyzer.build/Debug-appletvos/BuildAnalyzerKit-t.build/Objects-normal/arm64/BuildGraphNode.dia -emit-dependencies-path /Users/admin/builder/spi-builder-workspace/.derivedData/Build/Intermediates.noindex/BuildAnalyzer.build/Debug-appletvos/BuildAnalyzerKit-t.build/Objects-normal/arm64/BuildGraphNodeKind.d -emit-const-values-path /Users/admin/builder/spi-builder-workspace/.derivedData/Build/Intermediates.noindex/BuildAnalyzer.build/Debug-appletvos/BuildAnalyzerKit-t.build/Objects-normal/arm64/BuildGraphNodeKind.swiftconstvalues -emit-reference-dependencies-path /Users/admin/builder/spi-builder-workspace/.derivedData/Build/Intermediates.noindex/BuildAnalyzer.build/Debug-appletvos/BuildAnalyzerKit-t.build/Objects-normal/arm64/BuildGraphNodeKind.swiftdeps -serialize-diagnostics-path /Users/admin/builder/spi-builder-workspace/.derivedData/Build/Intermediates.noindex/BuildAnalyzer.build/Debug-appletvos/BuildAnalyzerKit-t.build/Objects-normal/arm64/BuildGraphNodeKind.dia -target arm64-apple-tvos15.0 -disable-cross-import-overlay-search -load-resolved-plugin /Applications/Xcode-27.0.0-Release.Candidate.app/Contents/Developer/Platforms/AppleTVOS.platform/Developer/usr/lib/swift/host/plugins/libFoundationMacros.dylib\#/Applications/Xcode-27.0.0-Release.Candidate.app/Contents/Developer/Platforms/AppleTVOS.platform/Developer/usr/bin/swift-plugin-server\#FoundationMacros -load-resolved-plugin /Applications/Xcode-27.0.0-Release.Candidate.app/Contents/Developer/Platforms/AppleTVOS.platform/Developer/usr/lib/swift/host/plugins/libObservationMacros.dylib\#/Applications/Xcode-27.0.0-Release.Candidate.app/Contents/Developer/Platforms/AppleTVOS.platform/Developer/usr/bin/swift-plugin-server\#ObservationMacros -load-resolved-plugin /Applications/Xcode-27.0.0-Release.Candidate.app/Contents/Developer/Platforms/AppleTVOS.platform/Developer/usr/lib/swift/host/plugins/libSwiftMacros.dylib\#/Applications/Xcode-27.0.0-Release.Candidate.app/Contents/Developer/Platforms/AppleTVOS.platform/Developer/usr/bin/swift-plugin-server\#SwiftMacros -disable-implicit-swift-modules -Xcc -fno-implicit-modules -Xcc -fno-implicit-module-maps -explicit-swift-module-map-file /Users/admin/builder/spi-builder-workspace/.derivedData/Build/Intermediates.noindex/BuildAnalyzer.build/Debug-appletvos/BuildAnalyzerKit-t.build/Objects-normal/arm64/BuildAnalyzerKit-dependencies-1.json -Xllvm -aarch64-use-tbi -enable-objc-interop -stack-check -sdk /Applications/Xcode-27.0.0-Release.Candidate.app/Contents/Developer/Platforms/AppleTVOS.platform/Developer/SDKs/AppleTVOS27.0.sdk -I /Users/admin/builder/spi-builder-workspace/.derivedData/Build/Products/Debug-appletvos -Isystem /Applications/Xcode-27.0.0-Release.Candidate.app/Contents/Developer/Platforms/AppleTVOS.platform/Developer/usr/lib -F /Users/admin/builder/spi-builder-workspace/.derivedData/Build/Products/Debug-appletvos/PackageFrameworks -F /Users/admin/builder/spi-builder-workspace/.derivedData/Build/Products/Debug-appletvos -F /Applications/Xcode-27.0.0-Release.Candidate.app/Contents/Developer/Platforms/AppleTVOS.platform/Developer/Library/Frameworks -F /Applications/Xcode-27.0.0-Release.Candidate.app/Contents/Developer/Platforms/AppleTVOS.platform/Developer/SDKs/AppleTVOS27.0.sdk/Developer/Library/Frameworks -module-cache-path /Users/admin/builder/spi-builder-workspace/.derivedData/Build/Intermediates.noindex/SwiftExplicitPrecompiledModules -no-color-diagnostics -Xcc -fno-color-diagnostics -enable-testing -g -debug-info-format\=dwarf -dwarf-version\=4 -profile-generate -profile-coverage-mapping -swift-version 5 -Onone -D SWIFT_PACKAGE -D DEBUG -D SWIFT_MODULE_RESOURCE_BUNDLE_UNAVAILABLE -D Xcode -serialize-debugging-options -enable-upcoming-feature BareSlashRegexLiterals -enable-experimental-feature DebugDescriptionMacro -empty-abi-descriptor -validate-clang-modules-once -clang-build-session-file /Users/admin/builder/spi-builder-workspace/.derivedData/ModuleCache.noindex/Session.modulevalidation -Xcc -working-directory -Xcc /Users/admin/builder/spi-builder-workspace/.swiftpm/xcode -enable-anonymous-context-mangled-names -file-compilation-dir /Users/admin/builder/spi-builder-workspace/.swiftpm/xcode -Xcc -D_LIBCPP_HARDENING_MODE\=_LIBCPP_HARDENING_MODE_DEBUG -Xcc -ivfsstatcache -Xcc /Users/admin/builder/spi-builder-workspace/.derivedData/SDKStatCaches.noindex/appletvos27.0-24J360-e829b21a6f8c9b70876ba0858053c044b32bfd8d43560033f8d89884cdb90028.sdkstatcache -Xcc -fmodules-prune-interval\=86400 -Xcc -fmodules-prune-after\=345600 -Xcc -I/Users/admin/builder/spi-builder-workspace/.derivedData/Build/Products/Debug-appletvos/include -Xcc -I/Users/admin/builder/spi-builder-workspace/.derivedData/Build/Intermediates.noindex/BuildAnalyzer.build/Debug-appletvos/BuildAnalyzerKit-t.build/DerivedSources-normal/arm64 -Xcc -I/Users/admin/builder/spi-builder-workspace/.derivedData/Build/Intermediates.noindex/BuildAnalyzer.build/Debug-appletvos/BuildAnalyzerKit-t.build/DerivedSources/arm64 -Xcc -I/Users/admin/builder/spi-builder-workspace/.derivedData/Build/Intermediates.noindex/BuildAnalyzer.build/Debug-appletvos/BuildAnalyzerKit-t.build/DerivedSources -Xcc -DSWIFT_PACKAGE -Xcc -DDEBUG\=1 -no-auto-bridging-header-chaining -module-name BuildAnalyzerKit -package-name spi_builder_workspace -const-gather-protocols-file /Users/admin/builder/spi-builder-workspace/.derivedData/Build/Intermediates.noindex/BuildAnalyzer.build/Debug-appletvos/BuildAnalyzerKit-t.build/Objects-normal/arm64/BuildAnalyzerKit_const_extract_protocols.json -disable-clang-spi -clang-target arm64-apple-tvos27.0 -target-sdk-version 27.0 -target-sdk-name appletvos27.0 -in-process-plugin-server-path /Applications/Xcode-27.0.0-Release.Candidate.app/Contents/Developer/Toolchains/XcodeDefault.xctoolchain/usr/lib/swift/host/libSwiftInProcPluginServer.dylib -parse-as-library -o /Users/admin/builder/spi-builder-workspace/.derivedData/Build/Intermediates.noindex/BuildAnalyzer.build/Debug-appletvos/BuildAnalyzerKit-t.build/Objects-normal/arm64/BuildGraphNode.o -o /Users/admin/builder/spi-builder-workspace/.derivedData/Build/Intermediates.noindex/BuildAnalyzer.build/Debug-appletvos/BuildAnalyzerKit-t.build/Objects-normal/arm64/BuildGraphNodeKind.o -debug-module-path /Users/admin/builder/spi-builder-workspace/.derivedData/Build/Intermediates.noindex/BuildAnalyzer.build/Debug-appletvos/BuildAnalyzerKit-t.build/Objects-normal/arm64/BuildAnalyzerKit.swiftmodule -index-unit-output-path /BuildAnalyzer.build/Debug-appletvos/BuildAnalyzerKit-t.build/Objects-normal/arm64/BuildGraphNode.o -index-unit-output-path /BuildAnalyzer.build/Debug-appletvos/BuildAnalyzerKit-t.build/Objects-normal/arm64/BuildGraphNodeKind.o -index-store-path /Users/admin/builder/spi-builder-workspace/.derivedData/Index.noindex/DataStore -index-system-modules
SwiftCompile normal arm64 Compiling\ BuildGraph.swift,\ BuildGraphGenerator.swift /Users/admin/builder/spi-builder-workspace/Sources/BuildAnalyzerKit/BuildGraph.swift /Users/admin/builder/spi-builder-workspace/Sources/BuildAnalyzerKit/BuildGraphGenerator.swift (in target 'BuildAnalyzerKit' from project 'BuildAnalyzer')
SwiftCompile normal arm64 /Users/admin/builder/spi-builder-workspace/Sources/BuildAnalyzerKit/BuildGraph.swift (in target 'BuildAnalyzerKit' from project 'BuildAnalyzer')
cd /Users/admin/builder/spi-builder-workspace/.swiftpm/xcode
builtin-SwiftPerFileCompile BuildGraph.swift
SwiftCompile normal arm64 /Users/admin/builder/spi-builder-workspace/Sources/BuildAnalyzerKit/BuildGraphGenerator.swift (in target 'BuildAnalyzerKit' from project 'BuildAnalyzer')
cd /Users/admin/builder/spi-builder-workspace/.swiftpm/xcode
builtin-SwiftPerFileCompile BuildGraphGenerator.swift
SwiftCompile normal arm64 Compiling\ BuildGraphNodeProjectionNode.swift /Users/admin/builder/spi-builder-workspace/Sources/BuildAnalyzerKit/Projection/BuildGraphNodeProjectionNode.swift (in target 'BuildAnalyzerKit' from project 'BuildAnalyzer')
SwiftCompile normal arm64 /Users/admin/builder/spi-builder-workspace/Sources/BuildAnalyzerKit/Projection/BuildGraphNodeProjectionNode.swift (in target 'BuildAnalyzerKit' from project 'BuildAnalyzer')
cd /Users/admin/builder/spi-builder-workspace/.swiftpm/xcode
builtin-SwiftPerFileCompile BuildGraphNodeProjectionNode.swift
SwiftCompile normal arm64 Compiling\ BuildGraphProtocol.swift,\ BuildManifestParser.swift /Users/admin/builder/spi-builder-workspace/Sources/BuildAnalyzerKit/BuildGraphProtocol.swift /Users/admin/builder/spi-builder-workspace/Sources/BuildAnalyzerKit/BuildManifestParser.swift (in target 'BuildAnalyzerKit' from project 'BuildAnalyzer')
SwiftCompile normal arm64 /Users/admin/builder/spi-builder-workspace/Sources/BuildAnalyzerKit/BuildGraphProtocol.swift (in target 'BuildAnalyzerKit' from project 'BuildAnalyzer')
cd /Users/admin/builder/spi-builder-workspace/.swiftpm/xcode
builtin-SwiftPerFileCompile BuildGraphProtocol.swift
SwiftCompile normal arm64 /Users/admin/builder/spi-builder-workspace/Sources/BuildAnalyzerKit/BuildManifestParser.swift (in target 'BuildAnalyzerKit' from project 'BuildAnalyzer')
cd /Users/admin/builder/spi-builder-workspace/.swiftpm/xcode
builtin-SwiftPerFileCompile BuildManifestParser.swift
SwiftCompile normal arm64 Compiling\ Queue.swift /Users/admin/builder/spi-builder-workspace/Sources/BuildAnalyzerKit/DataStructure/Queue.swift (in target 'BuildAnalyzerKit' from project 'BuildAnalyzer')
SwiftCompile normal arm64 /Users/admin/builder/spi-builder-workspace/Sources/BuildAnalyzerKit/DataStructure/Queue.swift (in target 'BuildAnalyzerKit' from project 'BuildAnalyzer')
cd /Users/admin/builder/spi-builder-workspace/.swiftpm/xcode
builtin-SwiftPerFileCompile Queue.swift
SwiftCompile normal arm64 Compiling\ BuildGraphProjection.swift /Users/admin/builder/spi-builder-workspace/Sources/BuildAnalyzerKit/Projection/BuildGraphProjection.swift (in target 'BuildAnalyzerKit' from project 'BuildAnalyzer')
SwiftCompile normal arm64 /Users/admin/builder/spi-builder-workspace/Sources/BuildAnalyzerKit/Projection/BuildGraphProjection.swift (in target 'BuildAnalyzerKit' from project 'BuildAnalyzer')
cd /Users/admin/builder/spi-builder-workspace/.swiftpm/xcode
builtin-SwiftPerFileCompile BuildGraphProjection.swift
SwiftCompile normal arm64 Compiling\ BuildGraphProtocol+Expansion.swift /Users/admin/builder/spi-builder-workspace/Sources/BuildAnalyzerKit/Projection/BuildGraphProtocol+Expansion.swift (in target 'BuildAnalyzerKit' from project 'BuildAnalyzer')
SwiftCompile normal arm64 /Users/admin/builder/spi-builder-workspace/Sources/BuildAnalyzerKit/Projection/BuildGraphProtocol+Expansion.swift (in target 'BuildAnalyzerKit' from project 'BuildAnalyzer')
cd /Users/admin/builder/spi-builder-workspace/.swiftpm/xcode
builtin-SwiftPerFileCompile BuildGraphProtocol+Expansion.swift
SwiftCompile normal arm64 Compiling\ BuildGraphNodeTimingReader.swift /Users/admin/builder/spi-builder-workspace/Sources/BuildAnalyzerKit/Timing/BuildGraphNodeTimingReader.swift (in target 'BuildAnalyzerKit' from project 'BuildAnalyzer')
SwiftCompile normal arm64 /Users/admin/builder/spi-builder-workspace/Sources/BuildAnalyzerKit/Timing/BuildGraphNodeTimingReader.swift (in target 'BuildAnalyzerKit' from project 'BuildAnalyzer')
cd /Users/admin/builder/spi-builder-workspace/.swiftpm/xcode
builtin-SwiftPerFileCompile BuildGraphNodeTimingReader.swift
SwiftEmitModule normal arm64 Emitting\ module\ for\ BuildAnalyzerKit (in target 'BuildAnalyzerKit' from project 'BuildAnalyzer')
/Users/admin/builder/spi-builder-workspace/Sources/BuildAnalyzerKit/BuildGraphNodeKind.swift:4:5: warning: 'public' modifier is redundant for enum declared in a public extension
2 |
3 | public extension BuildGraphNode {
4 | public enum NodeType {
| `- warning: 'public' modifier is redundant for enum declared in a public extension
5 | // an actual command
6 | case command
SwiftCompile normal arm64 (in target 'BuildAnalyzerKit' from project 'BuildAnalyzer')
cd /Users/admin/builder/spi-builder-workspace/.swiftpm/xcode
SwiftCompile normal arm64 Compiling\ BuildGraphNodeTimingSqlReader.swift /Users/admin/builder/spi-builder-workspace/Sources/BuildAnalyzerKit/Timing/BuildGraphNodeTimingSqlReader.swift (in target 'BuildAnalyzerKit' from project 'BuildAnalyzer')
SwiftCompile normal arm64 /Users/admin/builder/spi-builder-workspace/Sources/BuildAnalyzerKit/Timing/BuildGraphNodeTimingSqlReader.swift (in target 'BuildAnalyzerKit' from project 'BuildAnalyzer')
cd /Users/admin/builder/spi-builder-workspace/.swiftpm/xcode
builtin-SwiftPerFileCompile BuildGraphNodeTimingSqlReader.swift
SwiftEmitModule normal arm64 Emitting\ module\ for\ CryptoSwift (in target 'CryptoSwift' from project 'CryptoSwift')
SwiftCompile normal arm64 (in target 'CryptoSwift' from project 'CryptoSwift')
cd /Users/admin/builder/spi-builder-workspace/.swiftpm/xcode
SwiftDriverJobDiscovery normal arm64 Compiling Queue.swift (in target 'BuildAnalyzerKit' from project 'BuildAnalyzer')
SwiftCompile normal arm64 Compiling\ NoPadding.swift,\ Operators.swift,\ DER.swift,\ PBKDF1.swift,\ PBKDF2.swift,\ PKCS1v15.swift,\ PKCS5.swift,\ PKCS7.swift,\ PKCS7Padding.swift,\ Padding.swift,\ Poly1305.swift /Users/admin/builder/spi-builder-workspace/.dependencies/checkouts/CryptoSwift/Sources/CryptoSwift/NoPadding.swift /Users/admin/builder/spi-builder-workspace/.dependencies/checkouts/CryptoSwift/Sources/CryptoSwift/Operators.swift /Users/admin/builder/spi-builder-workspace/.dependencies/checkouts/CryptoSwift/Sources/CryptoSwift/PEM/DER.swift /Users/admin/builder/spi-builder-workspace/.dependencies/checkouts/CryptoSwift/Sources/CryptoSwift/PKCS/PBKDF1.swift /Users/admin/builder/spi-builder-workspace/.dependencies/checkouts/CryptoSwift/Sources/CryptoSwift/PKCS/PBKDF2.swift /Users/admin/builder/spi-builder-workspace/.dependencies/checkouts/CryptoSwift/Sources/CryptoSwift/PKCS/PKCS1v15.swift /Users/admin/builder/spi-builder-workspace/.dependencies/checkouts/CryptoSwift/Sources/CryptoSwift/PKCS/PKCS5.swift /Users/admin/builder/spi-builder-workspace/.dependencies/checkouts/CryptoSwift/Sources/CryptoSwift/PKCS/PKCS7.swift /Users/admin/builder/spi-builder-workspace/.dependencies/checkouts/CryptoSwift/Sources/CryptoSwift/PKCS/PKCS7Padding.swift /Users/admin/builder/spi-builder-workspace/.dependencies/checkouts/CryptoSwift/Sources/CryptoSwift/Padding.swift /Users/admin/builder/spi-builder-workspace/.dependencies/checkouts/CryptoSwift/Sources/CryptoSwift/Poly1305.swift (in target 'CryptoSwift' from project 'CryptoSwift')
SwiftCompile normal arm64 /Users/admin/builder/spi-builder-workspace/.dependencies/checkouts/CryptoSwift/Sources/CryptoSwift/NoPadding.swift (in target 'CryptoSwift' from project 'CryptoSwift')
cd /Users/admin/builder/spi-builder-workspace/.swiftpm/xcode
builtin-SwiftPerFileCompile NoPadding.swift
SwiftCompile normal arm64 /Users/admin/builder/spi-builder-workspace/.dependencies/checkouts/CryptoSwift/Sources/CryptoSwift/Operators.swift (in target 'CryptoSwift' from project 'CryptoSwift')
cd /Users/admin/builder/spi-builder-workspace/.swiftpm/xcode
builtin-SwiftPerFileCompile Operators.swift
SwiftCompile normal arm64 /Users/admin/builder/spi-builder-workspace/.dependencies/checkouts/CryptoSwift/Sources/CryptoSwift/PEM/DER.swift (in target 'CryptoSwift' from project 'CryptoSwift')
cd /Users/admin/builder/spi-builder-workspace/.swiftpm/xcode
builtin-SwiftPerFileCompile DER.swift
SwiftCompile normal arm64 /Users/admin/builder/spi-builder-workspace/.dependencies/checkouts/CryptoSwift/Sources/CryptoSwift/PKCS/PBKDF1.swift (in target 'CryptoSwift' from project 'CryptoSwift')
cd /Users/admin/builder/spi-builder-workspace/.swiftpm/xcode
builtin-SwiftPerFileCompile PBKDF1.swift
SwiftCompile normal arm64 /Users/admin/builder/spi-builder-workspace/.dependencies/checkouts/CryptoSwift/Sources/CryptoSwift/PKCS/PBKDF2.swift (in target 'CryptoSwift' from project 'CryptoSwift')
cd /Users/admin/builder/spi-builder-workspace/.swiftpm/xcode
builtin-SwiftPerFileCompile PBKDF2.swift
SwiftCompile normal arm64 /Users/admin/builder/spi-builder-workspace/.dependencies/checkouts/CryptoSwift/Sources/CryptoSwift/PKCS/PKCS1v15.swift (in target 'CryptoSwift' from project 'CryptoSwift')
cd /Users/admin/builder/spi-builder-workspace/.swiftpm/xcode
builtin-SwiftPerFileCompile PKCS1v15.swift
SwiftCompile normal arm64 /Users/admin/builder/spi-builder-workspace/.dependencies/checkouts/CryptoSwift/Sources/CryptoSwift/PKCS/PKCS5.swift (in target 'CryptoSwift' from project 'CryptoSwift')
cd /Users/admin/builder/spi-builder-workspace/.swiftpm/xcode
builtin-SwiftPerFileCompile PKCS5.swift
SwiftCompile normal arm64 /Users/admin/builder/spi-builder-workspace/.dependencies/checkouts/CryptoSwift/Sources/CryptoSwift/PKCS/PKCS7.swift (in target 'CryptoSwift' from project 'CryptoSwift')
cd /Users/admin/builder/spi-builder-workspace/.swiftpm/xcode
builtin-SwiftPerFileCompile PKCS7.swift
SwiftCompile normal arm64 /Users/admin/builder/spi-builder-workspace/.dependencies/checkouts/CryptoSwift/Sources/CryptoSwift/PKCS/PKCS7Padding.swift (in target 'CryptoSwift' from project 'CryptoSwift')
cd /Users/admin/builder/spi-builder-workspace/.swiftpm/xcode
builtin-SwiftPerFileCompile PKCS7Padding.swift
SwiftCompile normal arm64 /Users/admin/builder/spi-builder-workspace/.dependencies/checkouts/CryptoSwift/Sources/CryptoSwift/Padding.swift (in target 'CryptoSwift' from project 'CryptoSwift')
cd /Users/admin/builder/spi-builder-workspace/.swiftpm/xcode
builtin-SwiftPerFileCompile Padding.swift
SwiftCompile normal arm64 /Users/admin/builder/spi-builder-workspace/.dependencies/checkouts/CryptoSwift/Sources/CryptoSwift/Poly1305.swift (in target 'CryptoSwift' from project 'CryptoSwift')
cd /Users/admin/builder/spi-builder-workspace/.swiftpm/xcode
builtin-SwiftPerFileCompile Poly1305.swift
SwiftDriverJobDiscovery normal arm64 Compiling BuildGraphNodeTimingReader.swift (in target 'BuildAnalyzerKit' from project 'BuildAnalyzer')
SwiftCompile normal arm64 Compiling\ RSA+Cipher.swift,\ RSA+Signature.swift,\ RSA.swift,\ Rabbit.swift,\ SHA1.swift,\ SHA2.swift,\ SHA3.swift,\ Scrypt.swift,\ SecureBytes.swift,\ Signature.swift,\ StreamDecryptor.swift /Users/admin/builder/spi-builder-workspace/.dependencies/checkouts/CryptoSwift/Sources/CryptoSwift/RSA/RSA+Cipher.swift /Users/admin/builder/spi-builder-workspace/.dependencies/checkouts/CryptoSwift/Sources/CryptoSwift/RSA/RSA+Signature.swift /Users/admin/builder/spi-builder-workspace/.dependencies/checkouts/CryptoSwift/Sources/CryptoSwift/RSA/RSA.swift /Users/admin/builder/spi-builder-workspace/.dependencies/checkouts/CryptoSwift/Sources/CryptoSwift/Rabbit.swift /Users/admin/builder/spi-builder-workspace/.dependencies/checkouts/CryptoSwift/Sources/CryptoSwift/SHA1.swift /Users/admin/builder/spi-builder-workspace/.dependencies/checkouts/CryptoSwift/Sources/CryptoSwift/SHA2.swift /Users/admin/builder/spi-builder-workspace/.dependencies/checkouts/CryptoSwift/Sources/CryptoSwift/SHA3.swift /Users/admin/builder/spi-builder-workspace/.dependencies/checkouts/CryptoSwift/Sources/CryptoSwift/Scrypt.swift /Users/admin/builder/spi-builder-workspace/.dependencies/checkouts/CryptoSwift/Sources/CryptoSwift/SecureBytes.swift /Users/admin/builder/spi-builder-workspace/.dependencies/checkouts/CryptoSwift/Sources/CryptoSwift/Signature.swift /Users/admin/builder/spi-builder-workspace/.dependencies/checkouts/CryptoSwift/Sources/CryptoSwift/StreamDecryptor.swift (in target 'CryptoSwift' from project 'CryptoSwift')
SwiftCompile normal arm64 /Users/admin/builder/spi-builder-workspace/.dependencies/checkouts/CryptoSwift/Sources/CryptoSwift/RSA/RSA+Cipher.swift (in target 'CryptoSwift' from project 'CryptoSwift')
cd /Users/admin/builder/spi-builder-workspace/.swiftpm/xcode
builtin-SwiftPerFileCompile RSA+Cipher.swift
SwiftCompile normal arm64 /Users/admin/builder/spi-builder-workspace/.dependencies/checkouts/CryptoSwift/Sources/CryptoSwift/RSA/RSA+Signature.swift (in target 'CryptoSwift' from project 'CryptoSwift')
cd /Users/admin/builder/spi-builder-workspace/.swiftpm/xcode
builtin-SwiftPerFileCompile RSA+Signature.swift
SwiftCompile normal arm64 /Users/admin/builder/spi-builder-workspace/.dependencies/checkouts/CryptoSwift/Sources/CryptoSwift/RSA/RSA.swift (in target 'CryptoSwift' from project 'CryptoSwift')
cd /Users/admin/builder/spi-builder-workspace/.swiftpm/xcode
builtin-SwiftPerFileCompile RSA.swift
SwiftCompile normal arm64 /Users/admin/builder/spi-builder-workspace/.dependencies/checkouts/CryptoSwift/Sources/CryptoSwift/Rabbit.swift (in target 'CryptoSwift' from project 'CryptoSwift')
cd /Users/admin/builder/spi-builder-workspace/.swiftpm/xcode
builtin-SwiftPerFileCompile Rabbit.swift
SwiftCompile normal arm64 /Users/admin/builder/spi-builder-workspace/.dependencies/checkouts/CryptoSwift/Sources/CryptoSwift/SHA1.swift (in target 'CryptoSwift' from project 'CryptoSwift')
cd /Users/admin/builder/spi-builder-workspace/.swiftpm/xcode
builtin-SwiftPerFileCompile SHA1.swift
SwiftCompile normal arm64 /Users/admin/builder/spi-builder-workspace/.dependencies/checkouts/CryptoSwift/Sources/CryptoSwift/SHA2.swift (in target 'CryptoSwift' from project 'CryptoSwift')
cd /Users/admin/builder/spi-builder-workspace/.swiftpm/xcode
builtin-SwiftPerFileCompile SHA2.swift
SwiftCompile normal arm64 /Users/admin/builder/spi-builder-workspace/.dependencies/checkouts/CryptoSwift/Sources/CryptoSwift/SHA3.swift (in target 'CryptoSwift' from project 'CryptoSwift')
cd /Users/admin/builder/spi-builder-workspace/.swiftpm/xcode
builtin-SwiftPerFileCompile SHA3.swift
SwiftCompile normal arm64 /Users/admin/builder/spi-builder-workspace/.dependencies/checkouts/CryptoSwift/Sources/CryptoSwift/Scrypt.swift (in target 'CryptoSwift' from project 'CryptoSwift')
cd /Users/admin/builder/spi-builder-workspace/.swiftpm/xcode
builtin-SwiftPerFileCompile Scrypt.swift
SwiftCompile normal arm64 /Users/admin/builder/spi-builder-workspace/.dependencies/checkouts/CryptoSwift/Sources/CryptoSwift/SecureBytes.swift (in target 'CryptoSwift' from project 'CryptoSwift')
cd /Users/admin/builder/spi-builder-workspace/.swiftpm/xcode
builtin-SwiftPerFileCompile SecureBytes.swift
SwiftCompile normal arm64 /Users/admin/builder/spi-builder-workspace/.dependencies/checkouts/CryptoSwift/Sources/CryptoSwift/Signature.swift (in target 'CryptoSwift' from project 'CryptoSwift')
cd /Users/admin/builder/spi-builder-workspace/.swiftpm/xcode
builtin-SwiftPerFileCompile Signature.swift
SwiftCompile normal arm64 /Users/admin/builder/spi-builder-workspace/.dependencies/checkouts/CryptoSwift/Sources/CryptoSwift/StreamDecryptor.swift (in target 'CryptoSwift' from project 'CryptoSwift')
cd /Users/admin/builder/spi-builder-workspace/.swiftpm/xcode
builtin-SwiftPerFileCompile StreamDecryptor.swift
SwiftDriverJobDiscovery normal arm64 Compiling BuildGraphNodeProjectionNode.swift (in target 'BuildAnalyzerKit' from project 'BuildAnalyzer')
PruneExplicitPrecompiledModules /Users/admin/builder/spi-builder-workspace/.derivedData/Build/Intermediates.noindex/ExplicitPrecompiledModules
PruneExplicitPrecompiledModules /Users/admin/builder/spi-builder-workspace/.derivedData/SDKExplicitPrecompiledModules
PruneExplicitPrecompiledModules /Users/admin/builder/spi-builder-workspace/.derivedData/Build/Intermediates.noindex/SwiftExplicitPrecompiledModules
2026-09-19 14:04:02.889 xcodebuild[747:4537] [MT] IDERunDestination: Supported platforms for the buildables in the current scheme is empty.
** BUILD FAILED **
The following build commands failed:
SwiftCompile normal arm64 /Users/admin/builder/spi-builder-workspace/Sources/BuildAnalyzerKit/BuildGraphNodeKind.swift (in target 'BuildAnalyzerKit' from project 'BuildAnalyzer')
SwiftCompile normal arm64 Compiling\ BuildGraphNode.swift,\ BuildGraphNodeKind.swift /Users/admin/builder/spi-builder-workspace/Sources/BuildAnalyzerKit/BuildGraphNode.swift /Users/admin/builder/spi-builder-workspace/Sources/BuildAnalyzerKit/BuildGraphNodeKind.swift (in target 'BuildAnalyzerKit' from project 'BuildAnalyzer')
Building workspace BuildAnalyzer with scheme BuildAnalyzer-Package
(3 failures)
Command line invocation:
/Applications/Xcode-27.0.0-Release.Candidate.app/Contents/Developer/usr/bin/xcodebuild -IDEClonedSourcePackagesDirPathOverride=/Users/admin/builder/spi-builder-workspace/.dependencies -resolvePackageDependencies
Resolve Package Graph
Resolved source packages:
BuildAnalyzer: /Users/admin/builder/spi-builder-workspace
CryptoSwift: https://github.com/krzyzanowskim/CryptoSwift.git @ 1.10.0
SQLite.swift: https://github.com/stephencelis/SQLite.swift.git @ 0.16.0
resolved source packages: BuildAnalyzer, CryptoSwift, SQLite.swift
2026-09-19 14:04:10.290 xcodebuild[846:5160] [MT] IDERunDestination: Supported platforms for the buildables in the current scheme is empty.
{
"dependencies" : [
{
"identity" : "sqlite.swift",
"requirement" : {
"range" : [
{
"lower_bound" : "0.14.1",
"upper_bound" : "1.0.0"
}
]
},
"type" : "sourceControl",
"url" : "https://github.com/stephencelis/SQLite.swift.git"
},
{
"identity" : "cryptoswift",
"requirement" : {
"range" : [
{
"lower_bound" : "1.3.3",
"upper_bound" : "2.0.0"
}
]
},
"type" : "sourceControl",
"url" : "https://github.com/krzyzanowskim/CryptoSwift.git"
}
],
"manifest_display_name" : "BuildAnalyzer",
"name" : "BuildAnalyzer",
"path" : "/Users/admin/builder/spi-builder-workspace",
"platforms" : [
{
"name" : "macos",
"version" : "13.0"
}
],
"products" : [
{
"name" : "BuildAnalyzerKit",
"targets" : [
"BuildAnalyzerKit"
],
"type" : {
"library" : [
"automatic"
]
}
},
{
"name" : "GraphKit",
"targets" : [
"GraphKit"
],
"type" : {
"library" : [
"automatic"
]
}
},
{
"name" : "XcodeHasher",
"targets" : [
"XcodeHasher"
],
"type" : {
"library" : [
"automatic"
]
}
}
],
"targets" : [
{
"c99name" : "XcodeHasher",
"module_type" : "SwiftTarget",
"name" : "XcodeHasher",
"path" : "Sources/XcodeHasher",
"product_dependencies" : [
"CryptoSwift"
],
"product_memberships" : [
"XcodeHasher"
],
"sources" : [
"XcodeHasher.swift"
],
"type" : "library"
},
{
"c99name" : "GraphKitTests",
"module_type" : "SwiftTarget",
"name" : "GraphKitTests",
"path" : "Tests/GraphKitTests",
"sources" : [
"StartingFileTests.swift"
],
"target_dependencies" : [
"GraphKit"
],
"type" : "test"
},
{
"c99name" : "GraphKit",
"module_type" : "SwiftTarget",
"name" : "GraphKit",
"path" : "Sources/GraphKit",
"product_memberships" : [
"GraphKit"
],
"sources" : [
"D3Projector.swift"
],
"type" : "library"
},
{
"c99name" : "BuildAnalyzerKitTests",
"module_type" : "SwiftTarget",
"name" : "BuildAnalyzerKitTests",
"path" : "Tests/BuildAnalyzerKitTests",
"sources" : [
"AnalyzerTests.swift",
"BuildGraphNodeKindTests.swift"
],
"target_dependencies" : [
"BuildAnalyzerKit"
],
"type" : "test"
},
{
"c99name" : "BuildAnalyzerKit",
"module_type" : "SwiftTarget",
"name" : "BuildAnalyzerKit",
"path" : "Sources/BuildAnalyzerKit",
"product_dependencies" : [
"SQLite"
],
"product_memberships" : [
"BuildAnalyzerKit"
],
"sources" : [
"BuildGraph.swift",
"BuildGraphGenerator.swift",
"BuildGraphNode.swift",
"BuildGraphNodeKind.swift",
"BuildGraphProtocol.swift",
"BuildManifestParser.swift",
"DataStructure/Queue.swift",
"Projection/BuildGraphNodeProjectionNode.swift",
"Projection/BuildGraphProjection.swift",
"Projection/BuildGraphProjectionExpansion.swift",
"Projection/BuildGraphProtocol+Expansion.swift",
"Timing/BuildGraphNodeTimingReader.swift",
"Timing/BuildGraphNodeTimingSqlReader.swift"
],
"type" : "library"
}
],
"tools_version" : "5.9"
}
{
"workspace" : {
"name" : "BuildAnalyzer",
"schemes" : [
"BuildAnalyzer-Package",
"BuildAnalyzerKit",
"GraphKit",
"XcodeHasher"
]
}
}
2026-09-19 14:04:11.565 xcodebuild[854:5229] [MT] IDERunDestination: Supported platforms for the buildables in the current scheme is empty.
Running build ...
env DEVELOPER_DIR=/Applications/Xcode-27.0.0-Release.Candidate.app xcrun xcodebuild -IDEClonedSourcePackagesDirPathOverride=$PWD/.dependencies -skipMacroValidation -skipPackagePluginValidation -derivedDataPath $PWD/.derivedData build -scheme BuildAnalyzer-Package -destination generic/platform=tvOS
Command line invocation:
/Applications/Xcode-27.0.0-Release.Candidate.app/Contents/Developer/usr/bin/xcodebuild -IDEClonedSourcePackagesDirPathOverride=/Users/admin/builder/spi-builder-workspace/.dependencies -skipMacroValidation -skipPackagePluginValidation -derivedDataPath /Users/admin/builder/spi-builder-workspace/.derivedData build -scheme BuildAnalyzer-Package -destination generic/platform=tvOS
Resolve Package Graph
Resolved source packages:
CryptoSwift: https://github.com/krzyzanowskim/CryptoSwift.git @ 1.10.0
SQLite.swift: https://github.com/stephencelis/SQLite.swift.git @ 0.16.0
BuildAnalyzer: /Users/admin/builder/spi-builder-workspace
ComputePackagePrebuildTargetDependencyGraph
Prepare packages
CreateBuildRequest
SendProjectDescription
CreateBuildOperation
ComputeTargetDependencyGraph
note: Building targets in dependency order
note: Target dependency graph (13 targets)
Target 'XcodeHasher-product' in project 'BuildAnalyzer'
➜ Explicit dependency on target 'XcodeHasher' in project 'BuildAnalyzer'
➜ Explicit dependency on target 'CryptoSwift-product' in project 'CryptoSwift'
Target 'XcodeHasher' in project 'BuildAnalyzer'
➜ Explicit dependency on target 'CryptoSwift-product' in project 'CryptoSwift'
Target 'CryptoSwift-product' in project 'CryptoSwift'
➜ Explicit dependency on target 'CryptoSwift' in project 'CryptoSwift'
➜ Explicit dependency on target 'CryptoSwiftResources' in project 'CryptoSwift'
Target 'CryptoSwift' in project 'CryptoSwift'
➜ Explicit dependency on target 'CryptoSwiftResources' in project 'CryptoSwift'
Target 'CryptoSwiftResources' in project 'CryptoSwift'
➜ Explicit dependency on target 'CryptoSwift_CryptoSwiftResources' in project 'CryptoSwift'
Target 'CryptoSwift_CryptoSwiftResources' in project 'CryptoSwift' (no dependencies)
Target 'GraphKit-product' in project 'BuildAnalyzer'
➜ Explicit dependency on target 'GraphKit' in project 'BuildAnalyzer'
Target 'GraphKit' in project 'BuildAnalyzer' (no dependencies)
Target 'BuildAnalyzerKit-product' in project 'BuildAnalyzer'
➜ Explicit dependency on target 'BuildAnalyzerKit' in project 'BuildAnalyzer'
➜ Explicit dependency on target 'SQLite-product' in project 'SQLite.swift'
Target 'BuildAnalyzerKit' in project 'BuildAnalyzer'
➜ Explicit dependency on target 'SQLite-product' in project 'SQLite.swift'
Target 'SQLite-product' in project 'SQLite.swift'
➜ Explicit dependency on target 'SQLite' in project 'SQLite.swift'
➜ Explicit dependency on target 'SQLite.swift_SQLite' in project 'SQLite.swift'
Target 'SQLite' in project 'SQLite.swift'
➜ Explicit dependency on target 'SQLite.swift_SQLite' in project 'SQLite.swift'
Target 'SQLite.swift_SQLite' in project 'SQLite.swift' (no dependencies)
GatherProvisioningInputs
CreateBuildDescription
ClangStatCache /Applications/Xcode-27.0.0-Release.Candidate.app/Contents/Developer/Toolchains/XcodeDefault.xctoolchain/usr/bin/clang-stat-cache /Applications/Xcode-27.0.0-Release.Candidate.app/Contents/Developer/Platforms/AppleTVOS.platform/Developer/SDKs/AppleTVOS27.0.sdk /Users/admin/builder/spi-builder-workspace/.derivedData/SDKStatCaches.noindex/appletvos27.0-24J360-e829b21a6f8c9b70876ba0858053c044b32bfd8d43560033f8d89884cdb90028.sdkstatcache
cd /Users/admin/builder/spi-builder-workspace/.swiftpm/xcode
/Applications/Xcode-27.0.0-Release.Candidate.app/Contents/Developer/Toolchains/XcodeDefault.xctoolchain/usr/bin/clang-stat-cache /Applications/Xcode-27.0.0-Release.Candidate.app/Contents/Developer/Platforms/AppleTVOS.platform/Developer/SDKs/AppleTVOS27.0.sdk -o /Users/admin/builder/spi-builder-workspace/.derivedData/SDKStatCaches.noindex/appletvos27.0-24J360-e829b21a6f8c9b70876ba0858053c044b32bfd8d43560033f8d89884cdb90028.sdkstatcache
SwiftDriver BuildAnalyzerKit normal arm64 com.apple.xcode.tools.swift.compiler (in target 'BuildAnalyzerKit' from project 'BuildAnalyzer')
cd /Users/admin/builder/spi-builder-workspace/.swiftpm/xcode
builtin-SwiftDriver -- /Applications/Xcode-27.0.0-Release.Candidate.app/Contents/Developer/Toolchains/XcodeDefault.xctoolchain/usr/bin/swiftc -parse-as-library -module-name BuildAnalyzerKit -Onone @/Users/admin/builder/spi-builder-workspace/.derivedData/Build/Intermediates.noindex/BuildAnalyzer.build/Debug-appletvos/BuildAnalyzerKit-t.build/Objects-normal/arm64/BuildAnalyzerKit.SwiftFileList -DSWIFT_PACKAGE -DDEBUG -DSWIFT_MODULE_RESOURCE_BUNDLE_UNAVAILABLE -DXcode -enable-upcoming-feature BareSlashRegexLiterals -plugin-path /Applications/Xcode-27.0.0-Release.Candidate.app/Contents/Developer/Toolchains/XcodeDefault.xctoolchain/usr/lib/swift/host/plugins/testing -enable-experimental-feature DebugDescriptionMacro -sdk /Applications/Xcode-27.0.0-Release.Candidate.app/Contents/Developer/Platforms/AppleTVOS.platform/Developer/SDKs/AppleTVOS27.0.sdk -target arm64-apple-tvos15.0 -g -module-cache-path /Users/admin/builder/spi-builder-workspace/.derivedData/ModuleCache.noindex -Xfrontend -serialize-debugging-options -profile-coverage-mapping -profile-generate -enable-testing -index-store-path /Users/admin/builder/spi-builder-workspace/.derivedData/Index.noindex/DataStore -Xcc -D_LIBCPP_HARDENING_MODE\=_LIBCPP_HARDENING_MODE_DEBUG -swift-version 5 -I /Users/admin/builder/spi-builder-workspace/.derivedData/Build/Products/Debug-appletvos -Isystem /Applications/Xcode-27.0.0-Release.Candidate.app/Contents/Developer/Platforms/AppleTVOS.platform/Developer/usr/lib -F /Users/admin/builder/spi-builder-workspace/.derivedData/Build/Products/Debug-appletvos/PackageFrameworks -F /Users/admin/builder/spi-builder-workspace/.derivedData/Build/Products/Debug-appletvos -F /Applications/Xcode-27.0.0-Release.Candidate.app/Contents/Developer/Platforms/AppleTVOS.platform/Developer/Library/Frameworks -F /Applications/Xcode-27.0.0-Release.Candidate.app/Contents/Developer/Platforms/AppleTVOS.platform/Developer/SDKs/AppleTVOS27.0.sdk/Developer/Library/Frameworks -c -j10 -enable-batch-mode -incremental -Xcc -ivfsstatcache -Xcc /Users/admin/builder/spi-builder-workspace/.derivedData/SDKStatCaches.noindex/appletvos27.0-24J360-e829b21a6f8c9b70876ba0858053c044b32bfd8d43560033f8d89884cdb90028.sdkstatcache -output-file-map /Users/admin/builder/spi-builder-workspace/.derivedData/Build/Intermediates.noindex/BuildAnalyzer.build/Debug-appletvos/BuildAnalyzerKit-t.build/Objects-normal/arm64/BuildAnalyzerKit-OutputFileMap.json -save-temps -no-color-diagnostics -explicit-module-build -module-cache-path /Users/admin/builder/spi-builder-workspace/.derivedData/Build/Intermediates.noindex/SwiftExplicitPrecompiledModules -clang-scanner-module-cache-path /Users/admin/builder/spi-builder-workspace/.derivedData/ModuleCache.noindex -sdk-module-cache-path /Users/admin/builder/spi-builder-workspace/.derivedData/SDKExplicitPrecompiledModules -emit-dependencies -emit-module -emit-module-path /Users/admin/builder/spi-builder-workspace/.derivedData/Build/Intermediates.noindex/BuildAnalyzer.build/Debug-appletvos/BuildAnalyzerKit-t.build/Objects-normal/arm64/BuildAnalyzerKit.swiftmodule -serialize-diagnostics -dependency-scan-serialize-diagnostics-path /Users/admin/builder/spi-builder-workspace/.derivedData/Build/Intermediates.noindex/BuildAnalyzer.build/Debug-appletvos/BuildAnalyzerKit-t.build/Objects-normal/arm64/BuildAnalyzerKit-dependency-scan.dia -validate-clang-modules-once -clang-build-session-file /Users/admin/builder/spi-builder-workspace/.derivedData/ModuleCache.noindex/Session.modulevalidation -Xcc -fmodules-prune-interval\=86400 -Xcc -fmodules-prune-after\=345600 -package-name spi_builder_workspace -emit-const-values -const-gather-protocols-list /Users/admin/builder/spi-builder-workspace/.derivedData/Build/Intermediates.noindex/BuildAnalyzer.build/Debug-appletvos/BuildAnalyzerKit-t.build/Objects-normal/arm64/BuildAnalyzerKit_const_extract_protocols.json -Xcc -I/Users/admin/builder/spi-builder-workspace/.derivedData/Build/Products/Debug-appletvos/include -Xcc -I/Users/admin/builder/spi-builder-workspace/.derivedData/Build/Intermediates.noindex/BuildAnalyzer.build/Debug-appletvos/BuildAnalyzerKit-t.build/DerivedSources-normal/arm64 -Xcc -I/Users/admin/builder/spi-builder-workspace/.derivedData/Build/Intermediates.noindex/BuildAnalyzer.build/Debug-appletvos/BuildAnalyzerKit-t.build/DerivedSources/arm64 -Xcc -I/Users/admin/builder/spi-builder-workspace/.derivedData/Build/Intermediates.noindex/BuildAnalyzer.build/Debug-appletvos/BuildAnalyzerKit-t.build/DerivedSources -Xcc -DSWIFT_PACKAGE -Xcc -DDEBUG\=1 -emit-objc-header -emit-objc-header-path /Users/admin/builder/spi-builder-workspace/.derivedData/Build/Intermediates.noindex/BuildAnalyzer.build/Debug-appletvos/BuildAnalyzerKit-t.build/Objects-normal/arm64/BuildAnalyzerKit-Swift.h -working-directory /Users/admin/builder/spi-builder-workspace/.swiftpm/xcode -experimental-emit-module-separately -disable-cmo
SwiftDriver CryptoSwift normal arm64 com.apple.xcode.tools.swift.compiler (in target 'CryptoSwift' from project 'CryptoSwift')
cd /Users/admin/builder/spi-builder-workspace/.swiftpm/xcode
builtin-SwiftDriver -- /Applications/Xcode-27.0.0-Release.Candidate.app/Contents/Developer/Toolchains/XcodeDefault.xctoolchain/usr/bin/swiftc -parse-as-library -module-name CryptoSwift -Onone @/Users/admin/builder/spi-builder-workspace/.derivedData/Build/Intermediates.noindex/CryptoSwift.build/Debug-appletvos/CryptoSwift-t.build/Objects-normal/arm64/CryptoSwift.SwiftFileList -DSWIFT_PACKAGE -DDEBUG -DSWIFT_MODULE_RESOURCE_BUNDLE_UNAVAILABLE -DXcode -plugin-path /Applications/Xcode-27.0.0-Release.Candidate.app/Contents/Developer/Toolchains/XcodeDefault.xctoolchain/usr/lib/swift/host/plugins/testing -enable-experimental-feature DebugDescriptionMacro -sdk /Applications/Xcode-27.0.0-Release.Candidate.app/Contents/Developer/Platforms/AppleTVOS.platform/Developer/SDKs/AppleTVOS27.0.sdk -target arm64-apple-tvos15.0 -g -module-cache-path /Users/admin/builder/spi-builder-workspace/.derivedData/ModuleCache.noindex -Xfrontend -serialize-debugging-options -profile-coverage-mapping -profile-generate -enable-testing -suppress-warnings -index-store-path /Users/admin/builder/spi-builder-workspace/.derivedData/Index.noindex/DataStore -Xcc -D_LIBCPP_HARDENING_MODE\=_LIBCPP_HARDENING_MODE_DEBUG -swift-version 5 -I /Users/admin/builder/spi-builder-workspace/.derivedData/Build/Products/Debug-appletvos -Isystem /Applications/Xcode-27.0.0-Release.Candidate.app/Contents/Developer/Platforms/AppleTVOS.platform/Developer/usr/lib -F /Users/admin/builder/spi-builder-workspace/.derivedData/Build/Products/Debug-appletvos/PackageFrameworks -F /Users/admin/builder/spi-builder-workspace/.derivedData/Build/Products/Debug-appletvos -F /Applications/Xcode-27.0.0-Release.Candidate.app/Contents/Developer/Platforms/AppleTVOS.platform/Developer/Library/Frameworks -F /Applications/Xcode-27.0.0-Release.Candidate.app/Contents/Developer/Platforms/AppleTVOS.platform/Developer/SDKs/AppleTVOS27.0.sdk/Developer/Library/Frameworks -c -j10 -enable-batch-mode -incremental -Xcc -ivfsstatcache -Xcc /Users/admin/builder/spi-builder-workspace/.derivedData/SDKStatCaches.noindex/appletvos27.0-24J360-e829b21a6f8c9b70876ba0858053c044b32bfd8d43560033f8d89884cdb90028.sdkstatcache -output-file-map /Users/admin/builder/spi-builder-workspace/.derivedData/Build/Intermediates.noindex/CryptoSwift.build/Debug-appletvos/CryptoSwift-t.build/Objects-normal/arm64/CryptoSwift-OutputFileMap.json -save-temps -no-color-diagnostics -explicit-module-build -module-cache-path /Users/admin/builder/spi-builder-workspace/.derivedData/Build/Intermediates.noindex/SwiftExplicitPrecompiledModules -clang-scanner-module-cache-path /Users/admin/builder/spi-builder-workspace/.derivedData/ModuleCache.noindex -sdk-module-cache-path /Users/admin/builder/spi-builder-workspace/.derivedData/SDKExplicitPrecompiledModules -emit-dependencies -emit-module -emit-module-path /Users/admin/builder/spi-builder-workspace/.derivedData/Build/Intermediates.noindex/CryptoSwift.build/Debug-appletvos/CryptoSwift-t.build/Objects-normal/arm64/CryptoSwift.swiftmodule -serialize-diagnostics -dependency-scan-serialize-diagnostics-path /Users/admin/builder/spi-builder-workspace/.derivedData/Build/Intermediates.noindex/CryptoSwift.build/Debug-appletvos/CryptoSwift-t.build/Objects-normal/arm64/CryptoSwift-dependency-scan.dia -validate-clang-modules-once -clang-build-session-file /Users/admin/builder/spi-builder-workspace/.derivedData/ModuleCache.noindex/Session.modulevalidation -Xcc -fmodules-prune-interval\=86400 -Xcc -fmodules-prune-after\=345600 -emit-const-values -const-gather-protocols-list /Users/admin/builder/spi-builder-workspace/.derivedData/Build/Intermediates.noindex/CryptoSwift.build/Debug-appletvos/CryptoSwift-t.build/Objects-normal/arm64/CryptoSwift_const_extract_protocols.json -Xcc -I/Users/admin/builder/spi-builder-workspace/.derivedData/Build/Products/Debug-appletvos/include -Xcc -I/Users/admin/builder/spi-builder-workspace/.derivedData/Build/Intermediates.noindex/CryptoSwift.build/Debug-appletvos/CryptoSwift-t.build/DerivedSources-normal/arm64 -Xcc -I/Users/admin/builder/spi-builder-workspace/.derivedData/Build/Intermediates.noindex/CryptoSwift.build/Debug-appletvos/CryptoSwift-t.build/DerivedSources/arm64 -Xcc -I/Users/admin/builder/spi-builder-workspace/.derivedData/Build/Intermediates.noindex/CryptoSwift.build/Debug-appletvos/CryptoSwift-t.build/DerivedSources -Xcc -DSWIFT_PACKAGE -Xcc -DDEBUG\=1 -emit-objc-header -emit-objc-header-path /Users/admin/builder/spi-builder-workspace/.derivedData/Build/Intermediates.noindex/CryptoSwift.build/Debug-appletvos/CryptoSwift-t.build/Objects-normal/arm64/CryptoSwift-Swift.h -working-directory /Users/admin/builder/spi-builder-workspace/.swiftpm/xcode -experimental-emit-module-separately -disable-cmo
SwiftCompile normal arm64 Compiling\ BuildGraphNode.swift /Users/admin/builder/spi-builder-workspace/Sources/BuildAnalyzerKit/BuildGraphNode.swift (in target 'BuildAnalyzerKit' from project 'BuildAnalyzer')
SwiftCompile normal arm64 /Users/admin/builder/spi-builder-workspace/Sources/BuildAnalyzerKit/BuildGraphNode.swift (in target 'BuildAnalyzerKit' from project 'BuildAnalyzer')
cd /Users/admin/builder/spi-builder-workspace/.swiftpm/xcode
builtin-SwiftPerFileCompile BuildGraphNode.swift
SwiftCompile normal arm64 Compiling\ BuildGraphNodeKind.swift /Users/admin/builder/spi-builder-workspace/Sources/BuildAnalyzerKit/BuildGraphNodeKind.swift (in target 'BuildAnalyzerKit' from project 'BuildAnalyzer')
/Users/admin/builder/spi-builder-workspace/Sources/BuildAnalyzerKit/BuildGraphNodeKind.swift:4:5: warning: 'public' modifier is redundant for enum declared in a public extension
2 |
3 | public extension BuildGraphNode {
4 | public enum NodeType {
| `- warning: 'public' modifier is redundant for enum declared in a public extension
5 | // an actual command
6 | case command
/Users/admin/builder/spi-builder-workspace/Sources/BuildAnalyzerKit/BuildGraphNodeKind.swift:132:1: warning: extension declares a conformance of imported type 'Array' to imported protocol 'Comparable'; this will not behave correctly if the owners of 'Swift' introduce this conformance in the future
130 | }
131 |
132 | extension Array<String>: Comparable {
| |- warning: extension declares a conformance of imported type 'Array' to imported protocol 'Comparable'; this will not behave correctly if the owners of 'Swift' introduce this conformance in the future
| `- note: add '@retroactive' to silence this warning
133 | public static func < (lhs: Array<Element>, rhs: Array<Element>) -> Bool {
134 | guard let l = lhs.first, let r = rhs.first else {
/Users/admin/builder/spi-builder-workspace/Sources/BuildAnalyzerKit/BuildGraphNodeKind.swift:73:44: error: 'Regex' is only available in tvOS 16.0 or newer
8 | case node
9 | }
10 | indirect enum Kind: Hashable, Comparable {
| `- note: add '@available' attribute to enclosing enum
11 | // Group of the kind - used to group all nodes in the Hierarchy outline (left pane)
12 | public enum Group: Comparable {
:
64 | }
65 |
66 | public static func generateKind(name: String) -> Kind {
| `- note: add '@available' attribute to enclosing static method
67 | do {
68 | if name.first == "/" {
:
71 | } else if name == "<all>" {
72 | return .end
73 | } else if let result = try /P(?<index>\d+):(?<some>.*):(?<configuration>[^:]*):Gate (?<gateName>.+)/.firstMatch(in: name) {
| |- error: 'Regex' is only available in tvOS 16.0 or newer
| `- note: add 'if #available' version check
74 | // e.g. P0:::Gate target-XcodeHasher-PACKAGE-TARGET:XcodeHasher-SDKROOT:macosx:SDK_VARIANT:macos-SwiftStandardLibrariesTaskProducer
75 | // e.g. P0:target-BuildAnalyzer-be0c796e7ab161295c9e11c90ddae75a2b86e3aa1cc2f374c8ee86a36d7adc00-:Debug:Gate target-BuildAnalyzer-be0c796e7ab161295c9e11c90ddae75a2b86e3aa1cc2f374c8ee86a36d7adc00--entry
/Users/admin/builder/spi-builder-workspace/Sources/BuildAnalyzerKit/BuildGraphNodeKind.swift:73:118: error: 'firstMatch(in:)' is only available in tvOS 16.0 or newer
8 | case node
9 | }
10 | indirect enum Kind: Hashable, Comparable {
| `- note: add '@available' attribute to enclosing enum
11 | // Group of the kind - used to group all nodes in the Hierarchy outline (left pane)
12 | public enum Group: Comparable {
:
64 | }
65 |
66 | public static func generateKind(name: String) -> Kind {
| `- note: add '@available' attribute to enclosing static method
67 | do {
68 | if name.first == "/" {
:
71 | } else if name == "<all>" {
72 | return .end
73 | } else if let result = try /P(?<index>\d+):(?<some>.*):(?<configuration>[^:]*):Gate (?<gateName>.+)/.firstMatch(in: name) {
| |- error: 'firstMatch(in:)' is only available in tvOS 16.0 or newer
| `- note: add 'if #available' version check
74 | // e.g. P0:::Gate target-XcodeHasher-PACKAGE-TARGET:XcodeHasher-SDKROOT:macosx:SDK_VARIANT:macos-SwiftStandardLibrariesTaskProducer
75 | // e.g. P0:target-BuildAnalyzer-be0c796e7ab161295c9e11c90ddae75a2b86e3aa1cc2f374c8ee86a36d7adc00-:Debug:Gate target-BuildAnalyzer-be0c796e7ab161295c9e11c90ddae75a2b86e3aa1cc2f374c8ee86a36d7adc00--entry
/Users/admin/builder/spi-builder-workspace/Sources/BuildAnalyzerKit/BuildGraphNodeKind.swift:76:36: error: 'output' is only available in tvOS 16.0 or newer
8 | case node
9 | }
10 | indirect enum Kind: Hashable, Comparable {
| `- note: add '@available' attribute to enclosing enum
11 | // Group of the kind - used to group all nodes in the Hierarchy outline (left pane)
12 | public enum Group: Comparable {
:
64 | }
65 |
66 | public static func generateKind(name: String) -> Kind {
| `- note: add '@available' attribute to enclosing static method
67 | do {
68 | if name.first == "/" {
:
74 | // e.g. P0:::Gate target-XcodeHasher-PACKAGE-TARGET:XcodeHasher-SDKROOT:macosx:SDK_VARIANT:macos-SwiftStandardLibrariesTaskProducer
75 | // e.g. P0:target-BuildAnalyzer-be0c796e7ab161295c9e11c90ddae75a2b86e3aa1cc2f374c8ee86a36d7adc00-:Debug:Gate target-BuildAnalyzer-be0c796e7ab161295c9e11c90ddae75a2b86e3aa1cc2f374c8ee86a36d7adc00--entry
76 | let o = result.output
| |- error: 'output' is only available in tvOS 16.0 or newer
| `- note: add 'if #available' version check
77 | // wrap the "gate" into <> to match the expected format in generateKind
78 | let gateKind = generateKind(name: "<\(o.gateName)>")
/Users/admin/builder/spi-builder-workspace/Sources/BuildAnalyzerKit/BuildGraphNodeKind.swift:80:44: error: 'Regex' is only available in tvOS 16.0 or newer
8 | case node
9 | }
10 | indirect enum Kind: Hashable, Comparable {
| `- note: add '@available' attribute to enclosing enum
11 | // Group of the kind - used to group all nodes in the Hierarchy outline (left pane)
12 | public enum Group: Comparable {
:
64 | }
65 |
66 | public static func generateKind(name: String) -> Kind {
| `- note: add '@available' attribute to enclosing static method
67 | do {
68 | if name.first == "/" {
:
78 | let gateKind = generateKind(name: "<\(o.gateName)>")
79 | return .gate(index: Int(o.index) ?? 0, kind: gateKind)
80 | } else if let result = try /P(?<index>\d+):(target-(?<target>[^-]+)-(?<some>.*))?:(?<configuration>[^:]*):(?<stepName>\S+)(?: (?<args>.+))?/.firstMatch(in: name) {
| |- error: 'Regex' is only available in tvOS 16.0 or newer
| `- note: add 'if #available' version check
81 | // e.g. P0:::CreateBuildDirectory /Some/DerivedData/BuildAnalyzer/Build/Intermediates.noindex
82 | // P0:target-BuildAnalyzer-be0c796e7ab161295c9e11c90ddae75a2b86e3aa1cc2f374c8ee86a36d7adc00-:Debug:CpResource /Users/bartosz/Development/BuildAnalyzer/DerivedData/BuildAnalyzer/Build/Products/Debug/BuildAnalyzer.app/Contents/Resources/img /Users/bartosz/Development/BuildAnalyzer/BuildAnalyzer/Resources/img
/Users/admin/builder/spi-builder-workspace/Sources/BuildAnalyzerKit/BuildGraphNodeKind.swift:80:158: error: 'firstMatch(in:)' is only available in tvOS 16.0 or newer
8 | case node
9 | }
10 | indirect enum Kind: Hashable, Comparable {
| `- note: add '@available' attribute to enclosing enum
11 | // Group of the kind - used to group all nodes in the Hierarchy outline (left pane)
12 | public enum Group: Comparable {
:
64 | }
65 |
66 | public static func generateKind(name: String) -> Kind {
| `- note: add '@available' attribute to enclosing static method
67 | do {
68 | if name.first == "/" {
:
78 | let gateKind = generateKind(name: "<\(o.gateName)>")
79 | return .gate(index: Int(o.index) ?? 0, kind: gateKind)
80 | } else if let result = try /P(?<index>\d+):(target-(?<target>[^-]+)-(?<some>.*))?:(?<configuration>[^:]*):(?<stepName>\S+)(?: (?<args>.+))?/.firstMatch(in: name) {
| |- error: 'firstMatch(in:)' is only available in tvOS 16.0 or newer
| `- note: add 'if #available' version check
81 | // e.g. P0:::CreateBuildDirectory /Some/DerivedData/BuildAnalyzer/Build/Intermediates.noindex
82 | // P0:target-BuildAnalyzer-be0c796e7ab161295c9e11c90ddae75a2b86e3aa1cc2f374c8ee86a36d7adc00-:Debug:CpResource /Users/bartosz/Development/BuildAnalyzer/DerivedData/BuildAnalyzer/Build/Products/Debug/BuildAnalyzer.app/Contents/Resources/img /Users/bartosz/Development/BuildAnalyzer/BuildAnalyzer/Resources/img
/Users/admin/builder/spi-builder-workspace/Sources/BuildAnalyzerKit/BuildGraphNodeKind.swift:84:36: error: 'output' is only available in tvOS 16.0 or newer
8 | case node
9 | }
10 | indirect enum Kind: Hashable, Comparable {
| `- note: add '@available' attribute to enclosing enum
11 | // Group of the kind - used to group all nodes in the Hierarchy outline (left pane)
12 | public enum Group: Comparable {
:
64 | }
65 |
66 | public static func generateKind(name: String) -> Kind {
| `- note: add '@available' attribute to enclosing static method
67 | do {
68 | if name.first == "/" {
:
82 | // P0:target-BuildAnalyzer-be0c796e7ab161295c9e11c90ddae75a2b86e3aa1cc2f374c8ee86a36d7adc00-:Debug:CpResource /Users/bartosz/Development/BuildAnalyzer/DerivedData/BuildAnalyzer/Build/Products/Debug/BuildAnalyzer.app/Contents/Resources/img /Users/bartosz/Development/BuildAnalyzer/BuildAnalyzer/Resources/img
83 |
84 | let o = result.output
| |- error: 'output' is only available in tvOS 16.0 or newer
| `- note: add 'if #available' version check
85 | // wrap the "gate" into <> to match the expected format in generateKind
86 | return .command(stepName: String(o.stepName), args:o.args?.components(separatedBy: " ") ?? [], target: String(o.target ?? ""))
/Users/admin/builder/spi-builder-workspace/Sources/BuildAnalyzerKit/BuildGraphNodeKind.swift:87:44: error: 'Regex' is only available in tvOS 16.0 or newer
8 | case node
9 | }
10 | indirect enum Kind: Hashable, Comparable {
| `- note: add '@available' attribute to enclosing enum
11 | // Group of the kind - used to group all nodes in the Hierarchy outline (left pane)
12 | public enum Group: Comparable {
:
64 | }
65 |
66 | public static func generateKind(name: String) -> Kind {
| `- note: add '@available' attribute to enclosing static method
67 | do {
68 | if name.first == "/" {
:
85 | // wrap the "gate" into <> to match the expected format in generateKind
86 | return .command(stepName: String(o.stepName), args:o.args?.components(separatedBy: " ") ?? [], target: String(o.target ?? ""))
87 | } else if let result = try /<TRIGGER: (?<stepName>[^-]+)[ \-](?<args>\/.+)>/.firstMatch(in: name) {
| |- error: 'Regex' is only available in tvOS 16.0 or newer
| `- note: add 'if #available' version check
88 | // e.g. <CodeSign /SomePath/Build/Products/Debug/BuildAnalyzer.app>
89 | // e.g. <CreateBuildDirectory-/SomePath/DerivedData/BuildAnalyzer/Build/Products>>
/Users/admin/builder/spi-builder-workspace/Sources/BuildAnalyzerKit/BuildGraphNodeKind.swift:87:94: error: 'firstMatch(in:)' is only available in tvOS 16.0 or newer
8 | case node
9 | }
10 | indirect enum Kind: Hashable, Comparable {
| `- note: add '@available' attribute to enclosing enum
11 | // Group of the kind - used to group all nodes in the Hierarchy outline (left pane)
12 | public enum Group: Comparable {
:
64 | }
65 |
66 | public static func generateKind(name: String) -> Kind {
| `- note: add '@available' attribute to enclosing static method
67 | do {
68 | if name.first == "/" {
:
85 | // wrap the "gate" into <> to match the expected format in generateKind
86 | return .command(stepName: String(o.stepName), args:o.args?.components(separatedBy: " ") ?? [], target: String(o.target ?? ""))
87 | } else if let result = try /<TRIGGER: (?<stepName>[^-]+)[ \-](?<args>\/.+)>/.firstMatch(in: name) {
| |- error: 'firstMatch(in:)' is only available in tvOS 16.0 or newer
| `- note: add 'if #available' version check
88 | // e.g. <CodeSign /SomePath/Build/Products/Debug/BuildAnalyzer.app>
89 | // e.g. <CreateBuildDirectory-/SomePath/DerivedData/BuildAnalyzer/Build/Products>>
/Users/admin/builder/spi-builder-workspace/Sources/BuildAnalyzerKit/BuildGraphNodeKind.swift:90:36: error: 'output' is only available in tvOS 16.0 or newer
8 | case node
9 | }
10 | indirect enum Kind: Hashable, Comparable {
| `- note: add '@available' attribute to enclosing enum
11 | // Group of the kind - used to group all nodes in the Hierarchy outline (left pane)
12 | public enum Group: Comparable {
:
64 | }
65 |
66 | public static func generateKind(name: String) -> Kind {
| `- note: add '@available' attribute to enclosing static method
67 | do {
68 | if name.first == "/" {
:
88 | // e.g. <CodeSign /SomePath/Build/Products/Debug/BuildAnalyzer.app>
89 | // e.g. <CreateBuildDirectory-/SomePath/DerivedData/BuildAnalyzer/Build/Products>>
90 | let o = result.output
| |- error: 'output' is only available in tvOS 16.0 or newer
| `- note: add 'if #available' version check
91 | return .triggerStep(stepName: String(o.stepName), args: o.args.components(separatedBy: " "))
92 | } else if let result = try /<target-(?<targetName>[^-]+)-(?<hash>[0-9a-f]{64})--(?<stepName>.+)>/.firstMatch(in: name) {
/Users/admin/builder/spi-builder-workspace/Sources/BuildAnalyzerKit/BuildGraphNodeKind.swift:92:44: error: 'Regex' is only available in tvOS 16.0 or newer
8 | case node
9 | }
10 | indirect enum Kind: Hashable, Comparable {
| `- note: add '@available' attribute to enclosing enum
11 | // Group of the kind - used to group all nodes in the Hierarchy outline (left pane)
12 | public enum Group: Comparable {
:
64 | }
65 |
66 | public static func generateKind(name: String) -> Kind {
| `- note: add '@available' attribute to enclosing static method
67 | do {
68 | if name.first == "/" {
:
90 | let o = result.output
91 | return .triggerStep(stepName: String(o.stepName), args: o.args.components(separatedBy: " "))
92 | } else if let result = try /<target-(?<targetName>[^-]+)-(?<hash>[0-9a-f]{64})--(?<stepName>.+)>/.firstMatch(in: name) {
| |- error: 'Regex' is only available in tvOS 16.0 or newer
| `- note: add 'if #available' version check
93 | // e.g. <target-BuildAnalyzer-be0c796e7ab161295c9e11c90ddae75a2b86e3aa1cc2f374c8ee86a36d7adc00--TAPISymbolExtractorTaskProducer>
94 | let o = result.output
/Users/admin/builder/spi-builder-workspace/Sources/BuildAnalyzerKit/BuildGraphNodeKind.swift:92:115: error: 'firstMatch(in:)' is only available in tvOS 16.0 or newer
8 | case node
9 | }
10 | indirect enum Kind: Hashable, Comparable {
| `- note: add '@available' attribute to enclosing enum
11 | // Group of the kind - used to group all nodes in the Hierarchy outline (left pane)
12 | public enum Group: Comparable {
:
64 | }
65 |
66 | public static func generateKind(name: String) -> Kind {
| `- note: add '@available' attribute to enclosing static method
67 | do {
68 | if name.first == "/" {
:
90 | let o = result.output
91 | return .triggerStep(stepName: String(o.stepName), args: o.args.components(separatedBy: " "))
92 | } else if let result = try /<target-(?<targetName>[^-]+)-(?<hash>[0-9a-f]{64})--(?<stepName>.+)>/.firstMatch(in: name) {
| |- error: 'firstMatch(in:)' is only available in tvOS 16.0 or newer
| `- note: add 'if #available' version check
93 | // e.g. <target-BuildAnalyzer-be0c796e7ab161295c9e11c90ddae75a2b86e3aa1cc2f374c8ee86a36d7adc00--TAPISymbolExtractorTaskProducer>
94 | let o = result.output
/Users/admin/builder/spi-builder-workspace/Sources/BuildAnalyzerKit/BuildGraphNodeKind.swift:94:36: error: 'output' is only available in tvOS 16.0 or newer
8 | case node
9 | }
10 | indirect enum Kind: Hashable, Comparable {
| `- note: add '@available' attribute to enclosing enum
11 | // Group of the kind - used to group all nodes in the Hierarchy outline (left pane)
12 | public enum Group: Comparable {
:
64 | }
65 |
66 | public static func generateKind(name: String) -> Kind {
| `- note: add '@available' attribute to enclosing static method
67 | do {
68 | if name.first == "/" {
:
92 | } else if let result = try /<target-(?<targetName>[^-]+)-(?<hash>[0-9a-f]{64})--(?<stepName>.+)>/.firstMatch(in: name) {
93 | // e.g. <target-BuildAnalyzer-be0c796e7ab161295c9e11c90ddae75a2b86e3aa1cc2f374c8ee86a36d7adc00--TAPISymbolExtractorTaskProducer>
94 | let o = result.output
| |- error: 'output' is only available in tvOS 16.0 or newer
| `- note: add 'if #available' version check
95 | return .complexStep(stepName: String(o.stepName), target: String(o.targetName))
96 | } else if let result = try /<target-(?<targetNameModule>[^-]+_)?(?<targetName>[^-]+)-PACKAGE-RESOURCE.*:(?<stepName>[^:]+)>/.firstMatch(in: name) {
/Users/admin/builder/spi-builder-workspace/Sources/BuildAnalyzerKit/BuildGraphNodeKind.swift:96:44: error: 'Regex' is only available in tvOS 16.0 or newer
8 | case node
9 | }
10 | indirect enum Kind: Hashable, Comparable {
| `- note: add '@available' attribute to enclosing enum
11 | // Group of the kind - used to group all nodes in the Hierarchy outline (left pane)
12 | public enum Group: Comparable {
:
64 | }
65 |
66 | public static func generateKind(name: String) -> Kind {
| `- note: add '@available' attribute to enclosing static method
67 | do {
68 | if name.first == "/" {
:
94 | let o = result.output
95 | return .complexStep(stepName: String(o.stepName), target: String(o.targetName))
96 | } else if let result = try /<target-(?<targetNameModule>[^-]+_)?(?<targetName>[^-]+)-PACKAGE-RESOURCE.*:(?<stepName>[^:]+)>/.firstMatch(in: name) {
| |- error: 'Regex' is only available in tvOS 16.0 or newer
| `- note: add 'if #available' version check
97 | // e.g. <target-XCRemoteCache_XCRemoteCacheTests-PACKAGE-RESOURCE:XCRemoteCacheTests-SDKROOT:macosx:SDK_VARIANT:macos-entry>
98 | let o = result.output
/Users/admin/builder/spi-builder-workspace/Sources/BuildAnalyzerKit/BuildGraphNodeKind.swift:96:142: error: 'firstMatch(in:)' is only available in tvOS 16.0 or newer
8 | case node
9 | }
10 | indirect enum Kind: Hashable, Comparable {
| `- note: add '@available' attribute to enclosing enum
11 | // Group of the kind - used to group all nodes in the Hierarchy outline (left pane)
12 | public enum Group: Comparable {
:
64 | }
65 |
66 | public static func generateKind(name: String) -> Kind {
| `- note: add '@available' attribute to enclosing static method
67 | do {
68 | if name.first == "/" {
:
94 | let o = result.output
95 | return .complexStep(stepName: String(o.stepName), target: String(o.targetName))
96 | } else if let result = try /<target-(?<targetNameModule>[^-]+_)?(?<targetName>[^-]+)-PACKAGE-RESOURCE.*:(?<stepName>[^:]+)>/.firstMatch(in: name) {
| |- error: 'firstMatch(in:)' is only available in tvOS 16.0 or newer
| `- note: add 'if #available' version check
97 | // e.g. <target-XCRemoteCache_XCRemoteCacheTests-PACKAGE-RESOURCE:XCRemoteCacheTests-SDKROOT:macosx:SDK_VARIANT:macos-entry>
98 | let o = result.output
/Users/admin/builder/spi-builder-workspace/Sources/BuildAnalyzerKit/BuildGraphNodeKind.swift:98:36: error: 'output' is only available in tvOS 16.0 or newer
8 | case node
9 | }
10 | indirect enum Kind: Hashable, Comparable {
| `- note: add '@available' attribute to enclosing enum
11 | // Group of the kind - used to group all nodes in the Hierarchy outline (left pane)
12 | public enum Group: Comparable {
:
64 | }
65 |
66 | public static func generateKind(name: String) -> Kind {
| `- note: add '@available' attribute to enclosing static method
67 | do {
68 | if name.first == "/" {
:
96 | } else if let result = try /<target-(?<targetNameModule>[^-]+_)?(?<targetName>[^-]+)-PACKAGE-RESOURCE.*:(?<stepName>[^:]+)>/.firstMatch(in: name) {
97 | // e.g. <target-XCRemoteCache_XCRemoteCacheTests-PACKAGE-RESOURCE:XCRemoteCacheTests-SDKROOT:macosx:SDK_VARIANT:macos-entry>
98 | let o = result.output
| |- error: 'output' is only available in tvOS 16.0 or newer
| `- note: add 'if #available' version check
99 | return .packageResource(stepName: String(o.stepName), target: String(o.targetName))
100 | } else if let result = try /<target-(?<targetName>[^-]+)-PACKAGE-PRODUCT:(?<target>[^-]+)-(?<configuration>[^-]+)-(?<platform>[^-]+)-(?<arch>[^-]+)-(?<stepName>.+)>/.firstMatch(in: name) {
/Users/admin/builder/spi-builder-workspace/Sources/BuildAnalyzerKit/BuildGraphNodeKind.swift:100:44: error: 'Regex' is only available in tvOS 16.0 or newer
8 | case node
9 | }
10 | indirect enum Kind: Hashable, Comparable {
| `- note: add '@available' attribute to enclosing enum
11 | // Group of the kind - used to group all nodes in the Hierarchy outline (left pane)
12 | public enum Group: Comparable {
:
64 | }
65 |
66 | public static func generateKind(name: String) -> Kind {
| `- note: add '@available' attribute to enclosing static method
67 | do {
68 | if name.first == "/" {
:
98 | let o = result.output
99 | return .packageResource(stepName: String(o.stepName), target: String(o.targetName))
100 | } else if let result = try /<target-(?<targetName>[^-]+)-PACKAGE-PRODUCT:(?<target>[^-]+)-(?<configuration>[^-]+)-(?<platform>[^-]+)-(?<arch>[^-]+)-(?<stepName>.+)>/.firstMatch(in: name) {
| |- error: 'Regex' is only available in tvOS 16.0 or newer
| `- note: add 'if #available' version check
101 | // e.g. <target-BuildAnalyzerKit-PACKAGE-PRODUCT:BuildAnalyzerKit-Debug-macosx-arm64-build-headers-stale-file-removal>
102 | let o = result.output
/Users/admin/builder/spi-builder-workspace/Sources/BuildAnalyzerKit/BuildGraphNodeKind.swift:100:183: error: 'firstMatch(in:)' is only available in tvOS 16.0 or newer
8 | case node
9 | }
10 | indirect enum Kind: Hashable, Comparable {
| `- note: add '@available' attribute to enclosing enum
11 | // Group of the kind - used to group all nodes in the Hierarchy outline (left pane)
12 | public enum Group: Comparable {
:
64 | }
65 |
66 | public static func generateKind(name: String) -> Kind {
| `- note: add '@available' attribute to enclosing static method
67 | do {
68 | if name.first == "/" {
:
98 | let o = result.output
99 | return .packageResource(stepName: String(o.stepName), target: String(o.targetName))
100 | } else if let result = try /<target-(?<targetName>[^-]+)-PACKAGE-PRODUCT:(?<target>[^-]+)-(?<configuration>[^-]+)-(?<platform>[^-]+)-(?<arch>[^-]+)-(?<stepName>.+)>/.firstMatch(in: name) {
| |- error: 'firstMatch(in:)' is only available in tvOS 16.0 or newer
| `- note: add 'if #available' version check
101 | // e.g. <target-BuildAnalyzerKit-PACKAGE-PRODUCT:BuildAnalyzerKit-Debug-macosx-arm64-build-headers-stale-file-removal>
102 | let o = result.output
/Users/admin/builder/spi-builder-workspace/Sources/BuildAnalyzerKit/BuildGraphNodeKind.swift:102:36: error: 'output' is only available in tvOS 16.0 or newer
8 | case node
9 | }
10 | indirect enum Kind: Hashable, Comparable {
| `- note: add '@available' attribute to enclosing enum
11 | // Group of the kind - used to group all nodes in the Hierarchy outline (left pane)
12 | public enum Group: Comparable {
:
64 | }
65 |
66 | public static func generateKind(name: String) -> Kind {
| `- note: add '@available' attribute to enclosing static method
67 | do {
68 | if name.first == "/" {
:
100 | } else if let result = try /<target-(?<targetName>[^-]+)-PACKAGE-PRODUCT:(?<target>[^-]+)-(?<configuration>[^-]+)-(?<platform>[^-]+)-(?<arch>[^-]+)-(?<stepName>.+)>/.firstMatch(in: name) {
101 | // e.g. <target-BuildAnalyzerKit-PACKAGE-PRODUCT:BuildAnalyzerKit-Debug-macosx-arm64-build-headers-stale-file-removal>
102 | let o = result.output
| |- error: 'output' is only available in tvOS 16.0 or newer
| `- note: add 'if #available' version check
103 | return .packageProductStep(stepName: String(o.stepName), target: String(o.targetName))
104 | } else if let result = try /<target-(?<targetName>[^-]+)-PACKAGE-PRODUCT:(?<target>[^-]+)-SDKROOT:(?<platform>[^-]+):SDK_VARIANT:(?<arch>[^-]+)-(?<stepName>.+)>/.firstMatch(in: name) {
/Users/admin/builder/spi-builder-workspace/Sources/BuildAnalyzerKit/BuildGraphNodeKind.swift:104:44: error: 'Regex' is only available in tvOS 16.0 or newer
8 | case node
9 | }
10 | indirect enum Kind: Hashable, Comparable {
| `- note: add '@available' attribute to enclosing enum
11 | // Group of the kind - used to group all nodes in the Hierarchy outline (left pane)
12 | public enum Group: Comparable {
:
64 | }
65 |
66 | public static func generateKind(name: String) -> Kind {
| `- note: add '@available' attribute to enclosing static method
67 | do {
68 | if name.first == "/" {
:
102 | let o = result.output
103 | return .packageProductStep(stepName: String(o.stepName), target: String(o.targetName))
104 | } else if let result = try /<target-(?<targetName>[^-]+)-PACKAGE-PRODUCT:(?<target>[^-]+)-SDKROOT:(?<platform>[^-]+):SDK_VARIANT:(?<arch>[^-]+)-(?<stepName>.+)>/.firstMatch(in: name) {
| |- error: 'Regex' is only available in tvOS 16.0 or newer
| `- note: add 'if #available' version check
105 | // e.g. <target-BuildAnalyzerKit-PACKAGE-PRODUCT:BuildAnalyzerKit-SDKROOT:macosx:SDK_VARIANT:macos-begin-compiling>
106 | let o = result.output
/Users/admin/builder/spi-builder-workspace/Sources/BuildAnalyzerKit/BuildGraphNodeKind.swift:104:179: error: 'firstMatch(in:)' is only available in tvOS 16.0 or newer
8 | case node
9 | }
10 | indirect enum Kind: Hashable, Comparable {
| `- note: add '@available' attribute to enclosing enum
11 | // Group of the kind - used to group all nodes in the Hierarchy outline (left pane)
12 | public enum Group: Comparable {
:
64 | }
65 |
66 | public static func generateKind(name: String) -> Kind {
| `- note: add '@available' attribute to enclosing static method
67 | do {
68 | if name.first == "/" {
:
102 | let o = result.output
103 | return .packageProductStep(stepName: String(o.stepName), target: String(o.targetName))
104 | } else if let result = try /<target-(?<targetName>[^-]+)-PACKAGE-PRODUCT:(?<target>[^-]+)-SDKROOT:(?<platform>[^-]+):SDK_VARIANT:(?<arch>[^-]+)-(?<stepName>.+)>/.firstMatch(in: name) {
| |- error: 'firstMatch(in:)' is only available in tvOS 16.0 or newer
| `- note: add 'if #available' version check
105 | // e.g. <target-BuildAnalyzerKit-PACKAGE-PRODUCT:BuildAnalyzerKit-SDKROOT:macosx:SDK_VARIANT:macos-begin-compiling>
106 | let o = result.output
/Users/admin/builder/spi-builder-workspace/Sources/BuildAnalyzerKit/BuildGraphNodeKind.swift:106:36: error: 'output' is only available in tvOS 16.0 or newer
8 | case node
9 | }
10 | indirect enum Kind: Hashable, Comparable {
| `- note: add '@available' attribute to enclosing enum
11 | // Group of the kind - used to group all nodes in the Hierarchy outline (left pane)
12 | public enum Group: Comparable {
:
64 | }
65 |
66 | public static func generateKind(name: String) -> Kind {
| `- note: add '@available' attribute to enclosing static method
67 | do {
68 | if name.first == "/" {
:
104 | } else if let result = try /<target-(?<targetName>[^-]+)-PACKAGE-PRODUCT:(?<target>[^-]+)-SDKROOT:(?<platform>[^-]+):SDK_VARIANT:(?<arch>[^-]+)-(?<stepName>.+)>/.firstMatch(in: name) {
105 | // e.g. <target-BuildAnalyzerKit-PACKAGE-PRODUCT:BuildAnalyzerKit-SDKROOT:macosx:SDK_VARIANT:macos-begin-compiling>
106 | let o = result.output
| |- error: 'output' is only available in tvOS 16.0 or newer
| `- note: add 'if #available' version check
107 | return .packageProductStep(stepName: String(o.stepName), target: String(o.targetName))
108 | } else if let result = try /<target-(?<targetName>[^-]+)-PACKAGE-TARGET:(?<target>[^-]+)-(?<configuration>[^-]+)-(?<platform>[^-]+)-(?<arch>[^-]+)-(?<stepName>.+)>/.firstMatch(in: name) {
/Users/admin/builder/spi-builder-workspace/Sources/BuildAnalyzerKit/BuildGraphNodeKind.swift:108:44: error: 'Regex' is only available in tvOS 16.0 or newer
8 | case node
9 | }
10 | indirect enum Kind: Hashable, Comparable {
| `- note: add '@available' attribute to enclosing enum
11 | // Group of the kind - used to group all nodes in the Hierarchy outline (left pane)
12 | public enum Group: Comparable {
:
64 | }
65 |
66 | public static func generateKind(name: String) -> Kind {
| `- note: add '@available' attribute to enclosing static method
67 | do {
68 | if name.first == "/" {
:
106 | let o = result.output
107 | return .packageProductStep(stepName: String(o.stepName), target: String(o.targetName))
108 | } else if let result = try /<target-(?<targetName>[^-]+)-PACKAGE-TARGET:(?<target>[^-]+)-(?<configuration>[^-]+)-(?<platform>[^-]+)-(?<arch>[^-]+)-(?<stepName>.+)>/.firstMatch(in: name) {
| |- error: 'Regex' is only available in tvOS 16.0 or newer
| `- note: add 'if #available' version check
109 | // e.g. <target-BuildAnalyzerKit-PACKAGE-TARGET:BuildAnalyzerKit-Debug-macosx-arm64-build-headers-stale-file-removal>
110 | let o = result.output
/Users/admin/builder/spi-builder-workspace/Sources/BuildAnalyzerKit/BuildGraphNodeKind.swift:108:182: error: 'firstMatch(in:)' is only available in tvOS 16.0 or newer
8 | case node
9 | }
10 | indirect enum Kind: Hashable, Comparable {
| `- note: add '@available' attribute to enclosing enum
11 | // Group of the kind - used to group all nodes in the Hierarchy outline (left pane)
12 | public enum Group: Comparable {
:
64 | }
65 |
66 | public static func generateKind(name: String) -> Kind {
| `- note: add '@available' attribute to enclosing static method
67 | do {
68 | if name.first == "/" {
:
106 | let o = result.output
107 | return .packageProductStep(stepName: String(o.stepName), target: String(o.targetName))
108 | } else if let result = try /<target-(?<targetName>[^-]+)-PACKAGE-TARGET:(?<target>[^-]+)-(?<configuration>[^-]+)-(?<platform>[^-]+)-(?<arch>[^-]+)-(?<stepName>.+)>/.firstMatch(in: name) {
| |- error: 'firstMatch(in:)' is only available in tvOS 16.0 or newer
| `- note: add 'if #available' version check
109 | // e.g. <target-BuildAnalyzerKit-PACKAGE-TARGET:BuildAnalyzerKit-Debug-macosx-arm64-build-headers-stale-file-removal>
110 | let o = result.output
/Users/admin/builder/spi-builder-workspace/Sources/BuildAnalyzerKit/BuildGraphNodeKind.swift:110:36: error: 'output' is only available in tvOS 16.0 or newer
8 | case node
9 | }
10 | indirect enum Kind: Hashable, Comparable {
| `- note: add '@available' attribute to enclosing enum
11 | // Group of the kind - used to group all nodes in the Hierarchy outline (left pane)
12 | public enum Group: Comparable {
:
64 | }
65 |
66 | public static func generateKind(name: String) -> Kind {
| `- note: add '@available' attribute to enclosing static method
67 | do {
68 | if name.first == "/" {
:
108 | } else if let result = try /<target-(?<targetName>[^-]+)-PACKAGE-TARGET:(?<target>[^-]+)-(?<configuration>[^-]+)-(?<platform>[^-]+)-(?<arch>[^-]+)-(?<stepName>.+)>/.firstMatch(in: name) {
109 | // e.g. <target-BuildAnalyzerKit-PACKAGE-TARGET:BuildAnalyzerKit-Debug-macosx-arm64-build-headers-stale-file-removal>
110 | let o = result.output
| |- error: 'output' is only available in tvOS 16.0 or newer
| `- note: add 'if #available' version check
111 | return .packageTargetStep(stepName: String(o.stepName), target: String(o.targetName))
112 | } else if let result = try /<target-(?<targetName>[^-]+)-PACKAGE-TARGET:(?<target>[^-]+)-SDKROOT:(?<platform>[^-]+):SDK_VARIANT:(?<arch>[^-]+)-(?<stepName>.+)>/.firstMatch(in: name) {
/Users/admin/builder/spi-builder-workspace/Sources/BuildAnalyzerKit/BuildGraphNodeKind.swift:112:44: error: 'Regex' is only available in tvOS 16.0 or newer
8 | case node
9 | }
10 | indirect enum Kind: Hashable, Comparable {
| `- note: add '@available' attribute to enclosing enum
11 | // Group of the kind - used to group all nodes in the Hierarchy outline (left pane)
12 | public enum Group: Comparable {
:
64 | }
65 |
66 | public static func generateKind(name: String) -> Kind {
| `- note: add '@available' attribute to enclosing static method
67 | do {
68 | if name.first == "/" {
:
110 | let o = result.output
111 | return .packageTargetStep(stepName: String(o.stepName), target: String(o.targetName))
112 | } else if let result = try /<target-(?<targetName>[^-]+)-PACKAGE-TARGET:(?<target>[^-]+)-SDKROOT:(?<platform>[^-]+):SDK_VARIANT:(?<arch>[^-]+)-(?<stepName>.+)>/.firstMatch(in: name) {
| |- error: 'Regex' is only available in tvOS 16.0 or newer
| `- note: add 'if #available' version check
113 | // e.g. <target-BuildAnalyzerKit-PACKAGE-TARGET:BuildAnalyzerKit-SDKROOT:macosx:SDK_VARIANT:macos-begin-compiling>
114 | let o = result.output
/Users/admin/builder/spi-builder-workspace/Sources/BuildAnalyzerKit/BuildGraphNodeKind.swift:112:178: error: 'firstMatch(in:)' is only available in tvOS 16.0 or newer
8 | case node
9 | }
10 | indirect enum Kind: Hashable, Comparable {
| `- note: add '@available' attribute to enclosing enum
11 | // Group of the kind - used to group all nodes in the Hierarchy outline (left pane)
12 | public enum Group: Comparable {
:
64 | }
65 |
66 | public static func generateKind(name: String) -> Kind {
| `- note: add '@available' attribute to enclosing static method
67 | do {
68 | if name.first == "/" {
:
110 | let o = result.output
111 | return .packageTargetStep(stepName: String(o.stepName), target: String(o.targetName))
112 | } else if let result = try /<target-(?<targetName>[^-]+)-PACKAGE-TARGET:(?<target>[^-]+)-SDKROOT:(?<platform>[^-]+):SDK_VARIANT:(?<arch>[^-]+)-(?<stepName>.+)>/.firstMatch(in: name) {
| |- error: 'firstMatch(in:)' is only available in tvOS 16.0 or newer
| `- note: add 'if #available' version check
113 | // e.g. <target-BuildAnalyzerKit-PACKAGE-TARGET:BuildAnalyzerKit-SDKROOT:macosx:SDK_VARIANT:macos-begin-compiling>
114 | let o = result.output
/Users/admin/builder/spi-builder-workspace/Sources/BuildAnalyzerKit/BuildGraphNodeKind.swift:114:36: error: 'output' is only available in tvOS 16.0 or newer
8 | case node
9 | }
10 | indirect enum Kind: Hashable, Comparable {
| `- note: add '@available' attribute to enclosing enum
11 | // Group of the kind - used to group all nodes in the Hierarchy outline (left pane)
12 | public enum Group: Comparable {
:
64 | }
65 |
66 | public static func generateKind(name: String) -> Kind {
| `- note: add '@available' attribute to enclosing static method
67 | do {
68 | if name.first == "/" {
:
112 | } else if let result = try /<target-(?<targetName>[^-]+)-PACKAGE-TARGET:(?<target>[^-]+)-SDKROOT:(?<platform>[^-]+):SDK_VARIANT:(?<arch>[^-]+)-(?<stepName>.+)>/.firstMatch(in: name) {
113 | // e.g. <target-BuildAnalyzerKit-PACKAGE-TARGET:BuildAnalyzerKit-SDKROOT:macosx:SDK_VARIANT:macos-begin-compiling>
114 | let o = result.output
| |- error: 'output' is only available in tvOS 16.0 or newer
| `- note: add 'if #available' version check
115 | return .packageTargetStep(stepName: String(o.stepName), target: String(o.targetName))
116 | } else if let result = try /<(?<stepName>[^-]+)[ \-](?<path>\/.+)>/.firstMatch(in: name) {
/Users/admin/builder/spi-builder-workspace/Sources/BuildAnalyzerKit/BuildGraphNodeKind.swift:116:44: error: 'Regex' is only available in tvOS 16.0 or newer
8 | case node
9 | }
10 | indirect enum Kind: Hashable, Comparable {
| `- note: add '@available' attribute to enclosing enum
11 | // Group of the kind - used to group all nodes in the Hierarchy outline (left pane)
12 | public enum Group: Comparable {
:
64 | }
65 |
66 | public static func generateKind(name: String) -> Kind {
| `- note: add '@available' attribute to enclosing static method
67 | do {
68 | if name.first == "/" {
:
114 | let o = result.output
115 | return .packageTargetStep(stepName: String(o.stepName), target: String(o.targetName))
116 | } else if let result = try /<(?<stepName>[^-]+)[ \-](?<path>\/.+)>/.firstMatch(in: name) {
| |- error: 'Regex' is only available in tvOS 16.0 or newer
| `- note: add 'if #available' version check
117 | // e.g. <CodeSign /SomePath/Build/Products/Debug/BuildAnalyzer.app>
118 | // e.g. <CreateBuildDirectory-/SomePath/DerivedData/BuildAnalyzer/Build/Products>>
/Users/admin/builder/spi-builder-workspace/Sources/BuildAnalyzerKit/BuildGraphNodeKind.swift:116:85: error: 'firstMatch(in:)' is only available in tvOS 16.0 or newer
8 | case node
9 | }
10 | indirect enum Kind: Hashable, Comparable {
| `- note: add '@available' attribute to enclosing enum
11 | // Group of the kind - used to group all nodes in the Hierarchy outline (left pane)
12 | public enum Group: Comparable {
:
64 | }
65 |
66 | public static func generateKind(name: String) -> Kind {
| `- note: add '@available' attribute to enclosing static method
67 | do {
68 | if name.first == "/" {
:
114 | let o = result.output
115 | return .packageTargetStep(stepName: String(o.stepName), target: String(o.targetName))
116 | } else if let result = try /<(?<stepName>[^-]+)[ \-](?<path>\/.+)>/.firstMatch(in: name) {
| |- error: 'firstMatch(in:)' is only available in tvOS 16.0 or newer
| `- note: add 'if #available' version check
117 | // e.g. <CodeSign /SomePath/Build/Products/Debug/BuildAnalyzer.app>
118 | // e.g. <CreateBuildDirectory-/SomePath/DerivedData/BuildAnalyzer/Build/Products>>
/Users/admin/builder/spi-builder-workspace/Sources/BuildAnalyzerKit/BuildGraphNodeKind.swift:119:36: error: 'output' is only available in tvOS 16.0 or newer
8 | case node
9 | }
10 | indirect enum Kind: Hashable, Comparable {
| `- note: add '@available' attribute to enclosing enum
11 | // Group of the kind - used to group all nodes in the Hierarchy outline (left pane)
12 | public enum Group: Comparable {
:
64 | }
65 |
66 | public static func generateKind(name: String) -> Kind {
| `- note: add '@available' attribute to enclosing static method
67 | do {
68 | if name.first == "/" {
:
117 | // e.g. <CodeSign /SomePath/Build/Products/Debug/BuildAnalyzer.app>
118 | // e.g. <CreateBuildDirectory-/SomePath/DerivedData/BuildAnalyzer/Build/Products>>
119 | let o = result.output
| |- error: 'output' is only available in tvOS 16.0 or newer
| `- note: add 'if #available' version check
120 | return .simpleStep(stepName: String(o.stepName), file: String(o.path))
121 | } else {
Failed frontend command:
/Applications/Xcode-27.0.0-Release.Candidate.app/Contents/Developer/Toolchains/XcodeDefault.xctoolchain/usr/bin/swift-frontend -frontend -c /Users/admin/builder/spi-builder-workspace/Sources/BuildAnalyzerKit/BuildGraph.swift /Users/admin/builder/spi-builder-workspace/Sources/BuildAnalyzerKit/BuildGraphGenerator.swift /Users/admin/builder/spi-builder-workspace/Sources/BuildAnalyzerKit/BuildGraphNode.swift -primary-file /Users/admin/builder/spi-builder-workspace/Sources/BuildAnalyzerKit/BuildGraphNodeKind.swift /Users/admin/builder/spi-builder-workspace/Sources/BuildAnalyzerKit/BuildGraphProtocol.swift /Users/admin/builder/spi-builder-workspace/Sources/BuildAnalyzerKit/BuildManifestParser.swift /Users/admin/builder/spi-builder-workspace/Sources/BuildAnalyzerKit/DataStructure/Queue.swift /Users/admin/builder/spi-builder-workspace/Sources/BuildAnalyzerKit/Projection/BuildGraphNodeProjectionNode.swift /Users/admin/builder/spi-builder-workspace/Sources/BuildAnalyzerKit/Projection/BuildGraphProjection.swift /Users/admin/builder/spi-builder-workspace/Sources/BuildAnalyzerKit/Projection/BuildGraphProjectionExpansion.swift /Users/admin/builder/spi-builder-workspace/Sources/BuildAnalyzerKit/Projection/BuildGraphProtocol+Expansion.swift /Users/admin/builder/spi-builder-workspace/Sources/BuildAnalyzerKit/Timing/BuildGraphNodeTimingReader.swift /Users/admin/builder/spi-builder-workspace/Sources/BuildAnalyzerKit/Timing/BuildGraphNodeTimingSqlReader.swift -emit-dependencies-path /Users/admin/builder/spi-builder-workspace/.derivedData/Build/Intermediates.noindex/BuildAnalyzer.build/Debug-appletvos/BuildAnalyzerKit-t.build/Objects-normal/arm64/BuildGraphNodeKind.d -emit-const-values-path /Users/admin/builder/spi-builder-workspace/.derivedData/Build/Intermediates.noindex/BuildAnalyzer.build/Debug-appletvos/BuildAnalyzerKit-t.build/Objects-normal/arm64/BuildGraphNodeKind.swiftconstvalues -emit-reference-dependencies-path /Users/admin/builder/spi-builder-workspace/.derivedData/Build/Intermediates.noindex/BuildAnalyzer.build/Debug-appletvos/BuildAnalyzerKit-t.build/Objects-normal/arm64/BuildGraphNodeKind.swiftdeps -serialize-diagnostics-path /Users/admin/builder/spi-builder-workspace/.derivedData/Build/Intermediates.noindex/BuildAnalyzer.build/Debug-appletvos/BuildAnalyzerKit-t.build/Objects-normal/arm64/BuildGraphNodeKind.dia -target arm64-apple-tvos15.0 -disable-cross-import-overlay-search -load-resolved-plugin /Applications/Xcode-27.0.0-Release.Candidate.app/Contents/Developer/Platforms/AppleTVOS.platform/Developer/usr/lib/swift/host/plugins/libFoundationMacros.dylib\#/Applications/Xcode-27.0.0-Release.Candidate.app/Contents/Developer/Platforms/AppleTVOS.platform/Developer/usr/bin/swift-plugin-server\#FoundationMacros -load-resolved-plugin /Applications/Xcode-27.0.0-Release.Candidate.app/Contents/Developer/Platforms/AppleTVOS.platform/Developer/usr/lib/swift/host/plugins/libObservationMacros.dylib\#/Applications/Xcode-27.0.0-Release.Candidate.app/Contents/Developer/Platforms/AppleTVOS.platform/Developer/usr/bin/swift-plugin-server\#ObservationMacros -load-resolved-plugin /Applications/Xcode-27.0.0-Release.Candidate.app/Contents/Developer/Platforms/AppleTVOS.platform/Developer/usr/lib/swift/host/plugins/libSwiftMacros.dylib\#/Applications/Xcode-27.0.0-Release.Candidate.app/Contents/Developer/Platforms/AppleTVOS.platform/Developer/usr/bin/swift-plugin-server\#SwiftMacros -disable-implicit-swift-modules -Xcc -fno-implicit-modules -Xcc -fno-implicit-module-maps -explicit-swift-module-map-file /Users/admin/builder/spi-builder-workspace/.derivedData/Build/Intermediates.noindex/BuildAnalyzer.build/Debug-appletvos/BuildAnalyzerKit-t.build/Objects-normal/arm64/BuildAnalyzerKit-dependencies-1.json -Xllvm -aarch64-use-tbi -enable-objc-interop -stack-check -sdk /Applications/Xcode-27.0.0-Release.Candidate.app/Contents/Developer/Platforms/AppleTVOS.platform/Developer/SDKs/AppleTVOS27.0.sdk -I /Users/admin/builder/spi-builder-workspace/.derivedData/Build/Products/Debug-appletvos -Isystem /Applications/Xcode-27.0.0-Release.Candidate.app/Contents/Developer/Platforms/AppleTVOS.platform/Developer/usr/lib -F /Users/admin/builder/spi-builder-workspace/.derivedData/Build/Products/Debug-appletvos/PackageFrameworks -F /Users/admin/builder/spi-builder-workspace/.derivedData/Build/Products/Debug-appletvos -F /Applications/Xcode-27.0.0-Release.Candidate.app/Contents/Developer/Platforms/AppleTVOS.platform/Developer/Library/Frameworks -F /Applications/Xcode-27.0.0-Release.Candidate.app/Contents/Developer/Platforms/AppleTVOS.platform/Developer/SDKs/AppleTVOS27.0.sdk/Developer/Library/Frameworks -module-cache-path /Users/admin/builder/spi-builder-workspace/.derivedData/Build/Intermediates.noindex/SwiftExplicitPrecompiledModules -no-color-diagnostics -Xcc -fno-color-diagnostics -enable-testing -g -debug-info-format\=dwarf -dwarf-version\=4 -profile-generate -profile-coverage-mapping -swift-version 5 -Onone -D SWIFT_PACKAGE -D DEBUG -D SWIFT_MODULE_RESOURCE_BUNDLE_UNAVAILABLE -D Xcode -serialize-debugging-options -enable-upcoming-feature BareSlashRegexLiterals -enable-experimental-feature DebugDescriptionMacro -empty-abi-descriptor -validate-clang-modules-once -clang-build-session-file /Users/admin/builder/spi-builder-workspace/.derivedData/ModuleCache.noindex/Session.modulevalidation -Xcc -working-directory -Xcc /Users/admin/builder/spi-builder-workspace/.swiftpm/xcode -enable-anonymous-context-mangled-names -file-compilation-dir /Users/admin/builder/spi-builder-workspace/.swiftpm/xcode -Xcc -D_LIBCPP_HARDENING_MODE\=_LIBCPP_HARDENING_MODE_DEBUG -Xcc -ivfsstatcache -Xcc /Users/admin/builder/spi-builder-workspace/.derivedData/SDKStatCaches.noindex/appletvos27.0-24J360-e829b21a6f8c9b70876ba0858053c044b32bfd8d43560033f8d89884cdb90028.sdkstatcache -Xcc -fmodules-prune-interval\=86400 -Xcc -fmodules-prune-after\=345600 -Xcc -I/Users/admin/builder/spi-builder-workspace/.derivedData/Build/Products/Debug-appletvos/include -Xcc -I/Users/admin/builder/spi-builder-workspace/.derivedData/Build/Intermediates.noindex/BuildAnalyzer.build/Debug-appletvos/BuildAnalyzerKit-t.build/DerivedSources-normal/arm64 -Xcc -I/Users/admin/builder/spi-builder-workspace/.derivedData/Build/Intermediates.noindex/BuildAnalyzer.build/Debug-appletvos/BuildAnalyzerKit-t.build/DerivedSources/arm64 -Xcc -I/Users/admin/builder/spi-builder-workspace/.derivedData/Build/Intermediates.noindex/BuildAnalyzer.build/Debug-appletvos/BuildAnalyzerKit-t.build/DerivedSources -Xcc -DSWIFT_PACKAGE -Xcc -DDEBUG\=1 -no-auto-bridging-header-chaining -module-name BuildAnalyzerKit -package-name spi_builder_workspace -const-gather-protocols-file /Users/admin/builder/spi-builder-workspace/.derivedData/Build/Intermediates.noindex/BuildAnalyzer.build/Debug-appletvos/BuildAnalyzerKit-t.build/Objects-normal/arm64/BuildAnalyzerKit_const_extract_protocols.json -disable-clang-spi -clang-target arm64-apple-tvos27.0 -target-sdk-version 27.0 -target-sdk-name appletvos27.0 -in-process-plugin-server-path /Applications/Xcode-27.0.0-Release.Candidate.app/Contents/Developer/Toolchains/XcodeDefault.xctoolchain/usr/lib/swift/host/libSwiftInProcPluginServer.dylib -parse-as-library -o /Users/admin/builder/spi-builder-workspace/.derivedData/Build/Intermediates.noindex/BuildAnalyzer.build/Debug-appletvos/BuildAnalyzerKit-t.build/Objects-normal/arm64/BuildGraphNodeKind.o -debug-module-path /Users/admin/builder/spi-builder-workspace/.derivedData/Build/Intermediates.noindex/BuildAnalyzer.build/Debug-appletvos/BuildAnalyzerKit-t.build/Objects-normal/arm64/BuildAnalyzerKit.swiftmodule -index-unit-output-path /BuildAnalyzer.build/Debug-appletvos/BuildAnalyzerKit-t.build/Objects-normal/arm64/BuildGraphNodeKind.o -index-store-path /Users/admin/builder/spi-builder-workspace/.derivedData/Index.noindex/DataStore -index-system-modules
SwiftCompile normal arm64 /Users/admin/builder/spi-builder-workspace/Sources/BuildAnalyzerKit/BuildGraphNodeKind.swift (in target 'BuildAnalyzerKit' from project 'BuildAnalyzer')
cd /Users/admin/builder/spi-builder-workspace/.swiftpm/xcode
builtin-SwiftPerFileCompile BuildGraphNodeKind.swift
SwiftCompile normal arm64 Compiling\ BuildGraphGenerator.swift /Users/admin/builder/spi-builder-workspace/Sources/BuildAnalyzerKit/BuildGraphGenerator.swift (in target 'BuildAnalyzerKit' from project 'BuildAnalyzer')
SwiftCompile normal arm64 /Users/admin/builder/spi-builder-workspace/Sources/BuildAnalyzerKit/BuildGraphGenerator.swift (in target 'BuildAnalyzerKit' from project 'BuildAnalyzer')
cd /Users/admin/builder/spi-builder-workspace/.swiftpm/xcode
builtin-SwiftPerFileCompile BuildGraphGenerator.swift
SwiftCompile normal arm64 Compiling\ BuildGraphProtocol+Expansion.swift /Users/admin/builder/spi-builder-workspace/Sources/BuildAnalyzerKit/Projection/BuildGraphProtocol+Expansion.swift (in target 'BuildAnalyzerKit' from project 'BuildAnalyzer')
SwiftCompile normal arm64 /Users/admin/builder/spi-builder-workspace/Sources/BuildAnalyzerKit/Projection/BuildGraphProtocol+Expansion.swift (in target 'BuildAnalyzerKit' from project 'BuildAnalyzer')
cd /Users/admin/builder/spi-builder-workspace/.swiftpm/xcode
builtin-SwiftPerFileCompile BuildGraphProtocol+Expansion.swift
SwiftCompile normal arm64 Compiling\ BuildGraphProjection.swift /Users/admin/builder/spi-builder-workspace/Sources/BuildAnalyzerKit/Projection/BuildGraphProjection.swift (in target 'BuildAnalyzerKit' from project 'BuildAnalyzer')
SwiftCompile normal arm64 /Users/admin/builder/spi-builder-workspace/Sources/BuildAnalyzerKit/Projection/BuildGraphProjection.swift (in target 'BuildAnalyzerKit' from project 'BuildAnalyzer')
cd /Users/admin/builder/spi-builder-workspace/.swiftpm/xcode
builtin-SwiftPerFileCompile BuildGraphProjection.swift
SwiftCompile normal arm64 Compiling\ BuildGraphProjectionExpansion.swift /Users/admin/builder/spi-builder-workspace/Sources/BuildAnalyzerKit/Projection/BuildGraphProjectionExpansion.swift (in target 'BuildAnalyzerKit' from project 'BuildAnalyzer')
SwiftCompile normal arm64 /Users/admin/builder/spi-builder-workspace/Sources/BuildAnalyzerKit/Projection/BuildGraphProjectionExpansion.swift (in target 'BuildAnalyzerKit' from project 'BuildAnalyzer')
cd /Users/admin/builder/spi-builder-workspace/.swiftpm/xcode
builtin-SwiftPerFileCompile BuildGraphProjectionExpansion.swift
SwiftCompile normal arm64 Compiling\ BuildGraph.swift /Users/admin/builder/spi-builder-workspace/Sources/BuildAnalyzerKit/BuildGraph.swift (in target 'BuildAnalyzerKit' from project 'BuildAnalyzer')
SwiftCompile normal arm64 /Users/admin/builder/spi-builder-workspace/Sources/BuildAnalyzerKit/BuildGraph.swift (in target 'BuildAnalyzerKit' from project 'BuildAnalyzer')
cd /Users/admin/builder/spi-builder-workspace/.swiftpm/xcode
builtin-SwiftPerFileCompile BuildGraph.swift
SwiftCompile normal arm64 Compiling\ BuildManifestParser.swift /Users/admin/builder/spi-builder-workspace/Sources/BuildAnalyzerKit/BuildManifestParser.swift (in target 'BuildAnalyzerKit' from project 'BuildAnalyzer')
SwiftCompile normal arm64 /Users/admin/builder/spi-builder-workspace/Sources/BuildAnalyzerKit/BuildManifestParser.swift (in target 'BuildAnalyzerKit' from project 'BuildAnalyzer')
cd /Users/admin/builder/spi-builder-workspace/.swiftpm/xcode
builtin-SwiftPerFileCompile BuildManifestParser.swift
SwiftEmitModule normal arm64 Emitting\ module\ for\ BuildAnalyzerKit (in target 'BuildAnalyzerKit' from project 'BuildAnalyzer')
/Users/admin/builder/spi-builder-workspace/Sources/BuildAnalyzerKit/BuildGraphNodeKind.swift:4:5: warning: 'public' modifier is redundant for enum declared in a public extension
2 |
3 | public extension BuildGraphNode {
4 | public enum NodeType {
| `- warning: 'public' modifier is redundant for enum declared in a public extension
5 | // an actual command
6 | case command
SwiftCompile normal arm64 (in target 'BuildAnalyzerKit' from project 'BuildAnalyzer')
cd /Users/admin/builder/spi-builder-workspace/.swiftpm/xcode
SwiftCompile normal arm64 Compiling\ BuildGraphNodeTimingSqlReader.swift /Users/admin/builder/spi-builder-workspace/Sources/BuildAnalyzerKit/Timing/BuildGraphNodeTimingSqlReader.swift (in target 'BuildAnalyzerKit' from project 'BuildAnalyzer')
SwiftCompile normal arm64 /Users/admin/builder/spi-builder-workspace/Sources/BuildAnalyzerKit/Timing/BuildGraphNodeTimingSqlReader.swift (in target 'BuildAnalyzerKit' from project 'BuildAnalyzer')
cd /Users/admin/builder/spi-builder-workspace/.swiftpm/xcode
builtin-SwiftPerFileCompile BuildGraphNodeTimingSqlReader.swift
SwiftEmitModule normal arm64 Emitting\ module\ for\ CryptoSwift (in target 'CryptoSwift' from project 'CryptoSwift')
SwiftCompile normal arm64 (in target 'CryptoSwift' from project 'CryptoSwift')
cd /Users/admin/builder/spi-builder-workspace/.swiftpm/xcode
SwiftDriverJobDiscovery normal arm64 Compiling BuildGraphGenerator.swift (in target 'BuildAnalyzerKit' from project 'BuildAnalyzer')
SwiftCompile normal arm64 Compiling\ StreamEncryptor.swift,\ String+Extension.swift,\ UInt128.swift,\ UInt16+Extension.swift,\ UInt32+Extension.swift,\ UInt64+Extension.swift,\ UInt8+Extension.swift,\ Updatable.swift,\ Utils.swift,\ XChaCha20.swift,\ ZeroPadding.swift /Users/admin/builder/spi-builder-workspace/.dependencies/checkouts/CryptoSwift/Sources/CryptoSwift/StreamEncryptor.swift /Users/admin/builder/spi-builder-workspace/.dependencies/checkouts/CryptoSwift/Sources/CryptoSwift/String+Extension.swift /Users/admin/builder/spi-builder-workspace/.dependencies/checkouts/CryptoSwift/Sources/CryptoSwift/UInt128.swift /Users/admin/builder/spi-builder-workspace/.dependencies/checkouts/CryptoSwift/Sources/CryptoSwift/UInt16+Extension.swift /Users/admin/builder/spi-builder-workspace/.dependencies/checkouts/CryptoSwift/Sources/CryptoSwift/UInt32+Extension.swift /Users/admin/builder/spi-builder-workspace/.dependencies/checkouts/CryptoSwift/Sources/CryptoSwift/UInt64+Extension.swift /Users/admin/builder/spi-builder-workspace/.dependencies/checkouts/CryptoSwift/Sources/CryptoSwift/UInt8+Extension.swift /Users/admin/builder/spi-builder-workspace/.dependencies/checkouts/CryptoSwift/Sources/CryptoSwift/Updatable.swift /Users/admin/builder/spi-builder-workspace/.dependencies/checkouts/CryptoSwift/Sources/CryptoSwift/Utils.swift /Users/admin/builder/spi-builder-workspace/.dependencies/checkouts/CryptoSwift/Sources/CryptoSwift/XChaCha20.swift /Users/admin/builder/spi-builder-workspace/.dependencies/checkouts/CryptoSwift/Sources/CryptoSwift/ZeroPadding.swift (in target 'CryptoSwift' from project 'CryptoSwift')
SwiftCompile normal arm64 /Users/admin/builder/spi-builder-workspace/.dependencies/checkouts/CryptoSwift/Sources/CryptoSwift/StreamEncryptor.swift (in target 'CryptoSwift' from project 'CryptoSwift')
cd /Users/admin/builder/spi-builder-workspace/.swiftpm/xcode
builtin-SwiftPerFileCompile StreamEncryptor.swift
SwiftCompile normal arm64 /Users/admin/builder/spi-builder-workspace/.dependencies/checkouts/CryptoSwift/Sources/CryptoSwift/String+Extension.swift (in target 'CryptoSwift' from project 'CryptoSwift')
cd /Users/admin/builder/spi-builder-workspace/.swiftpm/xcode
builtin-SwiftPerFileCompile String+Extension.swift
SwiftCompile normal arm64 /Users/admin/builder/spi-builder-workspace/.dependencies/checkouts/CryptoSwift/Sources/CryptoSwift/UInt128.swift (in target 'CryptoSwift' from project 'CryptoSwift')
cd /Users/admin/builder/spi-builder-workspace/.swiftpm/xcode
builtin-SwiftPerFileCompile UInt128.swift
SwiftCompile normal arm64 /Users/admin/builder/spi-builder-workspace/.dependencies/checkouts/CryptoSwift/Sources/CryptoSwift/UInt16+Extension.swift (in target 'CryptoSwift' from project 'CryptoSwift')
cd /Users/admin/builder/spi-builder-workspace/.swiftpm/xcode
builtin-SwiftPerFileCompile UInt16+Extension.swift
SwiftCompile normal arm64 /Users/admin/builder/spi-builder-workspace/.dependencies/checkouts/CryptoSwift/Sources/CryptoSwift/UInt32+Extension.swift (in target 'CryptoSwift' from project 'CryptoSwift')
cd /Users/admin/builder/spi-builder-workspace/.swiftpm/xcode
builtin-SwiftPerFileCompile UInt32+Extension.swift
SwiftCompile normal arm64 /Users/admin/builder/spi-builder-workspace/.dependencies/checkouts/CryptoSwift/Sources/CryptoSwift/UInt64+Extension.swift (in target 'CryptoSwift' from project 'CryptoSwift')
cd /Users/admin/builder/spi-builder-workspace/.swiftpm/xcode
builtin-SwiftPerFileCompile UInt64+Extension.swift
SwiftCompile normal arm64 /Users/admin/builder/spi-builder-workspace/.dependencies/checkouts/CryptoSwift/Sources/CryptoSwift/UInt8+Extension.swift (in target 'CryptoSwift' from project 'CryptoSwift')
cd /Users/admin/builder/spi-builder-workspace/.swiftpm/xcode
builtin-SwiftPerFileCompile UInt8+Extension.swift
SwiftCompile normal arm64 /Users/admin/builder/spi-builder-workspace/.dependencies/checkouts/CryptoSwift/Sources/CryptoSwift/Updatable.swift (in target 'CryptoSwift' from project 'CryptoSwift')
cd /Users/admin/builder/spi-builder-workspace/.swiftpm/xcode
builtin-SwiftPerFileCompile Updatable.swift
SwiftCompile normal arm64 /Users/admin/builder/spi-builder-workspace/.dependencies/checkouts/CryptoSwift/Sources/CryptoSwift/Utils.swift (in target 'CryptoSwift' from project 'CryptoSwift')
cd /Users/admin/builder/spi-builder-workspace/.swiftpm/xcode
builtin-SwiftPerFileCompile Utils.swift
SwiftCompile normal arm64 /Users/admin/builder/spi-builder-workspace/.dependencies/checkouts/CryptoSwift/Sources/CryptoSwift/XChaCha20.swift (in target 'CryptoSwift' from project 'CryptoSwift')
cd /Users/admin/builder/spi-builder-workspace/.swiftpm/xcode
builtin-SwiftPerFileCompile XChaCha20.swift
SwiftCompile normal arm64 /Users/admin/builder/spi-builder-workspace/.dependencies/checkouts/CryptoSwift/Sources/CryptoSwift/ZeroPadding.swift (in target 'CryptoSwift' from project 'CryptoSwift')
cd /Users/admin/builder/spi-builder-workspace/.swiftpm/xcode
builtin-SwiftPerFileCompile ZeroPadding.swift
SwiftDriverJobDiscovery normal arm64 Compiling BuildGraphProjectionExpansion.swift (in target 'BuildAnalyzerKit' from project 'BuildAnalyzer')
SwiftCompile normal arm64 Compiling\ Rabbit+Foundation.swift,\ String+FoundationExtension.swift,\ Utils+Foundation.swift,\ XChaCha20+Foundation.swift,\ Generics.swift,\ HKDF.swift,\ HMAC.swift,\ ISO10126Padding.swift,\ ISO78164Padding.swift,\ Int+Extension.swift,\ MD5.swift /Users/admin/builder/spi-builder-workspace/.dependencies/checkouts/CryptoSwift/Sources/CryptoSwift/Foundation/Rabbit+Foundation.swift /Users/admin/builder/spi-builder-workspace/.dependencies/checkouts/CryptoSwift/Sources/CryptoSwift/Foundation/String+FoundationExtension.swift /Users/admin/builder/spi-builder-workspace/.dependencies/checkouts/CryptoSwift/Sources/CryptoSwift/Foundation/Utils+Foundation.swift /Users/admin/builder/spi-builder-workspace/.dependencies/checkouts/CryptoSwift/Sources/CryptoSwift/Foundation/XChaCha20+Foundation.swift /Users/admin/builder/spi-builder-workspace/.dependencies/checkouts/CryptoSwift/Sources/CryptoSwift/Generics.swift /Users/admin/builder/spi-builder-workspace/.dependencies/checkouts/CryptoSwift/Sources/CryptoSwift/HKDF.swift /Users/admin/builder/spi-builder-workspace/.dependencies/checkouts/CryptoSwift/Sources/CryptoSwift/HMAC.swift /Users/admin/builder/spi-builder-workspace/.dependencies/checkouts/CryptoSwift/Sources/CryptoSwift/ISO10126Padding.swift /Users/admin/builder/spi-builder-workspace/.dependencies/checkouts/CryptoSwift/Sources/CryptoSwift/ISO78164Padding.swift /Users/admin/builder/spi-builder-workspace/.dependencies/checkouts/CryptoSwift/Sources/CryptoSwift/Int+Extension.swift /Users/admin/builder/spi-builder-workspace/.dependencies/checkouts/CryptoSwift/Sources/CryptoSwift/MD5.swift (in target 'CryptoSwift' from project 'CryptoSwift')
SwiftCompile normal arm64 /Users/admin/builder/spi-builder-workspace/.dependencies/checkouts/CryptoSwift/Sources/CryptoSwift/Foundation/Rabbit+Foundation.swift (in target 'CryptoSwift' from project 'CryptoSwift')
cd /Users/admin/builder/spi-builder-workspace/.swiftpm/xcode
builtin-SwiftPerFileCompile Rabbit+Foundation.swift
SwiftCompile normal arm64 /Users/admin/builder/spi-builder-workspace/.dependencies/checkouts/CryptoSwift/Sources/CryptoSwift/Foundation/String+FoundationExtension.swift (in target 'CryptoSwift' from project 'CryptoSwift')
cd /Users/admin/builder/spi-builder-workspace/.swiftpm/xcode
builtin-SwiftPerFileCompile String+FoundationExtension.swift
SwiftCompile normal arm64 /Users/admin/builder/spi-builder-workspace/.dependencies/checkouts/CryptoSwift/Sources/CryptoSwift/Foundation/Utils+Foundation.swift (in target 'CryptoSwift' from project 'CryptoSwift')
cd /Users/admin/builder/spi-builder-workspace/.swiftpm/xcode
builtin-SwiftPerFileCompile Utils+Foundation.swift
SwiftCompile normal arm64 /Users/admin/builder/spi-builder-workspace/.dependencies/checkouts/CryptoSwift/Sources/CryptoSwift/Foundation/XChaCha20+Foundation.swift (in target 'CryptoSwift' from project 'CryptoSwift')
cd /Users/admin/builder/spi-builder-workspace/.swiftpm/xcode
builtin-SwiftPerFileCompile XChaCha20+Foundation.swift
SwiftCompile normal arm64 /Users/admin/builder/spi-builder-workspace/.dependencies/checkouts/CryptoSwift/Sources/CryptoSwift/Generics.swift (in target 'CryptoSwift' from project 'CryptoSwift')
cd /Users/admin/builder/spi-builder-workspace/.swiftpm/xcode
builtin-SwiftPerFileCompile Generics.swift
SwiftCompile normal arm64 /Users/admin/builder/spi-builder-workspace/.dependencies/checkouts/CryptoSwift/Sources/CryptoSwift/HKDF.swift (in target 'CryptoSwift' from project 'CryptoSwift')
cd /Users/admin/builder/spi-builder-workspace/.swiftpm/xcode
builtin-SwiftPerFileCompile HKDF.swift
SwiftCompile normal arm64 /Users/admin/builder/spi-builder-workspace/.dependencies/checkouts/CryptoSwift/Sources/CryptoSwift/HMAC.swift (in target 'CryptoSwift' from project 'CryptoSwift')
cd /Users/admin/builder/spi-builder-workspace/.swiftpm/xcode
builtin-SwiftPerFileCompile HMAC.swift
SwiftCompile normal arm64 /Users/admin/builder/spi-builder-workspace/.dependencies/checkouts/CryptoSwift/Sources/CryptoSwift/ISO10126Padding.swift (in target 'CryptoSwift' from project 'CryptoSwift')
cd /Users/admin/builder/spi-builder-workspace/.swiftpm/xcode
builtin-SwiftPerFileCompile ISO10126Padding.swift
SwiftCompile normal arm64 /Users/admin/builder/spi-builder-workspace/.dependencies/checkouts/CryptoSwift/Sources/CryptoSwift/ISO78164Padding.swift (in target 'CryptoSwift' from project 'CryptoSwift')
cd /Users/admin/builder/spi-builder-workspace/.swiftpm/xcode
builtin-SwiftPerFileCompile ISO78164Padding.swift
SwiftCompile normal arm64 /Users/admin/builder/spi-builder-workspace/.dependencies/checkouts/CryptoSwift/Sources/CryptoSwift/Int+Extension.swift (in target 'CryptoSwift' from project 'CryptoSwift')
cd /Users/admin/builder/spi-builder-workspace/.swiftpm/xcode
builtin-SwiftPerFileCompile Int+Extension.swift
SwiftCompile normal arm64 /Users/admin/builder/spi-builder-workspace/.dependencies/checkouts/CryptoSwift/Sources/CryptoSwift/MD5.swift (in target 'CryptoSwift' from project 'CryptoSwift')
cd /Users/admin/builder/spi-builder-workspace/.swiftpm/xcode
builtin-SwiftPerFileCompile MD5.swift
PruneExplicitPrecompiledModules /Users/admin/builder/spi-builder-workspace/.derivedData/Build/Intermediates.noindex/ExplicitPrecompiledModules
PruneExplicitPrecompiledModules /Users/admin/builder/spi-builder-workspace/.derivedData/Build/Intermediates.noindex/SwiftExplicitPrecompiledModules
PruneExplicitPrecompiledModules /Users/admin/builder/spi-builder-workspace/.derivedData/SDKExplicitPrecompiledModules
2026-09-19 14:04:12.594 xcodebuild[855:5253] [MT] IDERunDestination: Supported platforms for the buildables in the current scheme is empty.
** BUILD FAILED **
The following build commands failed:
SwiftCompile normal arm64 Compiling\ BuildGraphNodeKind.swift /Users/admin/builder/spi-builder-workspace/Sources/BuildAnalyzerKit/BuildGraphNodeKind.swift (in target 'BuildAnalyzerKit' from project 'BuildAnalyzer')
SwiftCompile normal arm64 /Users/admin/builder/spi-builder-workspace/Sources/BuildAnalyzerKit/BuildGraphNodeKind.swift (in target 'BuildAnalyzerKit' from project 'BuildAnalyzer')
Building workspace BuildAnalyzer with scheme BuildAnalyzer-Package
(3 failures)
BUILD FAILURE 6.4 tvOS