Build Information
Failed to build SwiftUIRatingPopups, reference main (39152e), with Swift 6.2 for macOS (SPM) on 19 Aug 2026 07:14:59 UTC.
Build Command
env DEVELOPER_DIR=/Applications/Xcode-26.3.0.app xcrun swift build --arch arm64Build Log
========================================
RunAll
========================================
Builder version: 5.0.2
Interrupt handler set up.
========================================
Checkout
========================================
Clone URL: https://github.com/aayush-gandhi-ios/SwiftUIRatingPopups.git
Reference: main
Initialized empty Git repository in /Users/admin/builder/spi-builder-workspace/.git/
From https://github.com/aayush-gandhi-ios/SwiftUIRatingPopups
* branch main -> FETCH_HEAD
* [new branch] main -> origin/main
HEAD is now at 39152e0 Enhance README with SEO headings, keywords, and FAQ for Google search index
Cloned https://github.com/aayush-gandhi-ios/SwiftUIRatingPopups.git
Revision (git rev-parse @):
39152e07649fd97220f701e4b757898c321248e3
SUCCESS checkout https://github.com/aayush-gandhi-ios/SwiftUIRatingPopups.git at main
========================================
Build
========================================
Selected platform: macosSpm
Swift version: 6.2
Building package at path: $PWD
https://github.com/aayush-gandhi-ios/SwiftUIRatingPopups.git
Running build ...
env DEVELOPER_DIR=/Applications/Xcode-26.3.0.app xcrun swift build --arch arm64
Building for debugging...
[0/2] Write sources
[1/2] Write swift-version--3CB7CFEC50E0D141.txt
[3/39] Compiling SwiftUIRatingPopups DavidVsGoliathPopup.swift
[4/39] Compiling SwiftUIRatingPopups DetailedReviewPopup.swift
[5/39] Compiling SwiftUIRatingPopups EmojiReactionPopup.swift
[6/39] Compiling SwiftUIRatingPopups FeatureComplimentPopup.swift
[7/39] Compiling SwiftUIRatingPopups GlassmorphicPopup.swift
[8/39] Compiling SwiftUIRatingPopups HallOfFamePopup.swift
[9/39] Compiling SwiftUIRatingPopups HeartPulsePopup.swift
[10/39] Compiling SwiftUIRatingPopups IndieDeveloperStoryPopup.swift
[11/39] Compiling SwiftUIRatingPopups MagneticLoveMeterPopup.swift
[12/39] Compiling SwiftUIRatingPopups MilestoneCelebrationPopup.swift
[13/39] Compiling SwiftUIRatingPopups MinimalBottomSheetPopup.swift
[14/39] Compiling SwiftUIRatingPopups MysteryChestPopup.swift
[15/39] Compiling SwiftUIRatingPopups TagChipsView.swift
[16/39] Compiling SwiftUIRatingPopups AspectBreakdownPopup.swift
[17/39] Compiling SwiftUIRatingPopups BentoGridFeedbackPopup.swift
[18/39] Compiling SwiftUIRatingPopups ClassicStarsPopup.swift
[19/39] Compiling SwiftUIRatingPopups SmartNegativeInterceptorPopup.swift
[20/39] Compiling SwiftUIRatingPopups SocialProofWallPopup.swift
[21/39] Compiling SwiftUIRatingPopups StreakFlamePopup.swift
[22/39] Compiling SwiftUIRatingPopups SuperfanVIPPopup.swift
[23/39] Compiling SwiftUIRatingPopups NPSScorePopup.swift
[24/39] Compiling SwiftUIRatingPopups PerkUnlockRewardPopup.swift
[25/39] Compiling SwiftUIRatingPopups RoadmapVotePopup.swift
[26/39] Compiling SwiftUIRatingPopups SmartAppStorePopup.swift
[27/42] Compiling SwiftUIRatingPopups CoffeeTipPopup.swift
[28/42] Compiling SwiftUIRatingPopups CommunityGoalPopup.swift
[29/42] Compiling SwiftUIRatingPopups CompactPillToastPopup.swift
[30/42] Compiling SwiftUIRatingPopups ConfettiDelightPopup.swift
[31/42] Compiling SwiftUIRatingPopups ColorExtensions.swift
/Users/admin/builder/spi-builder-workspace/Sources/SwiftUIRatingPopups/Utilities/ConfettiView.swift:72:25: error: the compiler is unable to type-check this expression in reasonable time; try breaking up the expression into distinct sub-expressions
70 | @State private var opacity: Double = 1.0
71 |
72 | var body: some View {
| `- error: the compiler is unable to type-check this expression in reasonable time; try breaking up the expression into distinct sub-expressions
73 | Group {
74 | switch particle.shape {
[32/42] Compiling SwiftUIRatingPopups ConfettiView.swift
/Users/admin/builder/spi-builder-workspace/Sources/SwiftUIRatingPopups/Utilities/ConfettiView.swift:72:25: error: the compiler is unable to type-check this expression in reasonable time; try breaking up the expression into distinct sub-expressions
70 | @State private var opacity: Double = 1.0
71 |
72 | var body: some View {
| `- error: the compiler is unable to type-check this expression in reasonable time; try breaking up the expression into distinct sub-expressions
73 | Group {
74 | switch particle.shape {
[33/42] Compiling SwiftUIRatingPopups HapticsManager.swift
/Users/admin/builder/spi-builder-workspace/Sources/SwiftUIRatingPopups/Utilities/ConfettiView.swift:72:25: error: the compiler is unable to type-check this expression in reasonable time; try breaking up the expression into distinct sub-expressions
70 | @State private var opacity: Double = 1.0
71 |
72 | var body: some View {
| `- error: the compiler is unable to type-check this expression in reasonable time; try breaking up the expression into distinct sub-expressions
73 | Group {
74 | switch particle.shape {
[34/42] Compiling SwiftUIRatingPopups RatingPopupModifiers.swift
/Users/admin/builder/spi-builder-workspace/Sources/SwiftUIRatingPopups/Utilities/ConfettiView.swift:72:25: error: the compiler is unable to type-check this expression in reasonable time; try breaking up the expression into distinct sub-expressions
70 | @State private var opacity: Double = 1.0
71 |
72 | var body: some View {
| `- error: the compiler is unable to type-check this expression in reasonable time; try breaking up the expression into distinct sub-expressions
73 | Group {
74 | switch particle.shape {
[35/42] Emitting module SwiftUIRatingPopups
[36/42] Compiling SwiftUIRatingPopups RatingPopupsDemoView.swift
[37/42] Compiling SwiftUIRatingPopups RatingFeedbackResult.swift
[38/42] Compiling SwiftUIRatingPopups RatingPopupConfiguration.swift
[39/42] Compiling SwiftUIRatingPopups RatingPopupStyle.swift
[40/42] Compiling SwiftUIRatingPopups SwipeableCardPopup.swift
[41/42] Compiling SwiftUIRatingPopups ThumbsQuickPopup.swift
[42/42] Compiling SwiftUIRatingPopups TimeSavedROIPopup.swift
BUILD FAILURE 6.2 macosSpm