Build Information
Failed to build OCCTMCP, reference v1.37.0 (017cc6), with Swift 6.1 for macOS (Xcode) using Xcode 16.3 on 2 Oct 2026 22:23:56 UTC.
Build Command
env DEVELOPER_DIR=/Applications/Xcode-16.3.0.app xcrun xcodebuild -IDEClonedSourcePackagesDirPathOverride=$PWD/.dependencies -skipMacroValidation -skipPackagePluginValidation -derivedDataPath $PWD/.derivedData build -scheme OCCTMCP-Package -destination platform=macOS,arch=arm64Build Log
2026-10-02 15:23:10.900 appintentsmetadataprocessor[8355:31319] Starting appintentsmetadataprocessor export
2026-10-02 15:23:10.938 appintentsmetadataprocessor[8355:31319] Extracted no relevant App Intents symbols, skipping writing output
SwiftDriverJobDiscovery normal arm64 Compiling Prompts.swift, Resources.swift, Server.swift, Tools.swift (in target 'MCP' from project 'mcp-swift-sdk')
SwiftDriver\ Compilation MCP normal arm64 com.apple.xcode.tools.swift.compiler (in target 'MCP' from project 'mcp-swift-sdk')
cd /Users/admin/builder/spi-builder-workspace/.swiftpm/xcode
builtin-Swift-Compilation -- /Applications/Xcode-16.3.0.app/Contents/Developer/Toolchains/XcodeDefault.xctoolchain/usr/bin/swiftc -module-name MCP -Onone -enforce-exclusivity\=checked @/Users/admin/builder/spi-builder-workspace/.derivedData/Build/Intermediates.noindex/mcp-swift-sdk.build/Debug/MCP.build/Objects-normal/arm64/MCP.SwiftFileList -DSWIFT_PACKAGE -DDEBUG -DXcode -enable-upcoming-feature StrictConcurrency -plugin-path /Applications/Xcode-16.3.0.app/Contents/Developer/Toolchains/XcodeDefault.xctoolchain/usr/lib/swift/host/plugins/testing -enable-experimental-feature DebugDescriptionMacro -sdk /Applications/Xcode-16.3.0.app/Contents/Developer/Platforms/MacOSX.platform/Developer/SDKs/MacOSX15.4.sdk -target arm64-apple-macos13.0 -g -module-cache-path /Users/admin/builder/spi-builder-workspace/.derivedData/ModuleCache.noindex -Xfrontend -serialize-debugging-options -profile-coverage-mapping -profile-generate -enable-testing -suppress-warnings -index-store-path /Users/admin/builder/spi-builder-workspace/.derivedData/Index.noindex/DataStore -swift-version 6 -I /Users/admin/builder/spi-builder-workspace/.derivedData/Build/Products/Debug -I /Applications/Xcode-16.3.0.app/Contents/Developer/Platforms/MacOSX.platform/Developer/usr/lib -F /Users/admin/builder/spi-builder-workspace/.derivedData/Build/Products/Debug/PackageFrameworks -F /Users/admin/builder/spi-builder-workspace/.derivedData/Build/Products/Debug/PackageFrameworks -F /Users/admin/builder/spi-builder-workspace/.derivedData/Build/Products/Debug/PackageFrameworks -F /Users/admin/builder/spi-builder-workspace/.derivedData/Build/Products/Debug/PackageFrameworks -F /Users/admin/builder/spi-builder-workspace/.derivedData/Build/Products/Debug -F /Applications/Xcode-16.3.0.app/Contents/Developer/Platforms/MacOSX.platform/Developer/Library/Frameworks -c -j10 -enable-batch-mode -incremental -Xcc -ivfsstatcache -Xcc /Users/admin/builder/spi-builder-workspace/.derivedData/SDKStatCaches.noindex/macosx15.4-24E241-8287b8f5db97e746a1562fbca0c9d29b.sdkstatcache -output-file-map /Users/admin/builder/spi-builder-workspace/.derivedData/Build/Intermediates.noindex/mcp-swift-sdk.build/Debug/MCP.build/Objects-normal/arm64/MCP-OutputFileMap.json -use-frontend-parseable-output -save-temps -no-color-diagnostics -serialize-diagnostics -emit-dependencies -emit-module -emit-module-path /Users/admin/builder/spi-builder-workspace/.derivedData/Build/Intermediates.noindex/mcp-swift-sdk.build/Debug/MCP.build/Objects-normal/arm64/MCP.swiftmodule -user-module-version 0.12.1 -validate-clang-modules-once -clang-build-session-file /Users/admin/builder/spi-builder-workspace/.derivedData/ModuleCache.noindex/Session.modulevalidation -package-name swift_sdk -Xcc -I/Users/admin/builder/spi-builder-workspace/.derivedData/Build/Intermediates.noindex/mcp-swift-sdk.build/Debug/MCP.build/swift-overrides.hmap -emit-const-values -Xfrontend -const-gather-protocols-file -Xfrontend /Users/admin/builder/spi-builder-workspace/.derivedData/Build/Intermediates.noindex/mcp-swift-sdk.build/Debug/MCP.build/Objects-normal/arm64/MCP_const_extract_protocols.json -Xcc -I/Users/admin/builder/spi-builder-workspace/.dependencies/checkouts/swift-system/Sources/CSystem/include -Xcc -I/Users/admin/builder/spi-builder-workspace/.derivedData/Build/Products/Debug/include -Xcc -I/Users/admin/builder/spi-builder-workspace/.derivedData/Build/Intermediates.noindex/mcp-swift-sdk.build/Debug/MCP.build/DerivedSources-normal/arm64 -Xcc -I/Users/admin/builder/spi-builder-workspace/.derivedData/Build/Intermediates.noindex/mcp-swift-sdk.build/Debug/MCP.build/DerivedSources/arm64 -Xcc -I/Users/admin/builder/spi-builder-workspace/.derivedData/Build/Intermediates.noindex/mcp-swift-sdk.build/Debug/MCP.build/DerivedSources -Xcc -DSWIFT_PACKAGE -Xcc -DDEBUG\=1 -emit-objc-header -emit-objc-header-path /Users/admin/builder/spi-builder-workspace/.derivedData/Build/Intermediates.noindex/mcp-swift-sdk.build/Debug/MCP.build/Objects-normal/arm64/MCP-Swift.h -working-directory /Users/admin/builder/spi-builder-workspace/.swiftpm/xcode -experimental-emit-module-separately -disable-cmo
Ld /Users/admin/builder/spi-builder-workspace/.derivedData/Build/Products/Debug/MCP.o normal (in target 'MCP' from project 'mcp-swift-sdk')
cd /Users/admin/builder/spi-builder-workspace/.dependencies/checkouts/swift-sdk
/Applications/Xcode-16.3.0.app/Contents/Developer/Toolchains/XcodeDefault.xctoolchain/usr/bin/clang -Xlinker -reproducible -target arm64-apple-macos13.0 -r -isysroot /Applications/Xcode-16.3.0.app/Contents/Developer/Platforms/MacOSX.platform/Developer/SDKs/MacOSX15.4.sdk -O0 -w -L/Users/admin/builder/spi-builder-workspace/.derivedData/Build/Intermediates.noindex/EagerLinkingTBDs/Debug -L/Users/admin/builder/spi-builder-workspace/.derivedData/Build/Products/Debug -L/Applications/Xcode-16.3.0.app/Contents/Developer/Platforms/MacOSX.platform/Developer/usr/lib -F/Users/admin/builder/spi-builder-workspace/.derivedData/Build/Intermediates.noindex/EagerLinkingTBDs/Debug -F/Users/admin/builder/spi-builder-workspace/.derivedData/Build/Products/Debug/PackageFrameworks -F/Users/admin/builder/spi-builder-workspace/.derivedData/Build/Products/Debug/PackageFrameworks -F/Users/admin/builder/spi-builder-workspace/.derivedData/Build/Products/Debug/PackageFrameworks -F/Users/admin/builder/spi-builder-workspace/.derivedData/Build/Products/Debug/PackageFrameworks -F/Users/admin/builder/spi-builder-workspace/.derivedData/Build/Products/Debug -iframework /Applications/Xcode-16.3.0.app/Contents/Developer/Platforms/MacOSX.platform/Developer/Library/Frameworks -filelist /Users/admin/builder/spi-builder-workspace/.derivedData/Build/Intermediates.noindex/mcp-swift-sdk.build/Debug/MCP.build/Objects-normal/arm64/MCP.LinkFileList -nostdlib -Xlinker -object_path_lto -Xlinker /Users/admin/builder/spi-builder-workspace/.derivedData/Build/Intermediates.noindex/mcp-swift-sdk.build/Debug/MCP.build/Objects-normal/arm64/MCP_lto.o -rdynamic -Xlinker -no_deduplicate -Xlinker -debug_variant -Xlinker -dependency_info -Xlinker /Users/admin/builder/spi-builder-workspace/.derivedData/Build/Intermediates.noindex/mcp-swift-sdk.build/Debug/MCP.build/Objects-normal/arm64/MCP_dependency_info.dat -fobjc-link-runtime -L/Applications/Xcode-16.3.0.app/Contents/Developer/Toolchains/XcodeDefault.xctoolchain/usr/lib/swift/macosx -L/usr/lib/swift -Xlinker -add_ast_path -Xlinker /Users/admin/builder/spi-builder-workspace/.derivedData/Build/Intermediates.noindex/mcp-swift-sdk.build/Debug/MCP.build/Objects-normal/arm64/MCP.swiftmodule -o /Users/admin/builder/spi-builder-workspace/.derivedData/Build/Products/Debug/MCP.o
RegisterExecutionPolicyException /Users/admin/builder/spi-builder-workspace/.derivedData/Build/Products/Debug/ScriptHarness.o (in target 'ScriptHarness' from project 'OCCTSwiftScripts')
cd /Users/admin/builder/spi-builder-workspace/.dependencies/checkouts/OCCTSwiftScripts
builtin-RegisterExecutionPolicyException /Users/admin/builder/spi-builder-workspace/.derivedData/Build/Products/Debug/ScriptHarness.o
RegisterExecutionPolicyException /Users/admin/builder/spi-builder-workspace/.derivedData/Build/Products/Debug/OCCTSwiftMesh.o (in target 'OCCTSwiftMesh' from project 'OCCTSwiftMesh')
cd /Users/admin/builder/spi-builder-workspace/.dependencies/checkouts/OCCTSwiftMesh
builtin-RegisterExecutionPolicyException /Users/admin/builder/spi-builder-workspace/.derivedData/Build/Products/Debug/OCCTSwiftMesh.o
RegisterExecutionPolicyException /Users/admin/builder/spi-builder-workspace/.derivedData/Build/Products/Debug/Nodal.o (in target 'Nodal' from project 'Nodal')
cd /Users/admin/builder/spi-builder-workspace/.dependencies/checkouts/Nodal
builtin-RegisterExecutionPolicyException /Users/admin/builder/spi-builder-workspace/.derivedData/Build/Products/Debug/Nodal.o
RegisterExecutionPolicyException /Users/admin/builder/spi-builder-workspace/.derivedData/Build/Products/Debug/DrawingComposer.o (in target 'DrawingComposer' from project 'OCCTSwiftScripts')
cd /Users/admin/builder/spi-builder-workspace/.dependencies/checkouts/OCCTSwiftScripts
builtin-RegisterExecutionPolicyException /Users/admin/builder/spi-builder-workspace/.derivedData/Build/Products/Debug/DrawingComposer.o
Ld /Users/admin/builder/spi-builder-workspace/.derivedData/Build/Products/Debug/ThreeMF.o normal (in target 'ThreeMF' from project 'ThreeMF')
cd /Users/admin/builder/spi-builder-workspace/.dependencies/checkouts/ThreeMF
/Applications/Xcode-16.3.0.app/Contents/Developer/Toolchains/XcodeDefault.xctoolchain/usr/bin/clang -Xlinker -reproducible -target arm64-apple-macos10.15 -r -isysroot /Applications/Xcode-16.3.0.app/Contents/Developer/Platforms/MacOSX.platform/Developer/SDKs/MacOSX15.4.sdk -O0 -w -L/Users/admin/builder/spi-builder-workspace/.derivedData/Build/Intermediates.noindex/EagerLinkingTBDs/Debug -L/Users/admin/builder/spi-builder-workspace/.derivedData/Build/Products/Debug -L/Applications/Xcode-16.3.0.app/Contents/Developer/Platforms/MacOSX.platform/Developer/usr/lib -F/Users/admin/builder/spi-builder-workspace/.derivedData/Build/Intermediates.noindex/EagerLinkingTBDs/Debug -F/Users/admin/builder/spi-builder-workspace/.derivedData/Build/Products/Debug/PackageFrameworks -F/Users/admin/builder/spi-builder-workspace/.derivedData/Build/Products/Debug/PackageFrameworks -F/Users/admin/builder/spi-builder-workspace/.derivedData/Build/Products/Debug/PackageFrameworks -F/Users/admin/builder/spi-builder-workspace/.derivedData/Build/Products/Debug/PackageFrameworks -F/Users/admin/builder/spi-builder-workspace/.derivedData/Build/Products/Debug/PackageFrameworks -F/Users/admin/builder/spi-builder-workspace/.derivedData/Build/Products/Debug -iframework /Applications/Xcode-16.3.0.app/Contents/Developer/Platforms/MacOSX.platform/Developer/Library/Frameworks -filelist /Users/admin/builder/spi-builder-workspace/.derivedData/Build/Intermediates.noindex/ThreeMF.build/Debug/ThreeMF.build/Objects-normal/arm64/ThreeMF.LinkFileList -nostdlib -Xlinker -object_path_lto -Xlinker /Users/admin/builder/spi-builder-workspace/.derivedData/Build/Intermediates.noindex/ThreeMF.build/Debug/ThreeMF.build/Objects-normal/arm64/ThreeMF_lto.o -rdynamic -Xlinker -no_deduplicate -Xlinker -debug_variant -Xlinker -dependency_info -Xlinker /Users/admin/builder/spi-builder-workspace/.derivedData/Build/Intermediates.noindex/ThreeMF.build/Debug/ThreeMF.build/Objects-normal/arm64/ThreeMF_dependency_info.dat -fobjc-link-runtime -L/Applications/Xcode-16.3.0.app/Contents/Developer/Toolchains/XcodeDefault.xctoolchain/usr/lib/swift/macosx -L/usr/lib/swift -Xlinker -add_ast_path -Xlinker /Users/admin/builder/spi-builder-workspace/.derivedData/Build/Intermediates.noindex/ThreeMF.build/Debug/ThreeMF.build/Objects-normal/arm64/ThreeMF.swiftmodule -o /Users/admin/builder/spi-builder-workspace/.derivedData/Build/Products/Debug/ThreeMF.o
ExtractAppIntentsMetadata (in target 'MCP' from project 'mcp-swift-sdk')
cd /Users/admin/builder/spi-builder-workspace/.dependencies/checkouts/swift-sdk
/Applications/Xcode-16.3.0.app/Contents/Developer/Toolchains/XcodeDefault.xctoolchain/usr/bin/appintentsmetadataprocessor --toolchain-dir /Applications/Xcode-16.3.0.app/Contents/Developer/Toolchains/XcodeDefault.xctoolchain --module-name MCP --sdk-root /Applications/Xcode-16.3.0.app/Contents/Developer/Platforms/MacOSX.platform/Developer/SDKs/MacOSX15.4.sdk --xcode-version 16E140 --platform-family macOS --deployment-target 13.0 --bundle-identifier swift-sdk.MCP --output /Users/admin/builder/spi-builder-workspace/.derivedData/Build/Products/Debug/MCP.appintents --target-triple arm64-apple-macos13.0 --binary-file /Users/admin/builder/spi-builder-workspace/.derivedData/Build/Products/Debug/MCP.o --dependency-file /Users/admin/builder/spi-builder-workspace/.derivedData/Build/Intermediates.noindex/mcp-swift-sdk.build/Debug/MCP.build/Objects-normal/arm64/MCP_dependency_info.dat --stringsdata-file /Users/admin/builder/spi-builder-workspace/.derivedData/Build/Intermediates.noindex/mcp-swift-sdk.build/Debug/MCP.build/Objects-normal/arm64/ExtractedAppShortcutsMetadata.stringsdata --source-file-list /Users/admin/builder/spi-builder-workspace/.derivedData/Build/Intermediates.noindex/mcp-swift-sdk.build/Debug/MCP.build/Objects-normal/arm64/MCP.SwiftFileList --metadata-file-list /Users/admin/builder/spi-builder-workspace/.derivedData/Build/Intermediates.noindex/mcp-swift-sdk.build/Debug/MCP.build/MCP.DependencyMetadataFileList --static-metadata-file-list /Users/admin/builder/spi-builder-workspace/.derivedData/Build/Intermediates.noindex/mcp-swift-sdk.build/Debug/MCP.build/MCP.DependencyStaticMetadataFileList --swift-const-vals-list /Users/admin/builder/spi-builder-workspace/.derivedData/Build/Intermediates.noindex/mcp-swift-sdk.build/Debug/MCP.build/Objects-normal/arm64/MCP.SwiftConstValuesFileList --force --compile-time-extraction --deployment-aware-processing --validate-assistant-intents --no-app-shortcuts-localization
2026-10-02 15:23:11.027 appintentsmetadataprocessor[8360:31358] Starting appintentsmetadataprocessor export
2026-10-02 15:23:11.074 appintentsmetadataprocessor[8360:31358] Extracted no relevant App Intents symbols, skipping writing output
ExtractAppIntentsMetadata (in target 'ThreeMF' from project 'ThreeMF')
cd /Users/admin/builder/spi-builder-workspace/.dependencies/checkouts/ThreeMF
/Applications/Xcode-16.3.0.app/Contents/Developer/Toolchains/XcodeDefault.xctoolchain/usr/bin/appintentsmetadataprocessor --toolchain-dir /Applications/Xcode-16.3.0.app/Contents/Developer/Toolchains/XcodeDefault.xctoolchain --module-name ThreeMF --sdk-root /Applications/Xcode-16.3.0.app/Contents/Developer/Platforms/MacOSX.platform/Developer/SDKs/MacOSX15.4.sdk --xcode-version 16E140 --platform-family macOS --deployment-target 10.15 --bundle-identifier threemf.ThreeMF --output /Users/admin/builder/spi-builder-workspace/.derivedData/Build/Products/Debug/ThreeMF.appintents --target-triple arm64-apple-macos10.15 --binary-file /Users/admin/builder/spi-builder-workspace/.derivedData/Build/Products/Debug/ThreeMF.o --dependency-file /Users/admin/builder/spi-builder-workspace/.derivedData/Build/Intermediates.noindex/ThreeMF.build/Debug/ThreeMF.build/Objects-normal/arm64/ThreeMF_dependency_info.dat --stringsdata-file /Users/admin/builder/spi-builder-workspace/.derivedData/Build/Intermediates.noindex/ThreeMF.build/Debug/ThreeMF.build/Objects-normal/arm64/ExtractedAppShortcutsMetadata.stringsdata --source-file-list /Users/admin/builder/spi-builder-workspace/.derivedData/Build/Intermediates.noindex/ThreeMF.build/Debug/ThreeMF.build/Objects-normal/arm64/ThreeMF.SwiftFileList --metadata-file-list /Users/admin/builder/spi-builder-workspace/.derivedData/Build/Intermediates.noindex/ThreeMF.build/Debug/ThreeMF.build/ThreeMF.DependencyMetadataFileList --static-metadata-file-list /Users/admin/builder/spi-builder-workspace/.derivedData/Build/Intermediates.noindex/ThreeMF.build/Debug/ThreeMF.build/ThreeMF.DependencyStaticMetadataFileList --swift-const-vals-list /Users/admin/builder/spi-builder-workspace/.derivedData/Build/Intermediates.noindex/ThreeMF.build/Debug/ThreeMF.build/Objects-normal/arm64/ThreeMF.SwiftConstValuesFileList --force --compile-time-extraction --deployment-aware-processing --validate-assistant-intents --no-app-shortcuts-localization
2026-10-02 15:23:11.045 appintentsmetadataprocessor[8361:31359] Starting appintentsmetadataprocessor export
2026-10-02 15:23:11.085 appintentsmetadataprocessor[8361:31359] Extracted no relevant App Intents symbols, skipping writing output
RegisterExecutionPolicyException /Users/admin/builder/spi-builder-workspace/.derivedData/Build/Products/Debug/MCP.o (in target 'MCP' from project 'mcp-swift-sdk')
cd /Users/admin/builder/spi-builder-workspace/.dependencies/checkouts/swift-sdk
builtin-RegisterExecutionPolicyException /Users/admin/builder/spi-builder-workspace/.derivedData/Build/Products/Debug/MCP.o
RegisterExecutionPolicyException /Users/admin/builder/spi-builder-workspace/.derivedData/Build/Products/Debug/ThreeMF.o (in target 'ThreeMF' from project 'ThreeMF')
cd /Users/admin/builder/spi-builder-workspace/.dependencies/checkouts/ThreeMF
builtin-RegisterExecutionPolicyException /Users/admin/builder/spi-builder-workspace/.derivedData/Build/Products/Debug/ThreeMF.o
SwiftDriverJobDiscovery normal arm64 Emitting module for MeshIO (in target 'MeshIO' from project 'OCCTSwiftIO')
SwiftDriver\ Compilation\ Requirements MeshIO normal arm64 com.apple.xcode.tools.swift.compiler (in target 'MeshIO' from project 'OCCTSwiftIO')
cd /Users/admin/builder/spi-builder-workspace/.swiftpm/xcode
builtin-Swift-Compilation-Requirements -- /Applications/Xcode-16.3.0.app/Contents/Developer/Toolchains/XcodeDefault.xctoolchain/usr/bin/swiftc -module-name MeshIO -Onone -enforce-exclusivity\=checked @/Users/admin/builder/spi-builder-workspace/.derivedData/Build/Intermediates.noindex/OCCTSwiftIO.build/Debug/MeshIO.build/Objects-normal/arm64/MeshIO.SwiftFileList -DSWIFT_PACKAGE -DDEBUG -Xcc -fmodule-map-file\=/Users/admin/builder/spi-builder-workspace/.derivedData/Build/Intermediates.noindex/GeneratedModuleMaps/Miniz.modulemap -Xcc -fmodule-map-file\=/Users/admin/builder/spi-builder-workspace/.derivedData/Build/Intermediates.noindex/GeneratedModuleMaps/Bridge.modulemap -Xcc -fmodule-map-file\=/Users/admin/builder/spi-builder-workspace/.derivedData/Build/Intermediates.noindex/GeneratedModuleMaps/pugixml.modulemap -DXcode -cxx-interoperability-mode\=default -plugin-path /Applications/Xcode-16.3.0.app/Contents/Developer/Toolchains/XcodeDefault.xctoolchain/usr/lib/swift/host/plugins/testing -enable-experimental-feature DebugDescriptionMacro -sdk /Applications/Xcode-16.3.0.app/Contents/Developer/Platforms/MacOSX.platform/Developer/SDKs/MacOSX15.4.sdk -target arm64-apple-macos15.0 -g -module-cache-path /Users/admin/builder/spi-builder-workspace/.derivedData/ModuleCache.noindex -Xfrontend -serialize-debugging-options -profile-coverage-mapping -profile-generate -enable-testing -suppress-warnings -index-store-path /Users/admin/builder/spi-builder-workspace/.derivedData/Index.noindex/DataStore -swift-version 6 -I /Users/admin/builder/spi-builder-workspace/.derivedData/Build/Products/Debug -I /Applications/Xcode-16.3.0.app/Contents/Developer/Platforms/MacOSX.platform/Developer/usr/lib -F /Users/admin/builder/spi-builder-workspace/.derivedData/Build/Products/Debug/PackageFrameworks -F /Users/admin/builder/spi-builder-workspace/.derivedData/Build/Products/Debug/PackageFrameworks -F /Users/admin/builder/spi-builder-workspace/.derivedData/Build/Products/Debug/PackageFrameworks -F /Users/admin/builder/spi-builder-workspace/.derivedData/Build/Products/Debug/PackageFrameworks -F /Users/admin/builder/spi-builder-workspace/.derivedData/Build/Products/Debug/PackageFrameworks -F /Users/admin/builder/spi-builder-workspace/.derivedData/Build/Products/Debug/PackageFrameworks -F /Users/admin/builder/spi-builder-workspace/.derivedData/Build/Products/Debug/PackageFrameworks -F /Users/admin/builder/spi-builder-workspace/.derivedData/Build/Products/Debug/PackageFrameworks -F /Users/admin/builder/spi-builder-workspace/.derivedData/Build/Products/Debug/PackageFrameworks -F /Users/admin/builder/spi-builder-workspace/.derivedData/Build/Products/Debug -F /Applications/Xcode-16.3.0.app/Contents/Developer/Platforms/MacOSX.platform/Developer/Library/Frameworks -c -j10 -enable-batch-mode -incremental -Xcc -ivfsstatcache -Xcc /Users/admin/builder/spi-builder-workspace/.derivedData/SDKStatCaches.noindex/macosx15.4-24E241-8287b8f5db97e746a1562fbca0c9d29b.sdkstatcache -output-file-map /Users/admin/builder/spi-builder-workspace/.derivedData/Build/Intermediates.noindex/OCCTSwiftIO.build/Debug/MeshIO.build/Objects-normal/arm64/MeshIO-OutputFileMap.json -use-frontend-parseable-output -save-temps -no-color-diagnostics -serialize-diagnostics -emit-dependencies -emit-module -emit-module-path /Users/admin/builder/spi-builder-workspace/.derivedData/Build/Intermediates.noindex/OCCTSwiftIO.build/Debug/MeshIO.build/Objects-normal/arm64/MeshIO.swiftmodule -user-module-version 1.8.0 -validate-clang-modules-once -clang-build-session-file /Users/admin/builder/spi-builder-workspace/.derivedData/ModuleCache.noindex/Session.modulevalidation -package-name occtswiftio -Xcc -I/Users/admin/builder/spi-builder-workspace/.derivedData/Build/Intermediates.noindex/OCCTSwiftIO.build/Debug/MeshIO.build/swift-overrides.hmap -emit-const-values -Xfrontend -const-gather-protocols-file -Xfrontend /Users/admin/builder/spi-builder-workspace/.derivedData/Build/Intermediates.noindex/OCCTSwiftIO.build/Debug/MeshIO.build/Objects-normal/arm64/MeshIO_const_extract_protocols.json -Xcc -I/Users/admin/builder/spi-builder-workspace/.dependencies/checkouts/Zip/Sources/miniz -Xcc -I/Users/admin/builder/spi-builder-workspace/.dependencies/checkouts/Nodal/Sources/bridge -Xcc -I/Users/admin/builder/spi-builder-workspace/.dependencies/checkouts/Nodal/Sources/pugixml/src -Xcc -I/Users/admin/builder/spi-builder-workspace/.derivedData/Build/Products/Debug/include -Xcc -I/Users/admin/builder/spi-builder-workspace/.derivedData/Build/Intermediates.noindex/OCCTSwiftIO.build/Debug/MeshIO.build/DerivedSources-normal/arm64 -Xcc -I/Users/admin/builder/spi-builder-workspace/.derivedData/Build/Intermediates.noindex/OCCTSwiftIO.build/Debug/MeshIO.build/DerivedSources/arm64 -Xcc -I/Users/admin/builder/spi-builder-workspace/.derivedData/Build/Intermediates.noindex/OCCTSwiftIO.build/Debug/MeshIO.build/DerivedSources -Xcc -DSWIFT_PACKAGE -Xcc -DDEBUG\=1 -emit-objc-header -emit-objc-header-path /Users/admin/builder/spi-builder-workspace/.derivedData/Build/Intermediates.noindex/OCCTSwiftIO.build/Debug/MeshIO.build/Objects-normal/arm64/MeshIO-Swift.h -working-directory /Users/admin/builder/spi-builder-workspace/.swiftpm/xcode -experimental-emit-module-separately -disable-cmo
SwiftMergeGeneratedHeaders /Users/admin/builder/spi-builder-workspace/.derivedData/Build/Intermediates.noindex/GeneratedModuleMaps/MeshIO-Swift.h /Users/admin/builder/spi-builder-workspace/.derivedData/Build/Intermediates.noindex/OCCTSwiftIO.build/Debug/MeshIO.build/Objects-normal/arm64/MeshIO-Swift.h (in target 'MeshIO' from project 'OCCTSwiftIO')
cd /Users/admin/builder/spi-builder-workspace/.dependencies/checkouts/OCCTSwiftIO
builtin-swiftHeaderTool -arch arm64 /Users/admin/builder/spi-builder-workspace/.derivedData/Build/Intermediates.noindex/OCCTSwiftIO.build/Debug/MeshIO.build/Objects-normal/arm64/MeshIO-Swift.h -o /Users/admin/builder/spi-builder-workspace/.derivedData/Build/Intermediates.noindex/GeneratedModuleMaps/MeshIO-Swift.h
Copy /Users/admin/builder/spi-builder-workspace/.derivedData/Build/Products/Debug/MeshIO.swiftmodule/arm64-apple-macos.swiftmodule /Users/admin/builder/spi-builder-workspace/.derivedData/Build/Intermediates.noindex/OCCTSwiftIO.build/Debug/MeshIO.build/Objects-normal/arm64/MeshIO.swiftmodule (in target 'MeshIO' from project 'OCCTSwiftIO')
cd /Users/admin/builder/spi-builder-workspace/.dependencies/checkouts/OCCTSwiftIO
builtin-copy -exclude .DS_Store -exclude CVS -exclude .svn -exclude .git -exclude .hg -resolve-src-symlinks -rename /Users/admin/builder/spi-builder-workspace/.derivedData/Build/Intermediates.noindex/OCCTSwiftIO.build/Debug/MeshIO.build/Objects-normal/arm64/MeshIO.swiftmodule /Users/admin/builder/spi-builder-workspace/.derivedData/Build/Products/Debug/MeshIO.swiftmodule/arm64-apple-macos.swiftmodule
Copy /Users/admin/builder/spi-builder-workspace/.derivedData/Build/Products/Debug/MeshIO.swiftmodule/arm64-apple-macos.swiftdoc /Users/admin/builder/spi-builder-workspace/.derivedData/Build/Intermediates.noindex/OCCTSwiftIO.build/Debug/MeshIO.build/Objects-normal/arm64/MeshIO.swiftdoc (in target 'MeshIO' from project 'OCCTSwiftIO')
cd /Users/admin/builder/spi-builder-workspace/.dependencies/checkouts/OCCTSwiftIO
builtin-copy -exclude .DS_Store -exclude CVS -exclude .svn -exclude .git -exclude .hg -resolve-src-symlinks -rename /Users/admin/builder/spi-builder-workspace/.derivedData/Build/Intermediates.noindex/OCCTSwiftIO.build/Debug/MeshIO.build/Objects-normal/arm64/MeshIO.swiftdoc /Users/admin/builder/spi-builder-workspace/.derivedData/Build/Products/Debug/MeshIO.swiftmodule/arm64-apple-macos.swiftdoc
Copy /Users/admin/builder/spi-builder-workspace/.derivedData/Build/Products/Debug/MeshIO.swiftmodule/arm64-apple-macos.abi.json /Users/admin/builder/spi-builder-workspace/.derivedData/Build/Intermediates.noindex/OCCTSwiftIO.build/Debug/MeshIO.build/Objects-normal/arm64/MeshIO.abi.json (in target 'MeshIO' from project 'OCCTSwiftIO')
cd /Users/admin/builder/spi-builder-workspace/.dependencies/checkouts/OCCTSwiftIO
builtin-copy -exclude .DS_Store -exclude CVS -exclude .svn -exclude .git -exclude .hg -resolve-src-symlinks -rename /Users/admin/builder/spi-builder-workspace/.derivedData/Build/Intermediates.noindex/OCCTSwiftIO.build/Debug/MeshIO.build/Objects-normal/arm64/MeshIO.abi.json /Users/admin/builder/spi-builder-workspace/.derivedData/Build/Products/Debug/MeshIO.swiftmodule/arm64-apple-macos.abi.json
Copy /Users/admin/builder/spi-builder-workspace/.derivedData/Build/Products/Debug/MeshIO.swiftmodule/Project/arm64-apple-macos.swiftsourceinfo /Users/admin/builder/spi-builder-workspace/.derivedData/Build/Intermediates.noindex/OCCTSwiftIO.build/Debug/MeshIO.build/Objects-normal/arm64/MeshIO.swiftsourceinfo (in target 'MeshIO' from project 'OCCTSwiftIO')
cd /Users/admin/builder/spi-builder-workspace/.dependencies/checkouts/OCCTSwiftIO
builtin-copy -exclude .DS_Store -exclude CVS -exclude .svn -exclude .git -exclude .hg -resolve-src-symlinks -rename /Users/admin/builder/spi-builder-workspace/.derivedData/Build/Intermediates.noindex/OCCTSwiftIO.build/Debug/MeshIO.build/Objects-normal/arm64/MeshIO.swiftsourceinfo /Users/admin/builder/spi-builder-workspace/.derivedData/Build/Products/Debug/MeshIO.swiftmodule/Project/arm64-apple-macos.swiftsourceinfo
SwiftDriver OCCTSwiftIO normal arm64 com.apple.xcode.tools.swift.compiler (in target 'OCCTSwiftIO' from project 'OCCTSwiftIO')
cd /Users/admin/builder/spi-builder-workspace/.swiftpm/xcode
builtin-SwiftDriver -- /Applications/Xcode-16.3.0.app/Contents/Developer/Toolchains/XcodeDefault.xctoolchain/usr/bin/swiftc -module-name OCCTSwiftIO -Onone -enforce-exclusivity\=checked @/Users/admin/builder/spi-builder-workspace/.derivedData/Build/Intermediates.noindex/OCCTSwiftIO.build/Debug/OCCTSwiftIO.build/Objects-normal/arm64/OCCTSwiftIO.SwiftFileList -DSWIFT_PACKAGE -DDEBUG -Xcc -fmodule-map-file\=/Users/admin/builder/spi-builder-workspace/.derivedData/Build/Intermediates.noindex/GeneratedModuleMaps/Miniz.modulemap -Xcc -fmodule-map-file\=/Users/admin/builder/spi-builder-workspace/.derivedData/Build/Intermediates.noindex/GeneratedModuleMaps/Bridge.modulemap -Xcc -fmodule-map-file\=/Users/admin/builder/spi-builder-workspace/.derivedData/Build/Intermediates.noindex/GeneratedModuleMaps/pugixml.modulemap -DXcode -plugin-path /Applications/Xcode-16.3.0.app/Contents/Developer/Toolchains/XcodeDefault.xctoolchain/usr/lib/swift/host/plugins/testing -enable-experimental-feature DebugDescriptionMacro -sdk /Applications/Xcode-16.3.0.app/Contents/Developer/Platforms/MacOSX.platform/Developer/SDKs/MacOSX15.4.sdk -target arm64-apple-macos15.0 -g -module-cache-path /Users/admin/builder/spi-builder-workspace/.derivedData/ModuleCache.noindex -Xfrontend -serialize-debugging-options -profile-coverage-mapping -profile-generate -enable-testing -suppress-warnings -index-store-path /Users/admin/builder/spi-builder-workspace/.derivedData/Index.noindex/DataStore -swift-version 6 -I /Users/admin/builder/spi-builder-workspace/.derivedData/Build/Products/Debug -I /Applications/Xcode-16.3.0.app/Contents/Developer/Platforms/MacOSX.platform/Developer/usr/lib -F /Users/admin/builder/spi-builder-workspace/.derivedData/Build/Products/Debug/PackageFrameworks -F /Users/admin/builder/spi-builder-workspace/.derivedData/Build/Products/Debug/PackageFrameworks -F /Users/admin/builder/spi-builder-workspace/.derivedData/Build/Products/Debug/PackageFrameworks -F /Users/admin/builder/spi-builder-workspace/.derivedData/Build/Products/Debug/PackageFrameworks -F /Users/admin/builder/spi-builder-workspace/.derivedData/Build/Products/Debug/PackageFrameworks -F /Users/admin/builder/spi-builder-workspace/.derivedData/Build/Products/Debug/PackageFrameworks -F /Users/admin/builder/spi-builder-workspace/.derivedData/Build/Products/Debug/PackageFrameworks -F /Users/admin/builder/spi-builder-workspace/.derivedData/Build/Products/Debug/PackageFrameworks -F /Users/admin/builder/spi-builder-workspace/.derivedData/Build/Products/Debug/PackageFrameworks -F /Users/admin/builder/spi-builder-workspace/.derivedData/Build/Products/Debug/PackageFrameworks -F /Users/admin/builder/spi-builder-workspace/.derivedData/Build/Products/Debug/PackageFrameworks -F /Users/admin/builder/spi-builder-workspace/.derivedData/Build/Products/Debug/PackageFrameworks -F /Users/admin/builder/spi-builder-workspace/.derivedData/Build/Products/Debug/PackageFrameworks -F /Users/admin/builder/spi-builder-workspace/.derivedData/Build/Products/Debug/PackageFrameworks -F /Users/admin/builder/spi-builder-workspace/.derivedData/Build/Products/Debug -F /Applications/Xcode-16.3.0.app/Contents/Developer/Platforms/MacOSX.platform/Developer/Library/Frameworks -c -j10 -enable-batch-mode -incremental -Xcc -ivfsstatcache -Xcc /Users/admin/builder/spi-builder-workspace/.derivedData/SDKStatCaches.noindex/macosx15.4-24E241-8287b8f5db97e746a1562fbca0c9d29b.sdkstatcache -output-file-map /Users/admin/builder/spi-builder-workspace/.derivedData/Build/Intermediates.noindex/OCCTSwiftIO.build/Debug/OCCTSwiftIO.build/Objects-normal/arm64/OCCTSwiftIO-OutputFileMap.json -use-frontend-parseable-output -save-temps -no-color-diagnostics -serialize-diagnostics -emit-dependencies -emit-module -emit-module-path /Users/admin/builder/spi-builder-workspace/.derivedData/Build/Intermediates.noindex/OCCTSwiftIO.build/Debug/OCCTSwiftIO.build/Objects-normal/arm64/OCCTSwiftIO.swiftmodule -user-module-version 1.8.0 -validate-clang-modules-once -clang-build-session-file /Users/admin/builder/spi-builder-workspace/.derivedData/ModuleCache.noindex/Session.modulevalidation -package-name occtswiftio -Xcc -I/Users/admin/builder/spi-builder-workspace/.derivedData/Build/Intermediates.noindex/OCCTSwiftIO.build/Debug/OCCTSwiftIO.build/swift-overrides.hmap -emit-const-values -Xfrontend -const-gather-protocols-file -Xfrontend /Users/admin/builder/spi-builder-workspace/.derivedData/Build/Intermediates.noindex/OCCTSwiftIO.build/Debug/OCCTSwiftIO.build/Objects-normal/arm64/OCCTSwiftIO_const_extract_protocols.json -Xcc -I/Users/admin/builder/spi-builder-workspace/.dependencies/checkouts/Zip/Sources/miniz -Xcc -I/Users/admin/builder/spi-builder-workspace/.dependencies/checkouts/Nodal/Sources/bridge -Xcc -I/Users/admin/builder/spi-builder-workspace/.dependencies/checkouts/Nodal/Sources/pugixml/src -Xcc -I/Users/admin/builder/spi-builder-workspace/.dependencies/checkouts/OCCTSwift/Sources/OCCTBridge/include -Xcc -I/Users/admin/builder/spi-builder-workspace/.derivedData/Build/Products/Debug/include -Xcc -I/Users/admin/builder/spi-builder-workspace/.derivedData/Build/Intermediates.noindex/OCCTSwiftIO.build/Debug/OCCTSwiftIO.build/DerivedSources-normal/arm64 -Xcc -I/Users/admin/builder/spi-builder-workspace/.derivedData/Build/Intermediates.noindex/OCCTSwiftIO.build/Debug/OCCTSwiftIO.build/DerivedSources/arm64 -Xcc -I/Users/admin/builder/spi-builder-workspace/.derivedData/Build/Intermediates.noindex/OCCTSwiftIO.build/Debug/OCCTSwiftIO.build/DerivedSources -Xcc -DSWIFT_PACKAGE -Xcc -DDEBUG\=1 -emit-objc-header -emit-objc-header-path /Users/admin/builder/spi-builder-workspace/.derivedData/Build/Intermediates.noindex/OCCTSwiftIO.build/Debug/OCCTSwiftIO.build/Objects-normal/arm64/OCCTSwiftIO-Swift.h -working-directory /Users/admin/builder/spi-builder-workspace/.swiftpm/xcode -experimental-emit-module-separately -disable-cmo
SwiftCompile normal arm64 Compiling\ CADFileFormat.swift /Users/admin/builder/spi-builder-workspace/.dependencies/checkouts/OCCTSwiftIO/Sources/OCCTSwiftIO/CADFileFormat.swift (in target 'OCCTSwiftIO' from project 'OCCTSwiftIO')
SwiftCompile normal arm64 /Users/admin/builder/spi-builder-workspace/.dependencies/checkouts/OCCTSwiftIO/Sources/OCCTSwiftIO/CADFileFormat.swift (in target 'OCCTSwiftIO' from project 'OCCTSwiftIO')
cd /Users/admin/builder/spi-builder-workspace/.swiftpm/xcode
SwiftEmitModule normal arm64 Emitting\ module\ for\ OCCTSwiftIO (in target 'OCCTSwiftIO' from project 'OCCTSwiftIO')
EmitSwiftModule normal arm64 (in target 'OCCTSwiftIO' from project 'OCCTSwiftIO')
cd /Users/admin/builder/spi-builder-workspace/.swiftpm/xcode
SwiftCompile normal arm64 Compiling\ JWWLoader.swift /Users/admin/builder/spi-builder-workspace/.dependencies/checkouts/OCCTSwiftIO/Sources/OCCTSwiftIO/JWWLoader.swift (in target 'OCCTSwiftIO' from project 'OCCTSwiftIO')
SwiftCompile normal arm64 /Users/admin/builder/spi-builder-workspace/.dependencies/checkouts/OCCTSwiftIO/Sources/OCCTSwiftIO/JWWLoader.swift (in target 'OCCTSwiftIO' from project 'OCCTSwiftIO')
cd /Users/admin/builder/spi-builder-workspace/.swiftpm/xcode
SwiftCompile normal arm64 Compiling\ DXFLoader.swift /Users/admin/builder/spi-builder-workspace/.dependencies/checkouts/OCCTSwiftIO/Sources/OCCTSwiftIO/DXFLoader.swift (in target 'OCCTSwiftIO' from project 'OCCTSwiftIO')
SwiftCompile normal arm64 /Users/admin/builder/spi-builder-workspace/.dependencies/checkouts/OCCTSwiftIO/Sources/OCCTSwiftIO/DXFLoader.swift (in target 'OCCTSwiftIO' from project 'OCCTSwiftIO')
cd /Users/admin/builder/spi-builder-workspace/.swiftpm/xcode
SwiftDriverJobDiscovery normal arm64 Compiling CADFileFormat.swift (in target 'OCCTSwiftIO' from project 'OCCTSwiftIO')
SwiftCompile normal arm64 Compiling\ ExportManager.swift /Users/admin/builder/spi-builder-workspace/.dependencies/checkouts/OCCTSwiftIO/Sources/OCCTSwiftIO/ExportManager.swift (in target 'OCCTSwiftIO' from project 'OCCTSwiftIO')
SwiftCompile normal arm64 /Users/admin/builder/spi-builder-workspace/.dependencies/checkouts/OCCTSwiftIO/Sources/OCCTSwiftIO/ExportManager.swift (in target 'OCCTSwiftIO' from project 'OCCTSwiftIO')
cd /Users/admin/builder/spi-builder-workspace/.swiftpm/xcode
SwiftDriverJobDiscovery normal arm64 Emitting module for OCCTSwiftIO (in target 'OCCTSwiftIO' from project 'OCCTSwiftIO')
SwiftDriver\ Compilation\ Requirements OCCTSwiftIO normal arm64 com.apple.xcode.tools.swift.compiler (in target 'OCCTSwiftIO' from project 'OCCTSwiftIO')
cd /Users/admin/builder/spi-builder-workspace/.swiftpm/xcode
builtin-Swift-Compilation-Requirements -- /Applications/Xcode-16.3.0.app/Contents/Developer/Toolchains/XcodeDefault.xctoolchain/usr/bin/swiftc -module-name OCCTSwiftIO -Onone -enforce-exclusivity\=checked @/Users/admin/builder/spi-builder-workspace/.derivedData/Build/Intermediates.noindex/OCCTSwiftIO.build/Debug/OCCTSwiftIO.build/Objects-normal/arm64/OCCTSwiftIO.SwiftFileList -DSWIFT_PACKAGE -DDEBUG -Xcc -fmodule-map-file\=/Users/admin/builder/spi-builder-workspace/.derivedData/Build/Intermediates.noindex/GeneratedModuleMaps/Miniz.modulemap -Xcc -fmodule-map-file\=/Users/admin/builder/spi-builder-workspace/.derivedData/Build/Intermediates.noindex/GeneratedModuleMaps/Bridge.modulemap -Xcc -fmodule-map-file\=/Users/admin/builder/spi-builder-workspace/.derivedData/Build/Intermediates.noindex/GeneratedModuleMaps/pugixml.modulemap -DXcode -plugin-path /Applications/Xcode-16.3.0.app/Contents/Developer/Toolchains/XcodeDefault.xctoolchain/usr/lib/swift/host/plugins/testing -enable-experimental-feature DebugDescriptionMacro -sdk /Applications/Xcode-16.3.0.app/Contents/Developer/Platforms/MacOSX.platform/Developer/SDKs/MacOSX15.4.sdk -target arm64-apple-macos15.0 -g -module-cache-path /Users/admin/builder/spi-builder-workspace/.derivedData/ModuleCache.noindex -Xfrontend -serialize-debugging-options -profile-coverage-mapping -profile-generate -enable-testing -suppress-warnings -index-store-path /Users/admin/builder/spi-builder-workspace/.derivedData/Index.noindex/DataStore -swift-version 6 -I /Users/admin/builder/spi-builder-workspace/.derivedData/Build/Products/Debug -I /Applications/Xcode-16.3.0.app/Contents/Developer/Platforms/MacOSX.platform/Developer/usr/lib -F /Users/admin/builder/spi-builder-workspace/.derivedData/Build/Products/Debug/PackageFrameworks -F /Users/admin/builder/spi-builder-workspace/.derivedData/Build/Products/Debug/PackageFrameworks -F /Users/admin/builder/spi-builder-workspace/.derivedData/Build/Products/Debug/PackageFrameworks -F /Users/admin/builder/spi-builder-workspace/.derivedData/Build/Products/Debug/PackageFrameworks -F /Users/admin/builder/spi-builder-workspace/.derivedData/Build/Products/Debug/PackageFrameworks -F /Users/admin/builder/spi-builder-workspace/.derivedData/Build/Products/Debug/PackageFrameworks -F /Users/admin/builder/spi-builder-workspace/.derivedData/Build/Products/Debug/PackageFrameworks -F /Users/admin/builder/spi-builder-workspace/.derivedData/Build/Products/Debug/PackageFrameworks -F /Users/admin/builder/spi-builder-workspace/.derivedData/Build/Products/Debug/PackageFrameworks -F /Users/admin/builder/spi-builder-workspace/.derivedData/Build/Products/Debug/PackageFrameworks -F /Users/admin/builder/spi-builder-workspace/.derivedData/Build/Products/Debug/PackageFrameworks -F /Users/admin/builder/spi-builder-workspace/.derivedData/Build/Products/Debug/PackageFrameworks -F /Users/admin/builder/spi-builder-workspace/.derivedData/Build/Products/Debug/PackageFrameworks -F /Users/admin/builder/spi-builder-workspace/.derivedData/Build/Products/Debug/PackageFrameworks -F /Users/admin/builder/spi-builder-workspace/.derivedData/Build/Products/Debug -F /Applications/Xcode-16.3.0.app/Contents/Developer/Platforms/MacOSX.platform/Developer/Library/Frameworks -c -j10 -enable-batch-mode -incremental -Xcc -ivfsstatcache -Xcc /Users/admin/builder/spi-builder-workspace/.derivedData/SDKStatCaches.noindex/macosx15.4-24E241-8287b8f5db97e746a1562fbca0c9d29b.sdkstatcache -output-file-map /Users/admin/builder/spi-builder-workspace/.derivedData/Build/Intermediates.noindex/OCCTSwiftIO.build/Debug/OCCTSwiftIO.build/Objects-normal/arm64/OCCTSwiftIO-OutputFileMap.json -use-frontend-parseable-output -save-temps -no-color-diagnostics -serialize-diagnostics -emit-dependencies -emit-module -emit-module-path /Users/admin/builder/spi-builder-workspace/.derivedData/Build/Intermediates.noindex/OCCTSwiftIO.build/Debug/OCCTSwiftIO.build/Objects-normal/arm64/OCCTSwiftIO.swiftmodule -user-module-version 1.8.0 -validate-clang-modules-once -clang-build-session-file /Users/admin/builder/spi-builder-workspace/.derivedData/ModuleCache.noindex/Session.modulevalidation -package-name occtswiftio -Xcc -I/Users/admin/builder/spi-builder-workspace/.derivedData/Build/Intermediates.noindex/OCCTSwiftIO.build/Debug/OCCTSwiftIO.build/swift-overrides.hmap -emit-const-values -Xfrontend -const-gather-protocols-file -Xfrontend /Users/admin/builder/spi-builder-workspace/.derivedData/Build/Intermediates.noindex/OCCTSwiftIO.build/Debug/OCCTSwiftIO.build/Objects-normal/arm64/OCCTSwiftIO_const_extract_protocols.json -Xcc -I/Users/admin/builder/spi-builder-workspace/.dependencies/checkouts/Zip/Sources/miniz -Xcc -I/Users/admin/builder/spi-builder-workspace/.dependencies/checkouts/Nodal/Sources/bridge -Xcc -I/Users/admin/builder/spi-builder-workspace/.dependencies/checkouts/Nodal/Sources/pugixml/src -Xcc -I/Users/admin/builder/spi-builder-workspace/.dependencies/checkouts/OCCTSwift/Sources/OCCTBridge/include -Xcc -I/Users/admin/builder/spi-builder-workspace/.derivedData/Build/Products/Debug/include -Xcc -I/Users/admin/builder/spi-builder-workspace/.derivedData/Build/Intermediates.noindex/OCCTSwiftIO.build/Debug/OCCTSwiftIO.build/DerivedSources-normal/arm64 -Xcc -I/Users/admin/builder/spi-builder-workspace/.derivedData/Build/Intermediates.noindex/OCCTSwiftIO.build/Debug/OCCTSwiftIO.build/DerivedSources/arm64 -Xcc -I/Users/admin/builder/spi-builder-workspace/.derivedData/Build/Intermediates.noindex/OCCTSwiftIO.build/Debug/OCCTSwiftIO.build/DerivedSources -Xcc -DSWIFT_PACKAGE -Xcc -DDEBUG\=1 -emit-objc-header -emit-objc-header-path /Users/admin/builder/spi-builder-workspace/.derivedData/Build/Intermediates.noindex/OCCTSwiftIO.build/Debug/OCCTSwiftIO.build/Objects-normal/arm64/OCCTSwiftIO-Swift.h -working-directory /Users/admin/builder/spi-builder-workspace/.swiftpm/xcode -experimental-emit-module-separately -disable-cmo
SwiftDriverJobDiscovery normal arm64 Compiling JWWLoader.swift (in target 'OCCTSwiftIO' from project 'OCCTSwiftIO')
SwiftCompile normal arm64 Compiling\ MLExport.swift /Users/admin/builder/spi-builder-workspace/.dependencies/checkouts/OCCTSwiftIO/Sources/OCCTSwiftIO/MLExport.swift (in target 'OCCTSwiftIO' from project 'OCCTSwiftIO')
SwiftCompile normal arm64 /Users/admin/builder/spi-builder-workspace/.dependencies/checkouts/OCCTSwiftIO/Sources/OCCTSwiftIO/MLExport.swift (in target 'OCCTSwiftIO' from project 'OCCTSwiftIO')
cd /Users/admin/builder/spi-builder-workspace/.swiftpm/xcode
SwiftMergeGeneratedHeaders /Users/admin/builder/spi-builder-workspace/.derivedData/Build/Intermediates.noindex/GeneratedModuleMaps/OCCTSwiftIO-Swift.h /Users/admin/builder/spi-builder-workspace/.derivedData/Build/Intermediates.noindex/OCCTSwiftIO.build/Debug/OCCTSwiftIO.build/Objects-normal/arm64/OCCTSwiftIO-Swift.h (in target 'OCCTSwiftIO' from project 'OCCTSwiftIO')
cd /Users/admin/builder/spi-builder-workspace/.dependencies/checkouts/OCCTSwiftIO
builtin-swiftHeaderTool -arch arm64 /Users/admin/builder/spi-builder-workspace/.derivedData/Build/Intermediates.noindex/OCCTSwiftIO.build/Debug/OCCTSwiftIO.build/Objects-normal/arm64/OCCTSwiftIO-Swift.h -o /Users/admin/builder/spi-builder-workspace/.derivedData/Build/Intermediates.noindex/GeneratedModuleMaps/OCCTSwiftIO-Swift.h
SwiftDriverJobDiscovery normal arm64 Compiling ExportManager.swift (in target 'OCCTSwiftIO' from project 'OCCTSwiftIO')
Copy /Users/admin/builder/spi-builder-workspace/.derivedData/Build/Products/Debug/OCCTSwiftIO.swiftmodule/arm64-apple-macos.swiftmodule /Users/admin/builder/spi-builder-workspace/.derivedData/Build/Intermediates.noindex/OCCTSwiftIO.build/Debug/OCCTSwiftIO.build/Objects-normal/arm64/OCCTSwiftIO.swiftmodule (in target 'OCCTSwiftIO' from project 'OCCTSwiftIO')
cd /Users/admin/builder/spi-builder-workspace/.dependencies/checkouts/OCCTSwiftIO
builtin-copy -exclude .DS_Store -exclude CVS -exclude .svn -exclude .git -exclude .hg -resolve-src-symlinks -rename /Users/admin/builder/spi-builder-workspace/.derivedData/Build/Intermediates.noindex/OCCTSwiftIO.build/Debug/OCCTSwiftIO.build/Objects-normal/arm64/OCCTSwiftIO.swiftmodule /Users/admin/builder/spi-builder-workspace/.derivedData/Build/Products/Debug/OCCTSwiftIO.swiftmodule/arm64-apple-macos.swiftmodule
Copy /Users/admin/builder/spi-builder-workspace/.derivedData/Build/Products/Debug/OCCTSwiftIO.swiftmodule/arm64-apple-macos.swiftdoc /Users/admin/builder/spi-builder-workspace/.derivedData/Build/Intermediates.noindex/OCCTSwiftIO.build/Debug/OCCTSwiftIO.build/Objects-normal/arm64/OCCTSwiftIO.swiftdoc (in target 'OCCTSwiftIO' from project 'OCCTSwiftIO')
cd /Users/admin/builder/spi-builder-workspace/.dependencies/checkouts/OCCTSwiftIO
builtin-copy -exclude .DS_Store -exclude CVS -exclude .svn -exclude .git -exclude .hg -resolve-src-symlinks -rename /Users/admin/builder/spi-builder-workspace/.derivedData/Build/Intermediates.noindex/OCCTSwiftIO.build/Debug/OCCTSwiftIO.build/Objects-normal/arm64/OCCTSwiftIO.swiftdoc /Users/admin/builder/spi-builder-workspace/.derivedData/Build/Products/Debug/OCCTSwiftIO.swiftmodule/arm64-apple-macos.swiftdoc
Copy /Users/admin/builder/spi-builder-workspace/.derivedData/Build/Products/Debug/OCCTSwiftIO.swiftmodule/arm64-apple-macos.abi.json /Users/admin/builder/spi-builder-workspace/.derivedData/Build/Intermediates.noindex/OCCTSwiftIO.build/Debug/OCCTSwiftIO.build/Objects-normal/arm64/OCCTSwiftIO.abi.json (in target 'OCCTSwiftIO' from project 'OCCTSwiftIO')
cd /Users/admin/builder/spi-builder-workspace/.dependencies/checkouts/OCCTSwiftIO
builtin-copy -exclude .DS_Store -exclude CVS -exclude .svn -exclude .git -exclude .hg -resolve-src-symlinks -rename /Users/admin/builder/spi-builder-workspace/.derivedData/Build/Intermediates.noindex/OCCTSwiftIO.build/Debug/OCCTSwiftIO.build/Objects-normal/arm64/OCCTSwiftIO.abi.json /Users/admin/builder/spi-builder-workspace/.derivedData/Build/Products/Debug/OCCTSwiftIO.swiftmodule/arm64-apple-macos.abi.json
Copy /Users/admin/builder/spi-builder-workspace/.derivedData/Build/Products/Debug/OCCTSwiftIO.swiftmodule/Project/arm64-apple-macos.swiftsourceinfo /Users/admin/builder/spi-builder-workspace/.derivedData/Build/Intermediates.noindex/OCCTSwiftIO.build/Debug/OCCTSwiftIO.build/Objects-normal/arm64/OCCTSwiftIO.swiftsourceinfo (in target 'OCCTSwiftIO' from project 'OCCTSwiftIO')
cd /Users/admin/builder/spi-builder-workspace/.dependencies/checkouts/OCCTSwiftIO
builtin-copy -exclude .DS_Store -exclude CVS -exclude .svn -exclude .git -exclude .hg -resolve-src-symlinks -rename /Users/admin/builder/spi-builder-workspace/.derivedData/Build/Intermediates.noindex/OCCTSwiftIO.build/Debug/OCCTSwiftIO.build/Objects-normal/arm64/OCCTSwiftIO.swiftsourceinfo /Users/admin/builder/spi-builder-workspace/.derivedData/Build/Products/Debug/OCCTSwiftIO.swiftmodule/Project/arm64-apple-macos.swiftsourceinfo
SwiftDriverJobDiscovery normal arm64 Compiling MeshIO.swift (in target 'MeshIO' from project 'OCCTSwiftIO')
SwiftCompile normal arm64 Compiling\ ImportProgressClosure.swift /Users/admin/builder/spi-builder-workspace/.dependencies/checkouts/OCCTSwiftIO/Sources/OCCTSwiftIO/ImportProgressClosure.swift (in target 'OCCTSwiftIO' from project 'OCCTSwiftIO')
SwiftCompile normal arm64 /Users/admin/builder/spi-builder-workspace/.dependencies/checkouts/OCCTSwiftIO/Sources/OCCTSwiftIO/ImportProgressClosure.swift (in target 'OCCTSwiftIO' from project 'OCCTSwiftIO')
cd /Users/admin/builder/spi-builder-workspace/.swiftpm/xcode
SwiftCompile normal arm64 Compiling\ ScriptManifest.swift /Users/admin/builder/spi-builder-workspace/.dependencies/checkouts/OCCTSwiftIO/Sources/OCCTSwiftIO/ScriptManifest.swift (in target 'OCCTSwiftIO' from project 'OCCTSwiftIO')
SwiftCompile normal arm64 /Users/admin/builder/spi-builder-workspace/.dependencies/checkouts/OCCTSwiftIO/Sources/OCCTSwiftIO/ScriptManifest.swift (in target 'OCCTSwiftIO' from project 'OCCTSwiftIO')
cd /Users/admin/builder/spi-builder-workspace/.swiftpm/xcode
SwiftCompile normal arm64 Compiling\ CADBodyMetadata.swift /Users/admin/builder/spi-builder-workspace/.dependencies/checkouts/OCCTSwiftIO/Sources/OCCTSwiftIO/CADBodyMetadata.swift (in target 'OCCTSwiftIO' from project 'OCCTSwiftIO')
SwiftCompile normal arm64 /Users/admin/builder/spi-builder-workspace/.dependencies/checkouts/OCCTSwiftIO/Sources/OCCTSwiftIO/CADBodyMetadata.swift (in target 'OCCTSwiftIO' from project 'OCCTSwiftIO')
cd /Users/admin/builder/spi-builder-workspace/.swiftpm/xcode
SwiftDriverJobDiscovery normal arm64 Compiling Mesh.swift (in target 'MeshIO' from project 'OCCTSwiftIO')
SwiftCompile normal arm64 Compiling\ ShapeLoader.swift /Users/admin/builder/spi-builder-workspace/.dependencies/checkouts/OCCTSwiftIO/Sources/OCCTSwiftIO/ShapeLoader.swift (in target 'OCCTSwiftIO' from project 'OCCTSwiftIO')
SwiftCompile normal arm64 /Users/admin/builder/spi-builder-workspace/.dependencies/checkouts/OCCTSwiftIO/Sources/OCCTSwiftIO/ShapeLoader.swift (in target 'OCCTSwiftIO' from project 'OCCTSwiftIO')
cd /Users/admin/builder/spi-builder-workspace/.swiftpm/xcode
SwiftDriverJobDiscovery normal arm64 Compiling ThreeMFAdapter.swift (in target 'MeshIO' from project 'OCCTSwiftIO')
SwiftCompile normal arm64 Compiling\ DirectoryWatcher.swift /Users/admin/builder/spi-builder-workspace/.dependencies/checkouts/OCCTSwiftIO/Sources/OCCTSwiftIO/DirectoryWatcher.swift (in target 'OCCTSwiftIO' from project 'OCCTSwiftIO')
SwiftCompile normal arm64 /Users/admin/builder/spi-builder-workspace/.dependencies/checkouts/OCCTSwiftIO/Sources/OCCTSwiftIO/DirectoryWatcher.swift (in target 'OCCTSwiftIO' from project 'OCCTSwiftIO')
cd /Users/admin/builder/spi-builder-workspace/.swiftpm/xcode
SwiftDriverJobDiscovery normal arm64 Compiling OBJ.swift (in target 'MeshIO' from project 'OCCTSwiftIO')
SwiftDriverJobDiscovery normal arm64 Compiling DXFLoader.swift (in target 'OCCTSwiftIO' from project 'OCCTSwiftIO')
SwiftDriverJobDiscovery normal arm64 Compiling STL.swift (in target 'MeshIO' from project 'OCCTSwiftIO')
SwiftDriver OCCTSwiftTools normal arm64 com.apple.xcode.tools.swift.compiler (in target 'OCCTSwiftTools' from project 'OCCTSwiftInteraction')
cd /Users/admin/builder/spi-builder-workspace/.swiftpm/xcode
builtin-SwiftDriver -- /Applications/Xcode-16.3.0.app/Contents/Developer/Toolchains/XcodeDefault.xctoolchain/usr/bin/swiftc -module-name OCCTSwiftTools -Onone -enforce-exclusivity\=checked @/Users/admin/builder/spi-builder-workspace/.derivedData/Build/Intermediates.noindex/OCCTSwiftInteraction.build/Debug/OCCTSwiftTools.build/Objects-normal/arm64/OCCTSwiftTools.SwiftFileList -DSWIFT_PACKAGE -DDEBUG -Xcc -fmodule-map-file\=/Users/admin/builder/spi-builder-workspace/.derivedData/Build/Intermediates.noindex/GeneratedModuleMaps/Miniz.modulemap -Xcc -fmodule-map-file\=/Users/admin/builder/spi-builder-workspace/.derivedData/Build/Intermediates.noindex/GeneratedModuleMaps/Bridge.modulemap -Xcc -fmodule-map-file\=/Users/admin/builder/spi-builder-workspace/.derivedData/Build/Intermediates.noindex/GeneratedModuleMaps/pugixml.modulemap -DXcode -plugin-path /Applications/Xcode-16.3.0.app/Contents/Developer/Toolchains/XcodeDefault.xctoolchain/usr/lib/swift/host/plugins/testing -enable-experimental-feature DebugDescriptionMacro -sdk /Applications/Xcode-16.3.0.app/Contents/Developer/Platforms/MacOSX.platform/Developer/SDKs/MacOSX15.4.sdk -target arm64-apple-macos15.0 -g -module-cache-path /Users/admin/builder/spi-builder-workspace/.derivedData/ModuleCache.noindex -Xfrontend -serialize-debugging-options -profile-coverage-mapping -profile-generate -enable-testing -suppress-warnings -index-store-path /Users/admin/builder/spi-builder-workspace/.derivedData/Index.noindex/DataStore -swift-version 6 -I /Users/admin/builder/spi-builder-workspace/.derivedData/Build/Products/Debug -I /Applications/Xcode-16.3.0.app/Contents/Developer/Platforms/MacOSX.platform/Developer/usr/lib -F /Users/admin/builder/spi-builder-workspace/.derivedData/Build/Products/Debug/PackageFrameworks -F /Users/admin/builder/spi-builder-workspace/.derivedData/Build/Products/Debug/PackageFrameworks -F /Users/admin/builder/spi-builder-workspace/.derivedData/Build/Products/Debug/PackageFrameworks -F /Users/admin/builder/spi-builder-workspace/.derivedData/Build/Products/Debug/PackageFrameworks -F /Users/admin/builder/spi-builder-workspace/.derivedData/Build/Products/Debug/PackageFrameworks -F /Users/admin/builder/spi-builder-workspace/.derivedData/Build/Products/Debug/PackageFrameworks -F /Users/admin/builder/spi-builder-workspace/.derivedData/Build/Products/Debug/PackageFrameworks -F /Users/admin/builder/spi-builder-workspace/.derivedData/Build/Products/Debug/PackageFrameworks -F /Users/admin/builder/spi-builder-workspace/.derivedData/Build/Products/Debug/PackageFrameworks -F /Users/admin/builder/spi-builder-workspace/.derivedData/Build/Products/Debug/PackageFrameworks -F /Users/admin/builder/spi-builder-workspace/.derivedData/Build/Products/Debug/PackageFrameworks -F /Users/admin/builder/spi-builder-workspace/.derivedData/Build/Products/Debug/PackageFrameworks -F /Users/admin/builder/spi-builder-workspace/.derivedData/Build/Products/Debug/PackageFrameworks -F /Users/admin/builder/spi-builder-workspace/.derivedData/Build/Products/Debug/PackageFrameworks -F /Users/admin/builder/spi-builder-workspace/.derivedData/Build/Products/Debug/PackageFrameworks -F /Users/admin/builder/spi-builder-workspace/.derivedData/Build/Products/Debug/PackageFrameworks -F /Users/admin/builder/spi-builder-workspace/.derivedData/Build/Products/Debug -F /Applications/Xcode-16.3.0.app/Contents/Developer/Platforms/MacOSX.platform/Developer/Library/Frameworks -c -j10 -enable-batch-mode -incremental -Xcc -ivfsstatcache -Xcc /Users/admin/builder/spi-builder-workspace/.derivedData/SDKStatCaches.noindex/macosx15.4-24E241-8287b8f5db97e746a1562fbca0c9d29b.sdkstatcache -output-file-map /Users/admin/builder/spi-builder-workspace/.derivedData/Build/Intermediates.noindex/OCCTSwiftInteraction.build/Debug/OCCTSwiftTools.build/Objects-normal/arm64/OCCTSwiftTools-OutputFileMap.json -use-frontend-parseable-output -save-temps -no-color-diagnostics -serialize-diagnostics -emit-dependencies -emit-module -emit-module-path /Users/admin/builder/spi-builder-workspace/.derivedData/Build/Intermediates.noindex/OCCTSwiftInteraction.build/Debug/OCCTSwiftTools.build/Objects-normal/arm64/OCCTSwiftTools.swiftmodule -user-module-version 2.0.0 -validate-clang-modules-once -clang-build-session-file /Users/admin/builder/spi-builder-workspace/.derivedData/ModuleCache.noindex/Session.modulevalidation -package-name occtswiftinteraction -Xcc -I/Users/admin/builder/spi-builder-workspace/.derivedData/Build/Intermediates.noindex/OCCTSwiftInteraction.build/Debug/OCCTSwiftTools.build/swift-overrides.hmap -emit-const-values -Xfrontend -const-gather-protocols-file -Xfrontend /Users/admin/builder/spi-builder-workspace/.derivedData/Build/Intermediates.noindex/OCCTSwiftInteraction.build/Debug/OCCTSwiftTools.build/Objects-normal/arm64/OCCTSwiftTools_const_extract_protocols.json -Xcc -I/Users/admin/builder/spi-builder-workspace/.dependencies/checkouts/OCCTSwift/Sources/OCCTBridge/include -Xcc -I/Users/admin/builder/spi-builder-workspace/.dependencies/checkouts/Zip/Sources/miniz -Xcc -I/Users/admin/builder/spi-builder-workspace/.dependencies/checkouts/Nodal/Sources/bridge -Xcc -I/Users/admin/builder/spi-builder-workspace/.dependencies/checkouts/Nodal/Sources/pugixml/src -Xcc -I/Users/admin/builder/spi-builder-workspace/.derivedData/Build/Products/Debug/include -Xcc -I/Users/admin/builder/spi-builder-workspace/.derivedData/Build/Intermediates.noindex/OCCTSwiftInteraction.build/Debug/OCCTSwiftTools.build/DerivedSources-normal/arm64 -Xcc -I/Users/admin/builder/spi-builder-workspace/.derivedData/Build/Intermediates.noindex/OCCTSwiftInteraction.build/Debug/OCCTSwiftTools.build/DerivedSources/arm64 -Xcc -I/Users/admin/builder/spi-builder-workspace/.derivedData/Build/Intermediates.noindex/OCCTSwiftInteraction.build/Debug/OCCTSwiftTools.build/DerivedSources -Xcc -DSWIFT_PACKAGE -Xcc -DDEBUG\=1 -emit-objc-header -emit-objc-header-path /Users/admin/builder/spi-builder-workspace/.derivedData/Build/Intermediates.noindex/OCCTSwiftInteraction.build/Debug/OCCTSwiftTools.build/Objects-normal/arm64/OCCTSwiftTools-Swift.h -working-directory /Users/admin/builder/spi-builder-workspace/.swiftpm/xcode -experimental-emit-module-separately -disable-cmo
SwiftEmitModule normal arm64 Emitting\ module\ for\ OCCTSwiftTools (in target 'OCCTSwiftTools' from project 'OCCTSwiftInteraction')
EmitSwiftModule normal arm64 (in target 'OCCTSwiftTools' from project 'OCCTSwiftInteraction')
cd /Users/admin/builder/spi-builder-workspace/.swiftpm/xcode
SwiftCompile normal arm64 Compiling\ SubShape.swift /Users/admin/builder/spi-builder-workspace/.dependencies/checkouts/OCCTSwiftInteraction/Sources/OCCTSwiftTools/SubShape.swift (in target 'OCCTSwiftTools' from project 'OCCTSwiftInteraction')
SwiftCompile normal arm64 /Users/admin/builder/spi-builder-workspace/.dependencies/checkouts/OCCTSwiftInteraction/Sources/OCCTSwiftTools/SubShape.swift (in target 'OCCTSwiftTools' from project 'OCCTSwiftInteraction')
cd /Users/admin/builder/spi-builder-workspace/.swiftpm/xcode
SwiftCompile normal arm64 Compiling\ VertexIdentityTable.swift /Users/admin/builder/spi-builder-workspace/.dependencies/checkouts/OCCTSwiftInteraction/Sources/OCCTSwiftTools/VertexIdentityTable.swift (in target 'OCCTSwiftTools' from project 'OCCTSwiftInteraction')
SwiftCompile normal arm64 /Users/admin/builder/spi-builder-workspace/.dependencies/checkouts/OCCTSwiftInteraction/Sources/OCCTSwiftTools/VertexIdentityTable.swift (in target 'OCCTSwiftTools' from project 'OCCTSwiftInteraction')
cd /Users/admin/builder/spi-builder-workspace/.swiftpm/xcode
SwiftDriverJobDiscovery normal arm64 Compiling GLTFAdapter.swift (in target 'MeshIO' from project 'OCCTSwiftIO')
SwiftCompile normal arm64 Compiling\ PointConverter.swift /Users/admin/builder/spi-builder-workspace/.dependencies/checkouts/OCCTSwiftInteraction/Sources/OCCTSwiftTools/PointConverter.swift (in target 'OCCTSwiftTools' from project 'OCCTSwiftInteraction')
SwiftCompile normal arm64 /Users/admin/builder/spi-builder-workspace/.dependencies/checkouts/OCCTSwiftInteraction/Sources/OCCTSwiftTools/PointConverter.swift (in target 'OCCTSwiftTools' from project 'OCCTSwiftInteraction')
cd /Users/admin/builder/spi-builder-workspace/.swiftpm/xcode
SwiftDriverJobDiscovery normal arm64 Compiling PLY.swift (in target 'MeshIO' from project 'OCCTSwiftIO')
SwiftCompile normal arm64 Compiling\ CurveConverter.swift,\ EdgeIdentityTable.swift /Users/admin/builder/spi-builder-workspace/.dependencies/checkouts/OCCTSwiftInteraction/Sources/OCCTSwiftTools/CurveConverter.swift /Users/admin/builder/spi-builder-workspace/.dependencies/checkouts/OCCTSwiftInteraction/Sources/OCCTSwiftTools/EdgeIdentityTable.swift (in target 'OCCTSwiftTools' from project 'OCCTSwiftInteraction')
SwiftCompile normal arm64 /Users/admin/builder/spi-builder-workspace/.dependencies/checkouts/OCCTSwiftInteraction/Sources/OCCTSwiftTools/CurveConverter.swift (in target 'OCCTSwiftTools' from project 'OCCTSwiftInteraction')
cd /Users/admin/builder/spi-builder-workspace/.swiftpm/xcode
SwiftCompile normal arm64 /Users/admin/builder/spi-builder-workspace/.dependencies/checkouts/OCCTSwiftInteraction/Sources/OCCTSwiftTools/EdgeIdentityTable.swift (in target 'OCCTSwiftTools' from project 'OCCTSwiftInteraction')
cd /Users/admin/builder/spi-builder-workspace/.swiftpm/xcode
SwiftDriverJobDiscovery normal arm64 Compiling ImportProgressClosure.swift (in target 'OCCTSwiftIO' from project 'OCCTSwiftIO')
SwiftCompile normal arm64 Compiling\ ShapeIdentity.swift /Users/admin/builder/spi-builder-workspace/.dependencies/checkouts/OCCTSwiftInteraction/Sources/OCCTSwiftTools/ShapeIdentity.swift (in target 'OCCTSwiftTools' from project 'OCCTSwiftInteraction')
SwiftCompile normal arm64 /Users/admin/builder/spi-builder-workspace/.dependencies/checkouts/OCCTSwiftInteraction/Sources/OCCTSwiftTools/ShapeIdentity.swift (in target 'OCCTSwiftTools' from project 'OCCTSwiftInteraction')
cd /Users/admin/builder/spi-builder-workspace/.swiftpm/xcode
SwiftDriverJobDiscovery normal arm64 Compiling CADBodyMetadata.swift (in target 'OCCTSwiftIO' from project 'OCCTSwiftIO')
SwiftCompile normal arm64 Compiling\ SurfaceConverter.swift /Users/admin/builder/spi-builder-workspace/.dependencies/checkouts/OCCTSwiftInteraction/Sources/OCCTSwiftTools/SurfaceConverter.swift (in target 'OCCTSwiftTools' from project 'OCCTSwiftInteraction')
SwiftCompile normal arm64 /Users/admin/builder/spi-builder-workspace/.dependencies/checkouts/OCCTSwiftInteraction/Sources/OCCTSwiftTools/SurfaceConverter.swift (in target 'OCCTSwiftTools' from project 'OCCTSwiftInteraction')
cd /Users/admin/builder/spi-builder-workspace/.swiftpm/xcode
SwiftDriverJobDiscovery normal arm64 Compiling MLExport.swift (in target 'OCCTSwiftIO' from project 'OCCTSwiftIO')
SwiftCompile normal arm64 Compiling\ BodyUtilities.swift,\ CADFileLoader.swift /Users/admin/builder/spi-builder-workspace/.dependencies/checkouts/OCCTSwiftInteraction/Sources/OCCTSwiftTools/BodyUtilities.swift /Users/admin/builder/spi-builder-workspace/.dependencies/checkouts/OCCTSwiftInteraction/Sources/OCCTSwiftTools/CADFileLoader.swift (in target 'OCCTSwiftTools' from project 'OCCTSwiftInteraction')
SwiftCompile normal arm64 /Users/admin/builder/spi-builder-workspace/.dependencies/checkouts/OCCTSwiftInteraction/Sources/OCCTSwiftTools/BodyUtilities.swift (in target 'OCCTSwiftTools' from project 'OCCTSwiftInteraction')
cd /Users/admin/builder/spi-builder-workspace/.swiftpm/xcode
SwiftCompile normal arm64 /Users/admin/builder/spi-builder-workspace/.dependencies/checkouts/OCCTSwiftInteraction/Sources/OCCTSwiftTools/CADFileLoader.swift (in target 'OCCTSwiftTools' from project 'OCCTSwiftInteraction')
cd /Users/admin/builder/spi-builder-workspace/.swiftpm/xcode
SwiftDriverJobDiscovery normal arm64 Compiling ShapeLoader.swift (in target 'OCCTSwiftIO' from project 'OCCTSwiftIO')
SwiftCompile normal arm64 Compiling\ WireConverter.swift /Users/admin/builder/spi-builder-workspace/.dependencies/checkouts/OCCTSwiftInteraction/Sources/OCCTSwiftTools/WireConverter.swift (in target 'OCCTSwiftTools' from project 'OCCTSwiftInteraction')
SwiftCompile normal arm64 /Users/admin/builder/spi-builder-workspace/.dependencies/checkouts/OCCTSwiftInteraction/Sources/OCCTSwiftTools/WireConverter.swift (in target 'OCCTSwiftTools' from project 'OCCTSwiftInteraction')
cd /Users/admin/builder/spi-builder-workspace/.swiftpm/xcode
SwiftDriverJobDiscovery normal arm64 Compiling ScriptManifest.swift (in target 'OCCTSwiftIO' from project 'OCCTSwiftIO')
SwiftCompile normal arm64 Compiling\ FaceIdentityTable.swift,\ InteractiveObject.swift /Users/admin/builder/spi-builder-workspace/.dependencies/checkouts/OCCTSwiftInteraction/Sources/OCCTSwiftTools/FaceIdentityTable.swift /Users/admin/builder/spi-builder-workspace/.dependencies/checkouts/OCCTSwiftInteraction/Sources/OCCTSwiftTools/InteractiveObject.swift (in target 'OCCTSwiftTools' from project 'OCCTSwiftInteraction')
SwiftCompile normal arm64 /Users/admin/builder/spi-builder-workspace/.dependencies/checkouts/OCCTSwiftInteraction/Sources/OCCTSwiftTools/FaceIdentityTable.swift (in target 'OCCTSwiftTools' from project 'OCCTSwiftInteraction')
cd /Users/admin/builder/spi-builder-workspace/.swiftpm/xcode
SwiftCompile normal arm64 /Users/admin/builder/spi-builder-workspace/.dependencies/checkouts/OCCTSwiftInteraction/Sources/OCCTSwiftTools/InteractiveObject.swift (in target 'OCCTSwiftTools' from project 'OCCTSwiftInteraction')
cd /Users/admin/builder/spi-builder-workspace/.swiftpm/xcode
SwiftDriverJobDiscovery normal arm64 Emitting module for OCCTSwiftTools (in target 'OCCTSwiftTools' from project 'OCCTSwiftInteraction')
SwiftDriver\ Compilation\ Requirements OCCTSwiftTools normal arm64 com.apple.xcode.tools.swift.compiler (in target 'OCCTSwiftTools' from project 'OCCTSwiftInteraction')
cd /Users/admin/builder/spi-builder-workspace/.swiftpm/xcode
builtin-Swift-Compilation-Requirements -- /Applications/Xcode-16.3.0.app/Contents/Developer/Toolchains/XcodeDefault.xctoolchain/usr/bin/swiftc -module-name OCCTSwiftTools -Onone -enforce-exclusivity\=checked @/Users/admin/builder/spi-builder-workspace/.derivedData/Build/Intermediates.noindex/OCCTSwiftInteraction.build/Debug/OCCTSwiftTools.build/Objects-normal/arm64/OCCTSwiftTools.SwiftFileList -DSWIFT_PACKAGE -DDEBUG -Xcc -fmodule-map-file\=/Users/admin/builder/spi-builder-workspace/.derivedData/Build/Intermediates.noindex/GeneratedModuleMaps/Miniz.modulemap -Xcc -fmodule-map-file\=/Users/admin/builder/spi-builder-workspace/.derivedData/Build/Intermediates.noindex/GeneratedModuleMaps/Bridge.modulemap -Xcc -fmodule-map-file\=/Users/admin/builder/spi-builder-workspace/.derivedData/Build/Intermediates.noindex/GeneratedModuleMaps/pugixml.modulemap -DXcode -plugin-path /Applications/Xcode-16.3.0.app/Contents/Developer/Toolchains/XcodeDefault.xctoolchain/usr/lib/swift/host/plugins/testing -enable-experimental-feature DebugDescriptionMacro -sdk /Applications/Xcode-16.3.0.app/Contents/Developer/Platforms/MacOSX.platform/Developer/SDKs/MacOSX15.4.sdk -target arm64-apple-macos15.0 -g -module-cache-path /Users/admin/builder/spi-builder-workspace/.derivedData/ModuleCache.noindex -Xfrontend -serialize-debugging-options -profile-coverage-mapping -profile-generate -enable-testing -suppress-warnings -index-store-path /Users/admin/builder/spi-builder-workspace/.derivedData/Index.noindex/DataStore -swift-version 6 -I /Users/admin/builder/spi-builder-workspace/.derivedData/Build/Products/Debug -I /Applications/Xcode-16.3.0.app/Contents/Developer/Platforms/MacOSX.platform/Developer/usr/lib -F /Users/admin/builder/spi-builder-workspace/.derivedData/Build/Products/Debug/PackageFrameworks -F /Users/admin/builder/spi-builder-workspace/.derivedData/Build/Products/Debug/PackageFrameworks -F /Users/admin/builder/spi-builder-workspace/.derivedData/Build/Products/Debug/PackageFrameworks -F /Users/admin/builder/spi-builder-workspace/.derivedData/Build/Products/Debug/PackageFrameworks -F /Users/admin/builder/spi-builder-workspace/.derivedData/Build/Products/Debug/PackageFrameworks -F /Users/admin/builder/spi-builder-workspace/.derivedData/Build/Products/Debug/PackageFrameworks -F /Users/admin/builder/spi-builder-workspace/.derivedData/Build/Products/Debug/PackageFrameworks -F /Users/admin/builder/spi-builder-workspace/.derivedData/Build/Products/Debug/PackageFrameworks -F /Users/admin/builder/spi-builder-workspace/.derivedData/Build/Products/Debug/PackageFrameworks -F /Users/admin/builder/spi-builder-workspace/.derivedData/Build/Products/Debug/PackageFrameworks -F /Users/admin/builder/spi-builder-workspace/.derivedData/Build/Products/Debug/PackageFrameworks -F /Users/admin/builder/spi-builder-workspace/.derivedData/Build/Products/Debug/PackageFrameworks -F /Users/admin/builder/spi-builder-workspace/.derivedData/Build/Products/Debug/PackageFrameworks -F /Users/admin/builder/spi-builder-workspace/.derivedData/Build/Products/Debug/PackageFrameworks -F /Users/admin/builder/spi-builder-workspace/.derivedData/Build/Products/Debug/PackageFrameworks -F /Users/admin/builder/spi-builder-workspace/.derivedData/Build/Products/Debug/PackageFrameworks -F /Users/admin/builder/spi-builder-workspace/.derivedData/Build/Products/Debug -F /Applications/Xcode-16.3.0.app/Contents/Developer/Platforms/MacOSX.platform/Developer/Library/Frameworks -c -j10 -enable-batch-mode -incremental -Xcc -ivfsstatcache -Xcc /Users/admin/builder/spi-builder-workspace/.derivedData/SDKStatCaches.noindex/macosx15.4-24E241-8287b8f5db97e746a1562fbca0c9d29b.sdkstatcache -output-file-map /Users/admin/builder/spi-builder-workspace/.derivedData/Build/Intermediates.noindex/OCCTSwiftInteraction.build/Debug/OCCTSwiftTools.build/Objects-normal/arm64/OCCTSwiftTools-OutputFileMap.json -use-frontend-parseable-output -save-temps -no-color-diagnostics -serialize-diagnostics -emit-dependencies -emit-module -emit-module-path /Users/admin/builder/spi-builder-workspace/.derivedData/Build/Intermediates.noindex/OCCTSwiftInteraction.build/Debug/OCCTSwiftTools.build/Objects-normal/arm64/OCCTSwiftTools.swiftmodule -user-module-version 2.0.0 -validate-clang-modules-once -clang-build-session-file /Users/admin/builder/spi-builder-workspace/.derivedData/ModuleCache.noindex/Session.modulevalidation -package-name occtswiftinteraction -Xcc -I/Users/admin/builder/spi-builder-workspace/.derivedData/Build/Intermediates.noindex/OCCTSwiftInteraction.build/Debug/OCCTSwiftTools.build/swift-overrides.hmap -emit-const-values -Xfrontend -const-gather-protocols-file -Xfrontend /Users/admin/builder/spi-builder-workspace/.derivedData/Build/Intermediates.noindex/OCCTSwiftInteraction.build/Debug/OCCTSwiftTools.build/Objects-normal/arm64/OCCTSwiftTools_const_extract_protocols.json -Xcc -I/Users/admin/builder/spi-builder-workspace/.dependencies/checkouts/OCCTSwift/Sources/OCCTBridge/include -Xcc -I/Users/admin/builder/spi-builder-workspace/.dependencies/checkouts/Zip/Sources/miniz -Xcc -I/Users/admin/builder/spi-builder-workspace/.dependencies/checkouts/Nodal/Sources/bridge -Xcc -I/Users/admin/builder/spi-builder-workspace/.dependencies/checkouts/Nodal/Sources/pugixml/src -Xcc -I/Users/admin/builder/spi-builder-workspace/.derivedData/Build/Products/Debug/include -Xcc -I/Users/admin/builder/spi-builder-workspace/.derivedData/Build/Intermediates.noindex/OCCTSwiftInteraction.build/Debug/OCCTSwiftTools.build/DerivedSources-normal/arm64 -Xcc -I/Users/admin/builder/spi-builder-workspace/.derivedData/Build/Intermediates.noindex/OCCTSwiftInteraction.build/Debug/OCCTSwiftTools.build/DerivedSources/arm64 -Xcc -I/Users/admin/builder/spi-builder-workspace/.derivedData/Build/Intermediates.noindex/OCCTSwiftInteraction.build/Debug/OCCTSwiftTools.build/DerivedSources -Xcc -DSWIFT_PACKAGE -Xcc -DDEBUG\=1 -emit-objc-header -emit-objc-header-path /Users/admin/builder/spi-builder-workspace/.derivedData/Build/Intermediates.noindex/OCCTSwiftInteraction.build/Debug/OCCTSwiftTools.build/Objects-normal/arm64/OCCTSwiftTools-Swift.h -working-directory /Users/admin/builder/spi-builder-workspace/.swiftpm/xcode -experimental-emit-module-separately -disable-cmo
SwiftDriverJobDiscovery normal arm64 Compiling SubShape.swift (in target 'OCCTSwiftTools' from project 'OCCTSwiftInteraction')
SwiftCompile normal arm64 Compiling\ SubShapePickResolver.swift /Users/admin/builder/spi-builder-workspace/.dependencies/checkouts/OCCTSwiftInteraction/Sources/OCCTSwiftTools/SubShapePickResolver.swift (in target 'OCCTSwiftTools' from project 'OCCTSwiftInteraction')
SwiftCompile normal arm64 /Users/admin/builder/spi-builder-workspace/.dependencies/checkouts/OCCTSwiftInteraction/Sources/OCCTSwiftTools/SubShapePickResolver.swift (in target 'OCCTSwiftTools' from project 'OCCTSwiftInteraction')
cd /Users/admin/builder/spi-builder-workspace/.swiftpm/xcode
SwiftMergeGeneratedHeaders /Users/admin/builder/spi-builder-workspace/.derivedData/Build/Intermediates.noindex/GeneratedModuleMaps/OCCTSwiftTools-Swift.h /Users/admin/builder/spi-builder-workspace/.derivedData/Build/Intermediates.noindex/OCCTSwiftInteraction.build/Debug/OCCTSwiftTools.build/Objects-normal/arm64/OCCTSwiftTools-Swift.h (in target 'OCCTSwiftTools' from project 'OCCTSwiftInteraction')
cd /Users/admin/builder/spi-builder-workspace/.dependencies/checkouts/OCCTSwiftInteraction
builtin-swiftHeaderTool -arch arm64 /Users/admin/builder/spi-builder-workspace/.derivedData/Build/Intermediates.noindex/OCCTSwiftInteraction.build/Debug/OCCTSwiftTools.build/Objects-normal/arm64/OCCTSwiftTools-Swift.h -o /Users/admin/builder/spi-builder-workspace/.derivedData/Build/Intermediates.noindex/GeneratedModuleMaps/OCCTSwiftTools-Swift.h
SwiftDriverJobDiscovery normal arm64 Compiling VertexIdentityTable.swift (in target 'OCCTSwiftTools' from project 'OCCTSwiftInteraction')
Copy /Users/admin/builder/spi-builder-workspace/.derivedData/Build/Products/Debug/OCCTSwiftTools.swiftmodule/arm64-apple-macos.swiftmodule /Users/admin/builder/spi-builder-workspace/.derivedData/Build/Intermediates.noindex/OCCTSwiftInteraction.build/Debug/OCCTSwiftTools.build/Objects-normal/arm64/OCCTSwiftTools.swiftmodule (in target 'OCCTSwiftTools' from project 'OCCTSwiftInteraction')
cd /Users/admin/builder/spi-builder-workspace/.dependencies/checkouts/OCCTSwiftInteraction
builtin-copy -exclude .DS_Store -exclude CVS -exclude .svn -exclude .git -exclude .hg -resolve-src-symlinks -rename /Users/admin/builder/spi-builder-workspace/.derivedData/Build/Intermediates.noindex/OCCTSwiftInteraction.build/Debug/OCCTSwiftTools.build/Objects-normal/arm64/OCCTSwiftTools.swiftmodule /Users/admin/builder/spi-builder-workspace/.derivedData/Build/Products/Debug/OCCTSwiftTools.swiftmodule/arm64-apple-macos.swiftmodule
Copy /Users/admin/builder/spi-builder-workspace/.derivedData/Build/Products/Debug/OCCTSwiftTools.swiftmodule/arm64-apple-macos.swiftdoc /Users/admin/builder/spi-builder-workspace/.derivedData/Build/Intermediates.noindex/OCCTSwiftInteraction.build/Debug/OCCTSwiftTools.build/Objects-normal/arm64/OCCTSwiftTools.swiftdoc (in target 'OCCTSwiftTools' from project 'OCCTSwiftInteraction')
cd /Users/admin/builder/spi-builder-workspace/.dependencies/checkouts/OCCTSwiftInteraction
builtin-copy -exclude .DS_Store -exclude CVS -exclude .svn -exclude .git -exclude .hg -resolve-src-symlinks -rename /Users/admin/builder/spi-builder-workspace/.derivedData/Build/Intermediates.noindex/OCCTSwiftInteraction.build/Debug/OCCTSwiftTools.build/Objects-normal/arm64/OCCTSwiftTools.swiftdoc /Users/admin/builder/spi-builder-workspace/.derivedData/Build/Products/Debug/OCCTSwiftTools.swiftmodule/arm64-apple-macos.swiftdoc
Copy /Users/admin/builder/spi-builder-workspace/.derivedData/Build/Products/Debug/OCCTSwiftTools.swiftmodule/arm64-apple-macos.abi.json /Users/admin/builder/spi-builder-workspace/.derivedData/Build/Intermediates.noindex/OCCTSwiftInteraction.build/Debug/OCCTSwiftTools.build/Objects-normal/arm64/OCCTSwiftTools.abi.json (in target 'OCCTSwiftTools' from project 'OCCTSwiftInteraction')
cd /Users/admin/builder/spi-builder-workspace/.dependencies/checkouts/OCCTSwiftInteraction
builtin-copy -exclude .DS_Store -exclude CVS -exclude .svn -exclude .git -exclude .hg -resolve-src-symlinks -rename /Users/admin/builder/spi-builder-workspace/.derivedData/Build/Intermediates.noindex/OCCTSwiftInteraction.build/Debug/OCCTSwiftTools.build/Objects-normal/arm64/OCCTSwiftTools.abi.json /Users/admin/builder/spi-builder-workspace/.derivedData/Build/Products/Debug/OCCTSwiftTools.swiftmodule/arm64-apple-macos.abi.json
Copy /Users/admin/builder/spi-builder-workspace/.derivedData/Build/Products/Debug/OCCTSwiftTools.swiftmodule/Project/arm64-apple-macos.swiftsourceinfo /Users/admin/builder/spi-builder-workspace/.derivedData/Build/Intermediates.noindex/OCCTSwiftInteraction.build/Debug/OCCTSwiftTools.build/Objects-normal/arm64/OCCTSwiftTools.swiftsourceinfo (in target 'OCCTSwiftTools' from project 'OCCTSwiftInteraction')
cd /Users/admin/builder/spi-builder-workspace/.dependencies/checkouts/OCCTSwiftInteraction
builtin-copy -exclude .DS_Store -exclude CVS -exclude .svn -exclude .git -exclude .hg -resolve-src-symlinks -rename /Users/admin/builder/spi-builder-workspace/.derivedData/Build/Intermediates.noindex/OCCTSwiftInteraction.build/Debug/OCCTSwiftTools.build/Objects-normal/arm64/OCCTSwiftTools.swiftsourceinfo /Users/admin/builder/spi-builder-workspace/.derivedData/Build/Products/Debug/OCCTSwiftTools.swiftmodule/Project/arm64-apple-macos.swiftsourceinfo
SwiftDriver\ Compilation MeshIO normal arm64 com.apple.xcode.tools.swift.compiler (in target 'MeshIO' from project 'OCCTSwiftIO')
cd /Users/admin/builder/spi-builder-workspace/.swiftpm/xcode
builtin-Swift-Compilation -- /Applications/Xcode-16.3.0.app/Contents/Developer/Toolchains/XcodeDefault.xctoolchain/usr/bin/swiftc -module-name MeshIO -Onone -enforce-exclusivity\=checked @/Users/admin/builder/spi-builder-workspace/.derivedData/Build/Intermediates.noindex/OCCTSwiftIO.build/Debug/MeshIO.build/Objects-normal/arm64/MeshIO.SwiftFileList -DSWIFT_PACKAGE -DDEBUG -Xcc -fmodule-map-file\=/Users/admin/builder/spi-builder-workspace/.derivedData/Build/Intermediates.noindex/GeneratedModuleMaps/Miniz.modulemap -Xcc -fmodule-map-file\=/Users/admin/builder/spi-builder-workspace/.derivedData/Build/Intermediates.noindex/GeneratedModuleMaps/Bridge.modulemap -Xcc -fmodule-map-file\=/Users/admin/builder/spi-builder-workspace/.derivedData/Build/Intermediates.noindex/GeneratedModuleMaps/pugixml.modulemap -DXcode -cxx-interoperability-mode\=default -plugin-path /Applications/Xcode-16.3.0.app/Contents/Developer/Toolchains/XcodeDefault.xctoolchain/usr/lib/swift/host/plugins/testing -enable-experimental-feature DebugDescriptionMacro -sdk /Applications/Xcode-16.3.0.app/Contents/Developer/Platforms/MacOSX.platform/Developer/SDKs/MacOSX15.4.sdk -target arm64-apple-macos15.0 -g -module-cache-path /Users/admin/builder/spi-builder-workspace/.derivedData/ModuleCache.noindex -Xfrontend -serialize-debugging-options -profile-coverage-mapping -profile-generate -enable-testing -suppress-warnings -index-store-path /Users/admin/builder/spi-builder-workspace/.derivedData/Index.noindex/DataStore -swift-version 6 -I /Users/admin/builder/spi-builder-workspace/.derivedData/Build/Products/Debug -I /Applications/Xcode-16.3.0.app/Contents/Developer/Platforms/MacOSX.platform/Developer/usr/lib -F /Users/admin/builder/spi-builder-workspace/.derivedData/Build/Products/Debug/PackageFrameworks -F /Users/admin/builder/spi-builder-workspace/.derivedData/Build/Products/Debug/PackageFrameworks -F /Users/admin/builder/spi-builder-workspace/.derivedData/Build/Products/Debug/PackageFrameworks -F /Users/admin/builder/spi-builder-workspace/.derivedData/Build/Products/Debug/PackageFrameworks -F /Users/admin/builder/spi-builder-workspace/.derivedData/Build/Products/Debug/PackageFrameworks -F /Users/admin/builder/spi-builder-workspace/.derivedData/Build/Products/Debug/PackageFrameworks -F /Users/admin/builder/spi-builder-workspace/.derivedData/Build/Products/Debug/PackageFrameworks -F /Users/admin/builder/spi-builder-workspace/.derivedData/Build/Products/Debug/PackageFrameworks -F /Users/admin/builder/spi-builder-workspace/.derivedData/Build/Products/Debug/PackageFrameworks -F /Users/admin/builder/spi-builder-workspace/.derivedData/Build/Products/Debug -F /Applications/Xcode-16.3.0.app/Contents/Developer/Platforms/MacOSX.platform/Developer/Library/Frameworks -c -j10 -enable-batch-mode -incremental -Xcc -ivfsstatcache -Xcc /Users/admin/builder/spi-builder-workspace/.derivedData/SDKStatCaches.noindex/macosx15.4-24E241-8287b8f5db97e746a1562fbca0c9d29b.sdkstatcache -output-file-map /Users/admin/builder/spi-builder-workspace/.derivedData/Build/Intermediates.noindex/OCCTSwiftIO.build/Debug/MeshIO.build/Objects-normal/arm64/MeshIO-OutputFileMap.json -use-frontend-parseable-output -save-temps -no-color-diagnostics -serialize-diagnostics -emit-dependencies -emit-module -emit-module-path /Users/admin/builder/spi-builder-workspace/.derivedData/Build/Intermediates.noindex/OCCTSwiftIO.build/Debug/MeshIO.build/Objects-normal/arm64/MeshIO.swiftmodule -user-module-version 1.8.0 -validate-clang-modules-once -clang-build-session-file /Users/admin/builder/spi-builder-workspace/.derivedData/ModuleCache.noindex/Session.modulevalidation -package-name occtswiftio -Xcc -I/Users/admin/builder/spi-builder-workspace/.derivedData/Build/Intermediates.noindex/OCCTSwiftIO.build/Debug/MeshIO.build/swift-overrides.hmap -emit-const-values -Xfrontend -const-gather-protocols-file -Xfrontend /Users/admin/builder/spi-builder-workspace/.derivedData/Build/Intermediates.noindex/OCCTSwiftIO.build/Debug/MeshIO.build/Objects-normal/arm64/MeshIO_const_extract_protocols.json -Xcc -I/Users/admin/builder/spi-builder-workspace/.dependencies/checkouts/Zip/Sources/miniz -Xcc -I/Users/admin/builder/spi-builder-workspace/.dependencies/checkouts/Nodal/Sources/bridge -Xcc -I/Users/admin/builder/spi-builder-workspace/.dependencies/checkouts/Nodal/Sources/pugixml/src -Xcc -I/Users/admin/builder/spi-builder-workspace/.derivedData/Build/Products/Debug/include -Xcc -I/Users/admin/builder/spi-builder-workspace/.derivedData/Build/Intermediates.noindex/OCCTSwiftIO.build/Debug/MeshIO.build/DerivedSources-normal/arm64 -Xcc -I/Users/admin/builder/spi-builder-workspace/.derivedData/Build/Intermediates.noindex/OCCTSwiftIO.build/Debug/MeshIO.build/DerivedSources/arm64 -Xcc -I/Users/admin/builder/spi-builder-workspace/.derivedData/Build/Intermediates.noindex/OCCTSwiftIO.build/Debug/MeshIO.build/DerivedSources -Xcc -DSWIFT_PACKAGE -Xcc -DDEBUG\=1 -emit-objc-header -emit-objc-header-path /Users/admin/builder/spi-builder-workspace/.derivedData/Build/Intermediates.noindex/OCCTSwiftIO.build/Debug/MeshIO.build/Objects-normal/arm64/MeshIO-Swift.h -working-directory /Users/admin/builder/spi-builder-workspace/.swiftpm/xcode -experimental-emit-module-separately -disable-cmo
SwiftDriverJobDiscovery normal arm64 Compiling PointConverter.swift (in target 'OCCTSwiftTools' from project 'OCCTSwiftInteraction')
Ld /Users/admin/builder/spi-builder-workspace/.derivedData/Build/Products/Debug/MeshIO.o normal (in target 'MeshIO' from project 'OCCTSwiftIO')
cd /Users/admin/builder/spi-builder-workspace/.dependencies/checkouts/OCCTSwiftIO
/Applications/Xcode-16.3.0.app/Contents/Developer/Toolchains/XcodeDefault.xctoolchain/usr/bin/clang -Xlinker -reproducible -target arm64-apple-macos15.0 -r -isysroot /Applications/Xcode-16.3.0.app/Contents/Developer/Platforms/MacOSX.platform/Developer/SDKs/MacOSX15.4.sdk -O0 -w -L/Users/admin/builder/spi-builder-workspace/.derivedData/Build/Intermediates.noindex/EagerLinkingTBDs/Debug -L/Users/admin/builder/spi-builder-workspace/.derivedData/Build/Products/Debug -L/Applications/Xcode-16.3.0.app/Contents/Developer/Platforms/MacOSX.platform/Developer/usr/lib -F/Users/admin/builder/spi-builder-workspace/.derivedData/Build/Intermediates.noindex/EagerLinkingTBDs/Debug -F/Users/admin/builder/spi-builder-workspace/.derivedData/Build/Products/Debug/PackageFrameworks -F/Users/admin/builder/spi-builder-workspace/.derivedData/Build/Products/Debug/PackageFrameworks -F/Users/admin/builder/spi-builder-workspace/.derivedData/Build/Products/Debug/PackageFrameworks -F/Users/admin/builder/spi-builder-workspace/.derivedData/Build/Products/Debug/PackageFrameworks -F/Users/admin/builder/spi-builder-workspace/.derivedData/Build/Products/Debug/PackageFrameworks -F/Users/admin/builder/spi-builder-workspace/.derivedData/Build/Products/Debug/PackageFrameworks -F/Users/admin/builder/spi-builder-workspace/.derivedData/Build/Products/Debug/PackageFrameworks -F/Users/admin/builder/spi-builder-workspace/.derivedData/Build/Products/Debug/PackageFrameworks -F/Users/admin/builder/spi-builder-workspace/.derivedData/Build/Products/Debug/PackageFrameworks -F/Users/admin/builder/spi-builder-workspace/.derivedData/Build/Products/Debug -iframework /Applications/Xcode-16.3.0.app/Contents/Developer/Platforms/MacOSX.platform/Developer/Library/Frameworks -filelist /Users/admin/builder/spi-builder-workspace/.derivedData/Build/Intermediates.noindex/OCCTSwiftIO.build/Debug/MeshIO.build/Objects-normal/arm64/MeshIO.LinkFileList -nostdlib -Xlinker -object_path_lto -Xlinker /Users/admin/builder/spi-builder-workspace/.derivedData/Build/Intermediates.noindex/OCCTSwiftIO.build/Debug/MeshIO.build/Objects-normal/arm64/MeshIO_lto.o -rdynamic -Xlinker -no_deduplicate -Xlinker -debug_variant -Xlinker -dependency_info -Xlinker /Users/admin/builder/spi-builder-workspace/.derivedData/Build/Intermediates.noindex/OCCTSwiftIO.build/Debug/MeshIO.build/Objects-normal/arm64/MeshIO_dependency_info.dat -fobjc-link-runtime -L/Applications/Xcode-16.3.0.app/Contents/Developer/Toolchains/XcodeDefault.xctoolchain/usr/lib/swift/macosx -L/usr/lib/swift -Xlinker -add_ast_path -Xlinker /Users/admin/builder/spi-builder-workspace/.derivedData/Build/Intermediates.noindex/OCCTSwiftIO.build/Debug/MeshIO.build/Objects-normal/arm64/MeshIO.swiftmodule -o /Users/admin/builder/spi-builder-workspace/.derivedData/Build/Products/Debug/MeshIO.o
SwiftDriver OCCTSwiftAIS normal arm64 com.apple.xcode.tools.swift.compiler (in target 'OCCTSwiftAIS' from project 'OCCTSwiftInteraction')
cd /Users/admin/builder/spi-builder-workspace/.swiftpm/xcode
builtin-SwiftDriver -- /Applications/Xcode-16.3.0.app/Contents/Developer/Toolchains/XcodeDefault.xctoolchain/usr/bin/swiftc -module-name OCCTSwiftAIS -Onone -enforce-exclusivity\=checked @/Users/admin/builder/spi-builder-workspace/.derivedData/Build/Intermediates.noindex/OCCTSwiftInteraction.build/Debug/OCCTSwiftAIS.build/Objects-normal/arm64/OCCTSwiftAIS.SwiftFileList -DSWIFT_PACKAGE -DDEBUG -Xcc -fmodule-map-file\=/Users/admin/builder/spi-builder-workspace/.derivedData/Build/Intermediates.noindex/GeneratedModuleMaps/Miniz.modulemap -Xcc -fmodule-map-file\=/Users/admin/builder/spi-builder-workspace/.derivedData/Build/Intermediates.noindex/GeneratedModuleMaps/Bridge.modulemap -Xcc -fmodule-map-file\=/Users/admin/builder/spi-builder-workspace/.derivedData/Build/Intermediates.noindex/GeneratedModuleMaps/pugixml.modulemap -DXcode -plugin-path /Applications/Xcode-16.3.0.app/Contents/Developer/Toolchains/XcodeDefault.xctoolchain/usr/lib/swift/host/plugins/testing -enable-experimental-feature DebugDescriptionMacro -sdk /Applications/Xcode-16.3.0.app/Contents/Developer/Platforms/MacOSX.platform/Developer/SDKs/MacOSX15.4.sdk -target arm64-apple-macos15.0 -g -module-cache-path /Users/admin/builder/spi-builder-workspace/.derivedData/ModuleCache.noindex -Xfrontend -serialize-debugging-options -profile-coverage-mapping -profile-generate -enable-testing -suppress-warnings -index-store-path /Users/admin/builder/spi-builder-workspace/.derivedData/Index.noindex/DataStore -swift-version 6 -I /Users/admin/builder/spi-builder-workspace/.derivedData/Build/Products/Debug -I /Applications/Xcode-16.3.0.app/Contents/Developer/Platforms/MacOSX.platform/Developer/usr/lib -F /Users/admin/builder/spi-builder-workspace/.derivedData/Build/Products/Debug/PackageFrameworks -F /Users/admin/builder/spi-builder-workspace/.derivedData/Build/Products/Debug/PackageFrameworks -F /Users/admin/builder/spi-builder-workspace/.derivedData/Build/Products/Debug/PackageFrameworks -F /Users/admin/builder/spi-builder-workspace/.derivedData/Build/Products/Debug/PackageFrameworks -F /Users/admin/builder/spi-builder-workspace/.derivedData/Build/Products/Debug/PackageFrameworks -F /Users/admin/builder/spi-builder-workspace/.derivedData/Build/Products/Debug/PackageFrameworks -F /Users/admin/builder/spi-builder-workspace/.derivedData/Build/Products/Debug/PackageFrameworks -F /Users/admin/builder/spi-builder-workspace/.derivedData/Build/Products/Debug/PackageFrameworks -F /Users/admin/builder/spi-builder-workspace/.derivedData/Build/Products/Debug/PackageFrameworks -F /Users/admin/builder/spi-builder-workspace/.derivedData/Build/Products/Debug/PackageFrameworks -F /Users/admin/builder/spi-builder-workspace/.derivedData/Build/Products/Debug/PackageFrameworks -F /Users/admin/builder/spi-builder-workspace/.derivedData/Build/Products/Debug/PackageFrameworks -F /Users/admin/builder/spi-builder-workspace/.derivedData/Build/Products/Debug/PackageFrameworks -F /Users/admin/builder/spi-builder-workspace/.derivedData/Build/Products/Debug/PackageFrameworks -F /Users/admin/builder/spi-builder-workspace/.derivedData/Build/Products/Debug/PackageFrameworks -F /Users/admin/builder/spi-builder-workspace/.derivedData/Build/Products/Debug/PackageFrameworks -F /Users/admin/builder/spi-builder-workspace/.derivedData/Build/Products/Debug/PackageFrameworks -F /Users/admin/builder/spi-builder-workspace/.derivedData/Build/Products/Debug -F /Applications/Xcode-16.3.0.app/Contents/Developer/Platforms/MacOSX.platform/Developer/Library/Frameworks -c -j10 -enable-batch-mode -incremental -Xcc -ivfsstatcache -Xcc /Users/admin/builder/spi-builder-workspace/.derivedData/SDKStatCaches.noindex/macosx15.4-24E241-8287b8f5db97e746a1562fbca0c9d29b.sdkstatcache -output-file-map /Users/admin/builder/spi-builder-workspace/.derivedData/Build/Intermediates.noindex/OCCTSwiftInteraction.build/Debug/OCCTSwiftAIS.build/Objects-normal/arm64/OCCTSwiftAIS-OutputFileMap.json -use-frontend-parseable-output -save-temps -no-color-diagnostics -serialize-diagnostics -emit-dependencies -emit-module -emit-module-path /Users/admin/builder/spi-builder-workspace/.derivedData/Build/Intermediates.noindex/OCCTSwiftInteraction.build/Debug/OCCTSwiftAIS.build/Objects-normal/arm64/OCCTSwiftAIS.swiftmodule -user-module-version 2.0.0 -validate-clang-modules-once -clang-build-session-file /Users/admin/builder/spi-builder-workspace/.derivedData/ModuleCache.noindex/Session.modulevalidation -package-name occtswiftinteraction -Xcc -I/Users/admin/builder/spi-builder-workspace/.derivedData/Build/Intermediates.noindex/OCCTSwiftInteraction.build/Debug/OCCTSwiftAIS.build/swift-overrides.hmap -emit-const-values -Xfrontend -const-gather-protocols-file -Xfrontend /Users/admin/builder/spi-builder-workspace/.derivedData/Build/Intermediates.noindex/OCCTSwiftInteraction.build/Debug/OCCTSwiftAIS.build/Objects-normal/arm64/OCCTSwiftAIS_const_extract_protocols.json -Xcc -I/Users/admin/builder/spi-builder-workspace/.dependencies/checkouts/OCCTSwift/Sources/OCCTBridge/include -Xcc -I/Users/admin/builder/spi-builder-workspace/.dependencies/checkouts/Zip/Sources/miniz -Xcc -I/Users/admin/builder/spi-builder-workspace/.dependencies/checkouts/Nodal/Sources/bridge -Xcc -I/Users/admin/builder/spi-builder-workspace/.dependencies/checkouts/Nodal/Sources/pugixml/src -Xcc -I/Users/admin/builder/spi-builder-workspace/.derivedData/Build/Products/Debug/include -Xcc -I/Users/admin/builder/spi-builder-workspace/.derivedData/Build/Intermediates.noindex/OCCTSwiftInteraction.build/Debug/OCCTSwiftAIS.build/DerivedSources-normal/arm64 -Xcc -I/Users/admin/builder/spi-builder-workspace/.derivedData/Build/Intermediates.noindex/OCCTSwiftInteraction.build/Debug/OCCTSwiftAIS.build/DerivedSources/arm64 -Xcc -I/Users/admin/builder/spi-builder-workspace/.derivedData/Build/Intermediates.noindex/OCCTSwiftInteraction.build/Debug/OCCTSwiftAIS.build/DerivedSources -Xcc -DSWIFT_PACKAGE -Xcc -DDEBUG\=1 -emit-objc-header -emit-objc-header-path /Users/admin/builder/spi-builder-workspace/.derivedData/Build/Intermediates.noindex/OCCTSwiftInteraction.build/Debug/OCCTSwiftAIS.build/Objects-normal/arm64/OCCTSwiftAIS-Swift.h -working-directory /Users/admin/builder/spi-builder-workspace/.swiftpm/xcode -experimental-emit-module-separately -disable-cmo
SwiftDriverJobDiscovery normal arm64 Compiling DirectoryWatcher.swift (in target 'OCCTSwiftIO' from project 'OCCTSwiftIO')
SwiftDriver\ Compilation OCCTSwiftIO normal arm64 com.apple.xcode.tools.swift.compiler (in target 'OCCTSwiftIO' from project 'OCCTSwiftIO')
cd /Users/admin/builder/spi-builder-workspace/.swiftpm/xcode
builtin-Swift-Compilation -- /Applications/Xcode-16.3.0.app/Contents/Developer/Toolchains/XcodeDefault.xctoolchain/usr/bin/swiftc -module-name OCCTSwiftIO -Onone -enforce-exclusivity\=checked @/Users/admin/builder/spi-builder-workspace/.derivedData/Build/Intermediates.noindex/OCCTSwiftIO.build/Debug/OCCTSwiftIO.build/Objects-normal/arm64/OCCTSwiftIO.SwiftFileList -DSWIFT_PACKAGE -DDEBUG -Xcc -fmodule-map-file\=/Users/admin/builder/spi-builder-workspace/.derivedData/Build/Intermediates.noindex/GeneratedModuleMaps/Miniz.modulemap -Xcc -fmodule-map-file\=/Users/admin/builder/spi-builder-workspace/.derivedData/Build/Intermediates.noindex/GeneratedModuleMaps/Bridge.modulemap -Xcc -fmodule-map-file\=/Users/admin/builder/spi-builder-workspace/.derivedData/Build/Intermediates.noindex/GeneratedModuleMaps/pugixml.modulemap -DXcode -plugin-path /Applications/Xcode-16.3.0.app/Contents/Developer/Toolchains/XcodeDefault.xctoolchain/usr/lib/swift/host/plugins/testing -enable-experimental-feature DebugDescriptionMacro -sdk /Applications/Xcode-16.3.0.app/Contents/Developer/Platforms/MacOSX.platform/Developer/SDKs/MacOSX15.4.sdk -target arm64-apple-macos15.0 -g -module-cache-path /Users/admin/builder/spi-builder-workspace/.derivedData/ModuleCache.noindex -Xfrontend -serialize-debugging-options -profile-coverage-mapping -profile-generate -enable-testing -suppress-warnings -index-store-path /Users/admin/builder/spi-builder-workspace/.derivedData/Index.noindex/DataStore -swift-version 6 -I /Users/admin/builder/spi-builder-workspace/.derivedData/Build/Products/Debug -I /Applications/Xcode-16.3.0.app/Contents/Developer/Platforms/MacOSX.platform/Developer/usr/lib -F /Users/admin/builder/spi-builder-workspace/.derivedData/Build/Products/Debug/PackageFrameworks -F /Users/admin/builder/spi-builder-workspace/.derivedData/Build/Products/Debug/PackageFrameworks -F /Users/admin/builder/spi-builder-workspace/.derivedData/Build/Products/Debug/PackageFrameworks -F /Users/admin/builder/spi-builder-workspace/.derivedData/Build/Products/Debug/PackageFrameworks -F /Users/admin/builder/spi-builder-workspace/.derivedData/Build/Products/Debug/PackageFrameworks -F /Users/admin/builder/spi-builder-workspace/.derivedData/Build/Products/Debug/PackageFrameworks -F /Users/admin/builder/spi-builder-workspace/.derivedData/Build/Products/Debug/PackageFrameworks -F /Users/admin/builder/spi-builder-workspace/.derivedData/Build/Products/Debug/PackageFrameworks -F /Users/admin/builder/spi-builder-workspace/.derivedData/Build/Products/Debug/PackageFrameworks -F /Users/admin/builder/spi-builder-workspace/.derivedData/Build/Products/Debug/PackageFrameworks -F /Users/admin/builder/spi-builder-workspace/.derivedData/Build/Products/Debug/PackageFrameworks -F /Users/admin/builder/spi-builder-workspace/.derivedData/Build/Products/Debug/PackageFrameworks -F /Users/admin/builder/spi-builder-workspace/.derivedData/Build/Products/Debug/PackageFrameworks -F /Users/admin/builder/spi-builder-workspace/.derivedData/Build/Products/Debug/PackageFrameworks -F /Users/admin/builder/spi-builder-workspace/.derivedData/Build/Products/Debug -F /Applications/Xcode-16.3.0.app/Contents/Developer/Platforms/MacOSX.platform/Developer/Library/Frameworks -c -j10 -enable-batch-mode -incremental -Xcc -ivfsstatcache -Xcc /Users/admin/builder/spi-builder-workspace/.derivedData/SDKStatCaches.noindex/macosx15.4-24E241-8287b8f5db97e746a1562fbca0c9d29b.sdkstatcache -output-file-map /Users/admin/builder/spi-builder-workspace/.derivedData/Build/Intermediates.noindex/OCCTSwiftIO.build/Debug/OCCTSwiftIO.build/Objects-normal/arm64/OCCTSwiftIO-OutputFileMap.json -use-frontend-parseable-output -save-temps -no-color-diagnostics -serialize-diagnostics -emit-dependencies -emit-module -emit-module-path /Users/admin/builder/spi-builder-workspace/.derivedData/Build/Intermediates.noindex/OCCTSwiftIO.build/Debug/OCCTSwiftIO.build/Objects-normal/arm64/OCCTSwiftIO.swiftmodule -user-module-version 1.8.0 -validate-clang-modules-once -clang-build-session-file /Users/admin/builder/spi-builder-workspace/.derivedData/ModuleCache.noindex/Session.modulevalidation -package-name occtswiftio -Xcc -I/Users/admin/builder/spi-builder-workspace/.derivedData/Build/Intermediates.noindex/OCCTSwiftIO.build/Debug/OCCTSwiftIO.build/swift-overrides.hmap -emit-const-values -Xfrontend -const-gather-protocols-file -Xfrontend /Users/admin/builder/spi-builder-workspace/.derivedData/Build/Intermediates.noindex/OCCTSwiftIO.build/Debug/OCCTSwiftIO.build/Objects-normal/arm64/OCCTSwiftIO_const_extract_protocols.json -Xcc -I/Users/admin/builder/spi-builder-workspace/.dependencies/checkouts/Zip/Sources/miniz -Xcc -I/Users/admin/builder/spi-builder-workspace/.dependencies/checkouts/Nodal/Sources/bridge -Xcc -I/Users/admin/builder/spi-builder-workspace/.dependencies/checkouts/Nodal/Sources/pugixml/src -Xcc -I/Users/admin/builder/spi-builder-workspace/.dependencies/checkouts/OCCTSwift/Sources/OCCTBridge/include -Xcc -I/Users/admin/builder/spi-builder-workspace/.derivedData/Build/Products/Debug/include -Xcc -I/Users/admin/builder/spi-builder-workspace/.derivedData/Build/Intermediates.noindex/OCCTSwiftIO.build/Debug/OCCTSwiftIO.build/DerivedSources-normal/arm64 -Xcc -I/Users/admin/builder/spi-builder-workspace/.derivedData/Build/Intermediates.noindex/OCCTSwiftIO.build/Debug/OCCTSwiftIO.build/DerivedSources/arm64 -Xcc -I/Users/admin/builder/spi-builder-workspace/.derivedData/Build/Intermediates.noindex/OCCTSwiftIO.build/Debug/OCCTSwiftIO.build/DerivedSources -Xcc -DSWIFT_PACKAGE -Xcc -DDEBUG\=1 -emit-objc-header -emit-objc-header-path /Users/admin/builder/spi-builder-workspace/.derivedData/Build/Intermediates.noindex/OCCTSwiftIO.build/Debug/OCCTSwiftIO.build/Objects-normal/arm64/OCCTSwiftIO-Swift.h -working-directory /Users/admin/builder/spi-builder-workspace/.swiftpm/xcode -experimental-emit-module-separately -disable-cmo
SwiftCompile normal arm64 Compiling\ InteractiveContext.swift,\ Manipulator+SwiftUI.swift /Users/admin/builder/spi-builder-workspace/.dependencies/checkouts/OCCTSwiftInteraction/Sources/OCCTSwiftAIS/InteractiveContext.swift /Users/admin/builder/spi-builder-workspace/.dependencies/checkouts/OCCTSwiftInteraction/Sources/OCCTSwiftAIS/Manipulator+SwiftUI.swift (in target 'OCCTSwiftAIS' from project 'OCCTSwiftInteraction')
SwiftCompile normal arm64 /Users/admin/builder/spi-builder-workspace/.dependencies/checkouts/OCCTSwiftInteraction/Sources/OCCTSwiftAIS/InteractiveContext.swift (in target 'OCCTSwiftAIS' from project 'OCCTSwiftInteraction')
cd /Users/admin/builder/spi-builder-workspace/.swiftpm/xcode
SwiftCompile normal arm64 /Users/admin/builder/spi-builder-workspace/.dependencies/checkouts/OCCTSwiftInteraction/Sources/OCCTSwiftAIS/Manipulator+SwiftUI.swift (in target 'OCCTSwiftAIS' from project 'OCCTSwiftInteraction')
cd /Users/admin/builder/spi-builder-workspace/.swiftpm/xcode
SwiftEmitModule normal arm64 Emitting\ module\ for\ OCCTSwiftAIS (in target 'OCCTSwiftAIS' from project 'OCCTSwiftInteraction')
EmitSwiftModule normal arm64 (in target 'OCCTSwiftAIS' from project 'OCCTSwiftInteraction')
cd /Users/admin/builder/spi-builder-workspace/.swiftpm/xcode
SwiftCompile normal arm64 Compiling\ PresentationStyle.swift /Users/admin/builder/spi-builder-workspace/.dependencies/checkouts/OCCTSwiftInteraction/Sources/OCCTSwiftAIS/PresentationStyle.swift (in target 'OCCTSwiftAIS' from project 'OCCTSwiftInteraction')
SwiftCompile normal arm64 /Users/admin/builder/spi-builder-workspace/.dependencies/checkouts/OCCTSwiftInteraction/Sources/OCCTSwiftAIS/PresentationStyle.swift (in target 'OCCTSwiftAIS' from project 'OCCTSwiftInteraction')
cd /Users/admin/builder/spi-builder-workspace/.swiftpm/xcode
SwiftCompile normal arm64 Compiling\ Selection.swift /Users/admin/builder/spi-builder-workspace/.dependencies/checkouts/OCCTSwiftInteraction/Sources/OCCTSwiftAIS/Selection.swift (in target 'OCCTSwiftAIS' from project 'OCCTSwiftInteraction')
SwiftCompile normal arm64 /Users/admin/builder/spi-builder-workspace/.dependencies/checkouts/OCCTSwiftInteraction/Sources/OCCTSwiftAIS/Selection.swift (in target 'OCCTSwiftAIS' from project 'OCCTSwiftInteraction')
cd /Users/admin/builder/spi-builder-workspace/.swiftpm/xcode
SwiftDriverJobDiscovery normal arm64 Compiling ShapeIdentity.swift (in target 'OCCTSwiftTools' from project 'OCCTSwiftInteraction')
SwiftCompile normal arm64 Compiling\ StandardObjects.swift /Users/admin/builder/spi-builder-workspace/.dependencies/checkouts/OCCTSwiftInteraction/Sources/OCCTSwiftAIS/StandardObjects.swift (in target 'OCCTSwiftAIS' from project 'OCCTSwiftInteraction')
SwiftCompile normal arm64 /Users/admin/builder/spi-builder-workspace/.dependencies/checkouts/OCCTSwiftInteraction/Sources/OCCTSwiftAIS/StandardObjects.swift (in target 'OCCTSwiftAIS' from project 'OCCTSwiftInteraction')
cd /Users/admin/builder/spi-builder-workspace/.swiftpm/xcode
SwiftDriverJobDiscovery normal arm64 Compiling CurveConverter.swift, EdgeIdentityTable.swift (in target 'OCCTSwiftTools' from project 'OCCTSwiftInteraction')
SwiftCompile normal arm64 Compiling\ ManipulatorWidget.swift /Users/admin/builder/spi-builder-workspace/.dependencies/checkouts/OCCTSwiftInteraction/Sources/OCCTSwiftAIS/ManipulatorWidget.swift (in target 'OCCTSwiftAIS' from project 'OCCTSwiftInteraction')
SwiftCompile normal arm64 /Users/admin/builder/spi-builder-workspace/.dependencies/checkouts/OCCTSwiftInteraction/Sources/OCCTSwiftAIS/ManipulatorWidget.swift (in target 'OCCTSwiftAIS' from project 'OCCTSwiftInteraction')
cd /Users/admin/builder/spi-builder-workspace/.swiftpm/xcode
SwiftDriverJobDiscovery normal arm64 Compiling SurfaceConverter.swift (in target 'OCCTSwiftTools' from project 'OCCTSwiftInteraction')
SwiftCompile normal arm64 Compiling\ SelectionFilter.swift /Users/admin/builder/spi-builder-workspace/.dependencies/checkouts/OCCTSwiftInteraction/Sources/OCCTSwiftAIS/SelectionFilter.swift (in target 'OCCTSwiftAIS' from project 'OCCTSwiftInteraction')
SwiftCompile normal arm64 /Users/admin/builder/spi-builder-workspace/.dependencies/checkouts/OCCTSwiftInteraction/Sources/OCCTSwiftAIS/SelectionFilter.swift (in target 'OCCTSwiftAIS' from project 'OCCTSwiftInteraction')
cd /Users/admin/builder/spi-builder-workspace/.swiftpm/xcode
SwiftDriverJobDiscovery normal arm64 Compiling WireConverter.swift (in target 'OCCTSwiftTools' from project 'OCCTSwiftInteraction')
SwiftCompile normal arm64 Compiling\ Remap.swift /Users/admin/builder/spi-builder-workspace/.dependencies/checkouts/OCCTSwiftInteraction/Sources/OCCTSwiftAIS/Remap.swift (in target 'OCCTSwiftAIS' from project 'OCCTSwiftInteraction')
SwiftCompile normal arm64 /Users/admin/builder/spi-builder-workspace/.dependencies/checkouts/OCCTSwiftInteraction/Sources/OCCTSwiftAIS/Remap.swift (in target 'OCCTSwiftAIS' from project 'OCCTSwiftInteraction')
cd /Users/admin/builder/spi-builder-workspace/.swiftpm/xcode
SwiftDriverJobDiscovery normal arm64 Compiling FaceIdentityTable.swift, InteractiveObject.swift (in target 'OCCTSwiftTools' from project 'OCCTSwiftInteraction')
SwiftCompile normal arm64 Compiling\ CompatibilityAliases.swift,\ Dimension.swift /Users/admin/builder/spi-builder-workspace/.dependencies/checkouts/OCCTSwiftInteraction/Sources/OCCTSwiftAIS/CompatibilityAliases.swift /Users/admin/builder/spi-builder-workspace/.dependencies/checkouts/OCCTSwiftInteraction/Sources/OCCTSwiftAIS/Dimension.swift (in target 'OCCTSwiftAIS' from project 'OCCTSwiftInteraction')
SwiftCompile normal arm64 /Users/admin/builder/spi-builder-workspace/.dependencies/checkouts/OCCTSwiftInteraction/Sources/OCCTSwiftAIS/CompatibilityAliases.swift (in target 'OCCTSwiftAIS' from project 'OCCTSwiftInteraction')
cd /Users/admin/builder/spi-builder-workspace/.swiftpm/xcode
SwiftCompile normal arm64 /Users/admin/builder/spi-builder-workspace/.dependencies/checkouts/OCCTSwiftInteraction/Sources/OCCTSwiftAIS/Dimension.swift (in target 'OCCTSwiftAIS' from project 'OCCTSwiftInteraction')
cd /Users/admin/builder/spi-builder-workspace/.swiftpm/xcode
SwiftDriverJobDiscovery normal arm64 Compiling SubShapePickResolver.swift (in target 'OCCTSwiftTools' from project 'OCCTSwiftInteraction')
SwiftCompile normal arm64 Compiling\ AreaSelection+SwiftUI.swift,\ AreaSelection.swift /Users/admin/builder/spi-builder-workspace/.dependencies/checkouts/OCCTSwiftInteraction/Sources/OCCTSwiftAIS/AreaSelection+SwiftUI.swift /Users/admin/builder/spi-builder-workspace/.dependencies/checkouts/OCCTSwiftInteraction/Sources/OCCTSwiftAIS/AreaSelection.swift (in target 'OCCTSwiftAIS' from project 'OCCTSwiftInteraction')
SwiftCompile normal arm64 /Users/admin/builder/spi-builder-workspace/.dependencies/checkouts/OCCTSwiftInteraction/Sources/OCCTSwiftAIS/AreaSelection+SwiftUI.swift (in target 'OCCTSwiftAIS' from project 'OCCTSwiftInteraction')
cd /Users/admin/builder/spi-builder-workspace/.swiftpm/xcode
SwiftCompile normal arm64 /Users/admin/builder/spi-builder-workspace/.dependencies/checkouts/OCCTSwiftInteraction/Sources/OCCTSwiftAIS/AreaSelection.swift (in target 'OCCTSwiftAIS' from project 'OCCTSwiftInteraction')
cd /Users/admin/builder/spi-builder-workspace/.swiftpm/xcode
SwiftDriverJobDiscovery normal arm64 Compiling PresentationStyle.swift (in target 'OCCTSwiftAIS' from project 'OCCTSwiftInteraction')
SwiftCompile normal arm64 Compiling\ ManipulatorGeometry.swift /Users/admin/builder/spi-builder-workspace/.dependencies/checkouts/OCCTSwiftInteraction/Sources/OCCTSwiftAIS/ManipulatorGeometry.swift (in target 'OCCTSwiftAIS' from project 'OCCTSwiftInteraction')
SwiftCompile normal arm64 /Users/admin/builder/spi-builder-workspace/.dependencies/checkouts/OCCTSwiftInteraction/Sources/OCCTSwiftAIS/ManipulatorGeometry.swift (in target 'OCCTSwiftAIS' from project 'OCCTSwiftInteraction')
cd /Users/admin/builder/spi-builder-workspace/.swiftpm/xcode
SwiftDriverJobDiscovery normal arm64 Compiling Selection.swift (in target 'OCCTSwiftAIS' from project 'OCCTSwiftInteraction')
SwiftDriverJobDiscovery normal arm64 Emitting module for OCCTSwiftAIS (in target 'OCCTSwiftAIS' from project 'OCCTSwiftInteraction')
SwiftDriver\ Compilation\ Requirements OCCTSwiftAIS normal arm64 com.apple.xcode.tools.swift.compiler (in target 'OCCTSwiftAIS' from project 'OCCTSwiftInteraction')
cd /Users/admin/builder/spi-builder-workspace/.swiftpm/xcode
builtin-Swift-Compilation-Requirements -- /Applications/Xcode-16.3.0.app/Contents/Developer/Toolchains/XcodeDefault.xctoolchain/usr/bin/swiftc -module-name OCCTSwiftAIS -Onone -enforce-exclusivity\=checked @/Users/admin/builder/spi-builder-workspace/.derivedData/Build/Intermediates.noindex/OCCTSwiftInteraction.build/Debug/OCCTSwiftAIS.build/Objects-normal/arm64/OCCTSwiftAIS.SwiftFileList -DSWIFT_PACKAGE -DDEBUG -Xcc -fmodule-map-file\=/Users/admin/builder/spi-builder-workspace/.derivedData/Build/Intermediates.noindex/GeneratedModuleMaps/Miniz.modulemap -Xcc -fmodule-map-file\=/Users/admin/builder/spi-builder-workspace/.derivedData/Build/Intermediates.noindex/GeneratedModuleMaps/Bridge.modulemap -Xcc -fmodule-map-file\=/Users/admin/builder/spi-builder-workspace/.derivedData/Build/Intermediates.noindex/GeneratedModuleMaps/pugixml.modulemap -DXcode -plugin-path /Applications/Xcode-16.3.0.app/Contents/Developer/Toolchains/XcodeDefault.xctoolchain/usr/lib/swift/host/plugins/testing -enable-experimental-feature DebugDescriptionMacro -sdk /Applications/Xcode-16.3.0.app/Contents/Developer/Platforms/MacOSX.platform/Developer/SDKs/MacOSX15.4.sdk -target arm64-apple-macos15.0 -g -module-cache-path /Users/admin/builder/spi-builder-workspace/.derivedData/ModuleCache.noindex -Xfrontend -serialize-debugging-options -profile-coverage-mapping -profile-generate -enable-testing -suppress-warnings -index-store-path /Users/admin/builder/spi-builder-workspace/.derivedData/Index.noindex/DataStore -swift-version 6 -I /Users/admin/builder/spi-builder-workspace/.derivedData/Build/Products/Debug -I /Applications/Xcode-16.3.0.app/Contents/Developer/Platforms/MacOSX.platform/Developer/usr/lib -F /Users/admin/builder/spi-builder-workspace/.derivedData/Build/Products/Debug/PackageFrameworks -F /Users/admin/builder/spi-builder-workspace/.derivedData/Build/Products/Debug/PackageFrameworks -F /Users/admin/builder/spi-builder-workspace/.derivedData/Build/Products/Debug/PackageFrameworks -F /Users/admin/builder/spi-builder-workspace/.derivedData/Build/Products/Debug/PackageFrameworks -F /Users/admin/builder/spi-builder-workspace/.derivedData/Build/Products/Debug/PackageFrameworks -F /Users/admin/builder/spi-builder-workspace/.derivedData/Build/Products/Debug/PackageFrameworks -F /Users/admin/builder/spi-builder-workspace/.derivedData/Build/Products/Debug/PackageFrameworks -F /Users/admin/builder/spi-builder-workspace/.derivedData/Build/Products/Debug/PackageFrameworks -F /Users/admin/builder/spi-builder-workspace/.derivedData/Build/Products/Debug/PackageFrameworks -F /Users/admin/builder/spi-builder-workspace/.derivedData/Build/Products/Debug/PackageFrameworks -F /Users/admin/builder/spi-builder-workspace/.derivedData/Build/Products/Debug/PackageFrameworks -F /Users/admin/builder/spi-builder-workspace/.derivedData/Build/Products/Debug/PackageFrameworks -F /Users/admin/builder/spi-builder-workspace/.derivedData/Build/Products/Debug/PackageFrameworks -F /Users/admin/builder/spi-builder-workspace/.derivedData/Build/Products/Debug/PackageFrameworks -F /Users/admin/builder/spi-builder-workspace/.derivedData/Build/Products/Debug/PackageFrameworks -F /Users/admin/builder/spi-builder-workspace/.derivedData/Build/Products/Debug/PackageFrameworks -F /Users/admin/builder/spi-builder-workspace/.derivedData/Build/Products/Debug/PackageFrameworks -F /Users/admin/builder/spi-builder-workspace/.derivedData/Build/Products/Debug -F /Applications/Xcode-16.3.0.app/Contents/Developer/Platforms/MacOSX.platform/Developer/Library/Frameworks -c -j10 -enable-batch-mode -incremental -Xcc -ivfsstatcache -Xcc /Users/admin/builder/spi-builder-workspace/.derivedData/SDKStatCaches.noindex/macosx15.4-24E241-8287b8f5db97e746a1562fbca0c9d29b.sdkstatcache -output-file-map /Users/admin/builder/spi-builder-workspace/.derivedData/Build/Intermediates.noindex/OCCTSwiftInteraction.build/Debug/OCCTSwiftAIS.build/Objects-normal/arm64/OCCTSwiftAIS-OutputFileMap.json -use-frontend-parseable-output -save-temps -no-color-diagnostics -serialize-diagnostics -emit-dependencies -emit-module -emit-module-path /Users/admin/builder/spi-builder-workspace/.derivedData/Build/Intermediates.noindex/OCCTSwiftInteraction.build/Debug/OCCTSwiftAIS.build/Objects-normal/arm64/OCCTSwiftAIS.swiftmodule -user-module-version 2.0.0 -validate-clang-modules-once -clang-build-session-file /Users/admin/builder/spi-builder-workspace/.derivedData/ModuleCache.noindex/Session.modulevalidation -package-name occtswiftinteraction -Xcc -I/Users/admin/builder/spi-builder-workspace/.derivedData/Build/Intermediates.noindex/OCCTSwiftInteraction.build/Debug/OCCTSwiftAIS.build/swift-overrides.hmap -emit-const-values -Xfrontend -const-gather-protocols-file -Xfrontend /Users/admin/builder/spi-builder-workspace/.derivedData/Build/Intermediates.noindex/OCCTSwiftInteraction.build/Debug/OCCTSwiftAIS.build/Objects-normal/arm64/OCCTSwiftAIS_const_extract_protocols.json -Xcc -I/Users/admin/builder/spi-builder-workspace/.dependencies/checkouts/OCCTSwift/Sources/OCCTBridge/include -Xcc -I/Users/admin/builder/spi-builder-workspace/.dependencies/checkouts/Zip/Sources/miniz -Xcc -I/Users/admin/builder/spi-builder-workspace/.dependencies/checkouts/Nodal/Sources/bridge -Xcc -I/Users/admin/builder/spi-builder-workspace/.dependencies/checkouts/Nodal/Sources/pugixml/src -Xcc -I/Users/admin/builder/spi-builder-workspace/.derivedData/Build/Products/Debug/include -Xcc -I/Users/admin/builder/spi-builder-workspace/.derivedData/Build/Intermediates.noindex/OCCTSwiftInteraction.build/Debug/OCCTSwiftAIS.build/DerivedSources-normal/arm64 -Xcc -I/Users/admin/builder/spi-builder-workspace/.derivedData/Build/Intermediates.noindex/OCCTSwiftInteraction.build/Debug/OCCTSwiftAIS.build/DerivedSources/arm64 -Xcc -I/Users/admin/builder/spi-builder-workspace/.derivedData/Build/Intermediates.noindex/OCCTSwiftInteraction.build/Debug/OCCTSwiftAIS.build/DerivedSources -Xcc -DSWIFT_PACKAGE -Xcc -DDEBUG\=1 -emit-objc-header -emit-objc-header-path /Users/admin/builder/spi-builder-workspace/.derivedData/Build/Intermediates.noindex/OCCTSwiftInteraction.build/Debug/OCCTSwiftAIS.build/Objects-normal/arm64/OCCTSwiftAIS-Swift.h -working-directory /Users/admin/builder/spi-builder-workspace/.swiftpm/xcode -experimental-emit-module-separately -disable-cmo
ExtractAppIntentsMetadata (in target 'MeshIO' from project 'OCCTSwiftIO')
cd /Users/admin/builder/spi-builder-workspace/.dependencies/checkouts/OCCTSwiftIO
/Applications/Xcode-16.3.0.app/Contents/Developer/Toolchains/XcodeDefault.xctoolchain/usr/bin/appintentsmetadataprocessor --toolchain-dir /Applications/Xcode-16.3.0.app/Contents/Developer/Toolchains/XcodeDefault.xctoolchain --module-name MeshIO --sdk-root /Applications/Xcode-16.3.0.app/Contents/Developer/Platforms/MacOSX.platform/Developer/SDKs/MacOSX15.4.sdk --xcode-version 16E140 --platform-family macOS --deployment-target 15.0 --bundle-identifier occtswiftio.MeshIO --output /Users/admin/builder/spi-builder-workspace/.derivedData/Build/Products/Debug/MeshIO.appintents --target-triple arm64-apple-macos15.0 --binary-file /Users/admin/builder/spi-builder-workspace/.derivedData/Build/Products/Debug/MeshIO.o --dependency-file /Users/admin/builder/spi-builder-workspace/.derivedData/Build/Intermediates.noindex/OCCTSwiftIO.build/Debug/MeshIO.build/Objects-normal/arm64/MeshIO_dependency_info.dat --stringsdata-file /Users/admin/builder/spi-builder-workspace/.derivedData/Build/Intermediates.noindex/OCCTSwiftIO.build/Debug/MeshIO.build/Objects-normal/arm64/ExtractedAppShortcutsMetadata.stringsdata --source-file-list /Users/admin/builder/spi-builder-workspace/.derivedData/Build/Intermediates.noindex/OCCTSwiftIO.build/Debug/MeshIO.build/Objects-normal/arm64/MeshIO.SwiftFileList --metadata-file-list /Users/admin/builder/spi-builder-workspace/.derivedData/Build/Intermediates.noindex/OCCTSwiftIO.build/Debug/MeshIO.build/MeshIO.DependencyMetadataFileList --static-metadata-file-list /Users/admin/builder/spi-builder-workspace/.derivedData/Build/Intermediates.noindex/OCCTSwiftIO.build/Debug/MeshIO.build/MeshIO.DependencyStaticMetadataFileList --swift-const-vals-list /Users/admin/builder/spi-builder-workspace/.derivedData/Build/Intermediates.noindex/OCCTSwiftIO.build/Debug/MeshIO.build/Objects-normal/arm64/MeshIO.SwiftConstValuesFileList --force --compile-time-extraction --deployment-aware-processing --validate-assistant-intents --no-app-shortcuts-localization
2026-10-02 15:23:53.278 appintentsmetadataprocessor[8401:32214] Starting appintentsmetadataprocessor export
2026-10-02 15:23:53.323 appintentsmetadataprocessor[8401:32214] Extracted no relevant App Intents symbols, skipping writing output
SwiftMergeGeneratedHeaders /Users/admin/builder/spi-builder-workspace/.derivedData/Build/Intermediates.noindex/GeneratedModuleMaps/OCCTSwiftAIS-Swift.h /Users/admin/builder/spi-builder-workspace/.derivedData/Build/Intermediates.noindex/OCCTSwiftInteraction.build/Debug/OCCTSwiftAIS.build/Objects-normal/arm64/OCCTSwiftAIS-Swift.h (in target 'OCCTSwiftAIS' from project 'OCCTSwiftInteraction')
cd /Users/admin/builder/spi-builder-workspace/.dependencies/checkouts/OCCTSwiftInteraction
builtin-swiftHeaderTool -arch arm64 /Users/admin/builder/spi-builder-workspace/.derivedData/Build/Intermediates.noindex/OCCTSwiftInteraction.build/Debug/OCCTSwiftAIS.build/Objects-normal/arm64/OCCTSwiftAIS-Swift.h -o /Users/admin/builder/spi-builder-workspace/.derivedData/Build/Intermediates.noindex/GeneratedModuleMaps/OCCTSwiftAIS-Swift.h
SwiftDriverJobDiscovery normal arm64 Compiling BodyUtilities.swift, CADFileLoader.swift (in target 'OCCTSwiftTools' from project 'OCCTSwiftInteraction')
Copy /Users/admin/builder/spi-builder-workspace/.derivedData/Build/Products/Debug/OCCTSwiftAIS.swiftmodule/arm64-apple-macos.swiftmodule /Users/admin/builder/spi-builder-workspace/.derivedData/Build/Intermediates.noindex/OCCTSwiftInteraction.build/Debug/OCCTSwiftAIS.build/Objects-normal/arm64/OCCTSwiftAIS.swiftmodule (in target 'OCCTSwiftAIS' from project 'OCCTSwiftInteraction')
cd /Users/admin/builder/spi-builder-workspace/.dependencies/checkouts/OCCTSwiftInteraction
builtin-copy -exclude .DS_Store -exclude CVS -exclude .svn -exclude .git -exclude .hg -resolve-src-symlinks -rename /Users/admin/builder/spi-builder-workspace/.derivedData/Build/Intermediates.noindex/OCCTSwiftInteraction.build/Debug/OCCTSwiftAIS.build/Objects-normal/arm64/OCCTSwiftAIS.swiftmodule /Users/admin/builder/spi-builder-workspace/.derivedData/Build/Products/Debug/OCCTSwiftAIS.swiftmodule/arm64-apple-macos.swiftmodule
Copy /Users/admin/builder/spi-builder-workspace/.derivedData/Build/Products/Debug/OCCTSwiftAIS.swiftmodule/arm64-apple-macos.swiftdoc /Users/admin/builder/spi-builder-workspace/.derivedData/Build/Intermediates.noindex/OCCTSwiftInteraction.build/Debug/OCCTSwiftAIS.build/Objects-normal/arm64/OCCTSwiftAIS.swiftdoc (in target 'OCCTSwiftAIS' from project 'OCCTSwiftInteraction')
cd /Users/admin/builder/spi-builder-workspace/.dependencies/checkouts/OCCTSwiftInteraction
builtin-copy -exclude .DS_Store -exclude CVS -exclude .svn -exclude .git -exclude .hg -resolve-src-symlinks -rename /Users/admin/builder/spi-builder-workspace/.derivedData/Build/Intermediates.noindex/OCCTSwiftInteraction.build/Debug/OCCTSwiftAIS.build/Objects-normal/arm64/OCCTSwiftAIS.swiftdoc /Users/admin/builder/spi-builder-workspace/.derivedData/Build/Products/Debug/OCCTSwiftAIS.swiftmodule/arm64-apple-macos.swiftdoc
Copy /Users/admin/builder/spi-builder-workspace/.derivedData/Build/Products/Debug/OCCTSwiftAIS.swiftmodule/arm64-apple-macos.abi.json /Users/admin/builder/spi-builder-workspace/.derivedData/Build/Intermediates.noindex/OCCTSwiftInteraction.build/Debug/OCCTSwiftAIS.build/Objects-normal/arm64/OCCTSwiftAIS.abi.json (in target 'OCCTSwiftAIS' from project 'OCCTSwiftInteraction')
cd /Users/admin/builder/spi-builder-workspace/.dependencies/checkouts/OCCTSwiftInteraction
builtin-copy -exclude .DS_Store -exclude CVS -exclude .svn -exclude .git -exclude .hg -resolve-src-symlinks -rename /Users/admin/builder/spi-builder-workspace/.derivedData/Build/Intermediates.noindex/OCCTSwiftInteraction.build/Debug/OCCTSwiftAIS.build/Objects-normal/arm64/OCCTSwiftAIS.abi.json /Users/admin/builder/spi-builder-workspace/.derivedData/Build/Products/Debug/OCCTSwiftAIS.swiftmodule/arm64-apple-macos.abi.json
Copy /Users/admin/builder/spi-builder-workspace/.derivedData/Build/Products/Debug/OCCTSwiftAIS.swiftmodule/Project/arm64-apple-macos.swiftsourceinfo /Users/admin/builder/spi-builder-workspace/.derivedData/Build/Intermediates.noindex/OCCTSwiftInteraction.build/Debug/OCCTSwiftAIS.build/Objects-normal/arm64/OCCTSwiftAIS.swiftsourceinfo (in target 'OCCTSwiftAIS' from project 'OCCTSwiftInteraction')
cd /Users/admin/builder/spi-builder-workspace/.dependencies/checkouts/OCCTSwiftInteraction
builtin-copy -exclude .DS_Store -exclude CVS -exclude .svn -exclude .git -exclude .hg -resolve-src-symlinks -rename /Users/admin/builder/spi-builder-workspace/.derivedData/Build/Intermediates.noindex/OCCTSwiftInteraction.build/Debug/OCCTSwiftAIS.build/Objects-normal/arm64/OCCTSwiftAIS.swiftsourceinfo /Users/admin/builder/spi-builder-workspace/.derivedData/Build/Products/Debug/OCCTSwiftAIS.swiftmodule/Project/arm64-apple-macos.swiftsourceinfo
SwiftDriver\ Compilation OCCTSwiftTools normal arm64 com.apple.xcode.tools.swift.compiler (in target 'OCCTSwiftTools' from project 'OCCTSwiftInteraction')
cd /Users/admin/builder/spi-builder-workspace/.swiftpm/xcode
builtin-Swift-Compilation -- /Applications/Xcode-16.3.0.app/Contents/Developer/Toolchains/XcodeDefault.xctoolchain/usr/bin/swiftc -module-name OCCTSwiftTools -Onone -enforce-exclusivity\=checked @/Users/admin/builder/spi-builder-workspace/.derivedData/Build/Intermediates.noindex/OCCTSwiftInteraction.build/Debug/OCCTSwiftTools.build/Objects-normal/arm64/OCCTSwiftTools.SwiftFileList -DSWIFT_PACKAGE -DDEBUG -Xcc -fmodule-map-file\=/Users/admin/builder/spi-builder-workspace/.derivedData/Build/Intermediates.noindex/GeneratedModuleMaps/Miniz.modulemap -Xcc -fmodule-map-file\=/Users/admin/builder/spi-builder-workspace/.derivedData/Build/Intermediates.noindex/GeneratedModuleMaps/Bridge.modulemap -Xcc -fmodule-map-file\=/Users/admin/builder/spi-builder-workspace/.derivedData/Build/Intermediates.noindex/GeneratedModuleMaps/pugixml.modulemap -DXcode -plugin-path /Applications/Xcode-16.3.0.app/Contents/Developer/Toolchains/XcodeDefault.xctoolchain/usr/lib/swift/host/plugins/testing -enable-experimental-feature DebugDescriptionMacro -sdk /Applications/Xcode-16.3.0.app/Contents/Developer/Platforms/MacOSX.platform/Developer/SDKs/MacOSX15.4.sdk -target arm64-apple-macos15.0 -g -module-cache-path /Users/admin/builder/spi-builder-workspace/.derivedData/ModuleCache.noindex -Xfrontend -serialize-debugging-options -profile-coverage-mapping -profile-generate -enable-testing -suppress-warnings -index-store-path /Users/admin/builder/spi-builder-workspace/.derivedData/Index.noindex/DataStore -swift-version 6 -I /Users/admin/builder/spi-builder-workspace/.derivedData/Build/Products/Debug -I /Applications/Xcode-16.3.0.app/Contents/Developer/Platforms/MacOSX.platform/Developer/usr/lib -F /Users/admin/builder/spi-builder-workspace/.derivedData/Build/Products/Debug/PackageFrameworks -F /Users/admin/builder/spi-builder-workspace/.derivedData/Build/Products/Debug/PackageFrameworks -F /Users/admin/builder/spi-builder-workspace/.derivedData/Build/Products/Debug/PackageFrameworks -F /Users/admin/builder/spi-builder-workspace/.derivedData/Build/Products/Debug/PackageFrameworks -F /Users/admin/builder/spi-builder-workspace/.derivedData/Build/Products/Debug/PackageFrameworks -F /Users/admin/builder/spi-builder-workspace/.derivedData/Build/Products/Debug/PackageFrameworks -F /Users/admin/builder/spi-builder-workspace/.derivedData/Build/Products/Debug/PackageFrameworks -F /Users/admin/builder/spi-builder-workspace/.derivedData/Build/Products/Debug/PackageFrameworks -F /Users/admin/builder/spi-builder-workspace/.derivedData/Build/Products/Debug/PackageFrameworks -F /Users/admin/builder/spi-builder-workspace/.derivedData/Build/Products/Debug/PackageFrameworks -F /Users/admin/builder/spi-builder-workspace/.derivedData/Build/Products/Debug/PackageFrameworks -F /Users/admin/builder/spi-builder-workspace/.derivedData/Build/Products/Debug/PackageFrameworks -F /Users/admin/builder/spi-builder-workspace/.derivedData/Build/Products/Debug/PackageFrameworks -F /Users/admin/builder/spi-builder-workspace/.derivedData/Build/Products/Debug/PackageFrameworks -F /Users/admin/builder/spi-builder-workspace/.derivedData/Build/Products/Debug/PackageFrameworks -F /Users/admin/builder/spi-builder-workspace/.derivedData/Build/Products/Debug/PackageFrameworks -F /Users/admin/builder/spi-builder-workspace/.derivedData/Build/Products/Debug -F /Applications/Xcode-16.3.0.app/Contents/Developer/Platforms/MacOSX.platform/Developer/Library/Frameworks -c -j10 -enable-batch-mode -incremental -Xcc -ivfsstatcache -Xcc /Users/admin/builder/spi-builder-workspace/.derivedData/SDKStatCaches.noindex/macosx15.4-24E241-8287b8f5db97e746a1562fbca0c9d29b.sdkstatcache -output-file-map /Users/admin/builder/spi-builder-workspace/.derivedData/Build/Intermediates.noindex/OCCTSwiftInteraction.build/Debug/OCCTSwiftTools.build/Objects-normal/arm64/OCCTSwiftTools-OutputFileMap.json -use-frontend-parseable-output -save-temps -no-color-diagnostics -serialize-diagnostics -emit-dependencies -emit-module -emit-module-path /Users/admin/builder/spi-builder-workspace/.derivedData/Build/Intermediates.noindex/OCCTSwiftInteraction.build/Debug/OCCTSwiftTools.build/Objects-normal/arm64/OCCTSwiftTools.swiftmodule -user-module-version 2.0.0 -validate-clang-modules-once -clang-build-session-file /Users/admin/builder/spi-builder-workspace/.derivedData/ModuleCache.noindex/Session.modulevalidation -package-name occtswiftinteraction -Xcc -I/Users/admin/builder/spi-builder-workspace/.derivedData/Build/Intermediates.noindex/OCCTSwiftInteraction.build/Debug/OCCTSwiftTools.build/swift-overrides.hmap -emit-const-values -Xfrontend -const-gather-protocols-file -Xfrontend /Users/admin/builder/spi-builder-workspace/.derivedData/Build/Intermediates.noindex/OCCTSwiftInteraction.build/Debug/OCCTSwiftTools.build/Objects-normal/arm64/OCCTSwiftTools_const_extract_protocols.json -Xcc -I/Users/admin/builder/spi-builder-workspace/.dependencies/checkouts/OCCTSwift/Sources/OCCTBridge/include -Xcc -I/Users/admin/builder/spi-builder-workspace/.dependencies/checkouts/Zip/Sources/miniz -Xcc -I/Users/admin/builder/spi-builder-workspace/.dependencies/checkouts/Nodal/Sources/bridge -Xcc -I/Users/admin/builder/spi-builder-workspace/.dependencies/checkouts/Nodal/Sources/pugixml/src -Xcc -I/Users/admin/builder/spi-builder-workspace/.derivedData/Build/Products/Debug/include -Xcc -I/Users/admin/builder/spi-builder-workspace/.derivedData/Build/Intermediates.noindex/OCCTSwiftInteraction.build/Debug/OCCTSwiftTools.build/DerivedSources-normal/arm64 -Xcc -I/Users/admin/builder/spi-builder-workspace/.derivedData/Build/Intermediates.noindex/OCCTSwiftInteraction.build/Debug/OCCTSwiftTools.build/DerivedSources/arm64 -Xcc -I/Users/admin/builder/spi-builder-workspace/.derivedData/Build/Intermediates.noindex/OCCTSwiftInteraction.build/Debug/OCCTSwiftTools.build/DerivedSources -Xcc -DSWIFT_PACKAGE -Xcc -DDEBUG\=1 -emit-objc-header -emit-objc-header-path /Users/admin/builder/spi-builder-workspace/.derivedData/Build/Intermediates.noindex/OCCTSwiftInteraction.build/Debug/OCCTSwiftTools.build/Objects-normal/arm64/OCCTSwiftTools-Swift.h -working-directory /Users/admin/builder/spi-builder-workspace/.swiftpm/xcode -experimental-emit-module-separately -disable-cmo
SwiftDriver OCCTMCPCore normal arm64 com.apple.xcode.tools.swift.compiler (in target 'OCCTMCPCore' from project 'OCCTMCP')
cd /Users/admin/builder/spi-builder-workspace/.swiftpm/xcode
builtin-SwiftDriver -- /Applications/Xcode-16.3.0.app/Contents/Developer/Toolchains/XcodeDefault.xctoolchain/usr/bin/swiftc -module-name OCCTMCPCore -Onone -enforce-exclusivity\=checked @/Users/admin/builder/spi-builder-workspace/.derivedData/Build/Intermediates.noindex/OCCTMCP.build/Debug/OCCTMCPCore.build/Objects-normal/arm64/OCCTMCPCore.SwiftFileList -DSWIFT_PACKAGE -DDEBUG -Xcc -fmodule-map-file\=/Users/admin/builder/spi-builder-workspace/.derivedData/Build/Intermediates.noindex/GeneratedModuleMaps/OCCTMeshOptimizer.modulemap -Xcc -fmodule-map-file\=/Users/admin/builder/spi-builder-workspace/.derivedData/Build/Intermediates.noindex/GeneratedModuleMaps/Miniz.modulemap -Xcc -fmodule-map-file\=/Users/admin/builder/spi-builder-workspace/.derivedData/Build/Intermediates.noindex/GeneratedModuleMaps/Bridge.modulemap -Xcc -fmodule-map-file\=/Users/admin/builder/spi-builder-workspace/.derivedData/Build/Intermediates.noindex/GeneratedModuleMaps/pugixml.modulemap -DXcode -plugin-path /Applications/Xcode-16.3.0.app/Contents/Developer/Toolchains/XcodeDefault.xctoolchain/usr/lib/swift/host/plugins/testing -enable-experimental-feature DebugDescriptionMacro -sdk /Applications/Xcode-16.3.0.app/Contents/Developer/Platforms/MacOSX.platform/Developer/SDKs/MacOSX15.4.sdk -target arm64-apple-macos15.0 -g -module-cache-path /Users/admin/builder/spi-builder-workspace/.derivedData/ModuleCache.noindex -Xfrontend -serialize-debugging-options -profile-coverage-mapping -profile-generate -enable-testing -index-store-path /Users/admin/builder/spi-builder-workspace/.derivedData/Index.noindex/DataStore -swift-version 6 -I /Users/admin/builder/spi-builder-workspace/.derivedData/Build/Products/Debug -I /Applications/Xcode-16.3.0.app/Contents/Developer/Platforms/MacOSX.platform/Developer/usr/lib -F /Users/admin/builder/spi-builder-workspace/.derivedData/Build/Products/Debug/PackageFrameworks -F /Users/admin/builder/spi-builder-workspace/.derivedData/Build/Products/Debug/PackageFrameworks -F /Users/admin/builder/spi-builder-workspace/.derivedData/Build/Products/Debug/PackageFrameworks -F /Users/admin/builder/spi-builder-workspace/.derivedData/Build/Products/Debug/PackageFrameworks -F /Users/admin/builder/spi-builder-workspace/.derivedData/Build/Products/Debug/PackageFrameworks -F /Users/admin/builder/spi-builder-workspace/.derivedData/Build/Products/Debug/PackageFrameworks -F /Users/admin/builder/spi-builder-workspace/.derivedData/Build/Products/Debug/PackageFrameworks -F /Users/admin/builder/spi-builder-workspace/.derivedData/Build/Products/Debug/PackageFrameworks -F /Users/admin/builder/spi-builder-workspace/.derivedData/Build/Products/Debug/PackageFrameworks -F /Users/admin/builder/spi-builder-workspace/.derivedData/Build/Products/Debug/PackageFrameworks -F /Users/admin/builder/spi-builder-workspace/.derivedData/Build/Products/Debug/PackageFrameworks -F /Users/admin/builder/spi-builder-workspace/.derivedData/Build/Products/Debug/PackageFrameworks -F /Users/admin/builder/spi-builder-workspace/.derivedData/Build/Products/Debug/PackageFrameworks -F /Users/admin/builder/spi-builder-workspace/.derivedData/Build/Products/Debug/PackageFrameworks -F /Users/admin/builder/spi-builder-workspace/.derivedData/Build/Products/Debug/PackageFrameworks -F /Users/admin/builder/spi-builder-workspace/.derivedData/Build/Products/Debug/PackageFrameworks -F /Users/admin/builder/spi-builder-workspace/.derivedData/Build/Products/Debug/PackageFrameworks -F /Users/admin/builder/spi-builder-workspace/.derivedData/Build/Products/Debug/PackageFrameworks -F /Users/admin/builder/spi-builder-workspace/.derivedData/Build/Products/Debug/PackageFrameworks -F /Users/admin/builder/spi-builder-workspace/.derivedData/Build/Products/Debug/PackageFrameworks -F /Users/admin/builder/spi-builder-workspace/.derivedData/Build/Products/Debug/PackageFrameworks -F /Users/admin/builder/spi-builder-workspace/.derivedData/Build/Products/Debug/PackageFrameworks -F /Users/admin/builder/spi-builder-workspace/.derivedData/Build/Products/Debug/PackageFrameworks -F /Users/admin/builder/spi-builder-workspace/.derivedData/Build/Products/Debug/PackageFrameworks -F /Users/admin/builder/spi-builder-workspace/.derivedData/Build/Products/Debug/PackageFrameworks -F /Users/admin/builder/spi-builder-workspace/.derivedData/Build/Products/Debug/PackageFrameworks -F /Users/admin/builder/spi-builder-workspace/.derivedData/Build/Products/Debug/PackageFrameworks -F /Users/admin/builder/spi-builder-workspace/.derivedData/Build/Products/Debug -F /Applications/Xcode-16.3.0.app/Contents/Developer/Platforms/MacOSX.platform/Developer/Library/Frameworks -c -j10 -enable-batch-mode -incremental -Xcc -ivfsstatcache -Xcc /Users/admin/builder/spi-builder-workspace/.derivedData/SDKStatCaches.noindex/macosx15.4-24E241-8287b8f5db97e746a1562fbca0c9d29b.sdkstatcache -output-file-map /Users/admin/builder/spi-builder-workspace/.derivedData/Build/Intermediates.noindex/OCCTMCP.build/Debug/OCCTMCPCore.build/Objects-normal/arm64/OCCTMCPCore-OutputFileMap.json -use-frontend-parseable-output -save-temps -no-color-diagnostics -serialize-diagnostics -emit-dependencies -emit-module -emit-module-path /Users/admin/builder/spi-builder-workspace/.derivedData/Build/Intermediates.noindex/OCCTMCP.build/Debug/OCCTMCPCore.build/Objects-normal/arm64/OCCTMCPCore.swiftmodule -validate-clang-modules-once -clang-build-session-file /Users/admin/builder/spi-builder-workspace/.derivedData/ModuleCache.noindex/Session.modulevalidation -package-name spi_builder_workspace -Xcc -I/Users/admin/builder/spi-builder-workspace/.derivedData/Build/Intermediates.noindex/OCCTMCP.build/Debug/OCCTMCPCore.build/swift-overrides.hmap -emit-const-values -Xfrontend -const-gather-protocols-file -Xfrontend /Users/admin/builder/spi-builder-workspace/.derivedData/Build/Intermediates.noindex/OCCTMCP.build/Debug/OCCTMCPCore.build/Objects-normal/arm64/OCCTMCPCore_const_extract_protocols.json -Xcc -I/Users/admin/builder/spi-builder-workspace/.dependencies/checkouts/swift-system/Sources/CSystem/include -Xcc -I/Users/admin/builder/spi-builder-workspace/.dependencies/checkouts/OCCTSwift/Sources/OCCTBridge/include -Xcc -I/Users/admin/builder/spi-builder-workspace/.dependencies/checkouts/OCCTSwiftMesh/Sources/OCCTMeshOptimizer/include -Xcc -I/Users/admin/builder/spi-builder-workspace/.dependencies/checkouts/Zip/Sources/miniz -Xcc -I/Users/admin/builder/spi-builder-workspace/.dependencies/checkouts/Nodal/Sources/bridge -Xcc -I/Users/admin/builder/spi-builder-workspace/.dependencies/checkouts/Nodal/Sources/pugixml/src -Xcc -I/Users/admin/builder/spi-builder-workspace/.derivedData/Build/Products/Debug/include -Xcc -I/Users/admin/builder/spi-builder-workspace/.derivedData/Build/Intermediates.noindex/OCCTMCP.build/Debug/OCCTMCPCore.build/DerivedSources-normal/arm64 -Xcc -I/Users/admin/builder/spi-builder-workspace/.derivedData/Build/Intermediates.noindex/OCCTMCP.build/Debug/OCCTMCPCore.build/DerivedSources/arm64 -Xcc -I/Users/admin/builder/spi-builder-workspace/.derivedData/Build/Intermediates.noindex/OCCTMCP.build/Debug/OCCTMCPCore.build/DerivedSources -Xcc -DSWIFT_PACKAGE -Xcc -DDEBUG\=1 -emit-objc-header -emit-objc-header-path /Users/admin/builder/spi-builder-workspace/.derivedData/Build/Intermediates.noindex/OCCTMCP.build/Debug/OCCTMCPCore.build/Objects-normal/arm64/OCCTMCPCore-Swift.h -working-directory /Users/admin/builder/spi-builder-workspace/.swiftpm/xcode -experimental-emit-module-separately -disable-cmo
RegisterExecutionPolicyException /Users/admin/builder/spi-builder-workspace/.derivedData/Build/Products/Debug/MeshIO.o (in target 'MeshIO' from project 'OCCTSwiftIO')
cd /Users/admin/builder/spi-builder-workspace/.dependencies/checkouts/OCCTSwiftIO
builtin-RegisterExecutionPolicyException /Users/admin/builder/spi-builder-workspace/.derivedData/Build/Products/Debug/MeshIO.o
Ld /Users/admin/builder/spi-builder-workspace/.derivedData/Build/Products/Debug/OCCTSwiftIO.o normal (in target 'OCCTSwiftIO' from project 'OCCTSwiftIO')
cd /Users/admin/builder/spi-builder-workspace/.dependencies/checkouts/OCCTSwiftIO
/Applications/Xcode-16.3.0.app/Contents/Developer/Toolchains/XcodeDefault.xctoolchain/usr/bin/clang -Xlinker -reproducible -target arm64-apple-macos15.0 -r -isysroot /Applications/Xcode-16.3.0.app/Contents/Developer/Platforms/MacOSX.platform/Developer/SDKs/MacOSX15.4.sdk -O0 -w -L/Users/admin/builder/spi-builder-workspace/.derivedData/Build/Intermediates.noindex/EagerLinkingTBDs/Debug -L/Users/admin/builder/spi-builder-workspace/.derivedData/Build/Products/Debug -L/Applications/Xcode-16.3.0.app/Contents/Developer/Platforms/MacOSX.platform/Developer/usr/lib -F/Users/admin/builder/spi-builder-workspace/.derivedData/Build/Intermediates.noindex/EagerLinkingTBDs/Debug -F/Users/admin/builder/spi-builder-workspace/.derivedData/Build/Products/Debug/PackageFrameworks -F/Users/admin/builder/spi-builder-workspace/.derivedData/Build/Products/Debug/PackageFrameworks -F/Users/admin/builder/spi-builder-workspace/.derivedData/Build/Products/Debug/PackageFrameworks -F/Users/admin/builder/spi-builder-workspace/.derivedData/Build/Products/Debug/PackageFrameworks -F/Users/admin/builder/spi-builder-workspace/.derivedData/Build/Products/Debug/PackageFrameworks -F/Users/admin/builder/spi-builder-workspace/.derivedData/Build/Products/Debug/PackageFrameworks -F/Users/admin/builder/spi-builder-workspace/.derivedData/Build/Products/Debug/PackageFrameworks -F/Users/admin/builder/spi-builder-workspace/.derivedData/Build/Products/Debug/PackageFrameworks -F/Users/admin/builder/spi-builder-workspace/.derivedData/Build/Products/Debug/PackageFrameworks -F/Users/admin/builder/spi-builder-workspace/.derivedData/Build/Products/Debug/PackageFrameworks -F/Users/admin/builder/spi-builder-workspace/.derivedData/Build/Products/Debug/PackageFrameworks -F/Users/admin/builder/spi-builder-workspace/.derivedData/Build/Products/Debug/PackageFrameworks -F/Users/admin/builder/spi-builder-workspace/.derivedData/Build/Products/Debug/PackageFrameworks -F/Users/admin/builder/spi-builder-workspace/.derivedData/Build/Products/Debug/PackageFrameworks -F/Users/admin/builder/spi-builder-workspace/.derivedData/Build/Products/Debug -iframework /Applications/Xcode-16.3.0.app/Contents/Developer/Platforms/MacOSX.platform/Developer/Library/Frameworks -filelist /Users/admin/builder/spi-builder-workspace/.derivedData/Build/Intermediates.noindex/OCCTSwiftIO.build/Debug/OCCTSwiftIO.build/Objects-normal/arm64/OCCTSwiftIO.LinkFileList -nostdlib -Xlinker -object_path_lto -Xlinker /Users/admin/builder/spi-builder-workspace/.derivedData/Build/Intermediates.noindex/OCCTSwiftIO.build/Debug/OCCTSwiftIO.build/Objects-normal/arm64/OCCTSwiftIO_lto.o -rdynamic -Xlinker -no_deduplicate -Xlinker -debug_variant -Xlinker -dependency_info -Xlinker /Users/admin/builder/spi-builder-workspace/.derivedData/Build/Intermediates.noindex/OCCTSwiftIO.build/Debug/OCCTSwiftIO.build/Objects-normal/arm64/OCCTSwiftIO_dependency_info.dat -fobjc-link-runtime -L/Applications/Xcode-16.3.0.app/Contents/Developer/Toolchains/XcodeDefault.xctoolchain/usr/lib/swift/macosx -L/usr/lib/swift -Xlinker -add_ast_path -Xlinker /Users/admin/builder/spi-builder-workspace/.derivedData/Build/Intermediates.noindex/OCCTSwiftIO.build/Debug/OCCTSwiftIO.build/Objects-normal/arm64/OCCTSwiftIO.swiftmodule -o /Users/admin/builder/spi-builder-workspace/.derivedData/Build/Products/Debug/OCCTSwiftIO.o
SwiftEmitModule normal arm64 Emitting\ module\ for\ OCCTMCPCore (in target 'OCCTMCPCore' from project 'OCCTMCP')
EmitSwiftModule normal arm64 (in target 'OCCTMCPCore' from project 'OCCTMCP')
cd /Users/admin/builder/spi-builder-workspace/.swiftpm/xcode
SwiftCompile normal arm64 Compiling\ CorrespondenceTools.swift,\ CrossSectionCompareTool.swift,\ DeviationHistogramTool.swift,\ DeviationTools.swift,\ DrawingTools.swift,\ EdgeChainFitTools.swift /Users/admin/builder/spi-builder-workspace/Sources/OCCTMCPCore/Tools/CorrespondenceTools.swift /Users/admin/builder/spi-builder-workspace/Sources/OCCTMCPCore/Tools/CrossSectionCompareTool.swift /Users/admin/builder/spi-builder-workspace/Sources/OCCTMCPCore/Tools/DeviationHistogramTool.swift /Users/admin/builder/spi-builder-workspace/Sources/OCCTMCPCore/Tools/DeviationTools.swift /Users/admin/builder/spi-builder-workspace/Sources/OCCTMCPCore/Tools/DrawingTools.swift /Users/admin/builder/spi-builder-workspace/Sources/OCCTMCPCore/Tools/EdgeChainFitTools.swift (in target 'OCCTMCPCore' from project 'OCCTMCP')
SwiftCompile normal arm64 /Users/admin/builder/spi-builder-workspace/Sources/OCCTMCPCore/Tools/CorrespondenceTools.swift (in target 'OCCTMCPCore' from project 'OCCTMCP')
cd /Users/admin/builder/spi-builder-workspace/.swiftpm/xcode
SwiftCompile normal arm64 /Users/admin/builder/spi-builder-workspace/Sources/OCCTMCPCore/Tools/CrossSectionCompareTool.swift (in target 'OCCTMCPCore' from project 'OCCTMCP')
cd /Users/admin/builder/spi-builder-workspace/.swiftpm/xcode
SwiftCompile normal arm64 /Users/admin/builder/spi-builder-workspace/Sources/OCCTMCPCore/Tools/DeviationHistogramTool.swift (in target 'OCCTMCPCore' from project 'OCCTMCP')
cd /Users/admin/builder/spi-builder-workspace/.swiftpm/xcode
SwiftCompile normal arm64 /Users/admin/builder/spi-builder-workspace/Sources/OCCTMCPCore/Tools/DeviationTools.swift (in target 'OCCTMCPCore' from project 'OCCTMCP')
cd /Users/admin/builder/spi-builder-workspace/.swiftpm/xcode
SwiftCompile normal arm64 /Users/admin/builder/spi-builder-workspace/Sources/OCCTMCPCore/Tools/DrawingTools.swift (in target 'OCCTMCPCore' from project 'OCCTMCP')
cd /Users/admin/builder/spi-builder-workspace/.swiftpm/xcode
SwiftCompile normal arm64 /Users/admin/builder/spi-builder-workspace/Sources/OCCTMCPCore/Tools/EdgeChainFitTools.swift (in target 'OCCTMCPCore' from project 'OCCTMCP')
cd /Users/admin/builder/spi-builder-workspace/.swiftpm/xcode
SwiftDriverJobDiscovery normal arm64 Compiling SelectionFilter.swift (in target 'OCCTSwiftAIS' from project 'OCCTSwiftInteraction')
SwiftCompile normal arm64 Compiling\ TriBVH.swift,\ VertexFitTools.swift,\ ZoneSweepTool.swift,\ Value+NumberValue.swift,\ ZoneRegistry.swift /Users/admin/builder/spi-builder-workspace/Sources/OCCTMCPCore/Tools/TriBVH.swift /Users/admin/builder/spi-builder-workspace/Sources/OCCTMCPCore/Tools/VertexFitTools.swift /Users/admin/builder/spi-builder-workspace/Sources/OCCTMCPCore/Tools/ZoneSweepTool.swift /Users/admin/builder/spi-builder-workspace/Sources/OCCTMCPCore/Value+NumberValue.swift /Users/admin/builder/spi-builder-workspace/Sources/OCCTMCPCore/ZoneRegistry.swift (in target 'OCCTMCPCore' from project 'OCCTMCP')
SwiftCompile normal arm64 /Users/admin/builder/spi-builder-workspace/Sources/OCCTMCPCore/Tools/TriBVH.swift (in target 'OCCTMCPCore' from project 'OCCTMCP')
cd /Users/admin/builder/spi-builder-workspace/.swiftpm/xcode
SwiftCompile normal arm64 /Users/admin/builder/spi-builder-workspace/Sources/OCCTMCPCore/Tools/VertexFitTools.swift (in target 'OCCTMCPCore' from project 'OCCTMCP')
cd /Users/admin/builder/spi-builder-workspace/.swiftpm/xcode
SwiftCompile normal arm64 /Users/admin/builder/spi-builder-workspace/Sources/OCCTMCPCore/Tools/ZoneSweepTool.swift (in target 'OCCTMCPCore' from project 'OCCTMCP')
cd /Users/admin/builder/spi-builder-workspace/.swiftpm/xcode
SwiftCompile normal arm64 /Users/admin/builder/spi-builder-workspace/Sources/OCCTMCPCore/Value+NumberValue.swift (in target 'OCCTMCPCore' from project 'OCCTMCP')
cd /Users/admin/builder/spi-builder-workspace/.swiftpm/xcode
SwiftCompile normal arm64 /Users/admin/builder/spi-builder-workspace/Sources/OCCTMCPCore/ZoneRegistry.swift (in target 'OCCTMCPCore' from project 'OCCTMCP')
cd /Users/admin/builder/spi-builder-workspace/.swiftpm/xcode
SwiftCompile normal arm64 Compiling\ MeshDiagnoseTools.swift,\ MeshFeatureTools.swift,\ MeshThicknessTools.swift,\ MeshTools.swift,\ MeshZoneTools.swift /Users/admin/builder/spi-builder-workspace/Sources/OCCTMCPCore/Tools/MeshDiagnoseTools.swift /Users/admin/builder/spi-builder-workspace/Sources/OCCTMCPCore/Tools/MeshFeatureTools.swift /Users/admin/builder/spi-builder-workspace/Sources/OCCTMCPCore/Tools/MeshThicknessTools.swift /Users/admin/builder/spi-builder-workspace/Sources/OCCTMCPCore/Tools/MeshTools.swift /Users/admin/builder/spi-builder-workspace/Sources/OCCTMCPCore/Tools/MeshZoneTools.swift (in target 'OCCTMCPCore' from project 'OCCTMCP')
SwiftCompile normal arm64 /Users/admin/builder/spi-builder-workspace/Sources/OCCTMCPCore/Tools/MeshDiagnoseTools.swift (in target 'OCCTMCPCore' from project 'OCCTMCP')
cd /Users/admin/builder/spi-builder-workspace/.swiftpm/xcode
SwiftCompile normal arm64 /Users/admin/builder/spi-builder-workspace/Sources/OCCTMCPCore/Tools/MeshFeatureTools.swift (in target 'OCCTMCPCore' from project 'OCCTMCP')
cd /Users/admin/builder/spi-builder-workspace/.swiftpm/xcode
SwiftCompile normal arm64 /Users/admin/builder/spi-builder-workspace/Sources/OCCTMCPCore/Tools/MeshThicknessTools.swift (in target 'OCCTMCPCore' from project 'OCCTMCP')
cd /Users/admin/builder/spi-builder-workspace/.swiftpm/xcode
SwiftCompile normal arm64 /Users/admin/builder/spi-builder-workspace/Sources/OCCTMCPCore/Tools/MeshTools.swift (in target 'OCCTMCPCore' from project 'OCCTMCP')
cd /Users/admin/builder/spi-builder-workspace/.swiftpm/xcode
SwiftCompile normal arm64 /Users/admin/builder/spi-builder-workspace/Sources/OCCTMCPCore/Tools/MeshZoneTools.swift (in target 'OCCTMCPCore' from project 'OCCTMCP')
cd /Users/admin/builder/spi-builder-workspace/.swiftpm/xcode
SwiftDriverJobDiscovery normal arm64 Compiling Remap.swift (in target 'OCCTSwiftAIS' from project 'OCCTSwiftInteraction')
SwiftCompile normal arm64 Compiling\ EdgeChainMath.swift,\ EngineeringTools.swift,\ ExecuteScriptTool.swift,\ FeatureTools.swift,\ FitPrimitivesTools.swift,\ GapFillerTools.swift /Users/admin/builder/spi-builder-workspace/Sources/OCCTMCPCore/Tools/EdgeChainMath.swift /Users/admin/builder/spi-builder-workspace/Sources/OCCTMCPCore/Tools/EngineeringTools.swift /Users/admin/builder/spi-builder-workspace/Sources/OCCTMCPCore/Tools/ExecuteScriptTool.swift /Users/admin/builder/spi-builder-workspace/Sources/OCCTMCPCore/Tools/FeatureTools.swift /Users/admin/builder/spi-builder-workspace/Sources/OCCTMCPCore/Tools/FitPrimitivesTools.swift /Users/admin/builder/spi-builder-workspace/Sources/OCCTMCPCore/Tools/GapFillerTools.swift (in target 'OCCTMCPCore' from project 'OCCTMCP')
SwiftCompile normal arm64 /Users/admin/builder/spi-builder-workspace/Sources/OCCTMCPCore/Tools/EdgeChainMath.swift (in target 'OCCTMCPCore' from project 'OCCTMCP')
cd /Users/admin/builder/spi-builder-workspace/.swiftpm/xcode
SwiftCompile normal arm64 /Users/admin/builder/spi-builder-workspace/Sources/OCCTMCPCore/Tools/EngineeringTools.swift (in target 'OCCTMCPCore' from project 'OCCTMCP')
cd /Users/admin/builder/spi-builder-workspace/.swiftpm/xcode
SwiftCompile normal arm64 /Users/admin/builder/spi-builder-workspace/Sources/OCCTMCPCore/Tools/ExecuteScriptTool.swift (in target 'OCCTMCPCore' from project 'OCCTMCP')
cd /Users/admin/builder/spi-builder-workspace/.swiftpm/xcode
SwiftCompile normal arm64 /Users/admin/builder/spi-builder-workspace/Sources/OCCTMCPCore/Tools/FeatureTools.swift (in target 'OCCTMCPCore' from project 'OCCTMCP')
cd /Users/admin/builder/spi-builder-workspace/.swiftpm/xcode
SwiftCompile normal arm64 /Users/admin/builder/spi-builder-workspace/Sources/OCCTMCPCore/Tools/FitPrimitivesTools.swift (in target 'OCCTMCPCore' from project 'OCCTMCP')
cd /Users/admin/builder/spi-builder-workspace/.swiftpm/xcode
SwiftCompile normal arm64 /Users/admin/builder/spi-builder-workspace/Sources/OCCTMCPCore/Tools/GapFillerTools.swift (in target 'OCCTMCPCore' from project 'OCCTMCP')
cd /Users/admin/builder/spi-builder-workspace/.swiftpm/xcode
SwiftDriverJobDiscovery normal arm64 Compiling InteractiveContext.swift, Manipulator+SwiftUI.swift (in target 'OCCTSwiftAIS' from project 'OCCTSwiftInteraction')
SwiftCompile normal arm64 Compiling\ SceneTools.swift,\ SelectionBridgeTools.swift,\ SelectionTools.swift,\ SymmetricDifferenceTools.swift,\ SymmetryTools.swift /Users/admin/builder/spi-builder-workspace/Sources/OCCTMCPCore/Tools/SceneTools.swift /Users/admin/builder/spi-builder-workspace/Sources/OCCTMCPCore/Tools/SelectionBridgeTools.swift /Users/admin/builder/spi-builder-workspace/Sources/OCCTMCPCore/Tools/SelectionTools.swift /Users/admin/builder/spi-builder-workspace/Sources/OCCTMCPCore/Tools/SymmetricDifferenceTools.swift /Users/admin/builder/spi-builder-workspace/Sources/OCCTMCPCore/Tools/SymmetryTools.swift (in target 'OCCTMCPCore' from project 'OCCTMCP')
SwiftCompile normal arm64 /Users/admin/builder/spi-builder-workspace/Sources/OCCTMCPCore/Tools/SceneTools.swift (in target 'OCCTMCPCore' from project 'OCCTMCP')
cd /Users/admin/builder/spi-builder-workspace/.swiftpm/xcode
SwiftCompile normal arm64 /Users/admin/builder/spi-builder-workspace/Sources/OCCTMCPCore/Tools/SelectionBridgeTools.swift (in target 'OCCTMCPCore' from project 'OCCTMCP')
cd /Users/admin/builder/spi-builder-workspace/.swiftpm/xcode
SwiftCompile normal arm64 /Users/admin/builder/spi-builder-workspace/Sources/OCCTMCPCore/Tools/SelectionTools.swift (in target 'OCCTMCPCore' from project 'OCCTMCP')
cd /Users/admin/builder/spi-builder-workspace/.swiftpm/xcode
SwiftCompile normal arm64 /Users/admin/builder/spi-builder-workspace/Sources/OCCTMCPCore/Tools/SymmetricDifferenceTools.swift (in target 'OCCTMCPCore' from project 'OCCTMCP')
cd /Users/admin/builder/spi-builder-workspace/.swiftpm/xcode
SwiftCompile normal arm64 /Users/admin/builder/spi-builder-workspace/Sources/OCCTMCPCore/Tools/SymmetryTools.swift (in target 'OCCTMCPCore' from project 'OCCTMCP')
cd /Users/admin/builder/spi-builder-workspace/.swiftpm/xcode
SwiftDriverJobDiscovery normal arm64 Compiling CompatibilityAliases.swift, Dimension.swift (in target 'OCCTSwiftAIS' from project 'OCCTSwiftInteraction')
SwiftCompile normal arm64 Compiling\ Annotations.swift,\ AnnotationsRenderer.swift,\ ChartRenderer.swift,\ HistoryRegistry.swift,\ Manifest.swift,\ Paths.swift /Users/admin/builder/spi-builder-workspace/Sources/OCCTMCPCore/Annotations.swift /Users/admin/builder/spi-builder-workspace/Sources/OCCTMCPCore/AnnotationsRenderer.swift /Users/admin/builder/spi-builder-workspace/Sources/OCCTMCPCore/ChartRenderer.swift /Users/admin/builder/spi-builder-workspace/Sources/OCCTMCPCore/HistoryRegistry.swift /Users/admin/builder/spi-builder-workspace/Sources/OCCTMCPCore/Manifest.swift /Users/admin/builder/spi-builder-workspace/Sources/OCCTMCPCore/Paths.swift (in target 'OCCTMCPCore' from project 'OCCTMCP')
SwiftCompile normal arm64 /Users/admin/builder/spi-builder-workspace/Sources/OCCTMCPCore/Annotations.swift (in target 'OCCTMCPCore' from project 'OCCTMCP')
cd /Users/admin/builder/spi-builder-workspace/.swiftpm/xcode
SwiftCompile normal arm64 /Users/admin/builder/spi-builder-workspace/Sources/OCCTMCPCore/AnnotationsRenderer.swift (in target 'OCCTMCPCore' from project 'OCCTMCP')
cd /Users/admin/builder/spi-builder-workspace/.swiftpm/xcode
SwiftCompile normal arm64 /Users/admin/builder/spi-builder-workspace/Sources/OCCTMCPCore/ChartRenderer.swift (in target 'OCCTMCPCore' from project 'OCCTMCP')
cd /Users/admin/builder/spi-builder-workspace/.swiftpm/xcode
/Users/admin/builder/spi-builder-workspace/Sources/OCCTMCPCore/ChartRenderer.swift:537:13: warning: variable 'ylo' was never mutated; consider changing to 'let' constant
var ylo = min(0, ys.min()!)
~~~ ^
let
SwiftCompile normal arm64 /Users/admin/builder/spi-builder-workspace/Sources/OCCTMCPCore/HistoryRegistry.swift (in target 'OCCTMCPCore' from project 'OCCTMCP')
cd /Users/admin/builder/spi-builder-workspace/.swiftpm/xcode
SwiftCompile normal arm64 /Users/admin/builder/spi-builder-workspace/Sources/OCCTMCPCore/Manifest.swift (in target 'OCCTMCPCore' from project 'OCCTMCP')
cd /Users/admin/builder/spi-builder-workspace/.swiftpm/xcode
SwiftCompile normal arm64 /Users/admin/builder/spi-builder-workspace/Sources/OCCTMCPCore/Paths.swift (in target 'OCCTMCPCore' from project 'OCCTMCP')
cd /Users/admin/builder/spi-builder-workspace/.swiftpm/xcode
SwiftDriverJobDiscovery normal arm64 Compiling StandardObjects.swift (in target 'OCCTSwiftAIS' from project 'OCCTSwiftInteraction')
SwiftCompile normal arm64 Compiling\ Provenance.swift,\ ReconstructRegistry.swift,\ SceneHistory.swift,\ SelectionRegistry.swift,\ Server.swift,\ AlignTools.swift /Users/admin/builder/spi-builder-workspace/Sources/OCCTMCPCore/Provenance.swift /Users/admin/builder/spi-builder-workspace/Sources/OCCTMCPCore/ReconstructRegistry.swift /Users/admin/builder/spi-builder-workspace/Sources/OCCTMCPCore/SceneHistory.swift /Users/admin/builder/spi-builder-workspace/Sources/OCCTMCPCore/SelectionRegistry.swift /Users/admin/builder/spi-builder-workspace/Sources/OCCTMCPCore/Server.swift /Users/admin/builder/spi-builder-workspace/Sources/OCCTMCPCore/Tools/AlignTools.swift (in target 'OCCTMCPCore' from project 'OCCTMCP')
SwiftCompile normal arm64 /Users/admin/builder/spi-builder-workspace/Sources/OCCTMCPCore/Provenance.swift (in target 'OCCTMCPCore' from project 'OCCTMCP')
cd /Users/admin/builder/spi-builder-workspace/.swiftpm/xcode
SwiftCompile normal arm64 /Users/admin/builder/spi-builder-workspace/Sources/OCCTMCPCore/ReconstructRegistry.swift (in target 'OCCTMCPCore' from project 'OCCTMCP')
cd /Users/admin/builder/spi-builder-workspace/.swiftpm/xcode
SwiftCompile normal arm64 /Users/admin/builder/spi-builder-workspace/Sources/OCCTMCPCore/SceneHistory.swift (in target 'OCCTMCPCore' from project 'OCCTMCP')
cd /Users/admin/builder/spi-builder-workspace/.swiftpm/xcode
SwiftCompile normal arm64 /Users/admin/builder/spi-builder-workspace/Sources/OCCTMCPCore/SelectionRegistry.swift (in target 'OCCTMCPCore' from project 'OCCTMCP')
cd /Users/admin/builder/spi-builder-workspace/.swiftpm/xcode
SwiftCompile normal arm64 /Users/admin/builder/spi-builder-workspace/Sources/OCCTMCPCore/Server.swift (in target 'OCCTMCPCore' from project 'OCCTMCP')
cd /Users/admin/builder/spi-builder-workspace/.swiftpm/xcode
SwiftCompile normal arm64 /Users/admin/builder/spi-builder-workspace/Sources/OCCTMCPCore/Tools/AlignTools.swift (in target 'OCCTMCPCore' from project 'OCCTMCP')
cd /Users/admin/builder/spi-builder-workspace/.swiftpm/xcode
SwiftDriverJobDiscovery normal arm64 Compiling AreaSelection+SwiftUI.swift, AreaSelection.swift (in target 'OCCTSwiftAIS' from project 'OCCTSwiftInteraction')
SwiftCompile normal arm64 Compiling\ HealingTools.swift,\ HeatmapTools.swift,\ IOTools.swift,\ IntrospectionRegistryTools.swift,\ IntrospectionTools.swift,\ MeshCurvatureTools.swift /Users/admin/builder/spi-builder-workspace/Sources/OCCTMCPCore/Tools/HealingTools.swift /Users/admin/builder/spi-builder-workspace/Sources/OCCTMCPCore/Tools/HeatmapTools.swift /Users/admin/builder/spi-builder-workspace/Sources/OCCTMCPCore/Tools/IOTools.swift /Users/admin/builder/spi-builder-workspace/Sources/OCCTMCPCore/Tools/IntrospectionRegistryTools.swift /Users/admin/builder/spi-builder-workspace/Sources/OCCTMCPCore/Tools/IntrospectionTools.swift /Users/admin/builder/spi-builder-workspace/Sources/OCCTMCPCore/Tools/MeshCurvatureTools.swift (in target 'OCCTMCPCore' from project 'OCCTMCP')
SwiftCompile normal arm64 /Users/admin/builder/spi-builder-workspace/Sources/OCCTMCPCore/Tools/HealingTools.swift (in target 'OCCTMCPCore' from project 'OCCTMCP')
cd /Users/admin/builder/spi-builder-workspace/.swiftpm/xcode
SwiftCompile normal arm64 /Users/admin/builder/spi-builder-workspace/Sources/OCCTMCPCore/Tools/HeatmapTools.swift (in target 'OCCTMCPCore' from project 'OCCTMCP')
cd /Users/admin/builder/spi-builder-workspace/.swiftpm/xcode
SwiftCompile normal arm64 /Users/admin/builder/spi-builder-workspace/Sources/OCCTMCPCore/Tools/IOTools.swift (in target 'OCCTMCPCore' from project 'OCCTMCP')
cd /Users/admin/builder/spi-builder-workspace/.swiftpm/xcode
SwiftCompile normal arm64 /Users/admin/builder/spi-builder-workspace/Sources/OCCTMCPCore/Tools/IntrospectionRegistryTools.swift (in target 'OCCTMCPCore' from project 'OCCTMCP')
cd /Users/admin/builder/spi-builder-workspace/.swiftpm/xcode
SwiftCompile normal arm64 /Users/admin/builder/spi-builder-workspace/Sources/OCCTMCPCore/Tools/IntrospectionTools.swift (in target 'OCCTMCPCore' from project 'OCCTMCP')
cd /Users/admin/builder/spi-builder-workspace/.swiftpm/xcode
SwiftCompile normal arm64 /Users/admin/builder/spi-builder-workspace/Sources/OCCTMCPCore/Tools/MeshCurvatureTools.swift (in target 'OCCTMCPCore' from project 'OCCTMCP')
cd /Users/admin/builder/spi-builder-workspace/.swiftpm/xcode
SwiftDriverJobDiscovery normal arm64 Compiling ManipulatorWidget.swift (in target 'OCCTSwiftAIS' from project 'OCCTSwiftInteraction')
SwiftCompile normal arm64 Compiling\ AnalysisTools.swift,\ AnnotationsTools.swift,\ AssemblyTools.swift,\ AutoDimensionTool.swift,\ ConstructionTools.swift,\ CoreTools.swift /Users/admin/builder/spi-builder-workspace/Sources/OCCTMCPCore/Tools/AnalysisTools.swift /Users/admin/builder/spi-builder-workspace/Sources/OCCTMCPCore/Tools/AnnotationsTools.swift /Users/admin/builder/spi-builder-workspace/Sources/OCCTMCPCore/Tools/AssemblyTools.swift /Users/admin/builder/spi-builder-workspace/Sources/OCCTMCPCore/Tools/AutoDimensionTool.swift /Users/admin/builder/spi-builder-workspace/Sources/OCCTMCPCore/Tools/ConstructionTools.swift /Users/admin/builder/spi-builder-workspace/Sources/OCCTMCPCore/Tools/CoreTools.swift (in target 'OCCTMCPCore' from project 'OCCTMCP')
SwiftCompile normal arm64 /Users/admin/builder/spi-builder-workspace/Sources/OCCTMCPCore/Tools/AnalysisTools.swift (in target 'OCCTMCPCore' from project 'OCCTMCP')
cd /Users/admin/builder/spi-builder-workspace/.swiftpm/xcode
SwiftCompile normal arm64 /Users/admin/builder/spi-builder-workspace/Sources/OCCTMCPCore/Tools/AnnotationsTools.swift (in target 'OCCTMCPCore' from project 'OCCTMCP')
cd /Users/admin/builder/spi-builder-workspace/.swiftpm/xcode
SwiftCompile normal arm64 /Users/admin/builder/spi-builder-workspace/Sources/OCCTMCPCore/Tools/AssemblyTools.swift (in target 'OCCTMCPCore' from project 'OCCTMCP')
cd /Users/admin/builder/spi-builder-workspace/.swiftpm/xcode
SwiftCompile normal arm64 /Users/admin/builder/spi-builder-workspace/Sources/OCCTMCPCore/Tools/AutoDimensionTool.swift (in target 'OCCTMCPCore' from project 'OCCTMCP')
cd /Users/admin/builder/spi-builder-workspace/.swiftpm/xcode
SwiftCompile normal arm64 /Users/admin/builder/spi-builder-workspace/Sources/OCCTMCPCore/Tools/ConstructionTools.swift (in target 'OCCTMCPCore' from project 'OCCTMCP')
cd /Users/admin/builder/spi-builder-workspace/.swiftpm/xcode
SwiftCompile normal arm64 /Users/admin/builder/spi-builder-workspace/Sources/OCCTMCPCore/Tools/CoreTools.swift (in target 'OCCTMCPCore' from project 'OCCTMCP')
cd /Users/admin/builder/spi-builder-workspace/.swiftpm/xcode
SwiftDriverJobDiscovery normal arm64 Compiling ManipulatorGeometry.swift (in target 'OCCTSwiftAIS' from project 'OCCTSwiftInteraction')
SwiftDriver\ Compilation OCCTSwiftAIS normal arm64 com.apple.xcode.tools.swift.compiler (in target 'OCCTSwiftAIS' from project 'OCCTSwiftInteraction')
cd /Users/admin/builder/spi-builder-workspace/.swiftpm/xcode
builtin-Swift-Compilation -- /Applications/Xcode-16.3.0.app/Contents/Developer/Toolchains/XcodeDefault.xctoolchain/usr/bin/swiftc -module-name OCCTSwiftAIS -Onone -enforce-exclusivity\=checked @/Users/admin/builder/spi-builder-workspace/.derivedData/Build/Intermediates.noindex/OCCTSwiftInteraction.build/Debug/OCCTSwiftAIS.build/Objects-normal/arm64/OCCTSwiftAIS.SwiftFileList -DSWIFT_PACKAGE -DDEBUG -Xcc -fmodule-map-file\=/Users/admin/builder/spi-builder-workspace/.derivedData/Build/Intermediates.noindex/GeneratedModuleMaps/Miniz.modulemap -Xcc -fmodule-map-file\=/Users/admin/builder/spi-builder-workspace/.derivedData/Build/Intermediates.noindex/GeneratedModuleMaps/Bridge.modulemap -Xcc -fmodule-map-file\=/Users/admin/builder/spi-builder-workspace/.derivedData/Build/Intermediates.noindex/GeneratedModuleMaps/pugixml.modulemap -DXcode -plugin-path /Applications/Xcode-16.3.0.app/Contents/Developer/Toolchains/XcodeDefault.xctoolchain/usr/lib/swift/host/plugins/testing -enable-experimental-feature DebugDescriptionMacro -sdk /Applications/Xcode-16.3.0.app/Contents/Developer/Platforms/MacOSX.platform/Developer/SDKs/MacOSX15.4.sdk -target arm64-apple-macos15.0 -g -module-cache-path /Users/admin/builder/spi-builder-workspace/.derivedData/ModuleCache.noindex -Xfrontend -serialize-debugging-options -profile-coverage-mapping -profile-generate -enable-testing -suppress-warnings -index-store-path /Users/admin/builder/spi-builder-workspace/.derivedData/Index.noindex/DataStore -swift-version 6 -I /Users/admin/builder/spi-builder-workspace/.derivedData/Build/Products/Debug -I /Applications/Xcode-16.3.0.app/Contents/Developer/Platforms/MacOSX.platform/Developer/usr/lib -F /Users/admin/builder/spi-builder-workspace/.derivedData/Build/Products/Debug/PackageFrameworks -F /Users/admin/builder/spi-builder-workspace/.derivedData/Build/Products/Debug/PackageFrameworks -F /Users/admin/builder/spi-builder-workspace/.derivedData/Build/Products/Debug/PackageFrameworks -F /Users/admin/builder/spi-builder-workspace/.derivedData/Build/Products/Debug/PackageFrameworks -F /Users/admin/builder/spi-builder-workspace/.derivedData/Build/Products/Debug/PackageFrameworks -F /Users/admin/builder/spi-builder-workspace/.derivedData/Build/Products/Debug/PackageFrameworks -F /Users/admin/builder/spi-builder-workspace/.derivedData/Build/Products/Debug/PackageFrameworks -F /Users/admin/builder/spi-builder-workspace/.derivedData/Build/Products/Debug/PackageFrameworks -F /Users/admin/builder/spi-builder-workspace/.derivedData/Build/Products/Debug/PackageFrameworks -F /Users/admin/builder/spi-builder-workspace/.derivedData/Build/Products/Debug/PackageFrameworks -F /Users/admin/builder/spi-builder-workspace/.derivedData/Build/Products/Debug/PackageFrameworks -F /Users/admin/builder/spi-builder-workspace/.derivedData/Build/Products/Debug/PackageFrameworks -F /Users/admin/builder/spi-builder-workspace/.derivedData/Build/Products/Debug/PackageFrameworks -F /Users/admin/builder/spi-builder-workspace/.derivedData/Build/Products/Debug/PackageFrameworks -F /Users/admin/builder/spi-builder-workspace/.derivedData/Build/Products/Debug/PackageFrameworks -F /Users/admin/builder/spi-builder-workspace/.derivedData/Build/Products/Debug/PackageFrameworks -F /Users/admin/builder/spi-builder-workspace/.derivedData/Build/Products/Debug/PackageFrameworks -F /Users/admin/builder/spi-builder-workspace/.derivedData/Build/Products/Debug -F /Applications/Xcode-16.3.0.app/Contents/Developer/Platforms/MacOSX.platform/Developer/Library/Frameworks -c -j10 -enable-batch-mode -incremental -Xcc -ivfsstatcache -Xcc /Users/admin/builder/spi-builder-workspace/.derivedData/SDKStatCaches.noindex/macosx15.4-24E241-8287b8f5db97e746a1562fbca0c9d29b.sdkstatcache -output-file-map /Users/admin/builder/spi-builder-workspace/.derivedData/Build/Intermediates.noindex/OCCTSwiftInteraction.build/Debug/OCCTSwiftAIS.build/Objects-normal/arm64/OCCTSwiftAIS-OutputFileMap.json -use-frontend-parseable-output -save-temps -no-color-diagnostics -serialize-diagnostics -emit-dependencies -emit-module -emit-module-path /Users/admin/builder/spi-builder-workspace/.derivedData/Build/Intermediates.noindex/OCCTSwiftInteraction.build/Debug/OCCTSwiftAIS.build/Objects-normal/arm64/OCCTSwiftAIS.swiftmodule -user-module-version 2.0.0 -validate-clang-modules-once -clang-build-session-file /Users/admin/builder/spi-builder-workspace/.derivedData/ModuleCache.noindex/Session.modulevalidation -package-name occtswiftinteraction -Xcc -I/Users/admin/builder/spi-builder-workspace/.derivedData/Build/Intermediates.noindex/OCCTSwiftInteraction.build/Debug/OCCTSwiftAIS.build/swift-overrides.hmap -emit-const-values -Xfrontend -const-gather-protocols-file -Xfrontend /Users/admin/builder/spi-builder-workspace/.derivedData/Build/Intermediates.noindex/OCCTSwiftInteraction.build/Debug/OCCTSwiftAIS.build/Objects-normal/arm64/OCCTSwiftAIS_const_extract_protocols.json -Xcc -I/Users/admin/builder/spi-builder-workspace/.dependencies/checkouts/OCCTSwift/Sources/OCCTBridge/include -Xcc -I/Users/admin/builder/spi-builder-workspace/.dependencies/checkouts/Zip/Sources/miniz -Xcc -I/Users/admin/builder/spi-builder-workspace/.dependencies/checkouts/Nodal/Sources/bridge -Xcc -I/Users/admin/builder/spi-builder-workspace/.dependencies/checkouts/Nodal/Sources/pugixml/src -Xcc -I/Users/admin/builder/spi-builder-workspace/.derivedData/Build/Products/Debug/include -Xcc -I/Users/admin/builder/spi-builder-workspace/.derivedData/Build/Intermediates.noindex/OCCTSwiftInteraction.build/Debug/OCCTSwiftAIS.build/DerivedSources-normal/arm64 -Xcc -I/Users/admin/builder/spi-builder-workspace/.derivedData/Build/Intermediates.noindex/OCCTSwiftInteraction.build/Debug/OCCTSwiftAIS.build/DerivedSources/arm64 -Xcc -I/Users/admin/builder/spi-builder-workspace/.derivedData/Build/Intermediates.noindex/OCCTSwiftInteraction.build/Debug/OCCTSwiftAIS.build/DerivedSources -Xcc -DSWIFT_PACKAGE -Xcc -DDEBUG\=1 -emit-objc-header -emit-objc-header-path /Users/admin/builder/spi-builder-workspace/.derivedData/Build/Intermediates.noindex/OCCTSwiftInteraction.build/Debug/OCCTSwiftAIS.build/Objects-normal/arm64/OCCTSwiftAIS-Swift.h -working-directory /Users/admin/builder/spi-builder-workspace/.swiftpm/xcode -experimental-emit-module-separately -disable-cmo
SwiftDriverJobDiscovery normal arm64 Emitting module for OCCTMCPCore (in target 'OCCTMCPCore' from project 'OCCTMCP')
SwiftDriver\ Compilation\ Requirements OCCTMCPCore normal arm64 com.apple.xcode.tools.swift.compiler (in target 'OCCTMCPCore' from project 'OCCTMCP')
cd /Users/admin/builder/spi-builder-workspace/.swiftpm/xcode
builtin-Swift-Compilation-Requirements -- /Applications/Xcode-16.3.0.app/Contents/Developer/Toolchains/XcodeDefault.xctoolchain/usr/bin/swiftc -module-name OCCTMCPCore -Onone -enforce-exclusivity\=checked @/Users/admin/builder/spi-builder-workspace/.derivedData/Build/Intermediates.noindex/OCCTMCP.build/Debug/OCCTMCPCore.build/Objects-normal/arm64/OCCTMCPCore.SwiftFileList -DSWIFT_PACKAGE -DDEBUG -Xcc -fmodule-map-file\=/Users/admin/builder/spi-builder-workspace/.derivedData/Build/Intermediates.noindex/GeneratedModuleMaps/OCCTMeshOptimizer.modulemap -Xcc -fmodule-map-file\=/Users/admin/builder/spi-builder-workspace/.derivedData/Build/Intermediates.noindex/GeneratedModuleMaps/Miniz.modulemap -Xcc -fmodule-map-file\=/Users/admin/builder/spi-builder-workspace/.derivedData/Build/Intermediates.noindex/GeneratedModuleMaps/Bridge.modulemap -Xcc -fmodule-map-file\=/Users/admin/builder/spi-builder-workspace/.derivedData/Build/Intermediates.noindex/GeneratedModuleMaps/pugixml.modulemap -DXcode -plugin-path /Applications/Xcode-16.3.0.app/Contents/Developer/Toolchains/XcodeDefault.xctoolchain/usr/lib/swift/host/plugins/testing -enable-experimental-feature DebugDescriptionMacro -sdk /Applications/Xcode-16.3.0.app/Contents/Developer/Platforms/MacOSX.platform/Developer/SDKs/MacOSX15.4.sdk -target arm64-apple-macos15.0 -g -module-cache-path /Users/admin/builder/spi-builder-workspace/.derivedData/ModuleCache.noindex -Xfrontend -serialize-debugging-options -profile-coverage-mapping -profile-generate -enable-testing -index-store-path /Users/admin/builder/spi-builder-workspace/.derivedData/Index.noindex/DataStore -swift-version 6 -I /Users/admin/builder/spi-builder-workspace/.derivedData/Build/Products/Debug -I /Applications/Xcode-16.3.0.app/Contents/Developer/Platforms/MacOSX.platform/Developer/usr/lib -F /Users/admin/builder/spi-builder-workspace/.derivedData/Build/Products/Debug/PackageFrameworks -F /Users/admin/builder/spi-builder-workspace/.derivedData/Build/Products/Debug/PackageFrameworks -F /Users/admin/builder/spi-builder-workspace/.derivedData/Build/Products/Debug/PackageFrameworks -F /Users/admin/builder/spi-builder-workspace/.derivedData/Build/Products/Debug/PackageFrameworks -F /Users/admin/builder/spi-builder-workspace/.derivedData/Build/Products/Debug/PackageFrameworks -F /Users/admin/builder/spi-builder-workspace/.derivedData/Build/Products/Debug/PackageFrameworks -F /Users/admin/builder/spi-builder-workspace/.derivedData/Build/Products/Debug/PackageFrameworks -F /Users/admin/builder/spi-builder-workspace/.derivedData/Build/Products/Debug/PackageFrameworks -F /Users/admin/builder/spi-builder-workspace/.derivedData/Build/Products/Debug/PackageFrameworks -F /Users/admin/builder/spi-builder-workspace/.derivedData/Build/Products/Debug/PackageFrameworks -F /Users/admin/builder/spi-builder-workspace/.derivedData/Build/Products/Debug/PackageFrameworks -F /Users/admin/builder/spi-builder-workspace/.derivedData/Build/Products/Debug/PackageFrameworks -F /Users/admin/builder/spi-builder-workspace/.derivedData/Build/Products/Debug/PackageFrameworks -F /Users/admin/builder/spi-builder-workspace/.derivedData/Build/Products/Debug/PackageFrameworks -F /Users/admin/builder/spi-builder-workspace/.derivedData/Build/Products/Debug/PackageFrameworks -F /Users/admin/builder/spi-builder-workspace/.derivedData/Build/Products/Debug/PackageFrameworks -F /Users/admin/builder/spi-builder-workspace/.derivedData/Build/Products/Debug/PackageFrameworks -F /Users/admin/builder/spi-builder-workspace/.derivedData/Build/Products/Debug/PackageFrameworks -F /Users/admin/builder/spi-builder-workspace/.derivedData/Build/Products/Debug/PackageFrameworks -F /Users/admin/builder/spi-builder-workspace/.derivedData/Build/Products/Debug/PackageFrameworks -F /Users/admin/builder/spi-builder-workspace/.derivedData/Build/Products/Debug/PackageFrameworks -F /Users/admin/builder/spi-builder-workspace/.derivedData/Build/Products/Debug/PackageFrameworks -F /Users/admin/builder/spi-builder-workspace/.derivedData/Build/Products/Debug/PackageFrameworks -F /Users/admin/builder/spi-builder-workspace/.derivedData/Build/Products/Debug/PackageFrameworks -F /Users/admin/builder/spi-builder-workspace/.derivedData/Build/Products/Debug/PackageFrameworks -F /Users/admin/builder/spi-builder-workspace/.derivedData/Build/Products/Debug/PackageFrameworks -F /Users/admin/builder/spi-builder-workspace/.derivedData/Build/Products/Debug/PackageFrameworks -F /Users/admin/builder/spi-builder-workspace/.derivedData/Build/Products/Debug -F /Applications/Xcode-16.3.0.app/Contents/Developer/Platforms/MacOSX.platform/Developer/Library/Frameworks -c -j10 -enable-batch-mode -incremental -Xcc -ivfsstatcache -Xcc /Users/admin/builder/spi-builder-workspace/.derivedData/SDKStatCaches.noindex/macosx15.4-24E241-8287b8f5db97e746a1562fbca0c9d29b.sdkstatcache -output-file-map /Users/admin/builder/spi-builder-workspace/.derivedData/Build/Intermediates.noindex/OCCTMCP.build/Debug/OCCTMCPCore.build/Objects-normal/arm64/OCCTMCPCore-OutputFileMap.json -use-frontend-parseable-output -save-temps -no-color-diagnostics -serialize-diagnostics -emit-dependencies -emit-module -emit-module-path /Users/admin/builder/spi-builder-workspace/.derivedData/Build/Intermediates.noindex/OCCTMCP.build/Debug/OCCTMCPCore.build/Objects-normal/arm64/OCCTMCPCore.swiftmodule -validate-clang-modules-once -clang-build-session-file /Users/admin/builder/spi-builder-workspace/.derivedData/ModuleCache.noindex/Session.modulevalidation -package-name spi_builder_workspace -Xcc -I/Users/admin/builder/spi-builder-workspace/.derivedData/Build/Intermediates.noindex/OCCTMCP.build/Debug/OCCTMCPCore.build/swift-overrides.hmap -emit-const-values -Xfrontend -const-gather-protocols-file -Xfrontend /Users/admin/builder/spi-builder-workspace/.derivedData/Build/Intermediates.noindex/OCCTMCP.build/Debug/OCCTMCPCore.build/Objects-normal/arm64/OCCTMCPCore_const_extract_protocols.json -Xcc -I/Users/admin/builder/spi-builder-workspace/.dependencies/checkouts/swift-system/Sources/CSystem/include -Xcc -I/Users/admin/builder/spi-builder-workspace/.dependencies/checkouts/OCCTSwift/Sources/OCCTBridge/include -Xcc -I/Users/admin/builder/spi-builder-workspace/.dependencies/checkouts/OCCTSwiftMesh/Sources/OCCTMeshOptimizer/include -Xcc -I/Users/admin/builder/spi-builder-workspace/.dependencies/checkouts/Zip/Sources/miniz -Xcc -I/Users/admin/builder/spi-builder-workspace/.dependencies/checkouts/Nodal/Sources/bridge -Xcc -I/Users/admin/builder/spi-builder-workspace/.dependencies/checkouts/Nodal/Sources/pugixml/src -Xcc -I/Users/admin/builder/spi-builder-workspace/.derivedData/Build/Products/Debug/include -Xcc -I/Users/admin/builder/spi-builder-workspace/.derivedData/Build/Intermediates.noindex/OCCTMCP.build/Debug/OCCTMCPCore.build/DerivedSources-normal/arm64 -Xcc -I/Users/admin/builder/spi-builder-workspace/.derivedData/Build/Intermediates.noindex/OCCTMCP.build/Debug/OCCTMCPCore.build/DerivedSources/arm64 -Xcc -I/Users/admin/builder/spi-builder-workspace/.derivedData/Build/Intermediates.noindex/OCCTMCP.build/Debug/OCCTMCPCore.build/DerivedSources -Xcc -DSWIFT_PACKAGE -Xcc -DDEBUG\=1 -emit-objc-header -emit-objc-header-path /Users/admin/builder/spi-builder-workspace/.derivedData/Build/Intermediates.noindex/OCCTMCP.build/Debug/OCCTMCPCore.build/Objects-normal/arm64/OCCTMCPCore-Swift.h -working-directory /Users/admin/builder/spi-builder-workspace/.swiftpm/xcode -experimental-emit-module-separately -disable-cmo
SwiftCompile normal arm64 Compiling\ ProfileMath.swift,\ RayPickTool.swift,\ ReconstructTools.swift,\ RemapTools.swift,\ RenderPreviewTool.swift /Users/admin/builder/spi-builder-workspace/Sources/OCCTMCPCore/Tools/ProfileMath.swift /Users/admin/builder/spi-builder-workspace/Sources/OCCTMCPCore/Tools/RayPickTool.swift /Users/admin/builder/spi-builder-workspace/Sources/OCCTMCPCore/Tools/ReconstructTools.swift /Users/admin/builder/spi-builder-workspace/Sources/OCCTMCPCore/Tools/RemapTools.swift /Users/admin/builder/spi-builder-workspace/Sources/OCCTMCPCore/Tools/RenderPreviewTool.swift (in target 'OCCTMCPCore' from project 'OCCTMCP')
SwiftCompile normal arm64 /Users/admin/builder/spi-builder-workspace/Sources/OCCTMCPCore/Tools/ProfileMath.swift (in target 'OCCTMCPCore' from project 'OCCTMCP')
cd /Users/admin/builder/spi-builder-workspace/.swiftpm/xcode
SwiftCompile normal arm64 /Users/admin/builder/spi-builder-workspace/Sources/OCCTMCPCore/Tools/RayPickTool.swift (in target 'OCCTMCPCore' from project 'OCCTMCP')
cd /Users/admin/builder/spi-builder-workspace/.swiftpm/xcode
SwiftCompile normal arm64 /Users/admin/builder/spi-builder-workspace/Sources/OCCTMCPCore/Tools/ReconstructTools.swift (in target 'OCCTMCPCore' from project 'OCCTMCP')
cd /Users/admin/builder/spi-builder-workspace/.swiftpm/xcode
SwiftCompile normal arm64 /Users/admin/builder/spi-builder-workspace/Sources/OCCTMCPCore/Tools/RemapTools.swift (in target 'OCCTMCPCore' from project 'OCCTMCP')
cd /Users/admin/builder/spi-builder-workspace/.swiftpm/xcode
SwiftCompile normal arm64 /Users/admin/builder/spi-builder-workspace/Sources/OCCTMCPCore/Tools/RenderPreviewTool.swift (in target 'OCCTMCPCore' from project 'OCCTMCP')
cd /Users/admin/builder/spi-builder-workspace/.swiftpm/xcode
SwiftMergeGeneratedHeaders /Users/admin/builder/spi-builder-workspace/.derivedData/Build/Intermediates.noindex/GeneratedModuleMaps/OCCTMCPCore-Swift.h /Users/admin/builder/spi-builder-workspace/.derivedData/Build/Intermediates.noindex/OCCTMCP.build/Debug/OCCTMCPCore.build/Objects-normal/arm64/OCCTMCPCore-Swift.h (in target 'OCCTMCPCore' from project 'OCCTMCP')
cd /Users/admin/builder/spi-builder-workspace
builtin-swiftHeaderTool -arch arm64 /Users/admin/builder/spi-builder-workspace/.derivedData/Build/Intermediates.noindex/OCCTMCP.build/Debug/OCCTMCPCore.build/Objects-normal/arm64/OCCTMCPCore-Swift.h -o /Users/admin/builder/spi-builder-workspace/.derivedData/Build/Intermediates.noindex/GeneratedModuleMaps/OCCTMCPCore-Swift.h
SwiftDriverJobDiscovery normal arm64 Compiling Annotations.swift, AnnotationsRenderer.swift, ChartRenderer.swift, HistoryRegistry.swift, Manifest.swift, Paths.swift (in target 'OCCTMCPCore' from project 'OCCTMCP')
Copy /Users/admin/builder/spi-builder-workspace/.derivedData/Build/Products/Debug/OCCTMCPCore.swiftmodule/arm64-apple-macos.swiftmodule /Users/admin/builder/spi-builder-workspace/.derivedData/Build/Intermediates.noindex/OCCTMCP.build/Debug/OCCTMCPCore.build/Objects-normal/arm64/OCCTMCPCore.swiftmodule (in target 'OCCTMCPCore' from project 'OCCTMCP')
cd /Users/admin/builder/spi-builder-workspace
builtin-copy -exclude .DS_Store -exclude CVS -exclude .svn -exclude .git -exclude .hg -resolve-src-symlinks -rename /Users/admin/builder/spi-builder-workspace/.derivedData/Build/Intermediates.noindex/OCCTMCP.build/Debug/OCCTMCPCore.build/Objects-normal/arm64/OCCTMCPCore.swiftmodule /Users/admin/builder/spi-builder-workspace/.derivedData/Build/Products/Debug/OCCTMCPCore.swiftmodule/arm64-apple-macos.swiftmodule
Copy /Users/admin/builder/spi-builder-workspace/.derivedData/Build/Products/Debug/OCCTMCPCore.swiftmodule/arm64-apple-macos.swiftdoc /Users/admin/builder/spi-builder-workspace/.derivedData/Build/Intermediates.noindex/OCCTMCP.build/Debug/OCCTMCPCore.build/Objects-normal/arm64/OCCTMCPCore.swiftdoc (in target 'OCCTMCPCore' from project 'OCCTMCP')
cd /Users/admin/builder/spi-builder-workspace
builtin-copy -exclude .DS_Store -exclude CVS -exclude .svn -exclude .git -exclude .hg -resolve-src-symlinks -rename /Users/admin/builder/spi-builder-workspace/.derivedData/Build/Intermediates.noindex/OCCTMCP.build/Debug/OCCTMCPCore.build/Objects-normal/arm64/OCCTMCPCore.swiftdoc /Users/admin/builder/spi-builder-workspace/.derivedData/Build/Products/Debug/OCCTMCPCore.swiftmodule/arm64-apple-macos.swiftdoc
Copy /Users/admin/builder/spi-builder-workspace/.derivedData/Build/Products/Debug/OCCTMCPCore.swiftmodule/arm64-apple-macos.abi.json /Users/admin/builder/spi-builder-workspace/.derivedData/Build/Intermediates.noindex/OCCTMCP.build/Debug/OCCTMCPCore.build/Objects-normal/arm64/OCCTMCPCore.abi.json (in target 'OCCTMCPCore' from project 'OCCTMCP')
cd /Users/admin/builder/spi-builder-workspace
builtin-copy -exclude .DS_Store -exclude CVS -exclude .svn -exclude .git -exclude .hg -resolve-src-symlinks -rename /Users/admin/builder/spi-builder-workspace/.derivedData/Build/Intermediates.noindex/OCCTMCP.build/Debug/OCCTMCPCore.build/Objects-normal/arm64/OCCTMCPCore.abi.json /Users/admin/builder/spi-builder-workspace/.derivedData/Build/Products/Debug/OCCTMCPCore.swiftmodule/arm64-apple-macos.abi.json
Copy /Users/admin/builder/spi-builder-workspace/.derivedData/Build/Products/Debug/OCCTMCPCore.swiftmodule/Project/arm64-apple-macos.swiftsourceinfo /Users/admin/builder/spi-builder-workspace/.derivedData/Build/Intermediates.noindex/OCCTMCP.build/Debug/OCCTMCPCore.build/Objects-normal/arm64/OCCTMCPCore.swiftsourceinfo (in target 'OCCTMCPCore' from project 'OCCTMCP')
cd /Users/admin/builder/spi-builder-workspace
builtin-copy -exclude .DS_Store -exclude CVS -exclude .svn -exclude .git -exclude .hg -resolve-src-symlinks -rename /Users/admin/builder/spi-builder-workspace/.derivedData/Build/Intermediates.noindex/OCCTMCP.build/Debug/OCCTMCPCore.build/Objects-normal/arm64/OCCTMCPCore.swiftsourceinfo /Users/admin/builder/spi-builder-workspace/.derivedData/Build/Products/Debug/OCCTMCPCore.swiftmodule/Project/arm64-apple-macos.swiftsourceinfo
ExtractAppIntentsMetadata (in target 'OCCTSwiftIO' from project 'OCCTSwiftIO')
cd /Users/admin/builder/spi-builder-workspace/.dependencies/checkouts/OCCTSwiftIO
/Applications/Xcode-16.3.0.app/Contents/Developer/Toolchains/XcodeDefault.xctoolchain/usr/bin/appintentsmetadataprocessor --toolchain-dir /Applications/Xcode-16.3.0.app/Contents/Developer/Toolchains/XcodeDefault.xctoolchain --module-name OCCTSwiftIO --sdk-root /Applications/Xcode-16.3.0.app/Contents/Developer/Platforms/MacOSX.platform/Developer/SDKs/MacOSX15.4.sdk --xcode-version 16E140 --platform-family macOS --deployment-target 15.0 --bundle-identifier occtswiftio.OCCTSwiftIO --output /Users/admin/builder/spi-builder-workspace/.derivedData/Build/Products/Debug/OCCTSwiftIO.appintents --target-triple arm64-apple-macos15.0 --binary-file /Users/admin/builder/spi-builder-workspace/.derivedData/Build/Products/Debug/OCCTSwiftIO.o --dependency-file /Users/admin/builder/spi-builder-workspace/.derivedData/Build/Intermediates.noindex/OCCTSwiftIO.build/Debug/OCCTSwiftIO.build/Objects-normal/arm64/OCCTSwiftIO_dependency_info.dat --stringsdata-file /Users/admin/builder/spi-builder-workspace/.derivedData/Build/Intermediates.noindex/OCCTSwiftIO.build/Debug/OCCTSwiftIO.build/Objects-normal/arm64/ExtractedAppShortcutsMetadata.stringsdata --source-file-list /Users/admin/builder/spi-builder-workspace/.derivedData/Build/Intermediates.noindex/OCCTSwiftIO.build/Debug/OCCTSwiftIO.build/Objects-normal/arm64/OCCTSwiftIO.SwiftFileList --metadata-file-list /Users/admin/builder/spi-builder-workspace/.derivedData/Build/Intermediates.noindex/OCCTSwiftIO.build/Debug/OCCTSwiftIO.build/OCCTSwiftIO.DependencyMetadataFileList --static-metadata-file-list /Users/admin/builder/spi-builder-workspace/.derivedData/Build/Intermediates.noindex/OCCTSwiftIO.build/Debug/OCCTSwiftIO.build/OCCTSwiftIO.DependencyStaticMetadataFileList --swift-const-vals-list /Users/admin/builder/spi-builder-workspace/.derivedData/Build/Intermediates.noindex/OCCTSwiftIO.build/Debug/OCCTSwiftIO.build/Objects-normal/arm64/OCCTSwiftIO.SwiftConstValuesFileList --force --compile-time-extraction --deployment-aware-processing --validate-assistant-intents --no-app-shortcuts-localization
2026-10-02 15:23:55.608 appintentsmetadataprocessor[8415:32293] Starting appintentsmetadataprocessor export
2026-10-02 15:23:55.649 appintentsmetadataprocessor[8415:32293] Extracted no relevant App Intents symbols, skipping writing output
SwiftDriver occtmcp-server normal arm64 com.apple.xcode.tools.swift.compiler (in target 'occtmcp-server' from project 'OCCTMCP')
cd /Users/admin/builder/spi-builder-workspace/.swiftpm/xcode
builtin-SwiftDriver -- /Applications/Xcode-16.3.0.app/Contents/Developer/Toolchains/XcodeDefault.xctoolchain/usr/bin/swiftc -module-name occtmcp_server -Onone -enforce-exclusivity\=checked @/Users/admin/builder/spi-builder-workspace/.derivedData/Build/Intermediates.noindex/OCCTMCP.build/Debug/occtmcp-server.build/Objects-normal/arm64/occtmcp-server.SwiftFileList -DSWIFT_PACKAGE -DDEBUG -Xcc -fmodule-map-file\=/Users/admin/builder/spi-builder-workspace/.derivedData/Build/Intermediates.noindex/GeneratedModuleMaps/OCCTMeshOptimizer.modulemap -Xcc -fmodule-map-file\=/Users/admin/builder/spi-builder-workspace/.derivedData/Build/Intermediates.noindex/GeneratedModuleMaps/Miniz.modulemap -Xcc -fmodule-map-file\=/Users/admin/builder/spi-builder-workspace/.derivedData/Build/Intermediates.noindex/GeneratedModuleMaps/Bridge.modulemap -Xcc -fmodule-map-file\=/Users/admin/builder/spi-builder-workspace/.derivedData/Build/Intermediates.noindex/GeneratedModuleMaps/pugixml.modulemap -DXcode -plugin-path /Applications/Xcode-16.3.0.app/Contents/Developer/Toolchains/XcodeDefault.xctoolchain/usr/lib/swift/host/plugins/testing -enable-experimental-feature DebugDescriptionMacro -sdk /Applications/Xcode-16.3.0.app/Contents/Developer/Platforms/MacOSX.platform/Developer/SDKs/MacOSX15.4.sdk -target arm64-apple-macos15.0 -g -module-cache-path /Users/admin/builder/spi-builder-workspace/.derivedData/ModuleCache.noindex -Xfrontend -serialize-debugging-options -profile-coverage-mapping -profile-generate -enable-testing -index-store-path /Users/admin/builder/spi-builder-workspace/.derivedData/Index.noindex/DataStore -swift-version 6 -I /Users/admin/builder/spi-builder-workspace/.derivedData/Build/Products/Debug -I /Applications/Xcode-16.3.0.app/Contents/Developer/Platforms/MacOSX.platform/Developer/usr/lib -F /Users/admin/builder/spi-builder-workspace/.derivedData/Build/Products/Debug/PackageFrameworks -F /Users/admin/builder/spi-builder-workspace/.derivedData/Build/Products/Debug/PackageFrameworks -F /Users/admin/builder/spi-builder-workspace/.derivedData/Build/Products/Debug/PackageFrameworks -F /Users/admin/builder/spi-builder-workspace/.derivedData/Build/Products/Debug/PackageFrameworks -F /Users/admin/builder/spi-builder-workspace/.derivedData/Build/Products/Debug/PackageFrameworks -F /Users/admin/builder/spi-builder-workspace/.derivedData/Build/Products/Debug/PackageFrameworks -F /Users/admin/builder/spi-builder-workspace/.derivedData/Build/Products/Debug/PackageFrameworks -F /Users/admin/builder/spi-builder-workspace/.derivedData/Build/Products/Debug/PackageFrameworks -F /Users/admin/builder/spi-builder-workspace/.derivedData/Build/Products/Debug/PackageFrameworks -F /Users/admin/builder/spi-builder-workspace/.derivedData/Build/Products/Debug/PackageFrameworks -F /Users/admin/builder/spi-builder-workspace/.derivedData/Build/Products/Debug/PackageFrameworks -F /Users/admin/builder/spi-builder-workspace/.derivedData/Build/Products/Debug/PackageFrameworks -F /Users/admin/builder/spi-builder-workspace/.derivedData/Build/Products/Debug/PackageFrameworks -F /Users/admin/builder/spi-builder-workspace/.derivedData/Build/Products/Debug/PackageFrameworks -F /Users/admin/builder/spi-builder-workspace/.derivedData/Build/Products/Debug/PackageFrameworks -F /Users/admin/builder/spi-builder-workspace/.derivedData/Build/Products/Debug/PackageFrameworks -F /Users/admin/builder/spi-builder-workspace/.derivedData/Build/Products/Debug/PackageFrameworks -F /Users/admin/builder/spi-builder-workspace/.derivedData/Build/Products/Debug/PackageFrameworks -F /Users/admin/builder/spi-builder-workspace/.derivedData/Build/Products/Debug/PackageFrameworks -F /Users/admin/builder/spi-builder-workspace/.derivedData/Build/Products/Debug/PackageFrameworks -F /Users/admin/builder/spi-builder-workspace/.derivedData/Build/Products/Debug/PackageFrameworks -F /Users/admin/builder/spi-builder-workspace/.derivedData/Build/Products/Debug/PackageFrameworks -F /Users/admin/builder/spi-builder-workspace/.derivedData/Build/Products/Debug/PackageFrameworks -F /Users/admin/builder/spi-builder-workspace/.derivedData/Build/Products/Debug/PackageFrameworks -F /Users/admin/builder/spi-builder-workspace/.derivedData/Build/Products/Debug/PackageFrameworks -F /Users/admin/builder/spi-builder-workspace/.derivedData/Build/Products/Debug/PackageFrameworks -F /Users/admin/builder/spi-builder-workspace/.derivedData/Build/Products/Debug/PackageFrameworks -F /Users/admin/builder/spi-builder-workspace/.derivedData/Build/Products/Debug/PackageFrameworks -F /Users/admin/builder/spi-builder-workspace/.derivedData/Build/Products/Debug -F /Applications/Xcode-16.3.0.app/Contents/Developer/Platforms/MacOSX.platform/Developer/Library/Frameworks -c -j10 -enable-batch-mode -incremental -Xcc -ivfsstatcache -Xcc /Users/admin/builder/spi-builder-workspace/.derivedData/SDKStatCaches.noindex/macosx15.4-24E241-8287b8f5db97e746a1562fbca0c9d29b.sdkstatcache -output-file-map /Users/admin/builder/spi-builder-workspace/.derivedData/Build/Intermediates.noindex/OCCTMCP.build/Debug/occtmcp-server.build/Objects-normal/arm64/occtmcp-server-OutputFileMap.json -use-frontend-parseable-output -save-temps -no-color-diagnostics -serialize-diagnostics -emit-dependencies -emit-module -emit-module-path /Users/admin/builder/spi-builder-workspace/.derivedData/Build/Intermediates.noindex/OCCTMCP.build/Debug/occtmcp-server.build/Objects-normal/arm64/occtmcp_server.swiftmodule -validate-clang-modules-once -clang-build-session-file /Users/admin/builder/spi-builder-workspace/.derivedData/ModuleCache.noindex/Session.modulevalidation -package-name spi_builder_workspace -emit-const-values -Xfrontend -const-gather-protocols-file -Xfrontend /Users/admin/builder/spi-builder-workspace/.derivedData/Build/Intermediates.noindex/OCCTMCP.build/Debug/occtmcp-server.build/Objects-normal/arm64/occtmcp-server_const_extract_protocols.json -Xcc -I/Users/admin/builder/spi-builder-workspace/.dependencies/checkouts/swift-system/Sources/CSystem/include -Xcc -I/Users/admin/builder/spi-builder-workspace/.dependencies/checkouts/OCCTSwift/Sources/OCCTBridge/include -Xcc -I/Users/admin/builder/spi-builder-workspace/.dependencies/checkouts/OCCTSwiftMesh/Sources/OCCTMeshOptimizer/include -Xcc -I/Users/admin/builder/spi-builder-workspace/.dependencies/checkouts/Zip/Sources/miniz -Xcc -I/Users/admin/builder/spi-builder-workspace/.dependencies/checkouts/Nodal/Sources/bridge -Xcc -I/Users/admin/builder/spi-builder-workspace/.dependencies/checkouts/Nodal/Sources/pugixml/src -Xcc -I/Users/admin/builder/spi-builder-workspace/.derivedData/Build/Products/Debug/include -Xcc -I/Users/admin/builder/spi-builder-workspace/.derivedData/Build/Intermediates.noindex/OCCTMCP.build/Debug/occtmcp-server.build/DerivedSources-normal/arm64 -Xcc -I/Users/admin/builder/spi-builder-workspace/.derivedData/Build/Intermediates.noindex/OCCTMCP.build/Debug/occtmcp-server.build/DerivedSources/arm64 -Xcc -I/Users/admin/builder/spi-builder-workspace/.derivedData/Build/Intermediates.noindex/OCCTMCP.build/Debug/occtmcp-server.build/DerivedSources -Xcc -DSWIFT_PACKAGE -Xcc -DDEBUG\=1 -working-directory /Users/admin/builder/spi-builder-workspace/.swiftpm/xcode -experimental-emit-module-separately -disable-cmo
SwiftEmitModule normal arm64 Emitting\ module\ for\ occtmcp_server (in target 'occtmcp-server' from project 'OCCTMCP')
Failed frontend command:
/Applications/Xcode-16.3.0.app/Contents/Developer/Toolchains/XcodeDefault.xctoolchain/usr/bin/swift-frontend -frontend -emit-module -experimental-skip-non-inlinable-function-bodies-without-types /Users/admin/builder/spi-builder-workspace/Sources/OCCTMCPServer/main.swift -target arm64-apple-macos15.0 -Xllvm -aarch64-use-tbi -enable-objc-interop -stack-check -sdk /Applications/Xcode-16.3.0.app/Contents/Developer/Platforms/MacOSX.platform/Developer/SDKs/MacOSX15.4.sdk -I /Users/admin/builder/spi-builder-workspace/.derivedData/Build/Products/Debug -I /Applications/Xcode-16.3.0.app/Contents/Developer/Platforms/MacOSX.platform/Developer/usr/lib -F /Users/admin/builder/spi-builder-workspace/.derivedData/Build/Products/Debug/PackageFrameworks -F /Users/admin/builder/spi-builder-workspace/.derivedData/Build/Products/Debug/PackageFrameworks -F /Users/admin/builder/spi-builder-workspace/.derivedData/Build/Products/Debug/PackageFrameworks -F /Users/admin/builder/spi-builder-workspace/.derivedData/Build/Products/Debug/PackageFrameworks -F /Users/admin/builder/spi-builder-workspace/.derivedData/Build/Products/Debug/PackageFrameworks -F /Users/admin/builder/spi-builder-workspace/.derivedData/Build/Products/Debug/PackageFrameworks -F /Users/admin/builder/spi-builder-workspace/.derivedData/Build/Products/Debug/PackageFrameworks -F /Users/admin/builder/spi-builder-workspace/.derivedData/Build/Products/Debug/PackageFrameworks -F /Users/admin/builder/spi-builder-workspace/.derivedData/Build/Products/Debug/PackageFrameworks -F /Users/admin/builder/spi-builder-workspace/.derivedData/Build/Products/Debug/PackageFrameworks -F /Users/admin/builder/spi-builder-workspace/.derivedData/Build/Products/Debug/PackageFrameworks -F /Users/admin/builder/spi-builder-workspace/.derivedData/Build/Products/Debug/PackageFrameworks -F /Users/admin/builder/spi-builder-workspace/.derivedData/Build/Products/Debug/PackageFrameworks -F /Users/admin/builder/spi-builder-workspace/.derivedData/Build/Products/Debug/PackageFrameworks -F /Users/admin/builder/spi-builder-workspace/.derivedData/Build/Products/Debug/PackageFrameworks -F /Users/admin/builder/spi-builder-workspace/.derivedData/Build/Products/Debug/PackageFrameworks -F /Users/admin/builder/spi-builder-workspace/.derivedData/Build/Products/Debug/PackageFrameworks -F /Users/admin/builder/spi-builder-workspace/.derivedData/Build/Products/Debug/PackageFrameworks -F /Users/admin/builder/spi-builder-workspace/.derivedData/Build/Products/Debug/PackageFrameworks -F /Users/admin/builder/spi-builder-workspace/.derivedData/Build/Products/Debug/PackageFrameworks -F /Users/admin/builder/spi-builder-workspace/.derivedData/Build/Products/Debug/PackageFrameworks -F /Users/admin/builder/spi-builder-workspace/.derivedData/Build/Products/Debug/PackageFrameworks -F /Users/admin/builder/spi-builder-workspace/.derivedData/Build/Products/Debug/PackageFrameworks -F /Users/admin/builder/spi-builder-workspace/.derivedData/Build/Products/Debug/PackageFrameworks -F /Users/admin/builder/spi-builder-workspace/.derivedData/Build/Products/Debug/PackageFrameworks -F /Users/admin/builder/spi-builder-workspace/.derivedData/Build/Products/Debug/PackageFrameworks -F /Users/admin/builder/spi-builder-workspace/.derivedData/Build/Products/Debug/PackageFrameworks -F /Users/admin/builder/spi-builder-workspace/.derivedData/Build/Products/Debug/PackageFrameworks -F /Users/admin/builder/spi-builder-workspace/.derivedData/Build/Products/Debug -F /Applications/Xcode-16.3.0.app/Contents/Developer/Platforms/MacOSX.platform/Developer/Library/Frameworks -no-color-diagnostics -enable-testing -g -debug-info-format\=dwarf -dwarf-version\=5 -module-cache-path /Users/admin/builder/spi-builder-workspace/.derivedData/ModuleCache.noindex -profile-generate -profile-coverage-mapping -swift-version 6 -enforce-exclusivity\=checked -Onone -D SWIFT_PACKAGE -D DEBUG -D Xcode -serialize-debugging-options -const-gather-protocols-file /Users/admin/builder/spi-builder-workspace/.derivedData/Build/Intermediates.noindex/OCCTMCP.build/Debug/occtmcp-server.build/Objects-normal/arm64/occtmcp-server_const_extract_protocols.json -enable-experimental-feature DebugDescriptionMacro -empty-abi-descriptor -plugin-path /Applications/Xcode-16.3.0.app/Contents/Developer/Toolchains/XcodeDefault.xctoolchain/usr/lib/swift/host/plugins/testing -validate-clang-modules-once -clang-build-session-file /Users/admin/builder/spi-builder-workspace/.derivedData/ModuleCache.noindex/Session.modulevalidation -Xcc -working-directory -Xcc /Users/admin/builder/spi-builder-workspace/.swiftpm/xcode -resource-dir /Applications/Xcode-16.3.0.app/Contents/Developer/Toolchains/XcodeDefault.xctoolchain/usr/lib/swift -enable-anonymous-context-mangled-names -file-compilation-dir /Users/admin/builder/spi-builder-workspace/.swiftpm/xcode -Xcc -fmodule-map-file\=/Users/admin/builder/spi-builder-workspace/.derivedData/Build/Intermediates.noindex/GeneratedModuleMaps/OCCTMeshOptimizer.modulemap -Xcc -fmodule-map-file\=/Users/admin/builder/spi-builder-workspace/.derivedData/Build/Intermediates.noindex/GeneratedModuleMaps/Miniz.modulemap -Xcc -fmodule-map-file\=/Users/admin/builder/spi-builder-workspace/.derivedData/Build/Intermediates.noindex/GeneratedModuleMaps/Bridge.modulemap -Xcc -fmodule-map-file\=/Users/admin/builder/spi-builder-workspace/.derivedData/Build/Intermediates.noindex/GeneratedModuleMaps/pugixml.modulemap -Xcc -ivfsstatcache -Xcc /Users/admin/builder/spi-builder-workspace/.derivedData/SDKStatCaches.noindex/macosx15.4-24E241-8287b8f5db97e746a1562fbca0c9d29b.sdkstatcache -Xcc -I/Users/admin/builder/spi-builder-workspace/.dependencies/checkouts/swift-system/Sources/CSystem/include -Xcc -I/Users/admin/builder/spi-builder-workspace/.dependencies/checkouts/OCCTSwift/Sources/OCCTBridge/include -Xcc -I/Users/admin/builder/spi-builder-workspace/.dependencies/checkouts/OCCTSwiftMesh/Sources/OCCTMeshOptimizer/include -Xcc -I/Users/admin/builder/spi-builder-workspace/.dependencies/checkouts/Zip/Sources/miniz -Xcc -I/Users/admin/builder/spi-builder-workspace/.dependencies/checkouts/Nodal/Sources/bridge -Xcc -I/Users/admin/builder/spi-builder-workspace/.dependencies/checkouts/Nodal/Sources/pugixml/src -Xcc -I/Users/admin/builder/spi-builder-workspace/.derivedData/Build/Products/Debug/include -Xcc -I/Users/admin/builder/spi-builder-workspace/.derivedData/Build/Intermediates.noindex/OCCTMCP.build/Debug/occtmcp-server.build/DerivedSources-normal/arm64 -Xcc -I/Users/admin/builder/spi-builder-workspace/.derivedData/Build/Intermediates.noindex/OCCTMCP.build/Debug/occtmcp-server.build/DerivedSources/arm64 -Xcc -I/Users/admin/builder/spi-builder-workspace/.derivedData/Build/Intermediates.noindex/OCCTMCP.build/Debug/occtmcp-server.build/DerivedSources -Xcc -DSWIFT_PACKAGE -Xcc -DDEBUG\=1 -module-name occtmcp_server -package-name spi_builder_workspace -frontend-parseable-output -disable-clang-spi -target-sdk-version 15.4 -target-sdk-name macosx15.4 -external-plugin-path /Applications/Xcode-16.3.0.app/Contents/Developer/Platforms/MacOSX.platform/Developer/usr/lib/swift/host/plugins\#/Applications/Xcode-16.3.0.app/Contents/Developer/Platforms/MacOSX.platform/Developer/usr/bin/swift-plugin-server -external-plugin-path /Applications/Xcode-16.3.0.app/Contents/Developer/Platforms/MacOSX.platform/Developer/usr/local/lib/swift/host/plugins\#/Applications/Xcode-16.3.0.app/Contents/Developer/Platforms/MacOSX.platform/Developer/usr/bin/swift-plugin-server -in-process-plugin-server-path /Applications/Xcode-16.3.0.app/Contents/Developer/Toolchains/XcodeDefault.xctoolchain/usr/lib/swift/host/libSwiftInProcPluginServer.dylib -plugin-path /Applications/Xcode-16.3.0.app/Contents/Developer/Toolchains/XcodeDefault.xctoolchain/usr/lib/swift/host/plugins -plugin-path /Applications/Xcode-16.3.0.app/Contents/Developer/Toolchains/XcodeDefault.xctoolchain/usr/local/lib/swift/host/plugins -emit-module-doc-path /Users/admin/builder/spi-builder-workspace/.derivedData/Build/Intermediates.noindex/OCCTMCP.build/Debug/occtmcp-server.build/Objects-normal/arm64/occtmcp_server.swiftdoc -emit-module-source-info-path /Users/admin/builder/spi-builder-workspace/.derivedData/Build/Intermediates.noindex/OCCTMCP.build/Debug/occtmcp-server.build/Objects-normal/arm64/occtmcp_server.swiftsourceinfo -serialize-diagnostics-path /Users/admin/builder/spi-builder-workspace/.derivedData/Build/Intermediates.noindex/OCCTMCP.build/Debug/occtmcp-server.build/Objects-normal/arm64/occtmcp-server-master-emit-module.dia -emit-dependencies-path /Users/admin/builder/spi-builder-workspace/.derivedData/Build/Intermediates.noindex/OCCTMCP.build/Debug/occtmcp-server.build/Objects-normal/arm64/occtmcp-server-master-emit-module.d -o /Users/admin/builder/spi-builder-workspace/.derivedData/Build/Intermediates.noindex/OCCTMCP.build/Debug/occtmcp-server.build/Objects-normal/arm64/occtmcp_server.swiftmodule -emit-abi-descriptor-path /Users/admin/builder/spi-builder-workspace/.derivedData/Build/Intermediates.noindex/OCCTMCP.build/Debug/occtmcp-server.build/Objects-normal/arm64/occtmcp_server.abi.json
SwiftCompile normal arm64 /Users/admin/builder/spi-builder-workspace/Sources/OCCTMCPServer/main.swift (in target 'occtmcp-server' from project 'OCCTMCP')
cd /Users/admin/builder/spi-builder-workspace/.swiftpm/xcode
/Users/admin/builder/spi-builder-workspace/Sources/OCCTMCPServer/main.swift:8:1: error: 'main' attribute cannot be used in a module that contains top-level code
@main
^
/Users/admin/builder/spi-builder-workspace/Sources/OCCTMCPServer/main.swift:1:1: note: top-level code defined in this source file
// OCCTMCPServer: executable entry point. Builds the MCP server, binds it
^
/Users/admin/builder/spi-builder-workspace/Sources/OCCTMCPServer/main.swift:1:1: note: pass '-parse-as-library' to compiler invocation if this is intentional
// OCCTMCPServer: executable entry point. Builds the MCP server, binds it
^
SwiftCompile normal arm64 Compiling\ main.swift /Users/admin/builder/spi-builder-workspace/Sources/OCCTMCPServer/main.swift (in target 'occtmcp-server' from project 'OCCTMCP')
SwiftCompile normal arm64 /Users/admin/builder/spi-builder-workspace/Sources/OCCTMCPServer/main.swift (in target 'occtmcp-server' from project 'OCCTMCP')
cd /Users/admin/builder/spi-builder-workspace/.swiftpm/xcode
SwiftDriverJobDiscovery normal arm64 Compiling EdgeChainMath.swift, EngineeringTools.swift, ExecuteScriptTool.swift, FeatureTools.swift, FitPrimitivesTools.swift, GapFillerTools.swift (in target 'OCCTMCPCore' from project 'OCCTMCP')
--- xcodebuild: WARNING: Using the first of multiple matching destinations:
{ platform:macOS, arch:arm64, id:f405680bce2157d3cb5bd0636878436491f51922, name:My Mac }
{ platform:macOS, arch:arm64, variant:Mac Catalyst, id:f405680bce2157d3cb5bd0636878436491f51922, name:My Mac }
{ platform:macOS, arch:arm64, variant:DriverKit, id:f405680bce2157d3cb5bd0636878436491f51922, name:My Mac }
{ platform:macOS, arch:arm64, variant:Designed for [iPad,iPhone], id:f405680bce2157d3cb5bd0636878436491f51922, name:My Mac }
** BUILD FAILED **
The following build commands failed:
SwiftEmitModule normal arm64 Emitting\ module\ for\ occtmcp_server (in target 'occtmcp-server' from project 'OCCTMCP')
SwiftCompile normal arm64 /Users/admin/builder/spi-builder-workspace/Sources/OCCTMCPServer/main.swift (in target 'occtmcp-server' from project 'OCCTMCP')
Building workspace spi-builder-workspace with scheme OCCTMCP-Package
(3 failures)
BUILD FAILURE 6.1 macosXcodebuild