The Swift Package Index logo.Swift Package Index

Build Information

Failed to build swift-cluster-membership, reference main (c32ad1), with Swift 6.3 for Wasm on 2 Oct 2026 23:33:14 UTC.

Build Command

bash -c docker run --pull=always --rm -v "checkouts-54344844-0":/host -w "$PWD" -e JAVA_HOME="/root/.sdkman/candidates/java/current" -e SPI_BUILD="1" -e SPI_PROCESSING="1" registry.gitlab.com/saguaro1/spi-images:wasm-6.3-latest swift build --swift-sdk swift-6.3.2-RELEASE_wasm 2>&1

Build Log

========================================
RunAll
========================================
Builder version: 5.1.1
Interrupt handler set up.
========================================
Checkout
========================================
Clone URL: https://github.com/apple/swift-cluster-membership.git
Reference: main
Initialized empty Git repository in /host/spi-builder-workspace/.git/
hint: Using 'master' as the name for the initial branch. This default branch name
hint: is subject to change. To configure the initial branch name to use in all
hint: of your new repositories, which will suppress this warning, call:
hint:
hint: 	git config --global init.defaultBranch <name>
hint:
hint: Names commonly chosen instead of 'master' are 'main', 'trunk' and
hint: 'development'. The just-created branch can be renamed via this command:
hint:
hint: 	git branch -m <name>
From https://github.com/apple/swift-cluster-membership
 * branch            main       -> FETCH_HEAD
 * [new branch]      main       -> origin/main
HEAD is now at c32ad16 Housekeeping: replace repo-level CODE_OF_CONDUCT (#147)
Cloned https://github.com/apple/swift-cluster-membership.git
Revision (git rev-parse @):
c32ad16ec79976a9f674c3c34c05859cbb74f4b7
SPI manifest file found: $PWD/.spi.yml
SUCCESS checkout https://github.com/apple/swift-cluster-membership.git at main
========================================
Build
========================================
Selected platform:         wasm
Swift version:             6.3
Building package at path:  $PWD
https://github.com/apple/swift-cluster-membership.git
Running build ...
bash -c docker run --pull=always --rm -v "checkouts-54344844-0":/host -w "$PWD" -e JAVA_HOME="/root/.sdkman/candidates/java/current" -e SPI_BUILD="1" -e SPI_PROCESSING="1" registry.gitlab.com/saguaro1/spi-images:wasm-6.3-latest swift build --swift-sdk swift-6.3.2-RELEASE_wasm 2>&1
wasm-6.3-latest: Pulling from saguaro1/spi-images
Digest: sha256:253aad7f5b11d25cf9eaef34120b94cd8a325782929c57fb304a7711494a3f9a
Status: Image is up to date for registry.gitlab.com/saguaro1/spi-images:wasm-6.3-latest
Fetching https://github.com/apple/swift-metrics.git
Fetching https://github.com/apple/swift-nio.git
Fetching https://github.com/apple/swift-log.git
Fetching https://github.com/swift-server/swift-service-lifecycle.git
[1/2849] Fetching swift-service-lifecycle
[115/6395] Fetching swift-service-lifecycle, swift-metrics
[287/14627] Fetching swift-service-lifecycle, swift-metrics, swift-log
Fetched https://github.com/apple/swift-metrics.git from cache (0.50s)
Fetched https://github.com/swift-server/swift-service-lifecycle.git from cache (0.55s)
[1/86265] Fetching swift-nio
Fetched https://github.com/apple/swift-log.git from cache (4.17s)
Fetched https://github.com/apple/swift-nio.git from cache (4.21s)
Computing version for https://github.com/apple/swift-metrics.git
Computed https://github.com/apple/swift-metrics.git at 2.11.0 (4.39s)
Computing version for https://github.com/swift-server/swift-service-lifecycle.git
Computed https://github.com/swift-server/swift-service-lifecycle.git at 2.12.0 (0.16s)
Fetching https://github.com/apple/swift-async-algorithms.git
[1/6799] Fetching swift-async-algorithms
Fetched https://github.com/apple/swift-async-algorithms.git from cache (0.57s)
Computing version for https://github.com/apple/swift-log.git
Computed https://github.com/apple/swift-log.git at 1.15.1 (0.75s)
Computing version for https://github.com/apple/swift-async-algorithms.git
Computed https://github.com/apple/swift-async-algorithms.git at 1.1.7 (0.19s)
Fetching https://github.com/apple/swift-collections.git
[1/28538] Fetching swift-collections
Fetched https://github.com/apple/swift-collections.git from cache (1.54s)
Computing version for https://github.com/apple/swift-collections.git
Computed https://github.com/apple/swift-collections.git at 1.7.1 (1.79s)
Computing version for https://github.com/apple/swift-nio.git
Computed https://github.com/apple/swift-nio.git at 2.103.0 (0.28s)
Fetching https://github.com/apple/swift-system.git
Fetching https://github.com/apple/swift-atomics.git
[1/1885] Fetching swift-atomics
[1886/8987] Fetching swift-atomics, swift-system
Fetched https://github.com/apple/swift-atomics.git from cache (0.61s)
Fetched https://github.com/apple/swift-system.git from cache (0.62s)
Computing version for https://github.com/apple/swift-atomics.git
Computed https://github.com/apple/swift-atomics.git at 1.3.1 (0.80s)
Computing version for https://github.com/apple/swift-system.git
Computed https://github.com/apple/swift-system.git at 1.8.1 (0.19s)
Creating working copy for https://github.com/apple/swift-nio.git
Working copy of https://github.com/apple/swift-nio.git resolved at 2.103.0
Creating working copy for https://github.com/apple/swift-async-algorithms.git
Working copy of https://github.com/apple/swift-async-algorithms.git resolved at 1.1.7
Creating working copy for https://github.com/apple/swift-collections.git
Working copy of https://github.com/apple/swift-collections.git resolved at 1.7.1
Creating working copy for https://github.com/apple/swift-log.git
Working copy of https://github.com/apple/swift-log.git resolved at 1.15.1
Creating working copy for https://github.com/swift-server/swift-service-lifecycle.git
Working copy of https://github.com/swift-server/swift-service-lifecycle.git resolved at 2.12.0
Creating working copy for https://github.com/apple/swift-metrics.git
Working copy of https://github.com/apple/swift-metrics.git resolved at 2.11.0
Creating working copy for https://github.com/apple/swift-atomics.git
Working copy of https://github.com/apple/swift-atomics.git resolved at 1.3.1
Creating working copy for https://github.com/apple/swift-system.git
Working copy of https://github.com/apple/swift-system.git resolved at 1.8.1
Building for debugging...
[0/39] Write sources
[24/39] Compiling _AtomicsShims.c
[25/39] Compiling CNIOWASI CNIOWASI.c
[26/39] Compiling CNIOWindows WSAStartup.c
[26/39] Compiling CNIOWindows shim.c
[28/39] Compiling CNIOOpenBSD shim.c
[29/39] Compiling CNIOLinux shim.c
[30/39] Compiling CNIOFreeBSD shim.c
[31/39] Compiling CNIODarwin shim.c
[31/39] Compiling CNIOLinux liburing_shims.c
[31/39] Compiling CNIOPosix event_loop_id.c
[34/39] Write sources
[36/39] Write swift-version-24593BA9C3E375BF.txt
[38/107] Emitting module _NIODataStructures
[39/107] Emitting module CoreMetrics
[39/107] Compiling c-atomics.c
[41/110] Emitting module InternalCollectionsUtilities
[41/113] Compiling c-nioatomics.c
[43/115] Compiling ClusterMembership Node.swift
[44/115] Compiling InternalCollectionsUtilities UnsafeRawBufferPointer+Extras.swift
[45/115] Compiling InternalCollectionsUtilities _SortedCollection.swift
[46/115] Compiling InternalCollectionsUtilities _UniqueCollection.swift
[47/115] Emitting module ClusterMembership
[48/116] Compiling CoreMetrics WithMetricsFactory.swift
[50/116] Compiling Atomics OptionalRawRepresentable.swift
[51/116] Compiling Atomics RawRepresentable.swift
[52/116] Compiling Atomics AtomicBool.swift
[53/118] Emitting module Atomics
[54/118] Compiling Atomics AtomicReference.swift
[55/118] Compiling Atomics AtomicStorage.swift
[56/118] Compiling Atomics AtomicValue.swift
[57/118] Compiling Atomics AtomicMemoryOrderings.swift
[58/125] Compiling Atomics UnsafeAtomicLazyReference.swift
[59/125] Compiling Atomics IntegerOperations.swift
[60/125] Compiling Atomics Unmanaged extensions.swift
[61/125] Compiling InternalCollectionsUtilities _UnsafeBitSet+_Word.swift
[62/125] Compiling InternalCollectionsUtilities _UnsafeBitSet.swift
[63/125] Compiling InternalCollectionsUtilities UnsafeBufferPointer+Extras.swift
[64/125] Compiling InternalCollectionsUtilities UnsafeMutableBufferPointer+Extras.swift
[65/125] Compiling InternalCollectionsUtilities Strideable+LimitHelpers.swift
[66/125] Compiling InternalCollectionsUtilities String+Padding.swift
[67/125] Compiling InternalCollectionsUtilities TemporaryAllocation.swift
[68/125] Compiling InternalCollectionsUtilities _UnsafeBitSet+Index.swift
[69/125] Compiling Logging LoggingSystem.swift
[70/126] Compiling Logging Logger+With.swift
[73/126] Compiling ConcurrencyHelpers LockedValueBox.swift
[74/126] Compiling Atomics AtomicInteger.swift
[75/126] Compiling Atomics AtomicOptionalWrappable.swift
[80/126] Compiling Atomics DoubleWord.swift
[81/126] Compiling Atomics PointerConformances.swift
[82/126] Compiling Atomics Primitives.native.swift
[86/126] Compiling Atomics ManagedAtomic.swift
[87/126] Compiling Atomics ManagedAtomicLazyReference.swift
[88/126] Compiling Atomics UnsafeAtomic.swift
[91/126] Compiling NIOConcurrencyHelpers NIOAtomic.swift
[93/126] Compiling Atomics IntegerConformances.swift
[98/127] Compiling _NIOBase64 Base64.swift
[99/127] Emitting module _NIOBase64
[100/128] Compiling Logging Logger+Attributes.swift
[105/128] Compiling Logging Logger.swift
[109/128] Compiling _NIODataStructures PriorityQueue.swift
[110/128] Compiling _NIODataStructures _TinyArray.swift
[112/186] Compiling SpanPreview OutputSpan+InputSpanHelpers.swift
[113/190] Compiling SpanPreview MutableSpan+InputSpanHelpers.swift
[114/190] Compiling SpanPreview InputSpan.swift
[115/190] Compiling Logging MetadataProvider.swift
[116/190] Emitting module SpanPreview
[117/190] Emitting module ConcurrencyHelpers
[118/190] Compiling ConcurrencyHelpers Lock.swift
[120/192] Compiling OrderedCollections _HashTable+Constants.swift
[121/192] Compiling OrderedCollections _HashTable+CustomStringConvertible.swift
[123/192] Compiling NIOConcurrencyHelpers lock.swift
[124/192] Emitting module NIOConcurrencyHelpers
[125/192] Compiling NIOConcurrencyHelpers NIOLock.swift
[126/192] Compiling NIOConcurrencyHelpers NIOLockedValueBox.swift
[127/195] Compiling OrderedCollections _HashTable+Bucket.swift
[128/195] Compiling OrderedCollections _HashTable+BucketIterator.swift
[129/195] Emitting module Logging
[130/196] Compiling NIOConcurrencyHelpers NIOThreadPoolWorkAvailable.swift
[131/196] Compiling NIOConcurrencyHelpers atomics.swift
[134/197] Compiling CoreMetrics Metrics.swift
[135/197] Compiling CoreMetrics Locks.swift
[136/197] Compiling CoreMetrics MappingMetricsFactory.swift
[137/198] Compiling UnixSignals UnixSignalsSequence.swift
[139/235] Compiling _NIODataStructures Heap.swift
[141/243] Compiling DequeModule UniqueDeque+Consumption.swift
[142/243] Compiling DequeModule UniqueDeque+ContainerOperations.swift
[143/243] Compiling DequeModule UniqueDeque+Deprecations.swift
[144/243] Compiling DequeModule UniqueDeque+Descriptions.swift
[145/243] Compiling DequeModule UniqueDeque+Equatable.swift
[146/243] Compiling DequeModule UniqueDeque+Hashable.swift
[147/243] Emitting module UnixSignals
[148/246] Compiling UnixSignals UnixSignal.swift
[149/249] Compiling DequeModule _DequeBuffer.swift
[150/249] Compiling DequeModule _DequeBufferHeader.swift
[151/249] Compiling DequeModule RigidDeque+Append.swift
[152/249] Compiling DequeModule RigidDeque+Consumption.swift
[153/249] Compiling DequeModule RigidDeque+ContainerOperations.swift
[154/249] Compiling DequeModule RigidDeque+Deprecations.swift
[156/249] Compiling DequeModule UniqueDeque+Initializers.swift
[157/249] Compiling DequeModule UniqueDeque+Insertions.swift
[158/249] Compiling DequeModule UniqueDeque+Iterable.swift
[159/249] Compiling DequeModule UniqueDeque+Prepend.swift
[160/249] Compiling DequeModule UniqueDeque+Removals.swift
[161/249] Compiling OrderedCollections OrderedSet+Partial SetAlgebra formSymmetricDifference.swift
[162/249] Compiling OrderedCollections OrderedSet+Partial SetAlgebra formUnion.swift
[163/249] Compiling OrderedCollections OrderedSet+Partial SetAlgebra intersection.swift
[164/249] Compiling OrderedCollections OrderedSet+Partial SetAlgebra isDisjoint.swift
[165/249] Compiling OrderedCollections OrderedSet+Partial SetAlgebra isEqualSet.swift
[166/249] Compiling OrderedCollections OrderedSet+Partial SetAlgebra isStrictSubset.swift
[167/249] Compiling OrderedCollections OrderedSet+Partial SetAlgebra isStrictSuperset.swift
[168/249] Compiling OrderedCollections OrderedSet+Partial SetAlgebra isSubset.swift
[169/256] Compiling DequeModule Deque+Testing.swift
[170/256] Compiling DequeModule Deque._Storage.swift
[171/256] Compiling DequeModule Deque._UnsafeHandle.swift
[172/256] Compiling DequeModule Deque.swift
[178/256] Compiling DequeModule UniqueDeque+Replacements.swift
[179/256] Compiling DequeModule UniqueDeque.swift
[180/256] Compiling DequeModule _DequeSlot.swift
[181/256] Compiling DequeModule _UnsafeDequeHandle.swift
[182/256] Compiling DequeModule _UnsafeDequeSegments.swift
[183/256] Compiling OrderedCollections OrderedSet+RandomAccessCollection.swift
[184/256] Compiling OrderedCollections OrderedSet+ReserveCapacity.swift
[185/256] Compiling OrderedCollections OrderedSet+Sendable.swift
[186/256] Compiling OrderedCollections OrderedSet+SubSequence.swift
[187/256] Compiling OrderedCollections OrderedSet+Testing.swift
[188/256] Compiling OrderedCollections OrderedSet+UnorderedView.swift
[189/256] Compiling OrderedCollections OrderedSet+UnstableInternals.swift
[190/256] Compiling OrderedCollections OrderedSet.swift
[191/256] Compiling OrderedCollections _UnsafeBitset.swift
[192/256] Compiling DequeModule RigidDeque+Descriptions.swift
[193/256] Compiling DequeModule RigidDeque+Equatable.swift
[194/256] Compiling DequeModule RigidDeque+Hashable.swift
[195/256] Compiling DequeModule RigidDeque+Initializers.swift
[196/256] Compiling DequeModule RigidDeque+Insertions.swift
[197/256] Compiling DequeModule RigidDeque+Iterable.swift
[198/256] Compiling DequeModule RigidDeque+Prepend.swift
[199/256] Compiling DequeModule RigidDeque+Removals.swift
[200/256] Compiling DequeModule RigidDeque+Replacements.swift
[201/256] Compiling DequeModule RigidDeque+Testing.swift
[202/256] Compiling DequeModule RigidDeque.swift
[203/256] Compiling DequeModule UniqueDeque+Append.swift
[212/256] Compiling Metrics Metrics.swift
[213/256] Emitting module Metrics
[215/269] Compiling SWIM Events.swift
[216/270] Compiling SWIM Member.swift
[217/270] Compiling SWIM Metrics.swift
[218/270] Compiling SWIM SWIM.swift
[219/270] Compiling SWIM SWIMInstance.swift
[220/270] Compiling SWIM Settings.swift
[237/271] Compiling SWIM Status.swift
/host/spi-builder-workspace/Sources/SWIM/SWIMInstance.swift:26:8: error: Unsupported platform
  24 | import Musl
  25 | #else
  26 | #error("Unsupported platform")
     |        `- error: Unsupported platform
  27 | #endif
  28 |
/host/spi-builder-workspace/Sources/SWIM/Settings.swift:25:8: error: Unsupported platform
 23 | import Musl
 24 | #else
 25 | #error("Unsupported platform")
    |        `- error: Unsupported platform
 26 | #endif
 27 |
/host/spi-builder-workspace/Sources/SWIM/Utils/Heap.swift:24:8: error: Unsupported platform
 22 | import Musl
 23 | #else
 24 | #error("Unsupported platform")
    |        `- error: Unsupported platform
 25 | #endif
 26 |
/host/spi-builder-workspace/Sources/SWIM/SWIMInstance.swift:26:8: error: Unsupported platform
  24 | import Musl
  25 | #else
  26 | #error("Unsupported platform")
     |        `- error: Unsupported platform
  27 | #endif
  28 |
/host/spi-builder-workspace/Sources/SWIM/Settings.swift:25:8: error: Unsupported platform
 23 | import Musl
 24 | #else
 25 | #error("Unsupported platform")
    |        `- error: Unsupported platform
 26 | #endif
 27 |
/host/spi-builder-workspace/Sources/SWIM/Utils/Heap.swift:24:8: error: Unsupported platform
 22 | import Musl
 23 | #else
 24 | #error("Unsupported platform")
    |        `- error: Unsupported platform
 25 | #endif
 26 |
/host/spi-builder-workspace/Sources/SWIM/SWIMInstance.swift:26:8: error: Unsupported platform
  24 | import Musl
  25 | #else
  26 | #error("Unsupported platform")
     |        `- error: Unsupported platform
  27 | #endif
  28 |
/host/spi-builder-workspace/Sources/SWIM/Settings.swift:25:8: error: Unsupported platform
 23 | import Musl
 24 | #else
 25 | #error("Unsupported platform")
    |        `- error: Unsupported platform
 26 | #endif
 27 |
/host/spi-builder-workspace/Sources/SWIM/Utils/Heap.swift:24:8: error: Unsupported platform
 22 | import Musl
 23 | #else
 24 | #error("Unsupported platform")
    |        `- error: Unsupported platform
 25 | #endif
 26 |
[240/272] Compiling SWIM _PrettyLog.swift
/host/spi-builder-workspace/Sources/SWIM/SWIMInstance.swift:26:8: error: Unsupported platform
  24 | import Musl
  25 | #else
  26 | #error("Unsupported platform")
     |        `- error: Unsupported platform
  27 | #endif
  28 |
/host/spi-builder-workspace/Sources/SWIM/Settings.swift:25:8: error: Unsupported platform
 23 | import Musl
 24 | #else
 25 | #error("Unsupported platform")
    |        `- error: Unsupported platform
 26 | #endif
 27 |
/host/spi-builder-workspace/Sources/SWIM/Utils/Heap.swift:24:8: error: Unsupported platform
 22 | import Musl
 23 | #else
 24 | #error("Unsupported platform")
    |        `- error: Unsupported platform
 25 | #endif
 26 |
[241/272] Compiling SWIM String+Extensions.swift
/host/spi-builder-workspace/Sources/SWIM/SWIMInstance.swift:26:8: error: Unsupported platform
  24 | import Musl
  25 | #else
  26 | #error("Unsupported platform")
     |        `- error: Unsupported platform
  27 | #endif
  28 |
/host/spi-builder-workspace/Sources/SWIM/Settings.swift:25:8: error: Unsupported platform
 23 | import Musl
 24 | #else
 25 | #error("Unsupported platform")
    |        `- error: Unsupported platform
 26 | #endif
 27 |
/host/spi-builder-workspace/Sources/SWIM/Utils/Heap.swift:24:8: error: Unsupported platform
 22 | import Musl
 23 | #else
 24 | #error("Unsupported platform")
    |        `- error: Unsupported platform
 25 | #endif
 26 |
[248/272] Compiling DequeModule Deque+Extras.swift
[249/272] Compiling DequeModule Deque+Hashable.swift
error: emit-module command failed with exit code 1 (use -v to see invocation)
[250/272] Emitting module SWIM
/host/spi-builder-workspace/Sources/SWIM/SWIMInstance.swift:26:8: error: Unsupported platform
  24 | import Musl
  25 | #else
  26 | #error("Unsupported platform")
     |        `- error: Unsupported platform
  27 | #endif
  28 |
/host/spi-builder-workspace/Sources/SWIM/Settings.swift:25:8: error: Unsupported platform
 23 | import Musl
 24 | #else
 25 | #error("Unsupported platform")
    |        `- error: Unsupported platform
 26 | #endif
 27 |
/host/spi-builder-workspace/Sources/SWIM/Utils/Heap.swift:24:8: error: Unsupported platform
 22 | import Musl
 23 | #else
 24 | #error("Unsupported platform")
    |        `- error: Unsupported platform
 25 | #endif
 26 |
[251/272] Compiling SWIM time.swift
/host/spi-builder-workspace/Sources/SWIM/SWIMInstance.swift:26:8: error: Unsupported platform
  24 | import Musl
  25 | #else
  26 | #error("Unsupported platform")
     |        `- error: Unsupported platform
  27 | #endif
  28 |
/host/spi-builder-workspace/Sources/SWIM/Settings.swift:25:8: error: Unsupported platform
 23 | import Musl
 24 | #else
 25 | #error("Unsupported platform")
    |        `- error: Unsupported platform
 26 | #endif
 27 |
/host/spi-builder-workspace/Sources/SWIM/Utils/Heap.swift:24:8: error: Unsupported platform
 22 | import Musl
 23 | #else
 24 | #error("Unsupported platform")
    |        `- error: Unsupported platform
 25 | #endif
 26 |
[252/272] Compiling SWIM Heap.swift
/host/spi-builder-workspace/Sources/SWIM/SWIMInstance.swift:26:8: error: Unsupported platform
  24 | import Musl
  25 | #else
  26 | #error("Unsupported platform")
     |        `- error: Unsupported platform
  27 | #endif
  28 |
/host/spi-builder-workspace/Sources/SWIM/Settings.swift:25:8: error: Unsupported platform
 23 | import Musl
 24 | #else
 25 | #error("Unsupported platform")
    |        `- error: Unsupported platform
 26 | #endif
 27 |
/host/spi-builder-workspace/Sources/SWIM/Utils/Heap.swift:24:8: error: Unsupported platform
 22 | import Musl
 23 | #else
 24 | #error("Unsupported platform")
    |        `- error: Unsupported platform
 25 | #endif
 26 |
/host/spi-builder-workspace/Sources/SWIM/Utils/Heap.swift:223:21: error: cannot find 'log2' in scope
221 |
222 |             func height(index: Int) -> Int {
223 |                 Int(log2(Double(index + 1)))
    |                     `- error: cannot find 'log2' in scope
224 |             }
225 |             let myHeight = height(index: index)
[259/272] Emitting module MetricsTestKit
[260/272] Emitting module OrderedCollections
[262/273] Compiling MetricsTestKit TestMetrics.swift
[263/273] Compiling MetricsTestKit StreamMetricsFactory.swift
[265/274] Emitting module DequeModule
[272/392] Compiling NIOCore ByteBuffer-multi-int.swift
[273/392] Compiling NIOCore ByteBuffer-quicBinaryEncodingStrategy.swift
[274/392] Compiling NIOCore ByteBuffer-views.swift
[275/392] Compiling NIOCore Channel.swift
[276/392] Compiling NIOCore ChannelHandler.swift
[277/392] Compiling NIOCore ChannelHandlers.swift
[278/392] Compiling NIOCore ChannelInvoker.swift
[279/392] Compiling NIOCore ChannelOption.swift
[280/399] Compiling AsyncAlgorithms Rethrow.swift
[281/399] Compiling AsyncAlgorithms SetAlgebra.swift
[282/399] Compiling AsyncAlgorithms UnsafeTransfer.swift
[283/399] Compiling AsyncAlgorithms AsyncZip2Sequence.swift
[284/399] Compiling AsyncAlgorithms AsyncZip3Sequence.swift
[285/399] Compiling AsyncAlgorithms ZipStateMachine.swift
[286/399] Compiling AsyncAlgorithms ZipStorage.swift
[287/399] Compiling NIOCore ChannelPipeline.swift
[288/399] Compiling NIOCore NIOCoreSendableMetatype.swift
[289/399] Compiling NIOCore NIODecodedAsyncSequence.swift
[290/399] Compiling NIOCore NIOLoopBound.swift
[291/399] Compiling NIOCore NIOPooledRecvBufferAllocator.swift
[292/399] Compiling NIOCore NIOScheduledCallback.swift
[293/399] Compiling NIOCore NIOSendable.swift
[294/399] Compiling NIOCore NIOSplitLinesMessageDecoder.swift
[295/399] Compiling NIOCore ByteBuffer-conversions.swift
[296/399] Compiling NIOCore ByteBuffer-core.swift
[297/399] Compiling NIOCore ByteBuffer-hex.swift
[298/399] Compiling NIOCore ByteBuffer-int.swift
[299/399] Compiling NIOCore ByteBuffer-lengthPrefix.swift
[300/399] Compiling NIOCore IPProtocol.swift
[301/399] Compiling NIOCore IntegerBitPacking.swift
[302/399] Compiling NIOCore CircularBuffer.swift
[303/399] Compiling NIOCore Codec.swift
[304/399] Compiling NIOCore ConvenienceOptionSupport.swift
[305/399] Compiling NIOCore DeadChannel.swift
[306/399] Compiling NIOCore DispatchQueue+WithFuture.swift
[307/399] Compiling NIOCore EventLoop+Deprecated.swift
[308/399] Compiling NIOCore EventLoop+SerialExecutor.swift
[309/399] Compiling NIOCore EventLoop.swift
[310/399] Compiling NIOCore EventLoopFuture+AssumeIsolated.swift
[311/407] Compiling NIOCore IntegerTypes.swift
[312/407] Compiling NIOCore Interfaces.swift
[313/407] Compiling NIOCore Linux.swift
[314/407] Compiling NIOCore MarkedCircularBuffer.swift
[315/407] Compiling NIOCore MulticastChannel.swift
[316/407] Compiling NIOCore NIOAny.swift
[317/407] Compiling NIOCore NIOCloseOnErrorHandler.swift
[327/407] Compiling NIOCore NIOAsyncWriter.swift
[334/407] Emitting module AsyncAlgorithms
[340/407] Compiling NIOCore FileRegion.swift
[341/407] Compiling NIOCore GlobalSingletons.swift
[342/407] Compiling NIOCore IO.swift
[343/407] Compiling NIOCore IOData.swift
[344/407] Compiling NIOCore SingleStepByteToMessageDecoder.swift
[345/407] Compiling NIOCore SocketAddresses.swift
[346/407] Compiling NIOCore SocketOptionProvider.swift
[347/407] Compiling NIOCore SystemCallHelpers.swift
[348/407] Compiling NIOCore TimeAmount+Duration.swift
[349/407] Compiling NIOCore TypeAssistedChannelHandler.swift
[350/407] Compiling NIOCore UniversalBootstrapSupport.swift
[351/407] Compiling NIOCore Utilities.swift
[352/407] Compiling NIOCore AddressedEnvelope.swift
[353/407] Compiling NIOCore AsyncAwaitSupport.swift
[354/407] Compiling NIOCore AsyncChannel.swift
[355/407] Compiling NIOCore AsyncChannelHandler.swift
[356/407] Compiling NIOCore AsyncChannelInboundStream.swift
[357/407] Compiling NIOCore AsyncChannelOutboundWriter.swift
[358/407] Compiling NIOCore NIOAsyncSequenceProducer.swift
[359/407] Compiling NIOCore NIOAsyncSequenceProducerStrategies.swift
[372/407] Compiling NIOCore NIOThrowingAsyncSequenceProducer.swift
[373/407] Compiling NIOCore BSDSocketAPI.swift
[374/407] Compiling NIOCore ByteBuffer-aux.swift
[375/407] Compiling NIOCore ByteBuffer-binaryEncodedLengthPrefix.swift
[377/417] Compiling ServiceLifecycle Service.swift
[378/418] Compiling ServiceLifecycle CancellationWaiter.swift
[379/418] Compiling ServiceLifecycle ServiceGroupConfiguration.swift
[380/418] Compiling ServiceLifecycle ServiceRunnerError.swift
[381/418] Emitting module ServiceLifecycle
[382/418] Compiling ServiceLifecycle AsyncCancelOnGracefulShutdownSequence.swift
[383/418] Compiling ServiceLifecycle AsyncGracefulShutdownSequence.swift
[384/418] Compiling ServiceLifecycle GracefulShutdown.swift
[385/418] Compiling ServiceLifecycle ClosureService.swift
[395/418] Compiling ServiceLifecycle ServiceGroup.swift
[415/419] Emitting module NIOCore
error: emit-module command failed with exit code 1 (use -v to see invocation)
[417/477] Emitting module NIOPosix
/host/spi-builder-workspace/.build/checkouts/swift-nio/Sources/NIOPosix/BaseSocketChannel+AccessibleTransport.swift:17:11: error: cannot find type 'BaseSocketChannel' in scope
15 | import NIOCore
16 |
17 | extension BaseSocketChannel where SocketType: BaseSocket {
   |           `- error: cannot find type 'BaseSocketChannel' in scope
18 |     /// The underlying transport type backing this channel.
19 |     typealias Transport = NIOBSDSocket.Handle
/host/spi-builder-workspace/.build/checkouts/swift-nio/Sources/NIOPosix/BaseSocketChannel+AccessibleTransport.swift:27:11: error: cannot find type 'BaseSocketChannel' in scope
25 | }
26 |
27 | extension BaseSocketChannel where SocketType: PipePair {
   |           `- error: cannot find type 'BaseSocketChannel' in scope
28 |     /// The underlying transport type backing this channel.
29 |     typealias Transport = NIOBSDSocket.PipeHandle
/host/spi-builder-workspace/.build/checkouts/swift-nio/Sources/NIOPosix/BaseSocketChannel+AccessibleTransport.swift:42:11: error: cannot find type 'SocketChannel' in scope
40 | }
41 |
42 | extension SocketChannel: NIOTransportAccessibleChannelCore {}
   |           `- error: cannot find type 'SocketChannel' in scope
43 | extension ServerSocketChannel: NIOTransportAccessibleChannelCore {}
44 | extension DatagramChannel: NIOTransportAccessibleChannelCore {}
/host/spi-builder-workspace/.build/checkouts/swift-nio/Sources/NIOPosix/BaseSocketChannel+AccessibleTransport.swift:43:11: error: cannot find type 'ServerSocketChannel' in scope
41 |
42 | extension SocketChannel: NIOTransportAccessibleChannelCore {}
43 | extension ServerSocketChannel: NIOTransportAccessibleChannelCore {}
   |           `- error: cannot find type 'ServerSocketChannel' in scope
44 | extension DatagramChannel: NIOTransportAccessibleChannelCore {}
45 | extension PipeChannel: NIOTransportAccessibleChannelCore {}
/host/spi-builder-workspace/.build/checkouts/swift-nio/Sources/NIOPosix/BaseSocketChannel+AccessibleTransport.swift:44:11: error: cannot find type 'DatagramChannel' in scope
42 | extension SocketChannel: NIOTransportAccessibleChannelCore {}
43 | extension ServerSocketChannel: NIOTransportAccessibleChannelCore {}
44 | extension DatagramChannel: NIOTransportAccessibleChannelCore {}
   |           `- error: cannot find type 'DatagramChannel' in scope
45 | extension PipeChannel: NIOTransportAccessibleChannelCore {}
46 |
/host/spi-builder-workspace/.build/checkouts/swift-nio/Sources/NIOPosix/BaseSocketChannel+AccessibleTransport.swift:45:11: error: cannot find type 'PipeChannel' in scope
43 | extension ServerSocketChannel: NIOTransportAccessibleChannelCore {}
44 | extension DatagramChannel: NIOTransportAccessibleChannelCore {}
45 | extension PipeChannel: NIOTransportAccessibleChannelCore {}
   |           `- error: cannot find type 'PipeChannel' in scope
46 |
[418/484] Emitting module NIOFoundationEssentialsCompat
[419/484] Compiling NIOPosix HappyEyeballs.swift
[420/484] Compiling NIOPosix IO.swift
[421/484] Compiling NIOPosix IntegerBitPacking.swift
[422/484] Compiling NIOPosix IntegerTypes.swift
[423/484] Compiling NIOPosix Linux.swift
[424/484] Compiling NIOPosix LinuxCPUSet.swift
[425/484] Compiling NIOPosix LinuxUring.swift
[426/484] Compiling NIOPosix BSDSocketAPICommon.swift
/host/spi-builder-workspace/.build/checkouts/swift-nio/Sources/NIOPosix/BaseSocketChannel+AccessibleTransport.swift:17:11: error: cannot find type 'BaseSocketChannel' in scope
15 | import NIOCore
16 |
17 | extension BaseSocketChannel where SocketType: BaseSocket {
   |           `- error: cannot find type 'BaseSocketChannel' in scope
18 |     /// The underlying transport type backing this channel.
19 |     typealias Transport = NIOBSDSocket.Handle
/host/spi-builder-workspace/.build/checkouts/swift-nio/Sources/NIOPosix/BaseSocketChannel+AccessibleTransport.swift:27:11: error: cannot find type 'BaseSocketChannel' in scope
25 | }
26 |
27 | extension BaseSocketChannel where SocketType: PipePair {
   |           `- error: cannot find type 'BaseSocketChannel' in scope
28 |     /// The underlying transport type backing this channel.
29 |     typealias Transport = NIOBSDSocket.PipeHandle
/host/spi-builder-workspace/.build/checkouts/swift-nio/Sources/NIOPosix/BaseSocketChannel+AccessibleTransport.swift:42:11: error: cannot find type 'SocketChannel' in scope
40 | }
41 |
42 | extension SocketChannel: NIOTransportAccessibleChannelCore {}
   |           `- error: cannot find type 'SocketChannel' in scope
43 | extension ServerSocketChannel: NIOTransportAccessibleChannelCore {}
44 | extension DatagramChannel: NIOTransportAccessibleChannelCore {}
/host/spi-builder-workspace/.build/checkouts/swift-nio/Sources/NIOPosix/BaseSocketChannel+AccessibleTransport.swift:43:11: error: cannot find type 'ServerSocketChannel' in scope
41 |
42 | extension SocketChannel: NIOTransportAccessibleChannelCore {}
43 | extension ServerSocketChannel: NIOTransportAccessibleChannelCore {}
   |           `- error: cannot find type 'ServerSocketChannel' in scope
44 | extension DatagramChannel: NIOTransportAccessibleChannelCore {}
45 | extension PipeChannel: NIOTransportAccessibleChannelCore {}
/host/spi-builder-workspace/.build/checkouts/swift-nio/Sources/NIOPosix/BaseSocketChannel+AccessibleTransport.swift:44:11: error: cannot find type 'DatagramChannel' in scope
42 | extension SocketChannel: NIOTransportAccessibleChannelCore {}
43 | extension ServerSocketChannel: NIOTransportAccessibleChannelCore {}
44 | extension DatagramChannel: NIOTransportAccessibleChannelCore {}
   |           `- error: cannot find type 'DatagramChannel' in scope
45 | extension PipeChannel: NIOTransportAccessibleChannelCore {}
46 |
/host/spi-builder-workspace/.build/checkouts/swift-nio/Sources/NIOPosix/BaseSocketChannel+AccessibleTransport.swift:45:11: error: cannot find type 'PipeChannel' in scope
43 | extension ServerSocketChannel: NIOTransportAccessibleChannelCore {}
44 | extension DatagramChannel: NIOTransportAccessibleChannelCore {}
45 | extension PipeChannel: NIOTransportAccessibleChannelCore {}
   |           `- error: cannot find type 'PipeChannel' in scope
46 |
/host/spi-builder-workspace/.build/checkouts/swift-nio/Sources/NIOPosix/BaseSocketChannel+AccessibleTransport.swift:17:29: error: 'where' clause cannot be applied to a non-generic top-level declaration
15 | import NIOCore
16 |
17 | extension BaseSocketChannel where SocketType: BaseSocket {
   |                             `- error: 'where' clause cannot be applied to a non-generic top-level declaration
18 |     /// The underlying transport type backing this channel.
19 |     typealias Transport = NIOBSDSocket.Handle
/host/spi-builder-workspace/.build/checkouts/swift-nio/Sources/NIOPosix/BaseSocketChannel+AccessibleTransport.swift:27:29: error: 'where' clause cannot be applied to a non-generic top-level declaration
25 | }
26 |
27 | extension BaseSocketChannel where SocketType: PipePair {
   |                             `- error: 'where' clause cannot be applied to a non-generic top-level declaration
28 |     /// The underlying transport type backing this channel.
29 |     typealias Transport = NIOBSDSocket.PipeHandle
[427/484] Compiling NIOPosix BSDSocketAPIPosix.swift
/host/spi-builder-workspace/.build/checkouts/swift-nio/Sources/NIOPosix/BaseSocketChannel+AccessibleTransport.swift:17:11: error: cannot find type 'BaseSocketChannel' in scope
15 | import NIOCore
16 |
17 | extension BaseSocketChannel where SocketType: BaseSocket {
   |           `- error: cannot find type 'BaseSocketChannel' in scope
18 |     /// The underlying transport type backing this channel.
19 |     typealias Transport = NIOBSDSocket.Handle
/host/spi-builder-workspace/.build/checkouts/swift-nio/Sources/NIOPosix/BaseSocketChannel+AccessibleTransport.swift:27:11: error: cannot find type 'BaseSocketChannel' in scope
25 | }
26 |
27 | extension BaseSocketChannel where SocketType: PipePair {
   |           `- error: cannot find type 'BaseSocketChannel' in scope
28 |     /// The underlying transport type backing this channel.
29 |     typealias Transport = NIOBSDSocket.PipeHandle
/host/spi-builder-workspace/.build/checkouts/swift-nio/Sources/NIOPosix/BaseSocketChannel+AccessibleTransport.swift:42:11: error: cannot find type 'SocketChannel' in scope
40 | }
41 |
42 | extension SocketChannel: NIOTransportAccessibleChannelCore {}
   |           `- error: cannot find type 'SocketChannel' in scope
43 | extension ServerSocketChannel: NIOTransportAccessibleChannelCore {}
44 | extension DatagramChannel: NIOTransportAccessibleChannelCore {}
/host/spi-builder-workspace/.build/checkouts/swift-nio/Sources/NIOPosix/BaseSocketChannel+AccessibleTransport.swift:43:11: error: cannot find type 'ServerSocketChannel' in scope
41 |
42 | extension SocketChannel: NIOTransportAccessibleChannelCore {}
43 | extension ServerSocketChannel: NIOTransportAccessibleChannelCore {}
   |           `- error: cannot find type 'ServerSocketChannel' in scope
44 | extension DatagramChannel: NIOTransportAccessibleChannelCore {}
45 | extension PipeChannel: NIOTransportAccessibleChannelCore {}
/host/spi-builder-workspace/.build/checkouts/swift-nio/Sources/NIOPosix/BaseSocketChannel+AccessibleTransport.swift:44:11: error: cannot find type 'DatagramChannel' in scope
42 | extension SocketChannel: NIOTransportAccessibleChannelCore {}
43 | extension ServerSocketChannel: NIOTransportAccessibleChannelCore {}
44 | extension DatagramChannel: NIOTransportAccessibleChannelCore {}
   |           `- error: cannot find type 'DatagramChannel' in scope
45 | extension PipeChannel: NIOTransportAccessibleChannelCore {}
46 |
/host/spi-builder-workspace/.build/checkouts/swift-nio/Sources/NIOPosix/BaseSocketChannel+AccessibleTransport.swift:45:11: error: cannot find type 'PipeChannel' in scope
43 | extension ServerSocketChannel: NIOTransportAccessibleChannelCore {}
44 | extension DatagramChannel: NIOTransportAccessibleChannelCore {}
45 | extension PipeChannel: NIOTransportAccessibleChannelCore {}
   |           `- error: cannot find type 'PipeChannel' in scope
46 |
/host/spi-builder-workspace/.build/checkouts/swift-nio/Sources/NIOPosix/BaseSocketChannel+AccessibleTransport.swift:17:29: error: 'where' clause cannot be applied to a non-generic top-level declaration
15 | import NIOCore
16 |
17 | extension BaseSocketChannel where SocketType: BaseSocket {
   |                             `- error: 'where' clause cannot be applied to a non-generic top-level declaration
18 |     /// The underlying transport type backing this channel.
19 |     typealias Transport = NIOBSDSocket.Handle
/host/spi-builder-workspace/.build/checkouts/swift-nio/Sources/NIOPosix/BaseSocketChannel+AccessibleTransport.swift:27:29: error: 'where' clause cannot be applied to a non-generic top-level declaration
25 | }
26 |
27 | extension BaseSocketChannel where SocketType: PipePair {
   |                             `- error: 'where' clause cannot be applied to a non-generic top-level declaration
28 |     /// The underlying transport type backing this channel.
29 |     typealias Transport = NIOBSDSocket.PipeHandle
[428/484] Compiling NIOPosix BSDSocketAPIWindows.swift
/host/spi-builder-workspace/.build/checkouts/swift-nio/Sources/NIOPosix/BaseSocketChannel+AccessibleTransport.swift:17:11: error: cannot find type 'BaseSocketChannel' in scope
15 | import NIOCore
16 |
17 | extension BaseSocketChannel where SocketType: BaseSocket {
   |           `- error: cannot find type 'BaseSocketChannel' in scope
18 |     /// The underlying transport type backing this channel.
19 |     typealias Transport = NIOBSDSocket.Handle
/host/spi-builder-workspace/.build/checkouts/swift-nio/Sources/NIOPosix/BaseSocketChannel+AccessibleTransport.swift:27:11: error: cannot find type 'BaseSocketChannel' in scope
25 | }
26 |
27 | extension BaseSocketChannel where SocketType: PipePair {
   |           `- error: cannot find type 'BaseSocketChannel' in scope
28 |     /// The underlying transport type backing this channel.
29 |     typealias Transport = NIOBSDSocket.PipeHandle
/host/spi-builder-workspace/.build/checkouts/swift-nio/Sources/NIOPosix/BaseSocketChannel+AccessibleTransport.swift:42:11: error: cannot find type 'SocketChannel' in scope
40 | }
41 |
42 | extension SocketChannel: NIOTransportAccessibleChannelCore {}
   |           `- error: cannot find type 'SocketChannel' in scope
43 | extension ServerSocketChannel: NIOTransportAccessibleChannelCore {}
44 | extension DatagramChannel: NIOTransportAccessibleChannelCore {}
/host/spi-builder-workspace/.build/checkouts/swift-nio/Sources/NIOPosix/BaseSocketChannel+AccessibleTransport.swift:43:11: error: cannot find type 'ServerSocketChannel' in scope
41 |
42 | extension SocketChannel: NIOTransportAccessibleChannelCore {}
43 | extension ServerSocketChannel: NIOTransportAccessibleChannelCore {}
   |           `- error: cannot find type 'ServerSocketChannel' in scope
44 | extension DatagramChannel: NIOTransportAccessibleChannelCore {}
45 | extension PipeChannel: NIOTransportAccessibleChannelCore {}
/host/spi-builder-workspace/.build/checkouts/swift-nio/Sources/NIOPosix/BaseSocketChannel+AccessibleTransport.swift:44:11: error: cannot find type 'DatagramChannel' in scope
42 | extension SocketChannel: NIOTransportAccessibleChannelCore {}
43 | extension ServerSocketChannel: NIOTransportAccessibleChannelCore {}
44 | extension DatagramChannel: NIOTransportAccessibleChannelCore {}
   |           `- error: cannot find type 'DatagramChannel' in scope
45 | extension PipeChannel: NIOTransportAccessibleChannelCore {}
46 |
/host/spi-builder-workspace/.build/checkouts/swift-nio/Sources/NIOPosix/BaseSocketChannel+AccessibleTransport.swift:45:11: error: cannot find type 'PipeChannel' in scope
43 | extension ServerSocketChannel: NIOTransportAccessibleChannelCore {}
44 | extension DatagramChannel: NIOTransportAccessibleChannelCore {}
45 | extension PipeChannel: NIOTransportAccessibleChannelCore {}
   |           `- error: cannot find type 'PipeChannel' in scope
46 |
/host/spi-builder-workspace/.build/checkouts/swift-nio/Sources/NIOPosix/BaseSocketChannel+AccessibleTransport.swift:17:29: error: 'where' clause cannot be applied to a non-generic top-level declaration
15 | import NIOCore
16 |
17 | extension BaseSocketChannel where SocketType: BaseSocket {
   |                             `- error: 'where' clause cannot be applied to a non-generic top-level declaration
18 |     /// The underlying transport type backing this channel.
19 |     typealias Transport = NIOBSDSocket.Handle
/host/spi-builder-workspace/.build/checkouts/swift-nio/Sources/NIOPosix/BaseSocketChannel+AccessibleTransport.swift:27:29: error: 'where' clause cannot be applied to a non-generic top-level declaration
25 | }
26 |
27 | extension BaseSocketChannel where SocketType: PipePair {
   |                             `- error: 'where' clause cannot be applied to a non-generic top-level declaration
28 |     /// The underlying transport type backing this channel.
29 |     typealias Transport = NIOBSDSocket.PipeHandle
[429/484] Compiling NIOPosix BaseSocket.swift
/host/spi-builder-workspace/.build/checkouts/swift-nio/Sources/NIOPosix/BaseSocketChannel+AccessibleTransport.swift:17:11: error: cannot find type 'BaseSocketChannel' in scope
15 | import NIOCore
16 |
17 | extension BaseSocketChannel where SocketType: BaseSocket {
   |           `- error: cannot find type 'BaseSocketChannel' in scope
18 |     /// The underlying transport type backing this channel.
19 |     typealias Transport = NIOBSDSocket.Handle
/host/spi-builder-workspace/.build/checkouts/swift-nio/Sources/NIOPosix/BaseSocketChannel+AccessibleTransport.swift:27:11: error: cannot find type 'BaseSocketChannel' in scope
25 | }
26 |
27 | extension BaseSocketChannel where SocketType: PipePair {
   |           `- error: cannot find type 'BaseSocketChannel' in scope
28 |     /// The underlying transport type backing this channel.
29 |     typealias Transport = NIOBSDSocket.PipeHandle
/host/spi-builder-workspace/.build/checkouts/swift-nio/Sources/NIOPosix/BaseSocketChannel+AccessibleTransport.swift:42:11: error: cannot find type 'SocketChannel' in scope
40 | }
41 |
42 | extension SocketChannel: NIOTransportAccessibleChannelCore {}
   |           `- error: cannot find type 'SocketChannel' in scope
43 | extension ServerSocketChannel: NIOTransportAccessibleChannelCore {}
44 | extension DatagramChannel: NIOTransportAccessibleChannelCore {}
/host/spi-builder-workspace/.build/checkouts/swift-nio/Sources/NIOPosix/BaseSocketChannel+AccessibleTransport.swift:43:11: error: cannot find type 'ServerSocketChannel' in scope
41 |
42 | extension SocketChannel: NIOTransportAccessibleChannelCore {}
43 | extension ServerSocketChannel: NIOTransportAccessibleChannelCore {}
   |           `- error: cannot find type 'ServerSocketChannel' in scope
44 | extension DatagramChannel: NIOTransportAccessibleChannelCore {}
45 | extension PipeChannel: NIOTransportAccessibleChannelCore {}
/host/spi-builder-workspace/.build/checkouts/swift-nio/Sources/NIOPosix/BaseSocketChannel+AccessibleTransport.swift:44:11: error: cannot find type 'DatagramChannel' in scope
42 | extension SocketChannel: NIOTransportAccessibleChannelCore {}
43 | extension ServerSocketChannel: NIOTransportAccessibleChannelCore {}
44 | extension DatagramChannel: NIOTransportAccessibleChannelCore {}
   |           `- error: cannot find type 'DatagramChannel' in scope
45 | extension PipeChannel: NIOTransportAccessibleChannelCore {}
46 |
/host/spi-builder-workspace/.build/checkouts/swift-nio/Sources/NIOPosix/BaseSocketChannel+AccessibleTransport.swift:45:11: error: cannot find type 'PipeChannel' in scope
43 | extension ServerSocketChannel: NIOTransportAccessibleChannelCore {}
44 | extension DatagramChannel: NIOTransportAccessibleChannelCore {}
45 | extension PipeChannel: NIOTransportAccessibleChannelCore {}
   |           `- error: cannot find type 'PipeChannel' in scope
46 |
/host/spi-builder-workspace/.build/checkouts/swift-nio/Sources/NIOPosix/BaseSocketChannel+AccessibleTransport.swift:17:29: error: 'where' clause cannot be applied to a non-generic top-level declaration
15 | import NIOCore
16 |
17 | extension BaseSocketChannel where SocketType: BaseSocket {
   |                             `- error: 'where' clause cannot be applied to a non-generic top-level declaration
18 |     /// The underlying transport type backing this channel.
19 |     typealias Transport = NIOBSDSocket.Handle
/host/spi-builder-workspace/.build/checkouts/swift-nio/Sources/NIOPosix/BaseSocketChannel+AccessibleTransport.swift:27:29: error: 'where' clause cannot be applied to a non-generic top-level declaration
25 | }
26 |
27 | extension BaseSocketChannel where SocketType: PipePair {
   |                             `- error: 'where' clause cannot be applied to a non-generic top-level declaration
28 |     /// The underlying transport type backing this channel.
29 |     typealias Transport = NIOBSDSocket.PipeHandle
[430/484] Compiling NIOPosix BaseSocketChannel+AccessibleTransport.swift
/host/spi-builder-workspace/.build/checkouts/swift-nio/Sources/NIOPosix/BaseSocketChannel+AccessibleTransport.swift:17:11: error: cannot find type 'BaseSocketChannel' in scope
15 | import NIOCore
16 |
17 | extension BaseSocketChannel where SocketType: BaseSocket {
   |           `- error: cannot find type 'BaseSocketChannel' in scope
18 |     /// The underlying transport type backing this channel.
19 |     typealias Transport = NIOBSDSocket.Handle
/host/spi-builder-workspace/.build/checkouts/swift-nio/Sources/NIOPosix/BaseSocketChannel+AccessibleTransport.swift:27:11: error: cannot find type 'BaseSocketChannel' in scope
25 | }
26 |
27 | extension BaseSocketChannel where SocketType: PipePair {
   |           `- error: cannot find type 'BaseSocketChannel' in scope
28 |     /// The underlying transport type backing this channel.
29 |     typealias Transport = NIOBSDSocket.PipeHandle
/host/spi-builder-workspace/.build/checkouts/swift-nio/Sources/NIOPosix/BaseSocketChannel+AccessibleTransport.swift:42:11: error: cannot find type 'SocketChannel' in scope
40 | }
41 |
42 | extension SocketChannel: NIOTransportAccessibleChannelCore {}
   |           `- error: cannot find type 'SocketChannel' in scope
43 | extension ServerSocketChannel: NIOTransportAccessibleChannelCore {}
44 | extension DatagramChannel: NIOTransportAccessibleChannelCore {}
/host/spi-builder-workspace/.build/checkouts/swift-nio/Sources/NIOPosix/BaseSocketChannel+AccessibleTransport.swift:43:11: error: cannot find type 'ServerSocketChannel' in scope
41 |
42 | extension SocketChannel: NIOTransportAccessibleChannelCore {}
43 | extension ServerSocketChannel: NIOTransportAccessibleChannelCore {}
   |           `- error: cannot find type 'ServerSocketChannel' in scope
44 | extension DatagramChannel: NIOTransportAccessibleChannelCore {}
45 | extension PipeChannel: NIOTransportAccessibleChannelCore {}
/host/spi-builder-workspace/.build/checkouts/swift-nio/Sources/NIOPosix/BaseSocketChannel+AccessibleTransport.swift:44:11: error: cannot find type 'DatagramChannel' in scope
42 | extension SocketChannel: NIOTransportAccessibleChannelCore {}
43 | extension ServerSocketChannel: NIOTransportAccessibleChannelCore {}
44 | extension DatagramChannel: NIOTransportAccessibleChannelCore {}
   |           `- error: cannot find type 'DatagramChannel' in scope
45 | extension PipeChannel: NIOTransportAccessibleChannelCore {}
46 |
/host/spi-builder-workspace/.build/checkouts/swift-nio/Sources/NIOPosix/BaseSocketChannel+AccessibleTransport.swift:45:11: error: cannot find type 'PipeChannel' in scope
43 | extension ServerSocketChannel: NIOTransportAccessibleChannelCore {}
44 | extension DatagramChannel: NIOTransportAccessibleChannelCore {}
45 | extension PipeChannel: NIOTransportAccessibleChannelCore {}
   |           `- error: cannot find type 'PipeChannel' in scope
46 |
/host/spi-builder-workspace/.build/checkouts/swift-nio/Sources/NIOPosix/BaseSocketChannel+AccessibleTransport.swift:17:29: error: 'where' clause cannot be applied to a non-generic top-level declaration
15 | import NIOCore
16 |
17 | extension BaseSocketChannel where SocketType: BaseSocket {
   |                             `- error: 'where' clause cannot be applied to a non-generic top-level declaration
18 |     /// The underlying transport type backing this channel.
19 |     typealias Transport = NIOBSDSocket.Handle
/host/spi-builder-workspace/.build/checkouts/swift-nio/Sources/NIOPosix/BaseSocketChannel+AccessibleTransport.swift:27:29: error: 'where' clause cannot be applied to a non-generic top-level declaration
25 | }
26 |
27 | extension BaseSocketChannel where SocketType: PipePair {
   |                             `- error: 'where' clause cannot be applied to a non-generic top-level declaration
28 |     /// The underlying transport type backing this channel.
29 |     typealias Transport = NIOBSDSocket.PipeHandle
[431/484] Compiling NIOPosix BaseSocketChannel+SocketOptionProvider.swift
/host/spi-builder-workspace/.build/checkouts/swift-nio/Sources/NIOPosix/BaseSocketChannel+AccessibleTransport.swift:17:11: error: cannot find type 'BaseSocketChannel' in scope
15 | import NIOCore
16 |
17 | extension BaseSocketChannel where SocketType: BaseSocket {
   |           `- error: cannot find type 'BaseSocketChannel' in scope
18 |     /// The underlying transport type backing this channel.
19 |     typealias Transport = NIOBSDSocket.Handle
/host/spi-builder-workspace/.build/checkouts/swift-nio/Sources/NIOPosix/BaseSocketChannel+AccessibleTransport.swift:27:11: error: cannot find type 'BaseSocketChannel' in scope
25 | }
26 |
27 | extension BaseSocketChannel where SocketType: PipePair {
   |           `- error: cannot find type 'BaseSocketChannel' in scope
28 |     /// The underlying transport type backing this channel.
29 |     typealias Transport = NIOBSDSocket.PipeHandle
/host/spi-builder-workspace/.build/checkouts/swift-nio/Sources/NIOPosix/BaseSocketChannel+AccessibleTransport.swift:42:11: error: cannot find type 'SocketChannel' in scope
40 | }
41 |
42 | extension SocketChannel: NIOTransportAccessibleChannelCore {}
   |           `- error: cannot find type 'SocketChannel' in scope
43 | extension ServerSocketChannel: NIOTransportAccessibleChannelCore {}
44 | extension DatagramChannel: NIOTransportAccessibleChannelCore {}
/host/spi-builder-workspace/.build/checkouts/swift-nio/Sources/NIOPosix/BaseSocketChannel+AccessibleTransport.swift:43:11: error: cannot find type 'ServerSocketChannel' in scope
41 |
42 | extension SocketChannel: NIOTransportAccessibleChannelCore {}
43 | extension ServerSocketChannel: NIOTransportAccessibleChannelCore {}
   |           `- error: cannot find type 'ServerSocketChannel' in scope
44 | extension DatagramChannel: NIOTransportAccessibleChannelCore {}
45 | extension PipeChannel: NIOTransportAccessibleChannelCore {}
/host/spi-builder-workspace/.build/checkouts/swift-nio/Sources/NIOPosix/BaseSocketChannel+AccessibleTransport.swift:44:11: error: cannot find type 'DatagramChannel' in scope
42 | extension SocketChannel: NIOTransportAccessibleChannelCore {}
43 | extension ServerSocketChannel: NIOTransportAccessibleChannelCore {}
44 | extension DatagramChannel: NIOTransportAccessibleChannelCore {}
   |           `- error: cannot find type 'DatagramChannel' in scope
45 | extension PipeChannel: NIOTransportAccessibleChannelCore {}
46 |
/host/spi-builder-workspace/.build/checkouts/swift-nio/Sources/NIOPosix/BaseSocketChannel+AccessibleTransport.swift:45:11: error: cannot find type 'PipeChannel' in scope
43 | extension ServerSocketChannel: NIOTransportAccessibleChannelCore {}
44 | extension DatagramChannel: NIOTransportAccessibleChannelCore {}
45 | extension PipeChannel: NIOTransportAccessibleChannelCore {}
   |           `- error: cannot find type 'PipeChannel' in scope
46 |
/host/spi-builder-workspace/.build/checkouts/swift-nio/Sources/NIOPosix/BaseSocketChannel+AccessibleTransport.swift:17:29: error: 'where' clause cannot be applied to a non-generic top-level declaration
15 | import NIOCore
16 |
17 | extension BaseSocketChannel where SocketType: BaseSocket {
   |                             `- error: 'where' clause cannot be applied to a non-generic top-level declaration
18 |     /// The underlying transport type backing this channel.
19 |     typealias Transport = NIOBSDSocket.Handle
/host/spi-builder-workspace/.build/checkouts/swift-nio/Sources/NIOPosix/BaseSocketChannel+AccessibleTransport.swift:27:29: error: 'where' clause cannot be applied to a non-generic top-level declaration
25 | }
26 |
27 | extension BaseSocketChannel where SocketType: PipePair {
   |                             `- error: 'where' clause cannot be applied to a non-generic top-level declaration
28 |     /// The underlying transport type backing this channel.
29 |     typealias Transport = NIOBSDSocket.PipeHandle
[432/484] Compiling NIOPosix BaseSocketChannel.swift
/host/spi-builder-workspace/.build/checkouts/swift-nio/Sources/NIOPosix/BaseSocketChannel+AccessibleTransport.swift:17:11: error: cannot find type 'BaseSocketChannel' in scope
15 | import NIOCore
16 |
17 | extension BaseSocketChannel where SocketType: BaseSocket {
   |           `- error: cannot find type 'BaseSocketChannel' in scope
18 |     /// The underlying transport type backing this channel.
19 |     typealias Transport = NIOBSDSocket.Handle
/host/spi-builder-workspace/.build/checkouts/swift-nio/Sources/NIOPosix/BaseSocketChannel+AccessibleTransport.swift:27:11: error: cannot find type 'BaseSocketChannel' in scope
25 | }
26 |
27 | extension BaseSocketChannel where SocketType: PipePair {
   |           `- error: cannot find type 'BaseSocketChannel' in scope
28 |     /// The underlying transport type backing this channel.
29 |     typealias Transport = NIOBSDSocket.PipeHandle
/host/spi-builder-workspace/.build/checkouts/swift-nio/Sources/NIOPosix/BaseSocketChannel+AccessibleTransport.swift:42:11: error: cannot find type 'SocketChannel' in scope
40 | }
41 |
42 | extension SocketChannel: NIOTransportAccessibleChannelCore {}
   |           `- error: cannot find type 'SocketChannel' in scope
43 | extension ServerSocketChannel: NIOTransportAccessibleChannelCore {}
44 | extension DatagramChannel: NIOTransportAccessibleChannelCore {}
/host/spi-builder-workspace/.build/checkouts/swift-nio/Sources/NIOPosix/BaseSocketChannel+AccessibleTransport.swift:43:11: error: cannot find type 'ServerSocketChannel' in scope
41 |
42 | extension SocketChannel: NIOTransportAccessibleChannelCore {}
43 | extension ServerSocketChannel: NIOTransportAccessibleChannelCore {}
   |           `- error: cannot find type 'ServerSocketChannel' in scope
44 | extension DatagramChannel: NIOTransportAccessibleChannelCore {}
45 | extension PipeChannel: NIOTransportAccessibleChannelCore {}
/host/spi-builder-workspace/.build/checkouts/swift-nio/Sources/NIOPosix/BaseSocketChannel+AccessibleTransport.swift:44:11: error: cannot find type 'DatagramChannel' in scope
42 | extension SocketChannel: NIOTransportAccessibleChannelCore {}
43 | extension ServerSocketChannel: NIOTransportAccessibleChannelCore {}
44 | extension DatagramChannel: NIOTransportAccessibleChannelCore {}
   |           `- error: cannot find type 'DatagramChannel' in scope
45 | extension PipeChannel: NIOTransportAccessibleChannelCore {}
46 |
/host/spi-builder-workspace/.build/checkouts/swift-nio/Sources/NIOPosix/BaseSocketChannel+AccessibleTransport.swift:45:11: error: cannot find type 'PipeChannel' in scope
43 | extension ServerSocketChannel: NIOTransportAccessibleChannelCore {}
44 | extension DatagramChannel: NIOTransportAccessibleChannelCore {}
45 | extension PipeChannel: NIOTransportAccessibleChannelCore {}
   |           `- error: cannot find type 'PipeChannel' in scope
46 |
/host/spi-builder-workspace/.build/checkouts/swift-nio/Sources/NIOPosix/BaseSocketChannel+AccessibleTransport.swift:17:29: error: 'where' clause cannot be applied to a non-generic top-level declaration
15 | import NIOCore
16 |
17 | extension BaseSocketChannel where SocketType: BaseSocket {
   |                             `- error: 'where' clause cannot be applied to a non-generic top-level declaration
18 |     /// The underlying transport type backing this channel.
19 |     typealias Transport = NIOBSDSocket.Handle
/host/spi-builder-workspace/.build/checkouts/swift-nio/Sources/NIOPosix/BaseSocketChannel+AccessibleTransport.swift:27:29: error: 'where' clause cannot be applied to a non-generic top-level declaration
25 | }
26 |
27 | extension BaseSocketChannel where SocketType: PipePair {
   |                             `- error: 'where' clause cannot be applied to a non-generic top-level declaration
28 |     /// The underlying transport type backing this channel.
29 |     typealias Transport = NIOBSDSocket.PipeHandle
[433/484] Compiling NIOPosix BaseStreamSocketChannel.swift
[434/484] Compiling NIOPosix Bootstrap.swift
[435/484] Compiling NIOPosix ControlMessage.swift
[436/484] Compiling NIOPosix DatagramVectorReadManager.swift
[437/484] Compiling NIOPosix Errors+Any.swift
[438/484] Compiling NIOPosix FileDescriptor.swift
[439/484] Compiling NIOPosix GetaddrinfoResolver.swift
[440/484] Compiling NIOPosix SelectorWSAPoll.swift
[441/484] Compiling NIOPosix ServerSocket.swift
[442/484] Compiling NIOPosix Socket.swift
[443/484] Compiling NIOPosix SocketChannel.swift
[444/484] Compiling NIOPosix SocketProtocols.swift
[445/484] Compiling NIOPosix StructuredConcurrencyHelpers.swift
[446/484] Compiling NIOPosix System.swift
[447/484] Compiling NIOPosix MultiThreadedEventLoopGroup.swift
[448/484] Compiling NIOPosix NIOPosixSendableMetatype.swift
[449/484] Compiling NIOPosix NIORandomizedDNSResolver.swift
[450/484] Compiling NIOPosix NIOThreadPool.swift
[451/484] Compiling NIOPosix NonBlockingFileIO.swift
[452/484] Compiling NIOPosix PendingDatagramWritesManager.swift
[453/484] Compiling NIOPosix PendingWritesManager.swift
[454/484] Compiling NIOPosix Selectable.swift
[455/484] Compiling NIOPosix SelectableChannel.swift
[456/484] Compiling NIOPosix SelectableEventLoop.swift
[457/484] Compiling NIOPosix SelectorEpoll.swift
[458/484] Compiling NIOPosix SelectorGeneric.swift
[459/484] Compiling NIOPosix SelectorKqueue.swift
[460/484] Compiling NIOPosix SelectorUring.swift
[461/484] Compiling NIOPosix PipeChannel.swift
[462/484] Compiling NIOPosix PipePair.swift
[463/484] Compiling NIOPosix Pool.swift
[464/484] Compiling NIOPosix PosixSingletons+ConcurrencyTakeOver.swift
[465/484] Compiling NIOPosix PosixSingletons.swift
[466/484] Compiling NIOPosix RawSocketBootstrap.swift
[467/484] Compiling NIOPosix Resolver.swift
[468/484] Compiling NIOPosix Thread.swift
[469/484] Compiling NIOPosix ThreadPosix.swift
[470/484] Compiling NIOPosix ThreadWindows.swift
[471/484] Compiling NIOPosix Utilities.swift
[472/484] Compiling NIOPosix VsockAddress.swift
[473/484] Compiling NIOPosix VsockChannelEvents.swift
[474/484] Compiling NIOPosix Windows.swift
[475/484] Emitting module NIOEmbedded
[476/484] Compiling NIOFoundationEssentialsCompat Codable+ByteBuffer.swift
[477/484] Compiling NIOEmbedded AsyncTestingChannel.swift
[478/484] Compiling NIOEmbedded AsyncTestingEventLoop.swift
/host/spi-builder-workspace/Sources/SWIM/SWIMInstance.swift:26:8: error: Unsupported platform
  24 | import Musl
  25 | #else
  26 | #error("Unsupported platform")
     |        `- error: Unsupported platform
  27 | #endif
  28 |
/host/spi-builder-workspace/Sources/SWIM/Settings.swift:25:8: error: Unsupported platform
 23 | import Musl
 24 | #else
 25 | #error("Unsupported platform")
    |        `- error: Unsupported platform
 26 | #endif
 27 |
/host/spi-builder-workspace/Sources/SWIM/Utils/Heap.swift:24:8: error: Unsupported platform
 22 | import Musl
 23 | #else
 24 | #error("Unsupported platform")
    |        `- error: Unsupported platform
 25 | #endif
 26 |
/host/spi-builder-workspace/Sources/SWIM/SWIMInstance.swift:26:8: error: Unsupported platform
  24 | import Musl
  25 | #else
  26 | #error("Unsupported platform")
     |        `- error: Unsupported platform
  27 | #endif
  28 |
/host/spi-builder-workspace/Sources/SWIM/Settings.swift:25:8: error: Unsupported platform
 23 | import Musl
 24 | #else
 25 | #error("Unsupported platform")
    |        `- error: Unsupported platform
 26 | #endif
 27 |
/host/spi-builder-workspace/Sources/SWIM/Utils/Heap.swift:24:8: error: Unsupported platform
 22 | import Musl
 23 | #else
 24 | #error("Unsupported platform")
    |        `- error: Unsupported platform
 25 | #endif
 26 |
/host/spi-builder-workspace/Sources/SWIM/SWIMInstance.swift:26:8: error: Unsupported platform
  24 | import Musl
  25 | #else
  26 | #error("Unsupported platform")
     |        `- error: Unsupported platform
  27 | #endif
  28 |
/host/spi-builder-workspace/Sources/SWIM/Settings.swift:25:8: error: Unsupported platform
 23 | import Musl
 24 | #else
 25 | #error("Unsupported platform")
    |        `- error: Unsupported platform
 26 | #endif
 27 |
/host/spi-builder-workspace/Sources/SWIM/Utils/Heap.swift:24:8: error: Unsupported platform
 22 | import Musl
 23 | #else
 24 | #error("Unsupported platform")
    |        `- error: Unsupported platform
 25 | #endif
 26 |
/host/spi-builder-workspace/Sources/SWIM/SWIMInstance.swift:635:33: error: cannot find 'round' in scope
 633 |                         maxTimeout
 634 |                             - Int64(
 635 |                                 round(
     |                                 `- error: cannot find 'round' in scope
 636 |                                     Double(maxTimeout - minTimeout)
 637 |                                         * (log2(Double(suspectedByCount + 1))
/host/spi-builder-workspace/Sources/SWIM/SWIMInstance.swift:637:44: error: cannot find 'log2' in scope
 635 |                                 round(
 636 |                                     Double(maxTimeout - minTimeout)
 637 |                                         * (log2(Double(suspectedByCount + 1))
     |                                            `- error: cannot find 'log2' in scope
 638 |                                             / log2(Double(self.settings.lifeguard.maxIndependentSuspicions + 1)))
 639 |                                 )
BUILD FAILURE 6.3 wasm