Build Information
Failed to build StorifyMeSnaps, reference v1.1.0 (a25de7), with Swift 6.4 for watchOS using Xcode 27.0 on 19 Sep 2026 16:24:26 UTC.
Build Command
env DEVELOPER_DIR=/Applications/Xcode-27.0.0-Release.Candidate.app xcrun xcodebuild -IDEClonedSourcePackagesDirPathOverride=$PWD/.dependencies -skipMacroValidation -skipPackagePluginValidation -derivedDataPath $PWD/.derivedData build -scheme StorifyMeSnaps -destination generic/platform=watchOSBuild Log
========================================
RunAll
========================================
Builder version: 5.1.0
Interrupt handler set up.
========================================
Checkout
========================================
Clone URL: https://github.com/storifyme/ios-storifyme-snaps-sdk.git
Reference: v1.1.0
Initialized empty Git repository in /Users/admin/builder/spi-builder-workspace/.git/
From https://github.com/storifyme/ios-storifyme-snaps-sdk
* tag v1.1.0 -> FETCH_HEAD
HEAD is now at a25de71 Version 1.1.0
Cloned https://github.com/storifyme/ios-storifyme-snaps-sdk.git
Revision (git rev-parse @):
a25de711683b6dae872cb95d6073765ec00ff370
SUCCESS checkout https://github.com/storifyme/ios-storifyme-snaps-sdk.git at v1.1.0
========================================
Build
========================================
Selected platform: watchOS
Swift version: 6.4
Building package at path: $PWD
https://github.com/storifyme/ios-storifyme-snaps-sdk.git
Command line invocation:
/Applications/Xcode-27.0.0-Release.Candidate.app/Contents/Developer/usr/bin/xcodebuild -IDEClonedSourcePackagesDirPathOverride=/Users/admin/builder/spi-builder-workspace/.dependencies -resolvePackageDependencies
Resolve Package Graph
Resolve Package Graph
Resolved source packages:
StorifyMeSnaps: /Users/admin/builder/spi-builder-workspace
resolved source packages: StorifyMeSnaps
2026-09-19 12:23:39.954 xcodebuild[529:3033] [MT] IDERunDestination: Supported platforms for the buildables in the current scheme is empty.
{
"dependencies" : [
],
"manifest_display_name" : "StorifyMeSnaps",
"name" : "StorifyMeSnaps",
"path" : "/Users/admin/builder/spi-builder-workspace",
"platforms" : [
{
"name" : "ios",
"version" : "11.0"
}
],
"products" : [
{
"name" : "StorifyMeSnaps",
"targets" : [
"StorifyMeSnaps"
],
"type" : {
"library" : [
"automatic"
]
}
}
],
"swift_languages_versions" : [
"5"
],
"targets" : [
{
"c99name" : "StorifyMeSnaps",
"module_type" : "BinaryTarget",
"name" : "StorifyMeSnaps",
"path" : "remote/archive/StorifyMeSnaps.zip",
"product_memberships" : [
"StorifyMeSnaps"
],
"sources" : [
],
"type" : "binary"
}
],
"tools_version" : "5.3"
}
{
"workspace" : {
"name" : "StorifyMeSnaps",
"schemes" : [
"StorifyMeSnaps"
]
}
}
2026-09-19 12:24:21.348 xcodebuild[659:4171] [MT] IDERunDestination: Supported platforms for the buildables in the current scheme is empty.
Running build ...
env DEVELOPER_DIR=/Applications/Xcode-27.0.0-Release.Candidate.app xcrun xcodebuild -IDEClonedSourcePackagesDirPathOverride=$PWD/.dependencies -skipMacroValidation -skipPackagePluginValidation -derivedDataPath $PWD/.derivedData build -scheme StorifyMeSnaps -destination generic/platform=watchOS
Command line invocation:
/Applications/Xcode-27.0.0-Release.Candidate.app/Contents/Developer/usr/bin/xcodebuild -IDEClonedSourcePackagesDirPathOverride=/Users/admin/builder/spi-builder-workspace/.dependencies -skipMacroValidation -skipPackagePluginValidation -derivedDataPath /Users/admin/builder/spi-builder-workspace/.derivedData build -scheme StorifyMeSnaps -destination generic/platform=watchOS
Resolve Package Graph
Resolved source packages:
StorifyMeSnaps: /Users/admin/builder/spi-builder-workspace
ComputePackagePrebuildTargetDependencyGraph
Prepare packages
CreateBuildRequest
SendProjectDescription
CreateBuildOperation
ComputeTargetDependencyGraph
note: Building targets in dependency order
note: Target dependency graph (1 target)
Target 'StorifyMeSnaps-product' in project 'StorifyMeSnaps' (no dependencies)
GatherProvisioningInputs
CreateBuildDescription
ExecuteExternalTool /Applications/Xcode-27.0.0-Release.Candidate.app/Contents/Developer/Toolchains/XcodeDefault.xctoolchain/usr/bin/clang -v -E -dM -isysroot /Applications/Xcode-27.0.0-Release.Candidate.app/Contents/Developer/Platforms/WatchOS.platform/Developer/SDKs/WatchOS27.0.sdk -x c -c /dev/null
Build description signature: 00c1785040b649c56df308544fe6fe0c
Build description path: /Users/admin/builder/spi-builder-workspace/.derivedData/Build/Intermediates.noindex/XCBuildData/00c1785040b649c56df308544fe6fe0c.xcbuilddata
/Users/admin/builder/spi-builder-workspace/.dependencies/artifacts/spi-builder-workspace/StorifyMeSnaps/StorifyMeSnaps.xcframework:1:1: error: While building for watchOS, no library for this platform was found in '/Users/admin/builder/spi-builder-workspace/.dependencies/artifacts/spi-builder-workspace/StorifyMeSnaps/StorifyMeSnaps.xcframework'. (in target 'StorifyMeSnaps-product' from project 'StorifyMeSnaps')
2026-09-19 12:24:22.877 xcodebuild[660:4215] [MT] IDERunDestination: Supported platforms for the buildables in the current scheme is empty.
** BUILD FAILED **
The following build commands failed:
Building workspace StorifyMeSnaps with scheme StorifyMeSnaps
(1 failure)
Command line invocation:
/Applications/Xcode-27.0.0-Release.Candidate.app/Contents/Developer/usr/bin/xcodebuild -IDEClonedSourcePackagesDirPathOverride=/Users/admin/builder/spi-builder-workspace/.dependencies -resolvePackageDependencies
Resolve Package Graph
Resolved source packages:
StorifyMeSnaps: /Users/admin/builder/spi-builder-workspace
resolved source packages: StorifyMeSnaps
2026-09-19 12:24:24.440 xcodebuild[672:4310] [MT] IDERunDestination: Supported platforms for the buildables in the current scheme is empty.
{
"dependencies" : [
],
"manifest_display_name" : "StorifyMeSnaps",
"name" : "StorifyMeSnaps",
"path" : "/Users/admin/builder/spi-builder-workspace",
"platforms" : [
{
"name" : "ios",
"version" : "11.0"
}
],
"products" : [
{
"name" : "StorifyMeSnaps",
"targets" : [
"StorifyMeSnaps"
],
"type" : {
"library" : [
"automatic"
]
}
}
],
"swift_languages_versions" : [
"5"
],
"targets" : [
{
"c99name" : "StorifyMeSnaps",
"module_type" : "BinaryTarget",
"name" : "StorifyMeSnaps",
"path" : "remote/archive/StorifyMeSnaps.zip",
"product_memberships" : [
"StorifyMeSnaps"
],
"sources" : [
],
"type" : "binary"
}
],
"tools_version" : "5.3"
}
{
"workspace" : {
"name" : "StorifyMeSnaps",
"schemes" : [
"StorifyMeSnaps"
]
}
}
2026-09-19 12:24:25.617 xcodebuild[680:4371] [MT] IDERunDestination: Supported platforms for the buildables in the current scheme is empty.
Running build ...
env DEVELOPER_DIR=/Applications/Xcode-27.0.0-Release.Candidate.app xcrun xcodebuild -IDEClonedSourcePackagesDirPathOverride=$PWD/.dependencies -skipMacroValidation -skipPackagePluginValidation -derivedDataPath $PWD/.derivedData build -scheme StorifyMeSnaps -destination generic/platform=watchOS
Command line invocation:
/Applications/Xcode-27.0.0-Release.Candidate.app/Contents/Developer/usr/bin/xcodebuild -IDEClonedSourcePackagesDirPathOverride=/Users/admin/builder/spi-builder-workspace/.dependencies -skipMacroValidation -skipPackagePluginValidation -derivedDataPath /Users/admin/builder/spi-builder-workspace/.derivedData build -scheme StorifyMeSnaps -destination generic/platform=watchOS
Resolve Package Graph
Resolved source packages:
StorifyMeSnaps: /Users/admin/builder/spi-builder-workspace
ComputePackagePrebuildTargetDependencyGraph
Prepare packages
CreateBuildRequest
SendProjectDescription
CreateBuildOperation
ComputeTargetDependencyGraph
note: Building targets in dependency order
note: Target dependency graph (1 target)
Target 'StorifyMeSnaps-product' in project 'StorifyMeSnaps' (no dependencies)
GatherProvisioningInputs
CreateBuildDescription
/Users/admin/builder/spi-builder-workspace/.dependencies/artifacts/spi-builder-workspace/StorifyMeSnaps/StorifyMeSnaps.xcframework:1:1: error: While building for watchOS, no library for this platform was found in '/Users/admin/builder/spi-builder-workspace/.dependencies/artifacts/spi-builder-workspace/StorifyMeSnaps/StorifyMeSnaps.xcframework'. (in target 'StorifyMeSnaps-product' from project 'StorifyMeSnaps')
2026-09-19 12:24:26.545 xcodebuild[681:4408] [MT] IDERunDestination: Supported platforms for the buildables in the current scheme is empty.
** BUILD FAILED **
The following build commands failed:
Building workspace StorifyMeSnaps with scheme StorifyMeSnaps
(1 failure)
BUILD FAILURE 6.4 watchOS