The Swift Package Index logo.Swift Package Index

Build Information

Failed to build Supabase, reference v2.55.3 (9c8c9d), with Swift 6.4 for Wasm on 2 Oct 2026 21:03:36 UTC.

Build Command

bash -c docker run --pull=always --rm -v "checkouts-54344844-0":/host -w "$PWD" -e JAVA_HOME="/root/.sdkman/candidates/java/current" -e SPI_BUILD="1" -e SPI_PROCESSING="1" registry.gitlab.com/saguaro1/spi-images:wasm-6.4-latest swift build --swift-sdk swift-6.4.x-DEVELOPMENT-SNAPSHOT-2026-09-04-a_wasm 2>&1

Build Log

========================================
RunAll
========================================
Builder version: 5.1.1
Interrupt handler set up.
========================================
Checkout
========================================
Clone URL: https://github.com/supabase/supabase-swift.git
Reference: v2.55.3
Initialized empty Git repository in /host/spi-builder-workspace/.git/
hint: Using 'master' as the name for the initial branch. This default branch name
hint: is subject to change. To configure the initial branch name to use in all
hint: of your new repositories, which will suppress this warning, call:
hint:
hint: 	git config --global init.defaultBranch <name>
hint:
hint: Names commonly chosen instead of 'master' are 'main', 'trunk' and
hint: 'development'. The just-created branch can be renamed via this command:
hint:
hint: 	git branch -m <name>
From https://github.com/supabase/supabase-swift
 * tag               v2.55.3    -> FETCH_HEAD
HEAD is now at 9c8c9d2 chore(release/v2): release 2.55.3
Cloned https://github.com/supabase/supabase-swift.git
Revision (git rev-parse @):
9c8c9d283b13a369f52cc78d8639648d8a17f5d3
SPI manifest file found: $PWD/.spi.yml
SUCCESS checkout https://github.com/supabase/supabase-swift.git at v2.55.3
========================================
Build
========================================
Selected platform:         wasm
Swift version:             6.4
Building package at path:  $PWD
https://github.com/supabase/supabase-swift.git
Running build ...
bash -c docker run --pull=always --rm -v "checkouts-54344844-0":/host -w "$PWD" -e JAVA_HOME="/root/.sdkman/candidates/java/current" -e SPI_BUILD="1" -e SPI_PROCESSING="1" registry.gitlab.com/saguaro1/spi-images:wasm-6.4-latest swift build --swift-sdk swift-6.4.x-DEVELOPMENT-SNAPSHOT-2026-09-04-a_wasm 2>&1
wasm-6.4-latest: Pulling from saguaro1/spi-images
Digest: sha256:4328fdb43c680d205c1d6761b1e3267aa38277eefdda9ddfb17b6a0f1a77857a
Status: Image is up to date for registry.gitlab.com/saguaro1/spi-images:wasm-6.4-latest
Fetching https://github.com/krzyzanowskim/CryptoSwift.git
Fetching https://github.com/pointfreeco/swift-custom-dump
Fetching https://github.com/pointfreeco/xctest-dynamic-overlay
Fetching https://github.com/pointfreeco/swift-snapshot-testing
Fetching https://github.com/21-DOT-DEV/swift-secp256k1.git
[1/5669] Fetching swift-custom-dump
[2893/8396] Fetching swift-custom-dump, xctest-dynamic-overlay
[8397/21835] Fetching swift-custom-dump, xctest-dynamic-overlay, cryptoswift
Fetched https://github.com/pointfreeco/swift-custom-dump (0.80s)
[2862/16166] Fetching xctest-dynamic-overlay, cryptoswift
Fetching https://github.com/pointfreeco/swift-concurrency-extras
Fetched https://github.com/pointfreeco/xctest-dynamic-overlay (0.95s)
Fetching https://github.com/pointfreeco/swift-clocks
[1883/24633] Fetching cryptoswift, swift-secp256k1
[3137/25691] Fetching cryptoswift, swift-secp256k1, swift-concurrency-extras
Fetched https://github.com/pointfreeco/swift-concurrency-extras (0.56s)
[4728/41132] Fetching cryptoswift, swift-secp256k1, swift-snapshot-testing
Fetching https://github.com/apple/swift-http-types.git
[5223/42578] Fetching cryptoswift, swift-secp256k1, swift-snapshot-testing, swift-clocks
Fetched https://github.com/pointfreeco/swift-clocks (0.72s)
Fetching https://github.com/apple/swift-crypto.git
[5611/41132] Fetching cryptoswift, swift-secp256k1, swift-snapshot-testing
[12465/43071] Fetching cryptoswift, swift-secp256k1, swift-snapshot-testing, swift-http-types
Fetched https://github.com/apple/swift-http-types.git (0.76s)
[19250/41132] Fetching cryptoswift, swift-secp256k1, swift-snapshot-testing
[23038/59704] Fetching cryptoswift, swift-secp256k1, swift-snapshot-testing, swift-crypto
Fetching https://github.com/WeTransfer/Mocker
Fetched https://github.com/krzyzanowskim/CryptoSwift.git (3.73s)
[18930/46265] Fetching swift-secp256k1, swift-snapshot-testing, swift-crypto
[39810/48171] Fetching swift-secp256k1, swift-snapshot-testing, swift-crypto, mocker
Fetched https://github.com/WeTransfer/Mocker (1.21s)
[40656/46265] Fetching swift-secp256k1, swift-snapshot-testing, swift-crypto
Fetched https://github.com/apple/swift-crypto.git (3.81s)
Fetched https://github.com/21-DOT-DEV/swift-secp256k1.git (5.76s)
Fetched https://github.com/pointfreeco/swift-snapshot-testing (5.81s)
Computing version for https://github.com/krzyzanowskim/CryptoSwift.git
Computed https://github.com/krzyzanowskim/CryptoSwift.git at 1.10.0 (8.02s)
Computing version for https://github.com/21-DOT-DEV/swift-secp256k1.git
Computed https://github.com/21-DOT-DEV/swift-secp256k1.git at 0.23.2 (0.53s)
Computing version for https://github.com/WeTransfer/Mocker
Computed https://github.com/WeTransfer/Mocker at 3.0.2 (0.41s)
Computing version for https://github.com/pointfreeco/swift-concurrency-extras
Computed https://github.com/pointfreeco/swift-concurrency-extras at 1.4.1 (0.56s)
Computing version for https://github.com/apple/swift-http-types.git
Computed https://github.com/apple/swift-http-types.git at 1.8.0 (0.41s)
Computing version for https://github.com/pointfreeco/swift-clocks
Computed https://github.com/pointfreeco/swift-clocks at 1.1.1 (0.38s)
Fetching https://github.com/pointfreeco/swift-issue-reporting
[1/6170] Fetching swift-issue-reporting
Fetched https://github.com/pointfreeco/swift-issue-reporting (0.95s)
Computing version for https://github.com/pointfreeco/swift-issue-reporting
Computed https://github.com/pointfreeco/swift-issue-reporting at 2.1.1 (1.53s)
Computing version for https://github.com/pointfreeco/swift-custom-dump
Computed https://github.com/pointfreeco/swift-custom-dump at 1.7.3 (0.59s)
Computing version for https://github.com/pointfreeco/xctest-dynamic-overlay
Computed https://github.com/pointfreeco/xctest-dynamic-overlay at 1.13.1 (0.47s)
Computing version for https://github.com/pointfreeco/swift-snapshot-testing
Computed https://github.com/pointfreeco/swift-snapshot-testing at 1.19.6 (0.33s)
Fetching https://github.com/swiftlang/swift-syntax
[1/80201] Fetching swift-syntax
Fetched https://github.com/swiftlang/swift-syntax (6.96s)
Computing version for https://github.com/swiftlang/swift-syntax
Computed https://github.com/swiftlang/swift-syntax at 604.0.0 (7.72s)
Computing version for https://github.com/apple/swift-crypto.git
Computed https://github.com/apple/swift-crypto.git at 4.5.2 (0.56s)
Fetching https://github.com/apple/swift-asn1.git
[20/1986] Fetching swift-asn1
Fetched https://github.com/apple/swift-asn1.git (0.59s)
Computing version for https://github.com/apple/swift-asn1.git
Computed https://github.com/apple/swift-asn1.git at 1.7.3 (1.15s)
Creating working copy for https://github.com/21-DOT-DEV/swift-secp256k1.git
Working copy of https://github.com/21-DOT-DEV/swift-secp256k1.git resolved at 0.23.2
Creating working copy for https://github.com/swiftlang/swift-syntax
Working copy of https://github.com/swiftlang/swift-syntax resolved at 604.0.0
Creating working copy for https://github.com/apple/swift-crypto.git
Working copy of https://github.com/apple/swift-crypto.git resolved at 4.5.2
Creating working copy for https://github.com/pointfreeco/swift-concurrency-extras
Working copy of https://github.com/pointfreeco/swift-concurrency-extras resolved at 1.4.1
Creating working copy for https://github.com/pointfreeco/xctest-dynamic-overlay
Working copy of https://github.com/pointfreeco/xctest-dynamic-overlay resolved at 1.13.1
Creating working copy for https://github.com/pointfreeco/swift-snapshot-testing
Working copy of https://github.com/pointfreeco/swift-snapshot-testing resolved at 1.19.6
Creating working copy for https://github.com/WeTransfer/Mocker
Working copy of https://github.com/WeTransfer/Mocker resolved at 3.0.2
Creating working copy for https://github.com/pointfreeco/swift-issue-reporting
Working copy of https://github.com/pointfreeco/swift-issue-reporting resolved at 2.1.1
Creating working copy for https://github.com/krzyzanowskim/CryptoSwift.git
Working copy of https://github.com/krzyzanowskim/CryptoSwift.git resolved at 1.10.0
Creating working copy for https://github.com/pointfreeco/swift-custom-dump
Working copy of https://github.com/pointfreeco/swift-custom-dump resolved at 1.7.3
Creating working copy for https://github.com/apple/swift-http-types.git
Working copy of https://github.com/apple/swift-http-types.git resolved at 1.8.0
Creating working copy for https://github.com/apple/swift-asn1.git
Working copy of https://github.com/apple/swift-asn1.git resolved at 1.7.3
Creating working copy for https://github.com/pointfreeco/swift-clocks
Working copy of https://github.com/pointfreeco/swift-clocks resolved at 1.1.1
Building for debugging...
[Computing dependencies]
[Provisioning 1 / 66]
[Constructing description]
[Pre-planning 1 / 1534]
[Planning 335 / 1534]
[Planning 600 / 1534]
[Planning 791 / 1534]
[Planning 968 / 1534]
[Planning 1142 / 1534]
[Planning 1285 / 1534]
[Planning 1498 / 1534]
[Planning deferred tasks]
[Constructing 122 / 3540]
[Constructing 1718 / 3540]
[Starting]
[6 / 882]
[87 / 882] SwiftDiagnostics
[213 / 882] SwiftSyntax604
[228 / 891] SwiftSyntax604
[237 / 909] SwiftSyntax601
[237 / 909] SwiftSyntax600
[262 / 909] SwiftSyntax604
[271 / 916] SwiftSyntax510
[279 / 934] SwiftSyntax601
[281 / 961] SnapshotTesting
error: SwiftCompile normal wasm32 failed with a nonzero exit code. Command line:     cd /host

/host/spi-builder-workspace/.build/checkouts/Mocker/Sources/Mocker/Mock.swift:308:42: error: cannot find type 'URLRequest' in scope
306 |
307 |     /// Used to compare the Mock data with the given `URLRequest`.
308 |     static func == (mock: Mock, request: URLRequest) -> Bool {
    |                                          `- error: cannot find type 'URLRequest' in scope
309 |         guard let requestHTTPMethod = Mock.HTTPMethod(rawValue: request.httpMethod ?? "") else { return false }
310 |
/host/spi-builder-workspace/.build/checkouts/Mocker/Sources/Mocker/Mock.swift:35:46: error: cannot find type 'URLRequest' in scope
 33 |     }
 34 |
 35 |     public typealias OnRequest = (_ request: URLRequest, _ httpBodyArguments: [String: Any]?) -> Void
    |                                              `- error: cannot find type 'URLRequest' in scope
 36 |
 37 |     /// The type of the data which designates the Content-Type header.
/host/spi-builder-workspace/.build/checkouts/Mocker/Sources/Mocker/Mock.swift:70:25: error: cannot find type 'URLRequest' in scope
 68 |
 69 |     /// The `URLRequest` to use if you did not set a specific URL.
 70 |     public let request: URLRequest
    |                         `- error: cannot find type 'URLRequest' in scope
 71 |
 72 |     /// If `true`, checking the URL will ignore the query and match only for the scheme, host and path.
/host/spi-builder-workspace/.build/checkouts/Mocker/Sources/Mocker/Mock.swift:82:23: error: cannot find type 'DispatchTimeInterval' in scope
 80 |
 81 |     /// Add a delay to a certain mock, which makes the response returned later.
 82 |     public var delay: DispatchTimeInterval?
    |                       `- error: cannot find type 'DispatchTimeInterval' in scope
 83 |
 84 |     /// Allow response cache.
/host/spi-builder-workspace/.build/checkouts/Mocker/Sources/Mocker/Mock.swift:85:45: error: 'StoragePolicy' is not a member type of type 'Foundation.URLCache' (aka 'AnyObject')
 83 |
 84 |     /// Allow response cache.
 85 |     public var cacheStoragePolicy: URLCache.StoragePolicy = .notAllowed
    |                                             `- error: 'StoragePolicy' is not a member type of type 'Foundation.URLCache' (aka 'AnyObject')
 86 |
 87 |     /// The callback which will be executed everytime this `Mock` was completed. Can be used within unit tests for validating that a request has been executed. The callback must be set before calling `register`.
/host/spi-builder-workspace/.build/checkouts/Mocker/Sources/Mocker/Mock.swift:105:31: error: cannot find type 'XCTestExpectation' in scope
103 |
104 |     /// Can only be set internally as it's used by the `expectationForRequestingMock(_:)` method.
105 |     var onRequestExpectation: XCTestExpectation?
    |                               `- error: cannot find type 'XCTestExpectation' in scope
106 |
107 |     /// Can only be set internally as it's used by the `expectationForCompletingMock(_:)` method.
/host/spi-builder-workspace/.build/checkouts/Mocker/Sources/Mocker/Mock.swift:108:33: error: cannot find type 'XCTestExpectation' in scope
106 |
107 |     /// Can only be set internally as it's used by the `expectationForCompletingMock(_:)` method.
108 |     var onCompletedExpectation: XCTestExpectation?
    |                                 `- error: cannot find type 'XCTestExpectation' in scope
109 |
110 |     private init(url: URL? = nil, ignoreQuery: Bool = false, cacheStoragePolicy: URLCache.StoragePolicy = .notAllowed, contentType: DataType? = nil, statusCode: Int, data: [HTTPMethod: Data], requestError: Error? = nil, additionalHeaders: [String: String] = [:], fileExtensions: [String]? = nil) {
/host/spi-builder-workspace/.build/checkouts/Mocker/Sources/Mocker/Mock.swift:110:91: error: 'StoragePolicy' is not a member type of type 'Foundation.URLCache' (aka 'AnyObject')
108 |     var onCompletedExpectation: XCTestExpectation?
109 |
110 |     private init(url: URL? = nil, ignoreQuery: Bool = false, cacheStoragePolicy: URLCache.StoragePolicy = .notAllowed, contentType: DataType? = nil, statusCode: Int, data: [HTTPMethod: Data], requestError: Error? = nil, additionalHeaders: [String: String] = [:], fileExtensions: [String]? = nil) {
    |                                                                                           `- error: 'StoragePolicy' is not a member type of type 'Foundation.URLCache' (aka 'AnyObject')
111 |         guard data.count > 0 else {
112 |             preconditionFailure("At least one entry is required in the data dictionary")
/host/spi-builder-workspace/.build/checkouts/Mocker/Sources/Mocker/Mock.swift:186:83: error: 'StoragePolicy' is not a member type of type 'Foundation.URLCache' (aka 'AnyObject')
184 |     ///   - requestError: If provided, the URLSession will report the passed error rather than returning data. Defaults to `nil`.
185 |     @available(*, deprecated, renamed: "init(url:ignoreQuery:cacheStoragePolicy:contentType:statusCode:data:additionalHeaders:requestError:)")
186 |     public init(url: URL, ignoreQuery: Bool = false, cacheStoragePolicy: URLCache.StoragePolicy = .notAllowed, dataType: DataType, statusCode: Int, data: [HTTPMethod: Data], additionalHeaders: [String: String] = [:], requestError: Error? = nil) {
    |                                                                                   `- error: 'StoragePolicy' is not a member type of type 'Foundation.URLCache' (aka 'AnyObject')
187 |         self.init(
188 |             url: url,
/host/spi-builder-workspace/.build/checkouts/Mocker/Sources/Mocker/Mock.swift:211:83: error: 'StoragePolicy' is not a member type of type 'Foundation.URLCache' (aka 'AnyObject')
209 |     ///   - additionalHeaders: Additional headers to be added to the response.
210 |     ///   - requestError: If provided, the URLSession will report the passed error rather than returning data. Defaults to `nil`.
211 |     public init(url: URL, ignoreQuery: Bool = false, cacheStoragePolicy: URLCache.StoragePolicy = .notAllowed, contentType: DataType? = nil, statusCode: Int, data: [HTTPMethod: Data], additionalHeaders: [String: String] = [:], requestError: Error? = nil) {
    |                                                                                   `- error: 'StoragePolicy' is not a member type of type 'Foundation.URLCache' (aka 'AnyObject')
212 |         self.init(
213 |             url: url,
/host/spi-builder-workspace/.build/checkouts/Mocker/Sources/Mocker/Mock.swift:275:26: error: cannot find type 'URLRequest' in scope
273 |     ///   - additionalHeaders: Additional headers to be added to the response.
274 |     ///   - requestError: If provided, the URLSession will report the passed error rather than returning data. Defaults to `nil`.
275 |     public init(request: URLRequest, ignoreQuery: Bool = false, cacheStoragePolicy: URLCache.StoragePolicy = .notAllowed, contentType: DataType? = nil, statusCode: Int, data: Data = Data(), additionalHeaders: [String: String] = [:], requestError: Error? = nil) {
    |                          `- error: cannot find type 'URLRequest' in scope
276 |         guard let requestHTTPMethod = Mock.HTTPMethod(rawValue: request.httpMethod ?? "") else {
277 |             preconditionFailure("Unexpected http method")
/host/spi-builder-workspace/.build/checkouts/Mocker/Sources/Mocker/Mock.swift:275:94: error: 'StoragePolicy' is not a member type of type 'Foundation.URLCache' (aka 'AnyObject')
273 |     ///   - additionalHeaders: Additional headers to be added to the response.
274 |     ///   - requestError: If provided, the URLSession will report the passed error rather than returning data. Defaults to `nil`.
275 |     public init(request: URLRequest, ignoreQuery: Bool = false, cacheStoragePolicy: URLCache.StoragePolicy = .notAllowed, contentType: DataType? = nil, statusCode: Int, data: Data = Data(), additionalHeaders: [String: String] = [:], requestError: Error? = nil) {
    |                                                                                              `- error: 'StoragePolicy' is not a member type of type 'Foundation.URLCache' (aka 'AnyObject')
276 |         guard let requestHTTPMethod = Mock.HTTPMethod(rawValue: request.httpMethod ?? "") else {
277 |             preconditionFailure("Unexpected http method")
/host/spi-builder-workspace/.build/checkouts/Mocker/Sources/Mocker/Mock.swift:302:28: error: cannot find type 'URLRequest' in scope
300 |     /// - Parameter request: The request to match data for.
301 |     /// - Returns: The `Data` which matches the request. Will be `nil` if no data is registered for the request `HTTPMethod`.
302 |     func data(for request: URLRequest) -> Data? {
    |                            `- error: cannot find type 'URLRequest' in scope
303 |         guard let requestHTTPMethod = Mock.HTTPMethod(rawValue: request.httpMethod ?? "") else { return nil }
304 |         return data[requestHTTPMethod]
/host/spi-builder-workspace/.build/checkouts/Mocker/Sources/Mocker/OnRequestHandler.swift:19:47: error: cannot find type 'URLRequest' in scope
 17 |     public typealias OnRequest<HTTPBody> = (_ request: URLRequest, _ httpBody: HTTPBody?) -> Void
 18 |
 19 |     private let internalCallback: (_ request: URLRequest) -> Void
    |                                               `- error: cannot find type 'URLRequest' in scope
 20 |     let legacyCallback: Mock.OnRequest?
 21 |
/host/spi-builder-workspace/.build/checkouts/Mocker/Sources/Mocker/Mocker.swift:75:25: error: cannot find 'DispatchQueue' in scope
 73 |
 74 |     /// For Thread Safety access.
 75 |     private let queue = DispatchQueue(label: "mocker.mocks.access.queue", attributes: .concurrent)
    |                         `- error: cannot find 'DispatchQueue' in scope
 76 |
 77 |     private init() {
/host/spi-builder-workspace/.build/checkouts/Mocker/Sources/Mocker/Mocker.swift:108:48: error: cannot find type 'URLRequest' in scope
106 |     /// - Parameter url: The URL to check for.
107 |     /// - Returns: `true` if it should be mocked, `false` if the URL is registered as ignored.
108 |     public static func shouldHandle(_ request: URLRequest) -> Bool {
    |                                                `- error: cannot find type 'URLRequest' in scope
109 |         switch mode {
110 |         case .optout:
/host/spi-builder-workspace/.build/checkouts/Mocker/Sources/Mocker/Mocker.swift:132:35: error: cannot find type 'URLRequest' in scope
130 |     /// - Parameter request: The request to search for a mock.
131 |     /// - Returns: A mock if found, `nil` if there's no mocked data registered for the given request.
132 |     static func mock(for request: URLRequest) -> Mock? {
    |                                   `- error: cannot find type 'URLRequest' in scope
133 |         shared.queue.sync {
134 |             /// First check for specific URLs
/host/spi-builder-workspace/.build/checkouts/Mocker/Sources/Mocker/MockingURLProtocol.swift:35:35: error: cannot find type 'DispatchWorkItem' in scope
 33 |     }
 34 |
 35 |     private var responseWorkItem: DispatchWorkItem?
    |                                   `- error: cannot find type 'DispatchWorkItem' in scope
 36 |
 37 |     /// Returns Mocked data based on the mocks register in the `Mocker`. Will end up in an error when no Mock data is found for the request.
/host/spi-builder-workspace/.build/checkouts/Mocker/Sources/Mocker/MockingURLProtocol.swift:38:26: error: method does not override any method from its superclass
 36 |
 37 |     /// Returns Mocked data based on the mocks register in the `Mocker`. Will end up in an error when no Mock data is found for the request.
 38 |     override public func startLoading() {
    |                          `- error: method does not override any method from its superclass
 39 |         guard
 40 |             let mock = Mocker.mock(for: request),
/host/spi-builder-workspace/.build/checkouts/Mocker/Sources/Mocker/MockingURLProtocol.swift:67:70: error: 'HTTPURLResponse' is unavailable: This type has moved to the FoundationNetworking module. Import that module to use it.
 65 |     }
 66 |
 67 |     private func finishRequest(for mock: Mock, data: Data, response: HTTPURLResponse) {
    |                                                                      `- error: 'HTTPURLResponse' is unavailable: This type has moved to the FoundationNetworking module. Import that module to use it.
 68 |         if let redirectLocation = data.redirectLocation {
 69 |             self.client?.urlProtocol(self, wasRedirectedTo: URLRequest(url: redirectLocation), redirectResponse: response)
Foundation.HTTPURLResponse:2:18: note: 'HTTPURLResponse' has been explicitly marked unavailable here
1 | @available(*, unavailable, message: "This type has moved to the FoundationNetworking module. Import that module to use it.")
2 | public typealias HTTPURLResponse = AnyObject
  |                  `- note: 'HTTPURLResponse' has been explicitly marked unavailable here
/host/spi-builder-workspace/.build/checkouts/Mocker/Sources/Mocker/MockingURLProtocol.swift:83:26: error: method does not override any method from its superclass
 81 |
 82 |     /// Implementation does nothing, but is needed for a valid inheritance of URLProtocol.
 83 |     override public func stopLoading() {
    |                          `- error: method does not override any method from its superclass
 84 |         responseWorkItem?.cancel()
 85 |     }
/host/spi-builder-workspace/.build/checkouts/Mocker/Sources/Mocker/MockingURLProtocol.swift:88:77: error: cannot find type 'URLRequest' in scope
 86 |
 87 |     /// Simply sends back the passed request. Implementation is needed for a valid inheritance of URLProtocol.
 88 |     override public class func canonicalRequest(for request: URLRequest) -> URLRequest {
    |                                                                             `- error: cannot find type 'URLRequest' in scope
 89 |         return request
 90 |     }
/host/spi-builder-workspace/.build/checkouts/Mocker/Sources/Mocker/MockingURLProtocol.swift:88:62: error: cannot find type 'URLRequest' in scope
 86 |
 87 |     /// Simply sends back the passed request. Implementation is needed for a valid inheritance of URLProtocol.
 88 |     override public class func canonicalRequest(for request: URLRequest) -> URLRequest {
    |                                                              `- error: cannot find type 'URLRequest' in scope
 89 |         return request
 90 |     }
/host/spi-builder-workspace/.build/checkouts/Mocker/Sources/Mocker/MockingURLProtocol.swift:93:54: error: cannot find type 'URLRequest' in scope
 91 |
 92 |     /// Overrides needed to define a valid inheritance of URLProtocol.
 93 |     override public class func canInit(with request: URLRequest) -> Bool {
    |                                                      `- error: cannot find type 'URLRequest' in scope
 94 |         return Mocker.shouldHandle(request)
 95 |     }
/host/spi-builder-workspace/.build/checkouts/Mocker/Sources/Mocker/MockingURLProtocol.swift:15:32: error: 'URLProtocol' is unavailable: This type has moved to the FoundationNetworking module. Import that module to use it.
 13 |
 14 | /// The protocol which can be used to send Mocked data back. Use the `Mocker` to register `Mock` data
 15 | open class MockingURLProtocol: URLProtocol {
    |                                `- error: 'URLProtocol' is unavailable: This type has moved to the FoundationNetworking module. Import that module to use it.
 16 |
 17 |     enum Error: Swift.Error, LocalizedError, CustomDebugStringConvertible {
Foundation.URLProtocol:2:18: note: 'URLProtocol' has been explicitly marked unavailable here
1 | @available(*, unavailable, message: "This type has moved to the FoundationNetworking module. Import that module to use it.")
2 | public typealias URLProtocol = AnyObject
  |                  `- note: 'URLProtocol' has been explicitly marked unavailable here
/host/spi-builder-workspace/.build/checkouts/Mocker/Sources/Mocker/OnRequestHandler.swift:17:56: error: cannot find type 'URLRequest' in scope
 15 | public struct OnRequestHandler {
 16 |
 17 |     public typealias OnRequest<HTTPBody> = (_ request: URLRequest, _ httpBody: HTTPBody?) -> Void
    |                                                        `- error: cannot find type 'URLRequest' in scope
 18 |
 19 |     private let internalCallback: (_ request: URLRequest) -> Void
/host/spi-builder-workspace/.build/checkouts/Mocker/Sources/Mocker/OnRequestHandler.swift:26:78: error: '@escaping' only applies to function types
 24 |     ///   - httpBodyType: The decodable type to use for parsing the request body.
 25 |     ///   - callback: The callback which will be called just before the request executes.
 26 |     public init<HTTPBody: Decodable>(httpBodyType: HTTPBody.Type?, callback: @escaping OnRequest<HTTPBody>) {
    |                                                                              `- error: '@escaping' only applies to function types
 27 |         self.internalCallback = { request in
 28 |             guard
/host/spi-builder-workspace/.build/checkouts/Mocker/Sources/Mocker/OnRequestHandler.swift:42:56: error: cannot find type 'URLRequest' in scope
 40 |     /// Creates a new request handler using the given callback to call on request without parsing the body arguments.
 41 |     /// - Parameter requestCallback: The callback which will be executed just before the request executes, containing the request.
 42 |     public init(requestCallback: @escaping (_ request: URLRequest) -> Void) {
    |                                                        `- error: cannot find type 'URLRequest' in scope
 43 |         self.internalCallback = requestCallback
 44 |         legacyCallback = nil
/host/spi-builder-workspace/.build/checkouts/Mocker/Sources/Mocker/OnRequestHandler.swift:58:64: error: cannot find type 'URLRequest' in scope
 56 |     /// Creates a new request handler using the given callback to call on request.
 57 |     /// - Parameter jsonDictionaryCallback: The callback that executes just before the request executes, containing the HTTP Body Arguments as a JSON Object Dictionary.
 58 |     public init(jsonDictionaryCallback: @escaping ((_ request: URLRequest, _ httpBodyArguments: [String: Any]?) -> Void)) {
    |                                                                `- error: cannot find type 'URLRequest' in scope
 59 |         self.internalCallback = { request in
 60 |             guard
/host/spi-builder-workspace/.build/checkouts/Mocker/Sources/Mocker/OnRequestHandler.swift:58:41: error: '@escaping' only applies to function types
 56 |     /// Creates a new request handler using the given callback to call on request.
 57 |     /// - Parameter jsonDictionaryCallback: The callback that executes just before the request executes, containing the HTTP Body Arguments as a JSON Object Dictionary.
 58 |     public init(jsonDictionaryCallback: @escaping ((_ request: URLRequest, _ httpBodyArguments: [String: Any]?) -> Void)) {
    |                                         `- error: '@escaping' only applies to function types
 59 |         self.internalCallback = { request in
 60 |             guard
/host/spi-builder-workspace/.build/checkouts/Mocker/Sources/Mocker/OnRequestHandler.swift:74:59: error: cannot find type 'URLRequest' in scope
 72 |     /// Creates a new request handler using the given callback to call on request.
 73 |     /// - Parameter jsonDictionaryCallback: The callback that executes just before the request executes, containing the HTTP Body Arguments as a JSON Object Array.
 74 |     public init(jsonArrayCallback: @escaping ((_ request: URLRequest, _ httpBodyArguments: [[String: Any]]?) -> Void)) {
    |                                                           `- error: cannot find type 'URLRequest' in scope
 75 |         self.internalCallback = { request in
 76 |             guard
/host/spi-builder-workspace/.build/checkouts/Mocker/Sources/Mocker/OnRequestHandler.swift:74:36: error: '@escaping' only applies to function types
 72 |     /// Creates a new request handler using the given callback to call on request.
 73 |     /// - Parameter jsonDictionaryCallback: The callback that executes just before the request executes, containing the HTTP Body Arguments as a JSON Object Array.
 74 |     public init(jsonArrayCallback: @escaping ((_ request: URLRequest, _ httpBodyArguments: [[String: Any]]?) -> Void)) {
    |                                    `- error: '@escaping' only applies to function types
 75 |         self.internalCallback = { request in
 76 |             guard
/host/spi-builder-workspace/.build/checkouts/Mocker/Sources/Mocker/OnRequestHandler.swift:102:35: error: cannot find type 'URLRequest' in scope
100 |     }
101 |
102 |     func handleRequest(_ request: URLRequest) {
    |                                   `- error: cannot find type 'URLRequest' in scope
103 |         internalCallback(request)
104 |     }
/host/spi-builder-workspace/.build/checkouts/Mocker/Sources/Mocker/OnRequestHandler.swift:107:19: error: cannot find type 'URLRequest' in scope
105 | }
106 |
107 | private extension URLRequest {
    |                   `- error: cannot find type 'URLRequest' in scope
108 |     /// We need to use the http body stream data as the URLRequest once launched converts the `httpBody` to this stream of data.
109 |     func httpBodyStreamData() -> Data? {
/host/spi-builder-workspace/.build/checkouts/Mocker/Sources/Mocker/XCTest+Mocker.swift:13:62: error: cannot find type 'XCTestExpectation' in scope
11 |
12 | public extension XCTestCase {
13 |     func expectationForRequestingMock(_ mock: inout Mock) -> XCTestExpectation {
   |                                                              `- error: cannot find type 'XCTestExpectation' in scope
14 |         let mockExpectation = expectation(description: "\(mock) should be requested")
15 |         mock.onRequestExpectation = mockExpectation
/host/spi-builder-workspace/.build/checkouts/Mocker/Sources/Mocker/XCTest+Mocker.swift:19:62: error: cannot find type 'XCTestExpectation' in scope
17 |     }
18 |
19 |     func expectationForCompletingMock(_ mock: inout Mock) -> XCTestExpectation {
   |                                                              `- error: cannot find type 'XCTestExpectation' in scope
20 |         let mockExpectation = expectation(description: "\(mock) should be finishing")
21 |         mock.onCompletedExpectation = mockExpectation
Failed frontend command:
/usr/bin/swift-frontend -frontend -emit-module -experimental-skip-non-inlinable-function-bodies-without-types /host/spi-builder-workspace/.build/checkouts/Mocker/Sources/Mocker/Mock+DataType.swift /host/spi-builder-workspace/.build/checkouts/Mocker/Sources/Mocker/Mock.swift /host/spi-builder-workspace/.build/checkouts/Mocker/Sources/Mocker/Mocker.swift /host/spi-builder-workspace/.build/checkouts/Mocker/Sources/Mocker/MockingURLProtocol.swift /host/spi-builder-workspace/.build/checkouts/Mocker/Sources/Mocker/OnRequestHandler.swift /host/spi-builder-workspace/.build/checkouts/Mocker/Sources/Mocker/XCTest+Mocker.swift -target wasm32-unknown-wasip1 -disable-objc-interop -sdk /root/.swiftpm/swift-sdks/swift-6.4.x-DEVELOPMENT-SNAPSHOT-2026-09-04-a_wasm.artifactbundle/swift-6.4.x-DEVELOPMENT-SNAPSHOT-2026-09-04-a_wasm/wasm32-unknown-wasip1/WASI.sdk -sysroot /root/.swiftpm/swift-sdks/swift-6.4.x-DEVELOPMENT-SNAPSHOT-2026-09-04-a_wasm.artifactbundle/swift-6.4.x-DEVELOPMENT-SNAPSHOT-2026-09-04-a_wasm/wasm32-unknown-wasip1/WASI.sdk -I /host/spi-builder-workspace/.build/out/Products/Debug-webassembly-wasm32 -module-cache-path /host/spi-builder-workspace/.build/out/ModuleCache.noindex -color-diagnostics -Xcc -fcolor-diagnostics -enable-testing -g -debug-info-format\=dwarf -dwarf-version\=4 -suppress-warnings -swift-version 5 -Onone -D SWIFT_PACKAGE -D DEBUG -D SWIFT_MODULE_RESOURCE_BUNDLE_UNAVAILABLE -D Xcode -serialize-debugging-options -enable-experimental-feature DebugDescriptionMacro -empty-abi-descriptor -external-plugin-path /usr/lib/swift/host/plugins/testing\#/usr/bin/swift-plugin-server -validate-clang-modules-once -clang-build-session-file /host/spi-builder-workspace/.build/out/ModuleCache.noindex/Session.modulevalidation -Xcc -working-directory -Xcc /host -resource-dir /root/.swiftpm/swift-sdks/swift-6.4.x-DEVELOPMENT-SNAPSHOT-2026-09-04-a_wasm.artifactbundle/swift-6.4.x-DEVELOPMENT-SNAPSHOT-2026-09-04-a_wasm/wasm32-unknown-wasip1/swift.xctoolchain/usr/lib/swift_static -use-static-resource-dir -enable-anonymous-context-mangled-names -file-compilation-dir /host -Xcc -resource-dir -Xcc /root/.swiftpm/swift-sdks/swift-6.4.x-DEVELOPMENT-SNAPSHOT-2026-09-04-a_wasm.artifactbundle/swift-6.4.x-DEVELOPMENT-SNAPSHOT-2026-09-04-a_wasm/wasm32-unknown-wasip1/swift.xctoolchain/usr/lib/swift_static/clang -Xcc -D_LIBCPP_HARDENING_MODE\=_LIBCPP_HARDENING_MODE_DEBUG -Xcc -fmodules-prune-interval\=86400 -Xcc -fmodules-prune-after\=345600 -Xcc -I/host/spi-builder-workspace/.build/out/Products/Debug-webassembly-wasm32/include -Xcc -I/host/spi-builder-workspace/.build/out/Intermediates.noindex/Mocker.build/Debug-webassembly-wasm32/Mocker-t.build/DerivedSources-normal/wasm32 -Xcc -I/host/spi-builder-workspace/.build/out/Intermediates.noindex/Mocker.build/Debug-webassembly-wasm32/Mocker-t.build/DerivedSources/wasm32 -Xcc -I/host/spi-builder-workspace/.build/out/Intermediates.noindex/Mocker.build/Debug-webassembly-wasm32/Mocker-t.build/DerivedSources -Xcc -DSWIFT_PACKAGE -Xcc -DDEBUG\=1 -no-auto-bridging-header-chaining -module-name Mocker -const-gather-protocols-file /host/spi-builder-workspace/.build/out/Intermediates.noindex/Mocker.build/Debug-webassembly-wasm32/Mocker-t.build/Objects-normal/wasm32/Mocker_const_extract_protocols.json -in-process-plugin-server-path /usr/lib/swift/host/libSwiftInProcPluginServer.so -plugin-path /usr/lib/swift/host/plugins -plugin-path /usr/local/lib/swift/host/plugins -emit-module-doc-path /host/spi-builder-workspace/.build/out/Intermediates.noindex/Mocker.build/Debug-webassembly-wasm32/Mocker-t.build/Objects-normal/wasm32/Modules/Mocker.swiftdoc -emit-module-source-info-path /host/spi-builder-workspace/.build/out/Intermediates.noindex/Mocker.build/Debug-webassembly-wasm32/Mocker-t.build/Objects-normal/wasm32/Modules/Mocker.swiftsourceinfo -emit-objc-header-path /host/spi-builder-workspace/.build/out/Intermediates.noindex/Mocker.build/Debug-webassembly-wasm32/Mocker-t.build/Objects-normal/wasm32/Mocker-Swift.h -serialize-diagnostics-path /host/spi-builder-workspace/.build/out/Intermediates.noindex/Mocker.build/Debug-webassembly-wasm32/Mocker-t.build/Objects-normal/wasm32/Mocker-primary-emit-module.dia -emit-dependencies-path /host/spi-builder-workspace/.build/out/Intermediates.noindex/Mocker.build/Debug-webassembly-wasm32/Mocker-t.build/Objects-normal/wasm32/Mocker-primary-emit-module.d -parse-as-library -o /host/spi-builder-workspace/.build/out/Intermediates.noindex/Mocker.build/Debug-webassembly-wasm32/Mocker-t.build/Objects-normal/wasm32/Modules/Mocker.swiftmodule
error: Build failed
BUILD FAILURE 6.4 wasm