The Swift Package Index logo.Swift Package Index

Build Information

Failed to build swift-corelibs-foundation, reference main (b40c41), with Swift 6.2 for macOS (Xcode) using Xcode 26.3 on 20 Oct 2026 01:56:43 UTC.

Build Command

No build command. This typically means the build failed at an early stage where we determine the build command.

Build Log

========================================
RunAll
========================================
Builder version: 5.1.3
Interrupt handler set up.
========================================
Checkout
========================================
Clone URL: https://github.com/swiftlang/swift-corelibs-foundation.git
Reference: main
Initialized empty Git repository in /Users/admin/builder/spi-builder-workspace/.git/
From https://github.com/swiftlang/swift-corelibs-foundation
 * branch            main       -> FETCH_HEAD
 * [new branch]      main       -> origin/main
HEAD is now at b40c41e Accept Set-Cookie response header fields regardless of case (#5613)
Cloned https://github.com/swiftlang/swift-corelibs-foundation.git
Revision (git rev-parse @):
b40c41e73612385c24be821bdfe95a67fdb157a5
SUCCESS checkout https://github.com/swiftlang/swift-corelibs-foundation.git at main
========================================
Build
========================================
Selected platform:         macosXcodebuild
Swift version:             6.2
Building package at path:  $PWD
https://github.com/swiftlang/swift-corelibs-foundation.git
Command line invocation:
    /Applications/Xcode-26.3.0.app/Contents/Developer/usr/bin/xcodebuild -IDEClonedSourcePackagesDirPathOverride=/Users/admin/builder/spi-builder-workspace/.dependencies -resolvePackageDependencies
Resolve Package Graph
Fetching from https://github.com/apple/swift-foundation-icu
Fetching from https://github.com/apple/swift-foundation
Invalid manifest (compiled with: ["/Applications/Xcode-26.3.0.app/Contents/Developer/Toolchains/XcodeDefault.xctoolchain/usr/bin/swiftc", "-vfsoverlay", "/var/folders/xq/y_g06wb113726d38xsyx71_h0000gn/T/TemporaryDirectory.EN9dD6/vfs.yaml", "-L", "/Applications/Xcode-26.3.0.app/Contents/SharedFrameworks/SwiftPM.framework/SharedSupport/ManifestAPI", "-lPackageDescription", "-Xlinker", "-rpath", "-Xlinker", "/Applications/Xcode-26.3.0.app/Contents/SharedFrameworks/SwiftPM.framework/SharedSupport/ManifestAPI", "-target", "arm64-apple-macos14.0", "-plugin-path", "/Applications/Xcode-26.3.0.app/Contents/Developer/Toolchains/XcodeDefault.xctoolchain/usr/lib/swift/host/plugins/testing", "-sdk", "/Applications/Xcode-26.3.0.app/Contents/Developer/Platforms/MacOSX.platform/Developer/SDKs/MacOSX26.2.sdk", "-swift-version", "6", "-I", "/Applications/Xcode-26.3.0.app/Contents/SharedFrameworks/SwiftPM.framework/SharedSupport/ManifestAPI", "-sdk", "/Applications/Xcode-26.3.0.app/Contents/Developer/Platforms/MacOSX.platform/Developer/SDKs/MacOSX26.2.sdk", "-package-description-version", "6.2.0", "-Xfrontend", "-serialize-diagnostics-path", "-Xfrontend", "/Users/admin/Library/Caches/org.swift.swiftpm/manifests/ManifestLoading/swift-foundation.dia", "/Package.swift", "-o", "/var/folders/xq/y_g06wb113726d38xsyx71_h0000gn/T/TemporaryDirectory.3afBrJ/swift-foundation-manifest"])
/Package.swift:95:5: error: the compiler is unable to type-check this expression in reasonable time; try breaking up the expression into distinct sub-expressions
 93 | ]
 94 |
 95 | let package = Package(
    |     `- error: the compiler is unable to type-check this expression in reasonable time; try breaking up the expression into distinct sub-expressions
 96 |     name: "swift-foundation",
 97 |     platforms: [.macOS("26"), .iOS("26"), .tvOS("26"), .watchOS("26"), .visionOS("26")], in https://github.com/apple/swift-foundationfailed to retrieve search paths with pkg-config; maybe pkg-config is not installedyou may be able to install libcurl using your system-packager:
    brew install libcurl
you may be able to install libxml-2.0 using your system-packager:
    brew install libxml2
Resolve Package Graph
Updating from https://github.com/apple/swift-foundation-icu
Updating from https://github.com/apple/swift-foundation
Invalid manifest (compiled with: ["/Applications/Xcode-26.3.0.app/Contents/Developer/Toolchains/XcodeDefault.xctoolchain/usr/bin/swiftc", "-vfsoverlay", "/var/folders/xq/y_g06wb113726d38xsyx71_h0000gn/T/TemporaryDirectory.Ir79Ej/vfs.yaml", "-L", "/Applications/Xcode-26.3.0.app/Contents/SharedFrameworks/SwiftPM.framework/SharedSupport/ManifestAPI", "-lPackageDescription", "-Xlinker", "-rpath", "-Xlinker", "/Applications/Xcode-26.3.0.app/Contents/SharedFrameworks/SwiftPM.framework/SharedSupport/ManifestAPI", "-target", "arm64-apple-macos14.0", "-plugin-path", "/Applications/Xcode-26.3.0.app/Contents/Developer/Toolchains/XcodeDefault.xctoolchain/usr/lib/swift/host/plugins/testing", "-sdk", "/Applications/Xcode-26.3.0.app/Contents/Developer/Platforms/MacOSX.platform/Developer/SDKs/MacOSX26.2.sdk", "-swift-version", "6", "-I", "/Applications/Xcode-26.3.0.app/Contents/SharedFrameworks/SwiftPM.framework/SharedSupport/ManifestAPI", "-sdk", "/Applications/Xcode-26.3.0.app/Contents/Developer/Platforms/MacOSX.platform/Developer/SDKs/MacOSX26.2.sdk", "-package-description-version", "6.2.0", "-Xfrontend", "-serialize-diagnostics-path", "-Xfrontend", "/Users/admin/Library/Caches/org.swift.swiftpm/manifests/ManifestLoading/swift-foundation.dia", "/Package.swift", "-o", "/var/folders/xq/y_g06wb113726d38xsyx71_h0000gn/T/TemporaryDirectory.bL64Ns/swift-foundation-manifest"])
/Package.swift:95:5: error: the compiler is unable to type-check this expression in reasonable time; try breaking up the expression into distinct sub-expressions
 93 | ]
 94 |
 95 | let package = Package(
    |     `- error: the compiler is unable to type-check this expression in reasonable time; try breaking up the expression into distinct sub-expressions
 96 |     name: "swift-foundation",
 97 |     platforms: [.macOS("26"), .iOS("26"), .tvOS("26"), .watchOS("26"), .visionOS("26")], in https://github.com/apple/swift-foundationyou may be able to install libcurl using your system-packager:
    brew install libcurl
you may be able to install libxml-2.0 using your system-packager:
    brew install libxml2
Resolve Package Graph
Updating from https://github.com/apple/swift-foundation-icu
Updating from https://github.com/apple/swift-foundation
Invalid manifest (compiled with: ["/Applications/Xcode-26.3.0.app/Contents/Developer/Toolchains/XcodeDefault.xctoolchain/usr/bin/swiftc", "-vfsoverlay", "/var/folders/xq/y_g06wb113726d38xsyx71_h0000gn/T/TemporaryDirectory.A13hz5/vfs.yaml", "-L", "/Applications/Xcode-26.3.0.app/Contents/SharedFrameworks/SwiftPM.framework/SharedSupport/ManifestAPI", "-lPackageDescription", "-Xlinker", "-rpath", "-Xlinker", "/Applications/Xcode-26.3.0.app/Contents/SharedFrameworks/SwiftPM.framework/SharedSupport/ManifestAPI", "-target", "arm64-apple-macos14.0", "-plugin-path", "/Applications/Xcode-26.3.0.app/Contents/Developer/Toolchains/XcodeDefault.xctoolchain/usr/lib/swift/host/plugins/testing", "-sdk", "/Applications/Xcode-26.3.0.app/Contents/Developer/Platforms/MacOSX.platform/Developer/SDKs/MacOSX26.2.sdk", "-swift-version", "6", "-I", "/Applications/Xcode-26.3.0.app/Contents/SharedFrameworks/SwiftPM.framework/SharedSupport/ManifestAPI", "-sdk", "/Applications/Xcode-26.3.0.app/Contents/Developer/Platforms/MacOSX.platform/Developer/SDKs/MacOSX26.2.sdk", "-package-description-version", "6.2.0", "-Xfrontend", "-serialize-diagnostics-path", "-Xfrontend", "/Users/admin/Library/Caches/org.swift.swiftpm/manifests/ManifestLoading/swift-foundation.dia", "/Package.swift", "-o", "/var/folders/xq/y_g06wb113726d38xsyx71_h0000gn/T/TemporaryDirectory.kYw1XB/swift-foundation-manifest"])
/Package.swift:95:5: error: the compiler is unable to type-check this expression in reasonable time; try breaking up the expression into distinct sub-expressions
 93 | ]
 94 |
 95 | let package = Package(
    |     `- error: the compiler is unable to type-check this expression in reasonable time; try breaking up the expression into distinct sub-expressions
 96 |     name: "swift-foundation",
 97 |     platforms: [.macOS("26"), .iOS("26"), .tvOS("26"), .watchOS("26"), .visionOS("26")], in https://github.com/apple/swift-foundationyou may be able to install libcurl using your system-packager:
    brew install libcurl
you may be able to install libxml-2.0 using your system-packager:
    brew install libxml2
Resolved source packages:
  spi-builder-workspace: (null)
2026-10-19 21:56:34.491 xcodebuild[539:3122] Writing error result bundle to /var/folders/xq/y_g06wb113726d38xsyx71_h0000gn/T/ResultBundle_2026-19-10_21-56-0034.xcresult
xcodebuild: error: Could not resolve package dependencies:
  Invalid manifest (compiled with: ["/Applications/Xcode-26.3.0.app/Contents/Developer/Toolchains/XcodeDefault.xctoolchain/usr/bin/swiftc", "-vfsoverlay", "/var/folders/xq/y_g06wb113726d38xsyx71_h0000gn/T/TemporaryDirectory.A13hz5/vfs.yaml", "-L", "/Applications/Xcode-26.3.0.app/Contents/SharedFrameworks/SwiftPM.framework/SharedSupport/ManifestAPI", "-lPackageDescription", "-Xlinker", "-rpath", "-Xlinker", "/Applications/Xcode-26.3.0.app/Contents/SharedFrameworks/SwiftPM.framework/SharedSupport/ManifestAPI", "-target", "arm64-apple-macos14.0", "-plugin-path", "/Applications/Xcode-26.3.0.app/Contents/Developer/Toolchains/XcodeDefault.xctoolchain/usr/lib/swift/host/plugins/testing", "-sdk", "/Applications/Xcode-26.3.0.app/Contents/Developer/Platforms/MacOSX.platform/Developer/SDKs/MacOSX26.2.sdk", "-swift-version", "6", "-I", "/Applications/Xcode-26.3.0.app/Contents/SharedFrameworks/SwiftPM.framework/SharedSupport/ManifestAPI", "-sdk", "/Applications/Xcode-26.3.0.app/Contents/Developer/Platforms/MacOSX.platform/Developer/SDKs/MacOSX26.2.sdk", "-package-description-version", "6.2.0", "-Xfrontend", "-serialize-diagnostics-path", "-Xfrontend", "/Users/admin/Library/Caches/org.swift.swiftpm/manifests/ManifestLoading/swift-foundation.dia", "/Package.swift", "-o", "/var/folders/xq/y_g06wb113726d38xsyx71_h0000gn/T/TemporaryDirectory.kYw1XB/swift-foundation-manifest"])
Command line invocation:
    /Applications/Xcode-26.3.0.app/Contents/Developer/usr/bin/xcodebuild -IDEClonedSourcePackagesDirPathOverride=/Users/admin/builder/spi-builder-workspace/.dependencies -resolvePackageDependencies
Resolve Package Graph
Updating from https://github.com/apple/swift-foundation-icu
Updating from https://github.com/apple/swift-foundation
Invalid manifest (compiled with: ["/Applications/Xcode-26.3.0.app/Contents/Developer/Toolchains/XcodeDefault.xctoolchain/usr/bin/swiftc", "-vfsoverlay", "/var/folders/xq/y_g06wb113726d38xsyx71_h0000gn/T/TemporaryDirectory.u8xjBz/vfs.yaml", "-L", "/Applications/Xcode-26.3.0.app/Contents/SharedFrameworks/SwiftPM.framework/SharedSupport/ManifestAPI", "-lPackageDescription", "-Xlinker", "-rpath", "-Xlinker", "/Applications/Xcode-26.3.0.app/Contents/SharedFrameworks/SwiftPM.framework/SharedSupport/ManifestAPI", "-target", "arm64-apple-macos14.0", "-plugin-path", "/Applications/Xcode-26.3.0.app/Contents/Developer/Toolchains/XcodeDefault.xctoolchain/usr/lib/swift/host/plugins/testing", "-sdk", "/Applications/Xcode-26.3.0.app/Contents/Developer/Platforms/MacOSX.platform/Developer/SDKs/MacOSX26.2.sdk", "-swift-version", "6", "-I", "/Applications/Xcode-26.3.0.app/Contents/SharedFrameworks/SwiftPM.framework/SharedSupport/ManifestAPI", "-sdk", "/Applications/Xcode-26.3.0.app/Contents/Developer/Platforms/MacOSX.platform/Developer/SDKs/MacOSX26.2.sdk", "-package-description-version", "6.2.0", "-Xfrontend", "-serialize-diagnostics-path", "-Xfrontend", "/Users/admin/Library/Caches/org.swift.swiftpm/manifests/ManifestLoading/swift-foundation.dia", "/Package.swift", "-o", "/var/folders/xq/y_g06wb113726d38xsyx71_h0000gn/T/TemporaryDirectory.TGkuIY/swift-foundation-manifest"])
/Package.swift:95:5: error: the compiler is unable to type-check this expression in reasonable time; try breaking up the expression into distinct sub-expressions
 93 | ]
 94 |
 95 | let package = Package(
    |     `- error: the compiler is unable to type-check this expression in reasonable time; try breaking up the expression into distinct sub-expressions
 96 |     name: "swift-foundation",
 97 |     platforms: [.macOS("26"), .iOS("26"), .tvOS("26"), .watchOS("26"), .visionOS("26")], in https://github.com/apple/swift-foundationfailed to retrieve search paths with pkg-config; maybe pkg-config is not installedyou may be able to install libcurl using your system-packager:
    brew install libcurl
you may be able to install libxml-2.0 using your system-packager:
    brew install libxml2
Resolved source packages:
  spi-builder-workspace: (null)
2026-10-19 21:56:43.885 xcodebuild[729:5066] Writing error result bundle to /var/folders/xq/y_g06wb113726d38xsyx71_h0000gn/T/ResultBundle_2026-19-10_21-56-0043.xcresult
xcodebuild: error: Could not resolve package dependencies:
  Invalid manifest (compiled with: ["/Applications/Xcode-26.3.0.app/Contents/Developer/Toolchains/XcodeDefault.xctoolchain/usr/bin/swiftc", "-vfsoverlay", "/var/folders/xq/y_g06wb113726d38xsyx71_h0000gn/T/TemporaryDirectory.u8xjBz/vfs.yaml", "-L", "/Applications/Xcode-26.3.0.app/Contents/SharedFrameworks/SwiftPM.framework/SharedSupport/ManifestAPI", "-lPackageDescription", "-Xlinker", "-rpath", "-Xlinker", "/Applications/Xcode-26.3.0.app/Contents/SharedFrameworks/SwiftPM.framework/SharedSupport/ManifestAPI", "-target", "arm64-apple-macos14.0", "-plugin-path", "/Applications/Xcode-26.3.0.app/Contents/Developer/Toolchains/XcodeDefault.xctoolchain/usr/lib/swift/host/plugins/testing", "-sdk", "/Applications/Xcode-26.3.0.app/Contents/Developer/Platforms/MacOSX.platform/Developer/SDKs/MacOSX26.2.sdk", "-swift-version", "6", "-I", "/Applications/Xcode-26.3.0.app/Contents/SharedFrameworks/SwiftPM.framework/SharedSupport/ManifestAPI", "-sdk", "/Applications/Xcode-26.3.0.app/Contents/Developer/Platforms/MacOSX.platform/Developer/SDKs/MacOSX26.2.sdk", "-package-description-version", "6.2.0", "-Xfrontend", "-serialize-diagnostics-path", "-Xfrontend", "/Users/admin/Library/Caches/org.swift.swiftpm/manifests/ManifestLoading/swift-foundation.dia", "/Package.swift", "-o", "/var/folders/xq/y_g06wb113726d38xsyx71_h0000gn/T/TemporaryDirectory.TGkuIY/swift-foundation-manifest"])
BUILD FAILURE 6.2 macosXcodebuild