The Swift Package Index logo.Swift Package Index

Build Information

Failed to build HTTPRequestable, reference 0.70.0 (44e627), with Swift 6.3 for Wasm on 3 Sep 2026 18:04:52 UTC.

Build Command

bash -c docker run --pull=always --rm -v "checkouts-54344849-1":/host -w "$PWD" -e JAVA_HOME="/root/.sdkman/candidates/java/current" -e SPI_BUILD="1" -e SPI_PROCESSING="1" registry.gitlab.com/saguaro1/spi-images:wasm-6.3-latest swift build --swift-sdk swift-6.3.2-RELEASE_wasm 2>&1

Build Log

========================================
RunAll
========================================
Builder version: 5.0.2
Interrupt handler set up.
========================================
Checkout
========================================
Clone URL: https://github.com/wmalloc/HTTPRequestable.git
Reference: 0.70.0
Initialized empty Git repository in /host/spi-builder-workspace/.git/
hint: Using 'master' as the name for the initial branch. This default branch name
hint: is subject to change. To configure the initial branch name to use in all
hint: of your new repositories, which will suppress this warning, call:
hint:
hint: 	git config --global init.defaultBranch <name>
hint:
hint: Names commonly chosen instead of 'master' are 'main', 'trunk' and
hint: 'development'. The just-created branch can be renamed via this command:
hint:
hint: 	git branch -m <name>
From https://github.com/wmalloc/HTTPRequestable
 * tag               0.70.0     -> FETCH_HEAD
HEAD is now at 44e627d Merge Latest Changes to release (#146)
Cloned https://github.com/wmalloc/HTTPRequestable.git
Revision (git rev-parse @):
44e627d94449766fb580401df79f3cde423bcccc
SUCCESS checkout https://github.com/wmalloc/HTTPRequestable.git at 0.70.0
========================================
Build
========================================
Selected platform:         wasm
Swift version:             6.3
Building package at path:  $PWD
https://github.com/wmalloc/HTTPRequestable.git
Running build ...
bash -c docker run --pull=always --rm -v "checkouts-54344849-1":/host -w "$PWD" -e JAVA_HOME="/root/.sdkman/candidates/java/current" -e SPI_BUILD="1" -e SPI_PROCESSING="1" registry.gitlab.com/saguaro1/spi-images:wasm-6.3-latest swift build --swift-sdk swift-6.3.2-RELEASE_wasm 2>&1
wasm-6.3-latest: Pulling from saguaro1/spi-images
Digest: sha256:e92e38b97676c18adb57b57429ddfb766786102cb50cb918e0d9e8055d05b35d
Status: Image is up to date for registry.gitlab.com/saguaro1/spi-images:wasm-6.3-latest
Fetching https://github.com/apple/swift-http-types.git
[1/1889] Fetching swift-http-types
Fetched https://github.com/apple/swift-http-types.git from cache (0.48s)
Computing version for https://github.com/apple/swift-http-types.git
Computed https://github.com/apple/swift-http-types.git at 1.7.0 (0.70s)
Creating working copy for https://github.com/apple/swift-http-types.git
Working copy of https://github.com/apple/swift-http-types.git resolved at 1.7.0
Building for debugging...
[0/7] Copying Localizable.xcstrings
[0/7] Copying Info.plist
[2/7] Write sources
[6/7] Write swift-version-24593BA9C3E375BF.txt
[8/17] Compiling HTTPTypes HTTPRequest.swift
[9/18] Emitting module HTTPTypes
[10/18] Compiling HTTPTypes HTTPFields.swift
[11/18] Compiling HTTPTypes HTTP2ErrorCode.swift
[12/18] Compiling HTTPTypes HTTP3ErrorCode.swift
[13/18] Compiling HTTPTypes HTTPRequest+URL.swift
[14/18] Compiling HTTPTypes HTTPParsedFields.swift
[15/18] Compiling HTTPTypes HTTPFieldValue.swift
[16/18] Compiling HTTPTypes HTTPField.swift
[17/18] Compiling HTTPTypes HTTPFieldName.swift
[18/18] Compiling HTTPTypes HTTPResponse.swift
[20/25] Compiling HTTPTypesFoundation HTTPTypes+ISOLatin1.swift
error: emit-module command failed with exit code 1 (use -v to see invocation)
[21/25] Compiling HTTPTypesFoundation HTTPTypesFoundation.swift
[22/25] Compiling HTTPTypesFoundation URLResponse+HTTPTypes.swift
[23/25] Compiling HTTPTypesFoundation URLRequest+HTTPTypes.swift
[24/25] Emitting module HTTPTypesFoundation
/host/spi-builder-workspace/.build/checkouts/swift-http-types/Sources/HTTPTypesFoundation/URLSession+HTTPTypes.swift:50:1: error: non-nominal type 'URLSession' (aka 'AnyObject') cannot be extended [#NominalTypes]
 48 | @available(macOS 12.0, iOS 15.0, watchOS 8.0, tvOS 15.0, *)
 49 | @available(HTTPTypes 1.0, *)
 50 | extension URLSession {
    | `- error: non-nominal type 'URLSession' (aka 'AnyObject') cannot be extended [#NominalTypes]
 51 |     /// Convenience method to load data using an `HTTPRequest`; creates and resumes a `URLSessionDataTask` internally.
 52 |     ///
/host/spi-builder-workspace/.build/checkouts/swift-http-types/Sources/HTTPTypesFoundation/URLSession+HTTPTypes.swift:155:1: error: non-nominal type 'URLSession' (aka 'AnyObject') cannot be extended [#NominalTypes]
153 | @available(macOS 10.15, iOS 13.0, watchOS 6.0, tvOS 13.0, *)
154 | @available(HTTPTypes 1.0, *)
155 | extension URLSession {
    | `- error: non-nominal type 'URLSession' (aka 'AnyObject') cannot be extended [#NominalTypes]
156 |     /// Convenience method to load data using an `HTTPRequest`; creates and resumes a `URLSessionDataTask` internally.
157 |     ///
[#NominalTypes]: <https://docs.swift.org/compiler/documentation/diagnostics/nominal-types>
[25/25] Compiling HTTPTypesFoundation URLSession+HTTPTypes.swift
/host/spi-builder-workspace/.build/checkouts/swift-http-types/Sources/HTTPTypesFoundation/URLSession+HTTPTypes.swift:50:1: error: non-nominal type 'URLSession' (aka 'AnyObject') cannot be extended [#NominalTypes]
 48 | @available(macOS 12.0, iOS 15.0, watchOS 8.0, tvOS 15.0, *)
 49 | @available(HTTPTypes 1.0, *)
 50 | extension URLSession {
    | `- error: non-nominal type 'URLSession' (aka 'AnyObject') cannot be extended [#NominalTypes]
 51 |     /// Convenience method to load data using an `HTTPRequest`; creates and resumes a `URLSessionDataTask` internally.
 52 |     ///
/host/spi-builder-workspace/.build/checkouts/swift-http-types/Sources/HTTPTypesFoundation/URLSession+HTTPTypes.swift:155:1: error: non-nominal type 'URLSession' (aka 'AnyObject') cannot be extended [#NominalTypes]
153 | @available(macOS 10.15, iOS 13.0, watchOS 6.0, tvOS 13.0, *)
154 | @available(HTTPTypes 1.0, *)
155 | extension URLSession {
    | `- error: non-nominal type 'URLSession' (aka 'AnyObject') cannot be extended [#NominalTypes]
156 |     /// Convenience method to load data using an `HTTPRequest`; creates and resumes a `URLSessionDataTask` internally.
157 |     ///
/host/spi-builder-workspace/.build/checkouts/swift-http-types/Sources/HTTPTypesFoundation/URLSession+HTTPTypes.swift:58:19: error: cannot find type 'URLSessionTaskDelegate' in scope
 56 |     public func data(
 57 |         for request: HTTPRequest,
 58 |         delegate: URLSessionTaskDelegate? = nil
    |                   `- error: cannot find type 'URLSessionTaskDelegate' in scope
 59 |     ) async throws -> (Data, HTTPResponse) {
 60 |         guard let urlRequest = URLRequest(httpRequest: request) else {
/host/spi-builder-workspace/.build/checkouts/swift-http-types/Sources/HTTPTypesFoundation/URLSession+HTTPTypes.swift:79:19: error: cannot find type 'URLSessionTaskDelegate' in scope
 77 |         for request: HTTPRequest,
 78 |         fromFile fileURL: URL,
 79 |         delegate: URLSessionTaskDelegate? = nil
    |                   `- error: cannot find type 'URLSessionTaskDelegate' in scope
 80 |     ) async throws -> (Data, HTTPResponse) {
 81 |         guard let urlRequest = URLRequest(httpRequest: request) else {
/host/spi-builder-workspace/.build/checkouts/swift-http-types/Sources/HTTPTypesFoundation/URLSession+HTTPTypes.swift:100:19: error: cannot find type 'URLSessionTaskDelegate' in scope
 98 |         for request: HTTPRequest,
 99 |         from bodyData: Data,
100 |         delegate: URLSessionTaskDelegate? = nil
    |                   `- error: cannot find type 'URLSessionTaskDelegate' in scope
101 |     ) async throws -> (Data, HTTPResponse) {
102 |         guard let urlRequest = URLRequest(httpRequest: request) else {
/host/spi-builder-workspace/.build/checkouts/swift-http-types/Sources/HTTPTypesFoundation/URLSession+HTTPTypes.swift:119:19: error: cannot find type 'URLSessionTaskDelegate' in scope
117 |     public func download(
118 |         for request: HTTPRequest,
119 |         delegate: URLSessionTaskDelegate? = nil
    |                   `- error: cannot find type 'URLSessionTaskDelegate' in scope
120 |     ) async throws -> (URL, HTTPResponse) {
121 |         guard let urlRequest = URLRequest(httpRequest: request) else {
[#NominalTypes]: <https://docs.swift.org/compiler/documentation/diagnostics/nominal-types>
BUILD FAILURE 6.3 wasm