The Swift Package Index logo.Swift Package Index

Build Information

Failed to build SpeziViews, reference 1.12.14 (236fd0), with Swift 6.4 for Android on 24 Sep 2026 11:48:26 UTC.

Build Command

bash -c docker run --pull=always --rm -v "checkouts-53886769-0":/host -w "$PWD" -e JAVA_HOME="/root/.sdkman/candidates/java/current" -e SPI_BUILD="1" -e SPI_PROCESSING="1" registry.gitlab.com/saguaro1/spi-images:android-6.4-latest swift build --swift-sdk aarch64-unknown-linux-android28 2>&1

Build Log

========================================
RunAll
========================================
Builder version: 5.1.0
Interrupt handler set up.
========================================
Checkout
========================================
Clone URL: https://github.com/StanfordSpezi/SpeziViews.git
Reference: 1.12.14
Initialized empty Git repository in /host/spi-builder-workspace/.git/
hint: Using 'master' as the name for the initial branch. This default branch name
hint: is subject to change. To configure the initial branch name to use in all
hint: of your new repositories, which will suppress this warning, call:
hint:
hint: 	git config --global init.defaultBranch <name>
hint:
hint: Names commonly chosen instead of 'master' are 'main', 'trunk' and
hint: 'development'. The just-created branch can be renamed via this command:
hint:
hint: 	git branch -m <name>
From https://github.com/StanfordSpezi/SpeziViews
 * tag               1.12.14    -> FETCH_HEAD
HEAD is now at 236fd06 CanvasView performance improvements (#90)
Cloned https://github.com/StanfordSpezi/SpeziViews.git
Revision (git rev-parse @):
236fd063407aaba2a34f3f61b3034dd3a01f22c5
SPI manifest file found: $PWD/.spi.yml
SUCCESS checkout https://github.com/StanfordSpezi/SpeziViews.git at 1.12.14
========================================
Build
========================================
Selected platform:         android
Swift version:             6.4
Building package at path:  $PWD
https://github.com/StanfordSpezi/SpeziViews.git
Running build ...
bash -c docker run --pull=always --rm -v "checkouts-53886769-0":/host -w "$PWD" -e JAVA_HOME="/root/.sdkman/candidates/java/current" -e SPI_BUILD="1" -e SPI_PROCESSING="1" registry.gitlab.com/saguaro1/spi-images:android-6.4-latest swift build --swift-sdk aarch64-unknown-linux-android28 2>&1
android-6.4-latest: Pulling from saguaro1/spi-images
Digest: sha256:abadcff584c273feba50641b454858d377ba30b35ea7287a94f45ebd8afd0ea0
Status: Image is up to date for registry.gitlab.com/saguaro1/spi-images:android-6.4-latest
Fetching https://github.com/gonzalezreal/swift-markdown-ui.git
Fetching https://github.com/apple/swift-collections.git
Fetching https://github.com/StanfordSpezi/SpeziFoundation.git
Fetching https://github.com/pointfreeco/swift-snapshot-testing.git
[1/3189] Fetching spezifoundation
Fetched https://github.com/StanfordSpezi/SpeziFoundation.git (0.57s)
[1/27693] Fetching swift-collections
[27694/36215] Fetching swift-collections, swift-markdown-ui
[27950/52693] Fetching swift-collections, swift-markdown-ui, swift-snapshot-testing
Fetched https://github.com/apple/swift-collections.git (1.18s)
[1251/25000] Fetching swift-markdown-ui, swift-snapshot-testing
Fetched https://github.com/pointfreeco/swift-snapshot-testing.git (2.53s)
Fetching https://github.com/StanfordSpezi/Spezi.git
Fetched https://github.com/gonzalezreal/swift-markdown-ui.git (2.86s)
[1/10350] Fetching spezi
Fetched https://github.com/StanfordSpezi/Spezi.git (0.60s)
Computing version for https://github.com/gonzalezreal/swift-markdown-ui.git
Computed https://github.com/gonzalezreal/swift-markdown-ui.git at 2.4.1 (4.50s)
Fetching https://github.com/gonzalezreal/NetworkImage
Fetching https://github.com/swiftlang/swift-cmark
[1/1072] Fetching networkimage
[1073/19672] Fetching networkimage, swift-cmark
Fetched https://github.com/gonzalezreal/NetworkImage (0.89s)
Fetched https://github.com/swiftlang/swift-cmark (0.89s)
Computing version for https://github.com/gonzalezreal/NetworkImage
Computed https://github.com/gonzalezreal/NetworkImage at 6.0.1 (1.06s)
Computing version for https://github.com/swiftlang/swift-cmark
Computed https://github.com/swiftlang/swift-cmark at 0.9.0 (0.18s)
Computing version for https://github.com/StanfordSpezi/Spezi.git
Computed https://github.com/StanfordSpezi/Spezi.git at 1.10.2 (0.22s)
Fetching https://github.com/StanfordBDHG/XCTRuntimeAssertions.git
[1/735] Fetching xctruntimeassertions
Fetched https://github.com/StanfordBDHG/XCTRuntimeAssertions.git (0.52s)
Computing version for https://github.com/StanfordBDHG/XCTRuntimeAssertions.git
Computed https://github.com/StanfordBDHG/XCTRuntimeAssertions.git at 2.2.0 (0.74s)
Computing version for https://github.com/StanfordSpezi/SpeziFoundation.git
Computed https://github.com/StanfordSpezi/SpeziFoundation.git at 2.7.7 (0.24s)
Fetching https://github.com/apple/swift-atomics.git
Fetching https://github.com/StanfordBDHG/ThreadLocal.git
Fetching https://github.com/apple/swift-log
Fetching https://github.com/apple/swift-algorithms.git
Fetching https://github.com/StanfordBDHG/zstd.git
[1/8165] Fetching swift-log
[410/8348] Fetching swift-log, threadlocal
[592/10229] Fetching swift-log, threadlocal, swift-atomics
[6898/73386] Fetching swift-log, threadlocal, swift-atomics, zstd
Fetched https://github.com/apple/swift-log (0.51s)
[4591/65221] Fetching threadlocal, swift-atomics, zstd
Fetched https://github.com/apple/swift-atomics.git (0.53s)
[4604/63340] Fetching threadlocal, zstd
[5237/69485] Fetching threadlocal, zstd, swift-algorithms
Fetched https://github.com/apple/swift-algorithms.git (0.65s)
[14078/63340] Fetching threadlocal, zstd
Fetched https://github.com/StanfordBDHG/ThreadLocal.git (2.28s)
Fetched https://github.com/StanfordBDHG/zstd.git (2.30s)
Computing version for https://github.com/apple/swift-algorithms.git
Computed https://github.com/apple/swift-algorithms.git at 1.2.1 (2.49s)
Fetching https://github.com/apple/swift-numerics.git
[1/6640] Fetching swift-numerics
Fetched https://github.com/apple/swift-numerics.git (0.69s)
Computing version for https://github.com/apple/swift-atomics.git
Computed https://github.com/apple/swift-atomics.git at 1.3.1 (0.86s)
Computing version for https://github.com/StanfordBDHG/ThreadLocal.git
Computed https://github.com/StanfordBDHG/ThreadLocal.git at 0.1.3 (0.16s)
Fetching https://github.com/swiftlang/swift-syntax.git
[1/80027] Fetching swift-syntax
Fetched https://github.com/swiftlang/swift-syntax.git (4.13s)
Computing version for https://github.com/apple/swift-numerics.git
Computed https://github.com/apple/swift-numerics.git at 1.1.1 (4.31s)
Computing version for https://github.com/swiftlang/swift-syntax.git
Computed https://github.com/swiftlang/swift-syntax.git at 603.0.2 (0.31s)
Computing version for https://github.com/apple/swift-collections.git
Computed https://github.com/apple/swift-collections.git at 1.7.0 (0.30s)
Computing version for https://github.com/apple/swift-log
Computed https://github.com/apple/swift-log at 1.15.1 (0.20s)
Computing version for https://github.com/pointfreeco/swift-snapshot-testing.git
Computed https://github.com/pointfreeco/swift-snapshot-testing.git at 1.19.6 (0.17s)
Fetching https://github.com/pointfreeco/swift-custom-dump
[1/5666] Fetching swift-custom-dump
Fetched https://github.com/pointfreeco/swift-custom-dump (0.55s)
Computing version for https://github.com/pointfreeco/swift-custom-dump
Computed https://github.com/pointfreeco/swift-custom-dump at 1.7.3 (0.74s)
Fetching https://github.com/pointfreeco/swift-issue-reporting
[1/6161] Fetching swift-issue-reporting
Fetched https://github.com/pointfreeco/swift-issue-reporting (0.82s)
Computing version for https://github.com/pointfreeco/swift-issue-reporting
Computed https://github.com/pointfreeco/swift-issue-reporting at 2.1.1 (1.08s)
Computing version for https://github.com/StanfordBDHG/zstd.git
Computed https://github.com/StanfordBDHG/zstd.git at 1.5.8-beta.1 (0.19s)
Creating working copy for https://github.com/gonzalezreal/swift-markdown-ui.git
Working copy of https://github.com/gonzalezreal/swift-markdown-ui.git resolved at 2.4.1
Creating working copy for https://github.com/pointfreeco/swift-snapshot-testing.git
Working copy of https://github.com/pointfreeco/swift-snapshot-testing.git resolved at 1.19.6
Creating working copy for https://github.com/swiftlang/swift-syntax.git
Working copy of https://github.com/swiftlang/swift-syntax.git resolved at 603.0.2
Creating working copy for https://github.com/swiftlang/swift-cmark
Working copy of https://github.com/swiftlang/swift-cmark resolved at 0.9.0
Creating working copy for https://github.com/gonzalezreal/NetworkImage
Working copy of https://github.com/gonzalezreal/NetworkImage resolved at 6.0.1
Creating working copy for https://github.com/StanfordBDHG/ThreadLocal.git
Working copy of https://github.com/StanfordBDHG/ThreadLocal.git resolved at 0.1.3
Creating working copy for https://github.com/StanfordBDHG/zstd.git
Working copy of https://github.com/StanfordBDHG/zstd.git resolved at 1.5.8-beta.1
Creating working copy for https://github.com/StanfordSpezi/Spezi.git
Working copy of https://github.com/StanfordSpezi/Spezi.git resolved at 1.10.2
Creating working copy for https://github.com/StanfordSpezi/SpeziFoundation.git
Working copy of https://github.com/StanfordSpezi/SpeziFoundation.git resolved at 2.7.7
Creating working copy for https://github.com/pointfreeco/swift-custom-dump
Working copy of https://github.com/pointfreeco/swift-custom-dump resolved at 1.7.3
Creating working copy for https://github.com/apple/swift-collections.git
Working copy of https://github.com/apple/swift-collections.git resolved at 1.7.0
Creating working copy for https://github.com/pointfreeco/swift-issue-reporting
Working copy of https://github.com/pointfreeco/swift-issue-reporting resolved at 2.1.1
Creating working copy for https://github.com/apple/swift-atomics.git
Working copy of https://github.com/apple/swift-atomics.git resolved at 1.3.1
Creating working copy for https://github.com/StanfordBDHG/XCTRuntimeAssertions.git
Working copy of https://github.com/StanfordBDHG/XCTRuntimeAssertions.git resolved at 2.2.0
Creating working copy for https://github.com/apple/swift-algorithms.git
Working copy of https://github.com/apple/swift-algorithms.git resolved at 1.2.1
Creating working copy for https://github.com/apple/swift-numerics.git
Working copy of https://github.com/apple/swift-numerics.git resolved at 1.1.1
Creating working copy for https://github.com/apple/swift-log
Working copy of https://github.com/apple/swift-log resolved at 1.15.1
warning: 'spi-builder-workspace': found 36 file(s) which are unhandled; explicitly declare them as resources or exclude from the target
    /host/spi-builder-workspace/Tests/SpeziViewsTests/__Snapshots__/ListSnapshotTests/listHeader.list-header.png
    /host/spi-builder-workspace/Tests/SpeziViewsTests/__Snapshots__/ListSnapshotTests/listRow.iphone-XA3.png
    /host/spi-builder-workspace/Tests/SpeziViewsTests/__Snapshots__/ListSnapshotTests/listRow.iphone-regular.png
    /host/spi-builder-workspace/Tests/SpeziViewsTests/__Snapshots__/SnapshotTests+Buttons/allButtons-_.button-async.png
    /host/spi-builder-workspace/Tests/SpeziViewsTests/__Snapshots__/SnapshotTests+Buttons/allButtons-_.button-dismiss.png
    /host/spi-builder-workspace/Tests/SpeziViewsTests/__Snapshots__/SnapshotTests+Buttons/allButtons-_.button-info.png
    /host/spi-builder-workspace/Tests/SpeziViewsTests/__Snapshots__/SnapshotTests+Controls/caseIterablePicker.iphone-regular.png
    /host/spi-builder-workspace/Tests/SpeziViewsTests/__Snapshots__/SnapshotTests+Controls/optionSetPicker.option-picker-inline.png
    /host/spi-builder-workspace/Tests/SpeziViewsTests/__Snapshots__/SnapshotTests+Controls/optionSetPicker.option-picker.png
    /host/spi-builder-workspace/Tests/SpeziViewsTests/__Snapshots__/SnapshotTests+Lists/listHeader.list-header-instructions.png
    /host/spi-builder-workspace/Tests/SpeziViewsTests/__Snapshots__/SnapshotTests+Lists/listHeader.list-header.png
    /host/spi-builder-workspace/Tests/SpeziViewsTests/__Snapshots__/SnapshotTests+Lists/listRow.iphone-XA3.png
    /host/spi-builder-workspace/Tests/SpeziViewsTests/__Snapshots__/SnapshotTests+Lists/listRow.iphone-regular.png
    /host/spi-builder-workspace/Tests/SpeziViewsTests/__Snapshots__/SnapshotTests+Markdown/listRow.ipad-XA3.png
    /host/spi-builder-workspace/Tests/SpeziViewsTests/__Snapshots__/SnapshotTests+Markdown/listRow.ipad-regular.png
    /host/spi-builder-workspace/Tests/SpeziViewsTests/__Snapshots__/SnapshotTests+Markdown/markdownView.iphone-regular.png
    /host/spi-builder-workspace/Tests/SpeziViewsTests/__Snapshots__/SnapshotTests+Markdown/markdownView2.center-iphone-regular.png
    /host/spi-builder-workspace/Tests/SpeziViewsTests/__Snapshots__/SnapshotTests+Markdown/markdownView2.leading-iphone-regular.png
    /host/spi-builder-workspace/Tests/SpeziViewsTests/__Snapshots__/SnapshotTests+Markdown/markdownView2.trailing-iphone-regular.png
    /host/spi-builder-workspace/Tests/SpeziViewsTests/__Snapshots__/SnapshotTests+Markdown/reverseLabelStyle.ipad-regular.png
    /host/spi-builder-workspace/Tests/SpeziViewsTests/__Snapshots__/SnapshotTests+Markdown/reverseLabelStyle.iphone-regular.png
    /host/spi-builder-workspace/Tests/SpeziViewsTests/__Snapshots__/SnapshotTests+Texts/labeledContent.iphone-regular.png
    /host/spi-builder-workspace/Tests/SpeziViewsTests/__Snapshots__/SnapshotTests+Texts/lazyText.iphone-regular.png
    /host/spi-builder-workspace/Tests/SpeziViewsTests/__Snapshots__/SnapshotTests+Texts/markdownView.iphone-regular.png
    /host/spi-builder-workspace/Tests/SpeziViewsTests/__Snapshots__/SnapshotTests+Texts/reverseLabelStyle.iphone-regular.png
    /host/spi-builder-workspace/Tests/SpeziViewsTests/__Snapshots__/SnapshotTests+Tiles/completedTileHeader.header.png
    /host/spi-builder-workspace/Tests/SpeziViewsTests/__Snapshots__/SnapshotTests+Tiles/simpleTile.center.png
    /host/spi-builder-workspace/Tests/SpeziViewsTests/__Snapshots__/SnapshotTests+Tiles/simpleTile.leading.png
    /host/spi-builder-workspace/Tests/SpeziViewsTests/__Snapshots__/SnapshotTests+Tiles/simpleTile.trailing.png
    /host/spi-builder-workspace/Tests/SpeziViewsTests/__Snapshots__/SnapshotTests+Tiles/tileHeaderLayout.center.png
    /host/spi-builder-workspace/Tests/SpeziViewsTests/__Snapshots__/SnapshotTests+Tiles/tileHeaderLayout.leading.png
    /host/spi-builder-workspace/Tests/SpeziViewsTests/__Snapshots__/SnapshotTests+Tiles/tileHeaderLayout.trailing.png
    /host/spi-builder-workspace/Tests/SpeziViewsTests/__Snapshots__/SnapshotTests/descriptionGridRow.header.png
    /host/spi-builder-workspace/Tests/SpeziViewsTests/__Snapshots__/SnapshotTests/dynamicHStack.header.png
    /host/spi-builder-workspace/Tests/SpeziViewsTests/__Snapshots__/SnapshotTests/imageReference.iphone-regular.png
    /host/spi-builder-workspace/Tests/SpeziViewsTests/__Snapshots__/SnapshotTests/skeletonLoading.skeleton-loading.png
Building for debugging...
[Computing dependencies]
[Pre-planning 1 / 1454]
[Planning 1027 / 1454]
[Planning deferred tasks]
[Starting]
[123 / 591] SwiftCompilerPluginMessageHandling
warning: no rule to process file '/host/spi-builder-workspace/Sources/SpeziViews/Resources/Localizable.xcstrings' of type 'text.json.xcstrings' for architecture 'aarch64'
warning: no rule to process file '/host/spi-builder-workspace/Sources/SpeziValidation/Resources/Localizable.xcstrings' of type 'text.json.xcstrings' for architecture 'aarch64'
warning: no rule to process file '/host/spi-builder-workspace/Sources/SpeziPersonalInfo/Resources/Localizable.xcstrings' of type 'text.json.xcstrings' for architecture 'aarch64'
warning: no rule to process file '/host/spi-builder-workspace/.build/checkouts/SpeziFoundation/Sources/SpeziFoundation/Resources/Localizable.xcstrings' of type 'text.json.xcstrings' for architecture 'aarch64'
[259 / 591] libzstd
[261 / 591] libzstd
[263 / 591] libzstd
[264 / 591] libzstd
[266 / 591] libzstd
[270 / 591] libzstd
[273 / 591] libzstd
[277 / 591] libzstd
[279 / 591] libzstd
[284 / 591] cmark-gfm-extensions
[287 / 591] cmark-gfm-extensions
[294 / 591] cmark-gfm
[299 / 591] cmark-gfm
[303 / 591] cmark-gfm
[310 / 591] cmark-gfm
[317 / 591] cmark-gfm
[337 / 607] SwiftSyntax509
[362 / 620] SwiftSyntax601
[369 / 629] SwiftSyntax600
[382 / 629] libzstd
[396 / 629] RuntimeAssertions
[407 / 631] RuntimeAssertions-product
[410 / 633] SwiftSyntax601
[418 / 635] SwiftSyntax509
[420 / 635] Logging
[423 / 635] Logging
[424 / 635] Logging-product
[425 / 635] Logging-product
[426 / 635] Logging-product
[427 / 635]
error: SwiftCompile normal aarch64 /host/spi-builder-workspace/.build/checkouts/XCTRuntimeAssertions/Sources/RuntimeAssertions/RuntimePrecondition.swift failed with a nonzero exit code. Command line:     cd /host
    builtin-SwiftPerFileCompile RuntimePrecondition.swift
/host/spi-builder-workspace/.build/checkouts/XCTRuntimeAssertions/Sources/RuntimeAssertions/RuntimePrecondition.swift:41:5: error: cannot find 'usleep' in scope
39 |     // `wait(for: [expectation], timeout: timeout)`
40 |     // here as we need to make the method independent of XCTestCase to also use it in our TestApp UITest target which fails if you import XCTest.
41 |     usleep(useconds_t(1_000_000 * timeout))
   |     `- error: cannot find 'usleep' in scope
42 |     expressionWorkItem.cancel()
43 | }
/host/spi-builder-workspace/.build/checkouts/XCTRuntimeAssertions/Sources/RuntimeAssertions/RuntimePrecondition.swift:67:5: error: cannot find 'usleep' in scope
65 |     // `wait(for: [expectation], timeout: timeout)`
66 |     // here as we need to make the method independent of XCTestCase to also use it in our TestApp UITest target which fails if you import XCTest.
67 |     usleep(useconds_t(1_000_000 * timeout))
   |     `- error: cannot find 'usleep' in scope
68 |     task.cancel()
69 | }
Failed frontend command:
/root/.local/share/swiftly/toolchains/6.4.x-snapshot-2026-09-04/usr/bin/swift-frontend -frontend -c /host/spi-builder-workspace/.build/checkouts/XCTRuntimeAssertions/Sources/RuntimeAssertions/Assert.swift /host/spi-builder-workspace/.build/checkouts/XCTRuntimeAssertions/Sources/RuntimeAssertions/Counter.swift /host/spi-builder-workspace/.build/checkouts/XCTRuntimeAssertions/Sources/RuntimeAssertions/DebugOnly.swift /host/spi-builder-workspace/.build/checkouts/XCTRuntimeAssertions/Sources/RuntimeAssertions/NeverReturn.swift /host/spi-builder-workspace/.build/checkouts/XCTRuntimeAssertions/Sources/RuntimeAssertions/Precondition.swift /host/spi-builder-workspace/.build/checkouts/XCTRuntimeAssertions/Sources/RuntimeAssertions/RuntimeAssertion.swift /host/spi-builder-workspace/.build/checkouts/XCTRuntimeAssertions/Sources/RuntimeAssertions/RuntimeAssertionInjection.swift -primary-file /host/spi-builder-workspace/.build/checkouts/XCTRuntimeAssertions/Sources/RuntimeAssertions/RuntimePrecondition.swift -emit-dependencies-path /host/spi-builder-workspace/.build/out/Intermediates.noindex/RuntimeAssertions.build/Debug-android-aarch64/RuntimeAssertions-t.build/Objects-normal/aarch64/RuntimePrecondition.d -emit-const-values-path /host/spi-builder-workspace/.build/out/Intermediates.noindex/RuntimeAssertions.build/Debug-android-aarch64/RuntimeAssertions-t.build/Objects-normal/aarch64/RuntimePrecondition.swiftconstvalues -emit-reference-dependencies-path /host/spi-builder-workspace/.build/out/Intermediates.noindex/RuntimeAssertions.build/Debug-android-aarch64/RuntimeAssertions-t.build/Objects-normal/aarch64/RuntimePrecondition.swiftdeps -serialize-diagnostics-path /host/spi-builder-workspace/.build/out/Intermediates.noindex/RuntimeAssertions.build/Debug-android-aarch64/RuntimeAssertions-t.build/Objects-normal/aarch64/RuntimePrecondition.dia -target aarch64-unknown-linux-android28 -Xllvm -aarch64-use-tbi -disable-objc-interop -sdk /android-ndk/android-ndk-r27d/toolchains/llvm/prebuilt/linux-x86_64/sysroot -sysroot /android-ndk/android-ndk-r27d/toolchains/llvm/prebuilt/linux-x86_64/sysroot -I /host/spi-builder-workspace/.build/out/Products/Debug-android-aarch64 -module-cache-path /host/spi-builder-workspace/.build/out/ModuleCache.noindex -color-diagnostics -Xcc -fcolor-diagnostics -enable-testing -g -debug-info-format\=dwarf -dwarf-version\=4 -suppress-warnings -swift-version 5 -Onone -D SWIFT_PACKAGE -D DEBUG -D SWIFT_MODULE_RESOURCE_BUNDLE_UNAVAILABLE -D Xcode -serialize-debugging-options -enable-experimental-feature DebugDescriptionMacro -empty-abi-descriptor -external-plugin-path /root/.local/share/swiftly/toolchains/6.4.x-snapshot-2026-09-04/usr/lib/swift/host/plugins/testing\#/root/.local/share/swiftly/toolchains/6.4.x-snapshot-2026-09-04/usr/bin/swift-plugin-server -user-module-version 2.2.0 -validate-clang-modules-once -clang-build-session-file /host/spi-builder-workspace/.build/out/ModuleCache.noindex/Session.modulevalidation -Xcc -working-directory -Xcc /host -resource-dir /root/.swiftpm/swift-sdks/swift-6.4.x-DEVELOPMENT-SNAPSHOT-2026-09-04-a_android.artifactbundle/swift-android/swift-resources/usr/lib/swift-aarch64 -enable-anonymous-context-mangled-names -file-compilation-dir /host -Xcc -resource-dir -Xcc /android-ndk/android-ndk-r27d/toolchains/llvm/prebuilt/linux-x86_64/lib/clang/18 -Xcc -fno-omit-frame-pointer -Xcc -D_LIBCPP_HARDENING_MODE\=_LIBCPP_HARDENING_MODE_DEBUG -Xcc -fmodules-prune-interval\=86400 -Xcc -fmodules-prune-after\=345600 -Xcc -I/host/spi-builder-workspace/.build/out/Products/Debug-android-aarch64/include -Xcc -I/host/spi-builder-workspace/.build/out/Intermediates.noindex/RuntimeAssertions.build/Debug-android-aarch64/RuntimeAssertions-t.build/DerivedSources-normal/aarch64 -Xcc -I/host/spi-builder-workspace/.build/out/Intermediates.noindex/RuntimeAssertions.build/Debug-android-aarch64/RuntimeAssertions-t.build/DerivedSources/aarch64 -Xcc -I/host/spi-builder-workspace/.build/out/Intermediates.noindex/RuntimeAssertions.build/Debug-android-aarch64/RuntimeAssertions-t.build/DerivedSources -Xcc -DSWIFT_PACKAGE -Xcc -DDEBUG\=1 -no-auto-bridging-header-chaining -module-name RuntimeAssertions -package-name xctruntimeassertions -const-gather-protocols-file /host/spi-builder-workspace/.build/out/Intermediates.noindex/RuntimeAssertions.build/Debug-android-aarch64/RuntimeAssertions-t.build/Objects-normal/aarch64/RuntimeAssertions_const_extract_protocols.json -in-process-plugin-server-path /root/.local/share/swiftly/toolchains/6.4.x-snapshot-2026-09-04/usr/lib/swift/host/libSwiftInProcPluginServer.so -plugin-path /root/.local/share/swiftly/toolchains/6.4.x-snapshot-2026-09-04/usr/lib/swift/host/plugins -plugin-path /root/.local/share/swiftly/toolchains/6.4.x-snapshot-2026-09-04/usr/local/lib/swift/host/plugins -parse-as-library -o /host/spi-builder-workspace/.build/out/Intermediates.noindex/RuntimeAssertions.build/Debug-android-aarch64/RuntimeAssertions-t.build/Objects-normal/aarch64/RuntimePrecondition.o -index-unit-output-path /RuntimeAssertions.build/Debug-android-aarch64/RuntimeAssertions-t.build/Objects-normal/aarch64/RuntimePrecondition.o -index-store-path /host/spi-builder-workspace/.build/out -index-system-modules
error: Build failed
BUILD FAILURE 6.4 android