The Swift Package Index logo.Swift Package Index

Track the adoption of Swift 6 strict concurrency checks for data race safety. How many packages are Ready for Swift 6?

Build Information

Failed to build Kitura-Session with Swift 5.10 for visionOS using Xcode 15.4 at master.

Build Command

env DEVELOPER_DIR=/Applications/Xcode-15.3.0-Beta.2.app xcrun xcodebuild -IDEClonedSourcePackagesDirPathOverride=$workDir/.dependencies -skipMacroValidation -skipPackagePluginValidation -derivedDataPath $workDir/.derivedData build -scheme Kitura-Session -destination generic/platform=xros

Build Log

        ➜ Explicit dependency on target 'CNIODarwin' in project 'swift-nio'
        ➜ Explicit dependency on target 'CNIOLinux' in project 'swift-nio'
        ➜ Explicit dependency on target 'CNIOWindows' in project 'swift-nio'
        ➜ Explicit dependency on target '_NIODataStructures' in project 'swift-nio'
        ➜ Explicit dependency on target 'NIOCore' in project 'swift-nio'
        ➜ Explicit dependency on target 'NIOEmbedded' in project 'swift-nio'
        ➜ Explicit dependency on target 'NIOPosix' in project 'swift-nio'
        ➜ Explicit dependency on target 'DequeModule' in project 'swift-collections'
        ➜ Explicit dependency on target 'Atomics' in project 'swift-atomics'
    Target 'NIO' in project 'swift-nio'
        ➜ Explicit dependency on target 'CNIOAtomics' in project 'swift-nio'
        ➜ Explicit dependency on target 'NIOConcurrencyHelpers' in project 'swift-nio'
        ➜ Explicit dependency on target '_NIOBase64' in project 'swift-nio'
        ➜ Explicit dependency on target 'CNIODarwin' in project 'swift-nio'
        ➜ Explicit dependency on target 'CNIOLinux' in project 'swift-nio'
        ➜ Explicit dependency on target 'CNIOWindows' in project 'swift-nio'
        ➜ Explicit dependency on target '_NIODataStructures' in project 'swift-nio'
        ➜ Explicit dependency on target 'NIOCore' in project 'swift-nio'
        ➜ Explicit dependency on target 'NIOEmbedded' in project 'swift-nio'
        ➜ Explicit dependency on target 'NIOPosix' in project 'swift-nio'
        ➜ Explicit dependency on target 'DequeModule' in project 'swift-collections'
        ➜ Explicit dependency on target 'Atomics' in project 'swift-atomics'
    Target 'NIOPosix' in project 'swift-nio'
        ➜ Explicit dependency on target 'CNIOLinux' in project 'swift-nio'
        ➜ Explicit dependency on target 'CNIODarwin' in project 'swift-nio'
        ➜ Explicit dependency on target 'CNIOWindows' in project 'swift-nio'
        ➜ Explicit dependency on target 'CNIOAtomics' in project 'swift-nio'
        ➜ Explicit dependency on target 'NIOConcurrencyHelpers' in project 'swift-nio'
        ➜ Explicit dependency on target '_NIOBase64' in project 'swift-nio'
        ➜ Explicit dependency on target '_NIODataStructures' in project 'swift-nio'
        ➜ Explicit dependency on target 'NIOCore' in project 'swift-nio'
        ➜ Explicit dependency on target 'DequeModule' in project 'swift-collections'
        ➜ Explicit dependency on target 'Atomics' in project 'swift-atomics'
    Target 'NIOEmbedded' in project 'swift-nio'
        ➜ Explicit dependency on target 'CNIOAtomics' in project 'swift-nio'
        ➜ Explicit dependency on target 'NIOConcurrencyHelpers' in project 'swift-nio'
        ➜ Explicit dependency on target '_NIOBase64' in project 'swift-nio'
        ➜ Explicit dependency on target 'CNIODarwin' in project 'swift-nio'
        ➜ Explicit dependency on target 'CNIOLinux' in project 'swift-nio'
        ➜ Explicit dependency on target 'CNIOWindows' in project 'swift-nio'
        ➜ Explicit dependency on target '_NIODataStructures' in project 'swift-nio'
        ➜ Explicit dependency on target 'NIOCore' in project 'swift-nio'
        ➜ Explicit dependency on target 'DequeModule' in project 'swift-collections'
        ➜ Explicit dependency on target 'Atomics' in project 'swift-atomics'
    Target 'NIOCore' in project 'swift-nio'
        ➜ Explicit dependency on target 'CNIOAtomics' in project 'swift-nio'
        ➜ Explicit dependency on target 'NIOConcurrencyHelpers' in project 'swift-nio'
        ➜ Explicit dependency on target '_NIOBase64' in project 'swift-nio'
        ➜ Explicit dependency on target 'CNIODarwin' in project 'swift-nio'
        ➜ Explicit dependency on target 'CNIOLinux' in project 'swift-nio'
        ➜ Explicit dependency on target 'CNIOWindows' in project 'swift-nio'
        ➜ Explicit dependency on target '_NIODataStructures' in project 'swift-nio'
        ➜ Explicit dependency on target 'DequeModule' in project 'swift-collections'
        ➜ Explicit dependency on target 'Atomics' in project 'swift-atomics'
    Target 'Atomics' in project 'swift-atomics'
        ➜ Explicit dependency on target 'Atomics' in project 'swift-atomics'
        ➜ Explicit dependency on target '_AtomicsShims' in project 'swift-atomics'
    Target 'Atomics' in project 'swift-atomics'
        ➜ Explicit dependency on target '_AtomicsShims' in project 'swift-atomics'
    Target '_AtomicsShims' in project 'swift-atomics' (no dependencies)
    Target 'DequeModule' in project 'swift-collections'
        ➜ Explicit dependency on target 'DequeModule' in project 'swift-collections'
        ➜ Explicit dependency on target '_CollectionsUtilities' in project 'swift-collections'
    Target 'DequeModule' in project 'swift-collections'
        ➜ Explicit dependency on target '_CollectionsUtilities' in project 'swift-collections'
    Target '_CollectionsUtilities' in project 'swift-collections' (no dependencies)
    Target '_NIODataStructures' in project 'swift-nio' (no dependencies)
    Target 'CNIOWindows' in project 'swift-nio' (no dependencies)
    Target 'CNIOLinux' in project 'swift-nio' (no dependencies)
    Target 'CNIODarwin' in project 'swift-nio' (no dependencies)
    Target '_NIOBase64' in project 'swift-nio' (no dependencies)
    Target 'NIOConcurrencyHelpers' in project 'swift-nio'
        ➜ Explicit dependency on target 'CNIOAtomics' in project 'swift-nio'
    Target 'CNIOAtomics' in project 'swift-nio' (no dependencies)
    Target 'CLinuxHelpers' in project 'Kitura-NIO' (no dependencies)
GatherProvisioningInputs
CreateBuildDescription
ClangStatCache /Applications/Xcode-15.3.0-Beta.2.app/Contents/Developer/Toolchains/XcodeDefault.xctoolchain/usr/bin/clang-stat-cache /Applications/Xcode-15.3.0-Beta.2.app/Contents/Developer/Platforms/XROS.platform/Developer/SDKs/XROS1.1.sdk /Users/builder/builds/UKfvDsi8u/1/finestructure/swiftpackageindex-builder/spi-builder-workspace/.derivedData/SDKStatCaches.noindex/xros1.1-21O5181e-ee5c1ba7e8e63f56232e286fb9e6086d.sdkstatcache
    cd /Users/builder/builds/UKfvDsi8u/1/finestructure/swiftpackageindex-builder/spi-builder-workspace/.swiftpm/xcode
    /Applications/Xcode-15.3.0-Beta.2.app/Contents/Developer/Toolchains/XcodeDefault.xctoolchain/usr/bin/clang-stat-cache /Applications/Xcode-15.3.0-Beta.2.app/Contents/Developer/Platforms/XROS.platform/Developer/SDKs/XROS1.1.sdk -o /Users/builder/builds/UKfvDsi8u/1/finestructure/swiftpackageindex-builder/spi-builder-workspace/.derivedData/SDKStatCaches.noindex/xros1.1-21O5181e-ee5c1ba7e8e63f56232e286fb9e6086d.sdkstatcache
CompileC /Users/builder/builds/UKfvDsi8u/1/finestructure/swiftpackageindex-builder/spi-builder-workspace/.derivedData/Build/Intermediates.noindex/swift-nio-ssl.build/Debug-xros/CNIOBoringSSL.build/Objects-normal/arm64/fiat_p256_adx_sqr.o /Users/builder/builds/UKfvDsi8u/1/finestructure/swiftpackageindex-builder/spi-builder-workspace/.dependencies/checkouts/swift-nio-ssl/Sources/CNIOBoringSSL/third_party/fiat/asm/fiat_p256_adx_sqr.S normal arm64 assembler-with-cpp com.apple.compilers.llvm.clang.1_0.compiler (in target 'CNIOBoringSSL' from project 'swift-nio-ssl')
    cd /Users/builder/builds/UKfvDsi8u/1/finestructure/swiftpackageindex-builder/spi-builder-workspace/.dependencies/checkouts/swift-nio-ssl
    /Applications/Xcode-15.3.0-Beta.2.app/Contents/Developer/Toolchains/XcodeDefault.xctoolchain/usr/bin/clang -x assembler-with-cpp -ivfsstatcache /Users/builder/builds/UKfvDsi8u/1/finestructure/swiftpackageindex-builder/spi-builder-workspace/.derivedData/SDKStatCaches.noindex/xros1.1-21O5181e-ee5c1ba7e8e63f56232e286fb9e6086d.sdkstatcache -fmessage-length\=0 -fdiagnostics-show-note-include-stack -fmacro-backtrace-limit\=0 -fno-color-diagnostics -fmodules-prune-interval\=86400 -fmodules-prune-after\=345600 -fbuild-session-file\=/Users/builder/builds/UKfvDsi8u/1/finestructure/swiftpackageindex-builder/spi-builder-workspace/.derivedData/ModuleCache.noindex/Session.modulevalidation -fmodules-validate-once-per-build-session -Wnon-modular-include-in-framework-module -Werror\=non-modular-include-in-framework-module -Wno-trigraphs -Wno-missing-field-initializers -Wno-missing-prototypes -Wno-return-type -Wno-missing-braces -Wparentheses -Wswitch -Wno-unused-function -Wno-unused-label -Wno-unused-parameter -Wno-unused-variable -Wunused-value -Wno-empty-body -Wno-uninitialized -Wno-unknown-pragmas -w -Wno-shadow -Wno-four-char-constants -Wno-conversion -Wno-constant-conversion -Wno-int-conversion -Wno-bool-conversion -Wno-enum-conversion -Wno-float-conversion -Wno-non-literal-null-conversion -Wno-objc-literal-conversion -Wshorten-64-to-32 -Wno-newline-eof -Wno-implicit-fallthrough -fstrict-aliasing -Wdeprecated-declarations -Wno-sign-conversion -Wno-infinite-recursion -Wno-comma -Wno-block-capture-autoreleasing -Wno-strict-prototypes -Wno-semicolon-before-method-body -index-store-path /Users/builder/builds/UKfvDsi8u/1/finestructure/swiftpackageindex-builder/spi-builder-workspace/.derivedData/Index.noindex/DataStore @/Users/builder/builds/UKfvDsi8u/1/finestructure/swiftpackageindex-builder/spi-builder-workspace/.derivedData/Build/Intermediates.noindex/swift-nio-ssl.build/Debug-xros/CNIOBoringSSL.build/Objects-normal/arm64/533656923a283fa776881f304837ed9e-common-args.resp -MMD -MT dependencies -MF /Users/builder/builds/UKfvDsi8u/1/finestructure/swiftpackageindex-builder/spi-builder-workspace/.derivedData/Build/Intermediates.noindex/swift-nio-ssl.build/Debug-xros/CNIOBoringSSL.build/Objects-normal/arm64/fiat_p256_adx_sqr.d --serialize-diagnostics /Users/builder/builds/UKfvDsi8u/1/finestructure/swiftpackageindex-builder/spi-builder-workspace/.derivedData/Build/Intermediates.noindex/swift-nio-ssl.build/Debug-xros/CNIOBoringSSL.build/Objects-normal/arm64/fiat_p256_adx_sqr.dia -c /Users/builder/builds/UKfvDsi8u/1/finestructure/swiftpackageindex-builder/spi-builder-workspace/.dependencies/checkouts/swift-nio-ssl/Sources/CNIOBoringSSL/third_party/fiat/asm/fiat_p256_adx_sqr.S -o /Users/builder/builds/UKfvDsi8u/1/finestructure/swiftpackageindex-builder/spi-builder-workspace/.derivedData/Build/Intermediates.noindex/swift-nio-ssl.build/Debug-xros/CNIOBoringSSL.build/Objects-normal/arm64/fiat_p256_adx_sqr.o -index-unit-output-path /swift-nio-ssl.build/Debug-xros/CNIOBoringSSL.build/Objects-normal/arm64/fiat_p256_adx_sqr.o
CompileC /Users/builder/builds/UKfvDsi8u/1/finestructure/swiftpackageindex-builder/spi-builder-workspace/.derivedData/Build/Intermediates.noindex/swift-nio-ssl.build/Debug-xros/CNIOBoringSSLShims.build/Objects-normal/arm64/shims.o /Users/builder/builds/UKfvDsi8u/1/finestructure/swiftpackageindex-builder/spi-builder-workspace/.dependencies/checkouts/swift-nio-ssl/Sources/CNIOBoringSSLShims/shims.c normal arm64 c com.apple.compilers.llvm.clang.1_0.compiler (in target 'CNIOBoringSSLShims' from project 'swift-nio-ssl')
    cd /Users/builder/builds/UKfvDsi8u/1/finestructure/swiftpackageindex-builder/spi-builder-workspace/.dependencies/checkouts/swift-nio-ssl
    /Applications/Xcode-15.3.0-Beta.2.app/Contents/Developer/Toolchains/XcodeDefault.xctoolchain/usr/bin/clang -x c -ivfsstatcache /Users/builder/builds/UKfvDsi8u/1/finestructure/swiftpackageindex-builder/spi-builder-workspace/.derivedData/SDKStatCaches.noindex/xros1.1-21O5181e-ee5c1ba7e8e63f56232e286fb9e6086d.sdkstatcache -fmessage-length\=0 -fdiagnostics-show-note-include-stack -fmacro-backtrace-limit\=0 -fno-color-diagnostics -fmodules-prune-interval\=86400 -fmodules-prune-after\=345600 -fbuild-session-file\=/Users/builder/builds/UKfvDsi8u/1/finestructure/swiftpackageindex-builder/spi-builder-workspace/.derivedData/ModuleCache.noindex/Session.modulevalidation -fmodules-validate-once-per-build-session -Wnon-modular-include-in-framework-module -Werror\=non-modular-include-in-framework-module -Wno-trigraphs -Wno-missing-field-initializers -Wno-missing-prototypes -Wno-return-type -Wno-missing-braces -Wparentheses -Wswitch -Wno-unused-function -Wno-unused-label -Wno-unused-parameter -Wno-unused-variable -Wunused-value -Wno-empty-body -Wno-uninitialized -Wno-unknown-pragmas -w -Wno-shadow -Wno-four-char-constants -Wno-conversion -Wno-constant-conversion -Wno-int-conversion -Wno-bool-conversion -Wno-enum-conversion -Wno-float-conversion -Wno-non-literal-null-conversion -Wno-objc-literal-conversion -Wshorten-64-to-32 -Wpointer-sign -Wno-newline-eof -Wno-implicit-fallthrough -fstrict-aliasing -Wdeprecated-declarations -Wno-sign-conversion -Wno-infinite-recursion -Wno-comma -Wno-block-capture-autoreleasing -Wno-strict-prototypes -Wno-semicolon-before-method-body -index-store-path /Users/builder/builds/UKfvDsi8u/1/finestructure/swiftpackageindex-builder/spi-builder-workspace/.derivedData/Index.noindex/DataStore @/Users/builder/builds/UKfvDsi8u/1/finestructure/swiftpackageindex-builder/spi-builder-workspace/.derivedData/Build/Intermediates.noindex/swift-nio-ssl.build/Debug-xros/CNIOBoringSSLShims.build/Objects-normal/arm64/7187679823f38a2a940e0043cdf9d637-common-args.resp -MMD -MT dependencies -MF /Users/builder/builds/UKfvDsi8u/1/finestructure/swiftpackageindex-builder/spi-builder-workspace/.derivedData/Build/Intermediates.noindex/swift-nio-ssl.build/Debug-xros/CNIOBoringSSLShims.build/Objects-normal/arm64/shims.d --serialize-diagnostics /Users/builder/builds/UKfvDsi8u/1/finestructure/swiftpackageindex-builder/spi-builder-workspace/.derivedData/Build/Intermediates.noindex/swift-nio-ssl.build/Debug-xros/CNIOBoringSSLShims.build/Objects-normal/arm64/shims.dia -c /Users/builder/builds/UKfvDsi8u/1/finestructure/swiftpackageindex-builder/spi-builder-workspace/.dependencies/checkouts/swift-nio-ssl/Sources/CNIOBoringSSLShims/shims.c -o /Users/builder/builds/UKfvDsi8u/1/finestructure/swiftpackageindex-builder/spi-builder-workspace/.derivedData/Build/Intermediates.noindex/swift-nio-ssl.build/Debug-xros/CNIOBoringSSLShims.build/Objects-normal/arm64/shims.o -index-unit-output-path /swift-nio-ssl.build/Debug-xros/CNIOBoringSSLShims.build/Objects-normal/arm64/shims.o
CompileC /Users/builder/builds/UKfvDsi8u/1/finestructure/swiftpackageindex-builder/spi-builder-workspace/.derivedData/Build/Intermediates.noindex/swift-nio-ssl.build/Debug-xros/CNIOBoringSSL.build/Objects-normal/arm64/fiat_p256_adx_mul.o /Users/builder/builds/UKfvDsi8u/1/finestructure/swiftpackageindex-builder/spi-builder-workspace/.dependencies/checkouts/swift-nio-ssl/Sources/CNIOBoringSSL/third_party/fiat/asm/fiat_p256_adx_mul.S normal arm64 assembler-with-cpp com.apple.compilers.llvm.clang.1_0.compiler (in target 'CNIOBoringSSL' from project 'swift-nio-ssl')
    cd /Users/builder/builds/UKfvDsi8u/1/finestructure/swiftpackageindex-builder/spi-builder-workspace/.dependencies/checkouts/swift-nio-ssl
    /Applications/Xcode-15.3.0-Beta.2.app/Contents/Developer/Toolchains/XcodeDefault.xctoolchain/usr/bin/clang -x assembler-with-cpp -ivfsstatcache /Users/builder/builds/UKfvDsi8u/1/finestructure/swiftpackageindex-builder/spi-builder-workspace/.derivedData/SDKStatCaches.noindex/xros1.1-21O5181e-ee5c1ba7e8e63f56232e286fb9e6086d.sdkstatcache -fmessage-length\=0 -fdiagnostics-show-note-include-stack -fmacro-backtrace-limit\=0 -fno-color-diagnostics -fmodules-prune-interval\=86400 -fmodules-prune-after\=345600 -fbuild-session-file\=/Users/builder/builds/UKfvDsi8u/1/finestructure/swiftpackageindex-builder/spi-builder-workspace/.derivedData/ModuleCache.noindex/Session.modulevalidation -fmodules-validate-once-per-build-session -Wnon-modular-include-in-framework-module -Werror\=non-modular-include-in-framework-module -Wno-trigraphs -Wno-missing-field-initializers -Wno-missing-prototypes -Wno-return-type -Wno-missing-braces -Wparentheses -Wswitch -Wno-unused-function -Wno-unused-label -Wno-unused-parameter -Wno-unused-variable -Wunused-value -Wno-empty-body -Wno-uninitialized -Wno-unknown-pragmas -w -Wno-shadow -Wno-four-char-constants -Wno-conversion -Wno-constant-conversion -Wno-int-conversion -Wno-bool-conversion -Wno-enum-conversion -Wno-float-conversion -Wno-non-literal-null-conversion -Wno-objc-literal-conversion -Wshorten-64-to-32 -Wno-newline-eof -Wno-implicit-fallthrough -fstrict-aliasing -Wdeprecated-declarations -Wno-sign-conversion -Wno-infinite-recursion -Wno-comma -Wno-block-capture-autoreleasing -Wno-strict-prototypes -Wno-semicolon-before-method-body -index-store-path /Users/builder/builds/UKfvDsi8u/1/finestructure/swiftpackageindex-builder/spi-builder-workspace/.derivedData/Index.noindex/DataStore @/Users/builder/builds/UKfvDsi8u/1/finestructure/swiftpackageindex-builder/spi-builder-workspace/.derivedData/Build/Intermediates.noindex/swift-nio-ssl.build/Debug-xros/CNIOBoringSSL.build/Objects-normal/arm64/533656923a283fa776881f304837ed9e-common-args.resp -MMD -MT dependencies -MF /Users/builder/builds/UKfvDsi8u/1/finestructure/swiftpackageindex-builder/spi-builder-workspace/.derivedData/Build/Intermediates.noindex/swift-nio-ssl.build/Debug-xros/CNIOBoringSSL.build/Objects-normal/arm64/fiat_p256_adx_mul.d --serialize-diagnostics /Users/builder/builds/UKfvDsi8u/1/finestructure/swiftpackageindex-builder/spi-builder-workspace/.derivedData/Build/Intermediates.noindex/swift-nio-ssl.build/Debug-xros/CNIOBoringSSL.build/Objects-normal/arm64/fiat_p256_adx_mul.dia -c /Users/builder/builds/UKfvDsi8u/1/finestructure/swiftpackageindex-builder/spi-builder-workspace/.dependencies/checkouts/swift-nio-ssl/Sources/CNIOBoringSSL/third_party/fiat/asm/fiat_p256_adx_mul.S -o /Users/builder/builds/UKfvDsi8u/1/finestructure/swiftpackageindex-builder/spi-builder-workspace/.derivedData/Build/Intermediates.noindex/swift-nio-ssl.build/Debug-xros/CNIOBoringSSL.build/Objects-normal/arm64/fiat_p256_adx_mul.o -index-unit-output-path /swift-nio-ssl.build/Debug-xros/CNIOBoringSSL.build/Objects-normal/arm64/fiat_p256_adx_mul.o
CompileC /Users/builder/builds/UKfvDsi8u/1/finestructure/swiftpackageindex-builder/spi-builder-workspace/.derivedData/Build/Intermediates.noindex/swift-nio-ssl.build/Debug-xros/CNIOBoringSSL.build/Objects-normal/arm64/tls_record.o /Users/builder/builds/UKfvDsi8u/1/finestructure/swiftpackageindex-builder/spi-builder-workspace/.dependencies/checkouts/swift-nio-ssl/Sources/CNIOBoringSSL/ssl/tls_record.cc normal arm64 c++ com.apple.compilers.llvm.clang.1_0.compiler (in target 'CNIOBoringSSL' from project 'swift-nio-ssl')
    cd /Users/builder/builds/UKfvDsi8u/1/finestructure/swiftpackageindex-builder/spi-builder-workspace/.dependencies/checkouts/swift-nio-ssl
    /Applications/Xcode-15.3.0-Beta.2.app/Contents/Developer/Toolchains/XcodeDefault.xctoolchain/usr/bin/clang -x c++ -ivfsstatcache /Users/builder/builds/UKfvDsi8u/1/finestructure/swiftpackageindex-builder/spi-builder-workspace/.derivedData/SDKStatCaches.noindex/xros1.1-21O5181e-ee5c1ba7e8e63f56232e286fb9e6086d.sdkstatcache -fmessage-length\=0 -fdiagnostics-show-note-include-stack -fmacro-backtrace-limit\=0 -fno-color-diagnostics -fmodules-prune-interval\=86400 -fmodules-prune-after\=345600 -fbuild-session-file\=/Users/builder/builds/UKfvDsi8u/1/finestructure/swiftpackageindex-builder/spi-builder-workspace/.derivedData/ModuleCache.noindex/Session.modulevalidation -fmodules-validate-once-per-build-session -Wnon-modular-include-in-framework-module -Werror\=non-modular-include-in-framework-module -Wno-trigraphs -Wno-missing-field-initializers -Wno-missing-prototypes -Wno-return-type -Wno-non-virtual-dtor -Wno-overloaded-virtual -Wno-exit-time-destructors -Wno-missing-braces -Wparentheses -Wswitch -Wno-unused-function -Wno-unused-label -Wno-unused-parameter -Wno-unused-variable -Wunused-value -Wno-empty-body -Wno-uninitialized -Wno-unknown-pragmas -w -Wno-shadow -Wno-four-char-constants -Wno-conversion -Wno-constant-conversion -Wno-int-conversion -Wno-bool-conversion -Wno-enum-conversion -Wno-float-conversion -Wno-non-literal-null-conversion -Wno-objc-literal-conversion -Wshorten-64-to-32 -Wno-newline-eof -Wno-c++11-extensions -Wno-implicit-fallthrough -fstrict-aliasing -Wdeprecated-declarations -Winvalid-offsetof -Wno-sign-conversion -Wno-infinite-recursion -Wno-move -Wno-comma -Wno-block-capture-autoreleasing -Wno-strict-prototypes -Wno-range-loop-analysis -Wno-semicolon-before-method-body -index-store-path /Users/builder/builds/UKfvDsi8u/1/finestructure/swiftpackageindex-builder/spi-builder-workspace/.derivedData/Index.noindex/DataStore @/Users/builder/builds/UKfvDsi8u/1/finestructure/swiftpackageindex-builder/spi-builder-workspace/.derivedData/Build/Intermediates.noindex/swift-nio-ssl.build/Debug-xros/CNIOBoringSSL.build/Objects-normal/arm64/82b82416624d2658e5098eb0a28c15c5-common-args.resp -MMD -MT dependencies -MF /Users/builder/builds/UKfvDsi8u/1/finestructure/swiftpackageindex-builder/spi-builder-workspace/.derivedData/Build/Intermediates.noindex/swift-nio-ssl.build/Debug-xros/CNIOBoringSSL.build/Objects-normal/arm64/tls_record.d --serialize-diagnostics /Users/builder/builds/UKfvDsi8u/1/finestructure/swiftpackageindex-builder/spi-builder-workspace/.derivedData/Build/Intermediates.noindex/swift-nio-ssl.build/Debug-xros/CNIOBoringSSL.build/Objects-normal/arm64/tls_record.dia -c /Users/builder/builds/UKfvDsi8u/1/finestructure/swiftpackageindex-builder/spi-builder-workspace/.dependencies/checkouts/swift-nio-ssl/Sources/CNIOBoringSSL/ssl/tls_record.cc -o /Users/builder/builds/UKfvDsi8u/1/finestructure/swiftpackageindex-builder/spi-builder-workspace/.derivedData/Build/Intermediates.noindex/swift-nio-ssl.build/Debug-xros/CNIOBoringSSL.build/Objects-normal/arm64/tls_record.o -index-unit-output-path /swift-nio-ssl.build/Debug-xros/CNIOBoringSSL.build/Objects-normal/arm64/tls_record.o
CompileC /Users/builder/builds/UKfvDsi8u/1/finestructure/swiftpackageindex-builder/spi-builder-workspace/.derivedData/Build/Intermediates.noindex/swift-nio-ssl.build/Debug-xros/CNIOBoringSSL.build/Objects-normal/arm64/tls_method.o /Users/builder/builds/UKfvDsi8u/1/finestructure/swiftpackageindex-builder/spi-builder-workspace/.dependencies/checkouts/swift-nio-ssl/Sources/CNIOBoringSSL/ssl/tls_method.cc normal arm64 c++ com.apple.compilers.llvm.clang.1_0.compiler (in target 'CNIOBoringSSL' from project 'swift-nio-ssl')
    cd /Users/builder/builds/UKfvDsi8u/1/finestructure/swiftpackageindex-builder/spi-builder-workspace/.dependencies/checkouts/swift-nio-ssl
    /Applications/Xcode-15.3.0-Beta.2.app/Contents/Developer/Toolchains/XcodeDefault.xctoolchain/usr/bin/clang -x c++ -ivfsstatcache /Users/builder/builds/UKfvDsi8u/1/finestructure/swiftpackageindex-builder/spi-builder-workspace/.derivedData/SDKStatCaches.noindex/xros1.1-21O5181e-ee5c1ba7e8e63f56232e286fb9e6086d.sdkstatcache -fmessage-length\=0 -fdiagnostics-show-note-include-stack -fmacro-backtrace-limit\=0 -fno-color-diagnostics -fmodules-prune-interval\=86400 -fmodules-prune-after\=345600 -fbuild-session-file\=/Users/builder/builds/UKfvDsi8u/1/finestructure/swiftpackageindex-builder/spi-builder-workspace/.derivedData/ModuleCache.noindex/Session.modulevalidation -fmodules-validate-once-per-build-session -Wnon-modular-include-in-framework-module -Werror\=non-modular-include-in-framework-module -Wno-trigraphs -Wno-missing-field-initializers -Wno-missing-prototypes -Wno-return-type -Wno-non-virtual-dtor -Wno-overloaded-virtual -Wno-exit-time-destructors -Wno-missing-braces -Wparentheses -Wswitch -Wno-unused-function -Wno-unused-label -Wno-unused-parameter -Wno-unused-variable -Wunused-value -Wno-empty-body -Wno-uninitialized -Wno-unknown-pragmas -w -Wno-shadow -Wno-four-char-constants -Wno-conversion -Wno-constant-conversion -Wno-int-conversion -Wno-bool-conversion -Wno-enum-conversion -Wno-float-conversion -Wno-non-literal-null-conversion -Wno-objc-literal-conversion -Wshorten-64-to-32 -Wno-newline-eof -Wno-c++11-extensions -Wno-implicit-fallthrough -fstrict-aliasing -Wdeprecated-declarations -Winvalid-offsetof -Wno-sign-conversion -Wno-infinite-recursion -Wno-move -Wno-comma -Wno-block-capture-autoreleasing -Wno-strict-prototypes -Wno-range-loop-analysis -Wno-semicolon-before-method-body -index-store-path /Users/builder/builds/UKfvDsi8u/1/finestructure/swiftpackageindex-builder/spi-builder-workspace/.derivedData/Index.noindex/DataStore @/Users/builder/builds/UKfvDsi8u/1/finestructure/swiftpackageindex-builder/spi-builder-workspace/.derivedData/Build/Intermediates.noindex/swift-nio-ssl.build/Debug-xros/CNIOBoringSSL.build/Objects-normal/arm64/82b82416624d2658e5098eb0a28c15c5-common-args.resp -MMD -MT dependencies -MF /Users/builder/builds/UKfvDsi8u/1/finestructure/swiftpackageindex-builder/spi-builder-workspace/.derivedData/Build/Intermediates.noindex/swift-nio-ssl.build/Debug-xros/CNIOBoringSSL.build/Objects-normal/arm64/tls_method.d --serialize-diagnostics /Users/builder/builds/UKfvDsi8u/1/finestructure/swiftpackageindex-builder/spi-builder-workspace/.derivedData/Build/Intermediates.noindex/swift-nio-ssl.build/Debug-xros/CNIOBoringSSL.build/Objects-normal/arm64/tls_method.dia -c /Users/builder/builds/UKfvDsi8u/1/finestructure/swiftpackageindex-builder/spi-builder-workspace/.dependencies/checkouts/swift-nio-ssl/Sources/CNIOBoringSSL/ssl/tls_method.cc -o /Users/builder/builds/UKfvDsi8u/1/finestructure/swiftpackageindex-builder/spi-builder-workspace/.derivedData/Build/Intermediates.noindex/swift-nio-ssl.build/Debug-xros/CNIOBoringSSL.build/Objects-normal/arm64/tls_method.o -index-unit-output-path /swift-nio-ssl.build/Debug-xros/CNIOBoringSSL.build/Objects-normal/arm64/tls_method.o
CompileC /Users/builder/builds/UKfvDsi8u/1/finestructure/swiftpackageindex-builder/spi-builder-workspace/.derivedData/Build/Intermediates.noindex/swift-nio-ssl.build/Debug-xros/CNIOBoringSSL.build/Objects-normal/arm64/tls13_server.o /Users/builder/builds/UKfvDsi8u/1/finestructure/swiftpackageindex-builder/spi-builder-workspace/.dependencies/checkouts/swift-nio-ssl/Sources/CNIOBoringSSL/ssl/tls13_server.cc normal arm64 c++ com.apple.compilers.llvm.clang.1_0.compiler (in target 'CNIOBoringSSL' from project 'swift-nio-ssl')
    cd /Users/builder/builds/UKfvDsi8u/1/finestructure/swiftpackageindex-builder/spi-builder-workspace/.dependencies/checkouts/swift-nio-ssl
    /Applications/Xcode-15.3.0-Beta.2.app/Contents/Developer/Toolchains/XcodeDefault.xctoolchain/usr/bin/clang -x c++ -ivfsstatcache /Users/builder/builds/UKfvDsi8u/1/finestructure/swiftpackageindex-builder/spi-builder-workspace/.derivedData/SDKStatCaches.noindex/xros1.1-21O5181e-ee5c1ba7e8e63f56232e286fb9e6086d.sdkstatcache -fmessage-length\=0 -fdiagnostics-show-note-include-stack -fmacro-backtrace-limit\=0 -fno-color-diagnostics -fmodules-prune-interval\=86400 -fmodules-prune-after\=345600 -fbuild-session-file\=/Users/builder/builds/UKfvDsi8u/1/finestructure/swiftpackageindex-builder/spi-builder-workspace/.derivedData/ModuleCache.noindex/Session.modulevalidation -fmodules-validate-once-per-build-session -Wnon-modular-include-in-framework-module -Werror\=non-modular-include-in-framework-module -Wno-trigraphs -Wno-missing-field-initializers -Wno-missing-prototypes -Wno-return-type -Wno-non-virtual-dtor -Wno-overloaded-virtual -Wno-exit-time-destructors -Wno-missing-braces -Wparentheses -Wswitch -Wno-unused-function -Wno-unused-label -Wno-unused-parameter -Wno-unused-variable -Wunused-value -Wno-empty-body -Wno-uninitialized -Wno-unknown-pragmas -w -Wno-shadow -Wno-four-char-constants -Wno-conversion -Wno-constant-conversion -Wno-int-conversion -Wno-bool-conversion -Wno-enum-conversion -Wno-float-conversion -Wno-non-literal-null-conversion -Wno-objc-literal-conversion -Wshorten-64-to-32 -Wno-newline-eof -Wno-c++11-extensions -Wno-implicit-fallthrough -fstrict-aliasing -Wdeprecated-declarations -Winvalid-offsetof -Wno-sign-conversion -Wno-infinite-recursion -Wno-move -Wno-comma -Wno-block-capture-autoreleasing -Wno-strict-prototypes -Wno-range-loop-analysis -Wno-semicolon-before-method-body -index-store-path /Users/builder/builds/UKfvDsi8u/1/finestructure/swiftpackageindex-builder/spi-builder-workspace/.derivedData/Index.noindex/DataStore @/Users/builder/builds/UKfvDsi8u/1/finestructure/swiftpackageindex-builder/spi-builder-workspace/.derivedData/Build/Intermediates.noindex/swift-nio-ssl.build/Debug-xros/CNIOBoringSSL.build/Objects-normal/arm64/82b82416624d2658e5098eb0a28c15c5-common-args.resp -MMD -MT dependencies -MF /Users/builder/builds/UKfvDsi8u/1/finestructure/swiftpackageindex-builder/spi-builder-workspace/.derivedData/Build/Intermediates.noindex/swift-nio-ssl.build/Debug-xros/CNIOBoringSSL.build/Objects-normal/arm64/tls13_server.d --serialize-diagnostics /Users/builder/builds/UKfvDsi8u/1/finestructure/swiftpackageindex-builder/spi-builder-workspace/.derivedData/Build/Intermediates.noindex/swift-nio-ssl.build/Debug-xros/CNIOBoringSSL.build/Objects-normal/arm64/tls13_server.dia -c /Users/builder/builds/UKfvDsi8u/1/finestructure/swiftpackageindex-builder/spi-builder-workspace/.dependencies/checkouts/swift-nio-ssl/Sources/CNIOBoringSSL/ssl/tls13_server.cc -o /Users/builder/builds/UKfvDsi8u/1/finestructure/swiftpackageindex-builder/spi-builder-workspace/.derivedData/Build/Intermediates.noindex/swift-nio-ssl.build/Debug-xros/CNIOBoringSSL.build/Objects-normal/arm64/tls13_server.o -index-unit-output-path /swift-nio-ssl.build/Debug-xros/CNIOBoringSSL.build/Objects-normal/arm64/tls13_server.o
CompileC /Users/builder/builds/UKfvDsi8u/1/finestructure/swiftpackageindex-builder/spi-builder-workspace/.derivedData/Build/Intermediates.noindex/swift-nio-ssl.build/Debug-xros/CNIOBoringSSL.build/Objects-normal/arm64/fiat_curve25519_adx_square.o /Users/builder/builds/UKfvDsi8u/1/finestructure/swiftpackageindex-builder/spi-builder-workspace/.dependencies/checkouts/swift-nio-ssl/Sources/CNIOBoringSSL/third_party/fiat/asm/fiat_curve25519_adx_square.S normal arm64 assembler-with-cpp com.apple.compilers.llvm.clang.1_0.compiler (in target 'CNIOBoringSSL' from project 'swift-nio-ssl')
    cd /Users/builder/builds/UKfvDsi8u/1/finestructure/swiftpackageindex-builder/spi-builder-workspace/.dependencies/checkouts/swift-nio-ssl
    /Applications/Xcode-15.3.0-Beta.2.app/Contents/Developer/Toolchains/XcodeDefault.xctoolchain/usr/bin/clang -x assembler-with-cpp -ivfsstatcache /Users/builder/builds/UKfvDsi8u/1/finestructure/swiftpackageindex-builder/spi-builder-workspace/.derivedData/SDKStatCaches.noindex/xros1.1-21O5181e-ee5c1ba7e8e63f56232e286fb9e6086d.sdkstatcache -fmessage-length\=0 -fdiagnostics-show-note-include-stack -fmacro-backtrace-limit\=0 -fno-color-diagnostics -fmodules-prune-interval\=86400 -fmodules-prune-after\=345600 -fbuild-session-file\=/Users/builder/builds/UKfvDsi8u/1/finestructure/swiftpackageindex-builder/spi-builder-workspace/.derivedData/ModuleCache.noindex/Session.modulevalidation -fmodules-validate-once-per-build-session -Wnon-modular-include-in-framework-module -Werror\=non-modular-include-in-framework-module -Wno-trigraphs -Wno-missing-field-initializers -Wno-missing-prototypes -Wno-return-type -Wno-missing-braces -Wparentheses -Wswitch -Wno-unused-function -Wno-unused-label -Wno-unused-parameter -Wno-unused-variable -Wunused-value -Wno-empty-body -Wno-uninitialized -Wno-unknown-pragmas -w -Wno-shadow -Wno-four-char-constants -Wno-conversion -Wno-constant-conversion -Wno-int-conversion -Wno-bool-conversion -Wno-enum-conversion -Wno-float-conversion -Wno-non-literal-null-conversion -Wno-objc-literal-conversion -Wshorten-64-to-32 -Wno-newline-eof -Wno-implicit-fallthrough -fstrict-aliasing -Wdeprecated-declarations -Wno-sign-conversion -Wno-infinite-recursion -Wno-comma -Wno-block-capture-autoreleasing -Wno-strict-prototypes -Wno-semicolon-before-method-body -index-store-path /Users/builder/builds/UKfvDsi8u/1/finestructure/swiftpackageindex-builder/spi-builder-workspace/.derivedData/Index.noindex/DataStore @/Users/builder/builds/UKfvDsi8u/1/finestructure/swiftpackageindex-builder/spi-builder-workspace/.derivedData/Build/Intermediates.noindex/swift-nio-ssl.build/Debug-xros/CNIOBoringSSL.build/Objects-normal/arm64/533656923a283fa776881f304837ed9e-common-args.resp -MMD -MT dependencies -MF /Users/builder/builds/UKfvDsi8u/1/finestructure/swiftpackageindex-builder/spi-builder-workspace/.derivedData/Build/Intermediates.noindex/swift-nio-ssl.build/Debug-xros/CNIOBoringSSL.build/Objects-normal/arm64/fiat_curve25519_adx_square.d --serialize-diagnostics /Users/builder/builds/UKfvDsi8u/1/finestructure/swiftpackageindex-builder/spi-builder-workspace/.derivedData/Build/Intermediates.noindex/swift-nio-ssl.build/Debug-xros/CNIOBoringSSL.build/Objects-normal/arm64/fiat_curve25519_adx_square.dia -c /Users/builder/builds/UKfvDsi8u/1/finestructure/swiftpackageindex-builder/spi-builder-workspace/.dependencies/checkouts/swift-nio-ssl/Sources/CNIOBoringSSL/third_party/fiat/asm/fiat_curve25519_adx_square.S -o /Users/builder/builds/UKfvDsi8u/1/finestructure/swiftpackageindex-builder/spi-builder-workspace/.derivedData/Build/Intermediates.noindex/swift-nio-ssl.build/Debug-xros/CNIOBoringSSL.build/Objects-normal/arm64/fiat_curve25519_adx_square.o -index-unit-output-path /swift-nio-ssl.build/Debug-xros/CNIOBoringSSL.build/Objects-normal/arm64/fiat_curve25519_adx_square.o
CompileC /Users/builder/builds/UKfvDsi8u/1/finestructure/swiftpackageindex-builder/spi-builder-workspace/.derivedData/Build/Intermediates.noindex/swift-nio-ssl.build/Debug-xros/CNIOBoringSSL.build/Objects-normal/arm64/x_x509.o /Users/builder/builds/UKfvDsi8u/1/finestructure/swiftpackageindex-builder/spi-builder-workspace/.dependencies/checkouts/swift-nio-ssl/Sources/CNIOBoringSSL/crypto/x509/x_x509.c normal arm64 c com.apple.compilers.llvm.clang.1_0.compiler (in target 'CNIOBoringSSL' from project 'swift-nio-ssl')
    cd /Users/builder/builds/UKfvDsi8u/1/finestructure/swiftpackageindex-builder/spi-builder-workspace/.dependencies/checkouts/swift-nio-ssl
    /Applications/Xcode-15.3.0-Beta.2.app/Contents/Developer/Toolchains/XcodeDefault.xctoolchain/usr/bin/clang -x c -ivfsstatcache /Users/builder/builds/UKfvDsi8u/1/finestructure/swiftpackageindex-builder/spi-builder-workspace/.derivedData/SDKStatCaches.noindex/xros1.1-21O5181e-ee5c1ba7e8e63f56232e286fb9e6086d.sdkstatcache -fmessage-length\=0 -fdiagnostics-show-note-include-stack -fmacro-backtrace-limit\=0 -fno-color-diagnostics -fmodules-prune-interval\=86400 -fmodules-prune-after\=345600 -fbuild-session-file\=/Users/builder/builds/UKfvDsi8u/1/finestructure/swiftpackageindex-builder/spi-builder-workspace/.derivedData/ModuleCache.noindex/Session.modulevalidation -fmodules-validate-once-per-build-session -Wnon-modular-include-in-framework-module -Werror\=non-modular-include-in-framework-module -Wno-trigraphs -Wno-missing-field-initializers -Wno-missing-prototypes -Wno-return-type -Wno-missing-braces -Wparentheses -Wswitch -Wno-unused-function -Wno-unused-label -Wno-unused-parameter -Wno-unused-variable -Wunused-value -Wno-empty-body -Wno-uninitialized -Wno-unknown-pragmas -w -Wno-shadow -Wno-four-char-constants -Wno-conversion -Wno-constant-conversion -Wno-int-conversion -Wno-bool-conversion -Wno-enum-conversion -Wno-float-conversion -Wno-non-literal-null-conversion -Wno-objc-literal-conversion -Wshorten-64-to-32 -Wpointer-sign -Wno-newline-eof -Wno-implicit-fallthrough -fstrict-aliasing -Wdeprecated-declarations -Wno-sign-conversion -Wno-infinite-recursion -Wno-comma -Wno-block-capture-autoreleasing -Wno-strict-prototypes -Wno-semicolon-before-method-body -index-store-path /Users/builder/builds/UKfvDsi8u/1/finestructure/swiftpackageindex-builder/spi-builder-workspace/.derivedData/Index.noindex/DataStore @/Users/builder/builds/UKfvDsi8u/1/finestructure/swiftpackageindex-builder/spi-builder-workspace/.derivedData/Build/Intermediates.noindex/swift-nio-ssl.build/Debug-xros/CNIOBoringSSL.build/Objects-normal/arm64/7187679823f38a2a940e0043cdf9d637-common-args.resp -MMD -MT dependencies -MF /Users/builder/builds/UKfvDsi8u/1/finestructure/swiftpackageindex-builder/spi-builder-workspace/.derivedData/Build/Intermediates.noindex/swift-nio-ssl.build/Debug-xros/CNIOBoringSSL.build/Objects-normal/arm64/x_x509.d --serialize-diagnostics /Users/builder/builds/UKfvDsi8u/1/finestructure/swiftpackageindex-builder/spi-builder-workspace/.derivedData/Build/Intermediates.noindex/swift-nio-ssl.build/Debug-xros/CNIOBoringSSL.build/Objects-normal/arm64/x_x509.dia -c /Users/builder/builds/UKfvDsi8u/1/finestructure/swiftpackageindex-builder/spi-builder-workspace/.dependencies/checkouts/swift-nio-ssl/Sources/CNIOBoringSSL/crypto/x509/x_x509.c -o /Users/builder/builds/UKfvDsi8u/1/finestructure/swiftpackageindex-builder/spi-builder-workspace/.derivedData/Build/Intermediates.noindex/swift-nio-ssl.build/Debug-xros/CNIOBoringSSL.build/Objects-normal/arm64/x_x509.o -index-unit-output-path /swift-nio-ssl.build/Debug-xros/CNIOBoringSSL.build/Objects-normal/arm64/x_x509.o
CompileC /Users/builder/builds/UKfvDsi8u/1/finestructure/swiftpackageindex-builder/spi-builder-workspace/.derivedData/Build/Intermediates.noindex/swift-nio-ssl.build/Debug-xros/CNIOBoringSSL.build/Objects-normal/arm64/x_pkey.o /Users/builder/builds/UKfvDsi8u/1/finestructure/swiftpackageindex-builder/spi-builder-workspace/.dependencies/checkouts/swift-nio-ssl/Sources/CNIOBoringSSL/crypto/x509/x_pkey.c normal arm64 c com.apple.compilers.llvm.clang.1_0.compiler (in target 'CNIOBoringSSL' from project 'swift-nio-ssl')
    cd /Users/builder/builds/UKfvDsi8u/1/finestructure/swiftpackageindex-builder/spi-builder-workspace/.dependencies/checkouts/swift-nio-ssl
    /Applications/Xcode-15.3.0-Beta.2.app/Contents/Developer/Toolchains/XcodeDefault.xctoolchain/usr/bin/clang -x c -ivfsstatcache /Users/builder/builds/UKfvDsi8u/1/finestructure/swiftpackageindex-builder/spi-builder-workspace/.derivedData/SDKStatCaches.noindex/xros1.1-21O5181e-ee5c1ba7e8e63f56232e286fb9e6086d.sdkstatcache -fmessage-length\=0 -fdiagnostics-show-note-include-stack -fmacro-backtrace-limit\=0 -fno-color-diagnostics -fmodules-prune-interval\=86400 -fmodules-prune-after\=345600 -fbuild-session-file\=/Users/builder/builds/UKfvDsi8u/1/finestructure/swiftpackageindex-builder/spi-builder-workspace/.derivedData/ModuleCache.noindex/Session.modulevalidation -fmodules-validate-once-per-build-session -Wnon-modular-include-in-framework-module -Werror\=non-modular-include-in-framework-module -Wno-trigraphs -Wno-missing-field-initializers -Wno-missing-prototypes -Wno-return-type -Wno-missing-braces -Wparentheses -Wswitch -Wno-unused-function -Wno-unused-label -Wno-unused-parameter -Wno-unused-variable -Wunused-value -Wno-empty-body -Wno-uninitialized -Wno-unknown-pragmas -w -Wno-shadow -Wno-four-char-constants -Wno-conversion -Wno-constant-conversion -Wno-int-conversion -Wno-bool-conversion -Wno-enum-conversion -Wno-float-conversion -Wno-non-literal-null-conversion -Wno-objc-literal-conversion -Wshorten-64-to-32 -Wpointer-sign -Wno-newline-eof -Wno-implicit-fallthrough -fstrict-aliasing -Wdeprecated-declarations -Wno-sign-conversion -Wno-infinite-recursion -Wno-comma -Wno-block-capture-autoreleasing -Wno-strict-prototypes -Wno-semicolon-before-method-body -index-store-path /Users/builder/builds/UKfvDsi8u/1/finestructure/swiftpackageindex-builder/spi-builder-workspace/.derivedData/Index.noindex/DataStore @/Users/builder/builds/UKfvDsi8u/1/finestructure/swiftpackageindex-builder/spi-builder-workspace/.derivedData/Build/Intermediates.noindex/swift-nio-ssl.build/Debug-xros/CNIOBoringSSL.build/Objects-normal/arm64/7187679823f38a2a940e0043cdf9d637-common-args.resp -MMD -MT dependencies -MF /Users/builder/builds/UKfvDsi8u/1/finestructure/swiftpackageindex-builder/spi-builder-workspace/.derivedData/Build/Intermediates.noindex/swift-nio-ssl.build/Debug-xros/CNIOBoringSSL.build/Objects-normal/arm64/x_pkey.d --serialize-diagnostics /Users/builder/builds/UKfvDsi8u/1/finestructure/swiftpackageindex-builder/spi-builder-workspace/.derivedData/Build/Intermediates.noindex/swift-nio-ssl.build/Debug-xros/CNIOBoringSSL.build/Objects-normal/arm64/x_pkey.dia -c /Users/builder/builds/UKfvDsi8u/1/finestructure/swiftpackageindex-builder/spi-builder-workspace/.dependencies/checkouts/swift-nio-ssl/Sources/CNIOBoringSSL/crypto/x509/x_pkey.c -o /Users/builder/builds/UKfvDsi8u/1/finestructure/swiftpackageindex-builder/spi-builder-workspace/.derivedData/Build/Intermediates.noindex/swift-nio-ssl.build/Debug-xros/CNIOBoringSSL.build/Objects-normal/arm64/x_pkey.o -index-unit-output-path /swift-nio-ssl.build/Debug-xros/CNIOBoringSSL.build/Objects-normal/arm64/x_pkey.o
CompileC /Users/builder/builds/UKfvDsi8u/1/finestructure/swiftpackageindex-builder/spi-builder-workspace/.derivedData/Build/Intermediates.noindex/swift-nio-ssl.build/Debug-xros/CNIOBoringSSL.build/Objects-normal/arm64/x_name.o /Users/builder/builds/UKfvDsi8u/1/finestructure/swiftpackageindex-builder/spi-builder-workspace/.dependencies/checkouts/swift-nio-ssl/Sources/CNIOBoringSSL/crypto/x509/x_name.c normal arm64 c com.apple.compilers.llvm.clang.1_0.compiler (in target 'CNIOBoringSSL' from project 'swift-nio-ssl')
    cd /Users/builder/builds/UKfvDsi8u/1/finestructure/swiftpackageindex-builder/spi-builder-workspace/.dependencies/checkouts/swift-nio-ssl
    /Applications/Xcode-15.3.0-Beta.2.app/Contents/Developer/Toolchains/XcodeDefault.xctoolchain/usr/bin/clang -x c -ivfsstatcache /Users/builder/builds/UKfvDsi8u/1/finestructure/swiftpackageindex-builder/spi-builder-workspace/.derivedData/SDKStatCaches.noindex/xros1.1-21O5181e-ee5c1ba7e8e63f56232e286fb9e6086d.sdkstatcache -fmessage-length\=0 -fdiagnostics-show-note-include-stack -fmacro-backtrace-limit\=0 -fno-color-diagnostics -fmodules-prune-interval\=86400 -fmodules-prune-after\=345600 -fbuild-session-file\=/Users/builder/builds/UKfvDsi8u/1/finestructure/swiftpackageindex-builder/spi-builder-workspace/.derivedData/ModuleCache.noindex/Session.modulevalidation -fmodules-validate-once-per-build-session -Wnon-modular-include-in-framework-module -Werror\=non-modular-include-in-framework-module -Wno-trigraphs -Wno-missing-field-initializers -Wno-missing-prototypes -Wno-return-type -Wno-missing-braces -Wparentheses -Wswitch -Wno-unused-function -Wno-unused-label -Wno-unused-parameter -Wno-unused-variable -Wunused-value -Wno-empty-body -Wno-uninitialized -Wno-unknown-pragmas -w -Wno-shadow -Wno-four-char-constants -Wno-conversion -Wno-constant-conversion -Wno-int-conversion -Wno-bool-conversion -Wno-enum-conversion -Wno-float-conversion -Wno-non-literal-null-conversion -Wno-objc-literal-conversion -Wshorten-64-to-32 -Wpointer-sign -Wno-newline-eof -Wno-implicit-fallthrough -fstrict-aliasing -Wdeprecated-declarations -Wno-sign-conversion -Wno-infinite-recursion -Wno-comma -Wno-block-capture-autoreleasing -Wno-strict-prototypes -Wno-semicolon-before-method-body -index-store-path /Users/builder/builds/UKfvDsi8u/1/finestructure/swiftpackageindex-builder/spi-builder-workspace/.derivedData/Index.noindex/DataStore @/Users/builder/builds/UKfvDsi8u/1/finestructure/swiftpackageindex-builder/spi-builder-workspace/.derivedData/Build/Intermediates.noindex/swift-nio-ssl.build/Debug-xros/CNIOBoringSSL.build/Objects-normal/arm64/7187679823f38a2a940e0043cdf9d637-common-args.resp -MMD -MT dependencies -MF /Users/builder/builds/UKfvDsi8u/1/finestructure/swiftpackageindex-builder/spi-builder-workspace/.derivedData/Build/Intermediates.noindex/swift-nio-ssl.build/Debug-xros/CNIOBoringSSL.build/Objects-normal/arm64/x_name.d --serialize-diagnostics /Users/builder/builds/UKfvDsi8u/1/finestructure/swiftpackageindex-builder/spi-builder-workspace/.derivedData/Build/Intermediates.noindex/swift-nio-ssl.build/Debug-xros/CNIOBoringSSL.build/Objects-normal/arm64/x_name.dia -c /Users/builder/builds/UKfvDsi8u/1/finestructure/swiftpackageindex-builder/spi-builder-workspace/.dependencies/checkouts/swift-nio-ssl/Sources/CNIOBoringSSL/crypto/x509/x_name.c -o /Users/builder/builds/UKfvDsi8u/1/finestructure/swiftpackageindex-builder/spi-builder-workspace/.derivedData/Build/Intermediates.noindex/swift-nio-ssl.build/Debug-xros/CNIOBoringSSL.build/Objects-normal/arm64/x_name.o -index-unit-output-path /swift-nio-ssl.build/Debug-xros/CNIOBoringSSL.build/Objects-normal/arm64/x_name.o
CompileC /Users/builder/builds/UKfvDsi8u/1/finestructure/swiftpackageindex-builder/spi-builder-workspace/.derivedData/Build/Intermediates.noindex/swift-nio-ssl.build/Debug-xros/CNIOBoringSSL.build/Objects-normal/arm64/x_info.o /Users/builder/builds/UKfvDsi8u/1/finestructure/swiftpackageindex-builder/spi-builder-workspace/.dependencies/checkouts/swift-nio-ssl/Sources/CNIOBoringSSL/crypto/x509/x_info.c normal arm64 c com.apple.compilers.llvm.clang.1_0.compiler (in target 'CNIOBoringSSL' from project 'swift-nio-ssl')
    cd /Users/builder/builds/UKfvDsi8u/1/finestructure/swiftpackageindex-builder/spi-builder-workspace/.dependencies/checkouts/swift-nio-ssl
    /Applications/Xcode-15.3.0-Beta.2.app/Contents/Developer/Toolchains/XcodeDefault.xctoolchain/usr/bin/clang -x c -ivfsstatcache /Users/builder/builds/UKfvDsi8u/1/finestructure/swiftpackageindex-builder/spi-builder-workspace/.derivedData/SDKStatCaches.noindex/xros1.1-21O5181e-ee5c1ba7e8e63f56232e286fb9e6086d.sdkstatcache -fmessage-length\=0 -fdiagnostics-show-note-include-stack -fmacro-backtrace-limit\=0 -fno-color-diagnostics -fmodules-prune-interval\=86400 -fmodules-prune-after\=345600 -fbuild-session-file\=/Users/builder/builds/UKfvDsi8u/1/finestructure/swiftpackageindex-builder/spi-builder-workspace/.derivedData/ModuleCache.noindex/Session.modulevalidation -fmodules-validate-once-per-build-session -Wnon-modular-include-in-framework-module -Werror\=non-modular-include-in-framework-module -Wno-trigraphs -Wno-missing-field-initializers -Wno-missing-prototypes -Wno-return-type -Wno-missing-braces -Wparentheses -Wswitch -Wno-unused-function -Wno-unused-label -Wno-unused-parameter -Wno-unused-variable -Wunused-value -Wno-empty-body -Wno-uninitialized -Wno-unknown-pragmas -w -Wno-shadow -Wno-four-char-constants -Wno-conversion -Wno-constant-conversion -Wno-int-conversion -Wno-bool-conversion -Wno-enum-conversion -Wno-float-conversion -Wno-non-literal-null-conversion -Wno-objc-literal-conversion -Wshorten-64-to-32 -Wpointer-sign -Wno-newline-eof -Wno-implicit-fallthrough -fstrict-aliasing -Wdeprecated-declarations -Wno-sign-conversion -Wno-infinite-recursion -Wno-comma -Wno-block-capture-autoreleasing -Wno-strict-prototypes -Wno-semicolon-before-method-body -index-store-path /Users/builder/builds/UKfvDsi8u/1/finestructure/swiftpackageindex-builder/spi-builder-workspace/.derivedData/Index.noindex/DataStore @/Users/builder/builds/UKfvDsi8u/1/finestructure/swiftpackageindex-builder/spi-builder-workspace/.derivedData/Build/Intermediates.noindex/swift-nio-ssl.build/Debug-xros/CNIOBoringSSL.build/Objects-normal/arm64/7187679823f38a2a940e0043cdf9d637-common-args.resp -MMD -MT dependencies -MF /Users/builder/builds/UKfvDsi8u/1/finestructure/swiftpackageindex-builder/spi-builder-workspace/.derivedData/Build/Intermediates.noindex/swift-nio-ssl.build/Debug-xros/CNIOBoringSSL.build/Objects-normal/arm64/x_info.d --serialize-diagnostics /Users/builder/builds/UKfvDsi8u/1/finestructure/swiftpackageindex-builder/spi-builder-workspace/.derivedData/Build/Intermediates.noindex/swift-nio-ssl.build/Debug-xros/CNIOBoringSSL.build/Objects-normal/arm64/x_info.dia -c /Users/builder/builds/UKfvDsi8u/1/finestructure/swiftpackageindex-builder/spi-builder-workspace/.dependencies/checkouts/swift-nio-ssl/Sources/CNIOBoringSSL/crypto/x509/x_info.c -o /Users/builder/builds/UKfvDsi8u/1/finestructure/swiftpackageindex-builder/spi-builder-workspace/.derivedData/Build/Intermediates.noindex/swift-nio-ssl.build/Debug-xros/CNIOBoringSSL.build/Objects-normal/arm64/x_info.o -index-unit-output-path /swift-nio-ssl.build/Debug-xros/CNIOBoringSSL.build/Objects-normal/arm64/x_info.o
SwiftDriver _NIODataStructures normal arm64 com.apple.xcode.tools.swift.compiler (in target '_NIODataStructures' from project 'swift-nio')
    cd /Users/builder/builds/UKfvDsi8u/1/finestructure/swiftpackageindex-builder/spi-builder-workspace/.dependencies/checkouts/swift-nio
    builtin-SwiftDriver -- /Applications/Xcode-15.3.0-Beta.2.app/Contents/Developer/Toolchains/XcodeDefault.xctoolchain/usr/bin/swiftc -module-name _NIODataStructures -Onone -enforce-exclusivity\=checked @/Users/builder/builds/UKfvDsi8u/1/finestructure/swiftpackageindex-builder/spi-builder-workspace/.derivedData/Build/Intermediates.noindex/swift-nio.build/Debug-xros/_NIODataStructures.build/Objects-normal/arm64/_NIODataStructures.SwiftFileList -DSWIFT_PACKAGE -DDEBUG -DXcode -sdk /Applications/Xcode-15.3.0-Beta.2.app/Contents/Developer/Platforms/XROS.platform/Developer/SDKs/XROS1.1.sdk -target arm64-apple-xros1.0 -g -module-cache-path /Users/builder/builds/UKfvDsi8u/1/finestructure/swiftpackageindex-builder/spi-builder-workspace/.derivedData/ModuleCache.noindex -Xfrontend -serialize-debugging-options -profile-coverage-mapping -profile-generate -enable-testing -suppress-warnings -index-store-path /Users/builder/builds/UKfvDsi8u/1/finestructure/swiftpackageindex-builder/spi-builder-workspace/.derivedData/Index.noindex/DataStore -swift-version 5 -I /Users/builder/builds/UKfvDsi8u/1/finestructure/swiftpackageindex-builder/spi-builder-workspace/.derivedData/Build/Products/Debug-xros -I /Applications/Xcode-15.3.0-Beta.2.app/Contents/Developer/Platforms/XROS.platform/Developer/usr/lib -F /Users/builder/builds/UKfvDsi8u/1/finestructure/swiftpackageindex-builder/spi-builder-workspace/.derivedData/Build/Products/Debug-xros -F /Applications/Xcode-15.3.0-Beta.2.app/Contents/Developer/Platforms/XROS.platform/Developer/Library/Frameworks -F /Applications/Xcode-15.3.0-Beta.2.app/Contents/Developer/Platforms/XROS.platform/Developer/SDKs/XROS1.1.sdk/Developer/Library/Frameworks -c -j8 -enable-batch-mode -incremental -Xcc -ivfsstatcache -Xcc /Users/builder/builds/UKfvDsi8u/1/finestructure/swiftpackageindex-builder/spi-builder-workspace/.derivedData/SDKStatCaches.noindex/xros1.1-21O5181e-ee5c1ba7e8e63f56232e286fb9e6086d.sdkstatcache -output-file-map /Users/builder/builds/UKfvDsi8u/1/finestructure/swiftpackageindex-builder/spi-builder-workspace/.derivedData/Build/Intermediates.noindex/swift-nio.build/Debug-xros/_NIODataStructures.build/Objects-normal/arm64/_NIODataStructures-OutputFileMap.json -use-frontend-parseable-output -save-temps -no-color-diagnostics -serialize-diagnostics -emit-dependencies -emit-module -emit-module-path /Users/builder/builds/UKfvDsi8u/1/finestructure/swiftpackageindex-builder/spi-builder-workspace/.derivedData/Build/Intermediates.noindex/swift-nio.build/Debug-xros/_NIODataStructures.build/Objects-normal/arm64/_NIODataStructures.swiftmodule -validate-clang-modules-once -clang-build-session-file /Users/builder/builds/UKfvDsi8u/1/finestructure/swiftpackageindex-builder/spi-builder-workspace/.derivedData/ModuleCache.noindex/Session.modulevalidation -Xcc -I/Users/builder/builds/UKfvDsi8u/1/finestructure/swiftpackageindex-builder/spi-builder-workspace/.derivedData/Build/Intermediates.noindex/swift-nio.build/Debug-xros/_NIODataStructures.build/swift-overrides.hmap -emit-const-values -Xfrontend -const-gather-protocols-file -Xfrontend /Users/builder/builds/UKfvDsi8u/1/finestructure/swiftpackageindex-builder/spi-builder-workspace/.derivedData/Build/Intermediates.noindex/swift-nio.build/Debug-xros/_NIODataStructures.build/Objects-normal/arm64/_NIODataStructures_const_extract_protocols.json -Xcc -I/Users/builder/builds/UKfvDsi8u/1/finestructure/swiftpackageindex-builder/spi-builder-workspace/.derivedData/Build/Products/Debug-xros/include -Xcc -I/Users/builder/builds/UKfvDsi8u/1/finestructure/swiftpackageindex-builder/spi-builder-workspace/.derivedData/Build/Intermediates.noindex/swift-nio.build/Debug-xros/_NIODataStructures.build/DerivedSources-normal/arm64 -Xcc -I/Users/builder/builds/UKfvDsi8u/1/finestructure/swiftpackageindex-builder/spi-builder-workspace/.derivedData/Build/Intermediates.noindex/swift-nio.build/Debug-xros/_NIODataStructures.build/DerivedSources/arm64 -Xcc -I/Users/builder/builds/UKfvDsi8u/1/finestructure/swiftpackageindex-builder/spi-builder-workspace/.derivedData/Build/Intermediates.noindex/swift-nio.build/Debug-xros/_NIODataStructures.build/DerivedSources -Xcc -DSWIFT_PACKAGE -Xcc -DDEBUG\=1 -emit-objc-header -emit-objc-header-path /Users/builder/builds/UKfvDsi8u/1/finestructure/swiftpackageindex-builder/spi-builder-workspace/.derivedData/Build/Intermediates.noindex/swift-nio.build/Debug-xros/_NIODataStructures.build/Objects-normal/arm64/_NIODataStructures-Swift.h -working-directory /Users/builder/builds/UKfvDsi8u/1/finestructure/swiftpackageindex-builder/spi-builder-workspace/.dependencies/checkouts/swift-nio -experimental-emit-module-separately -disable-cmo
SwiftDriver _NIOBase64 normal arm64 com.apple.xcode.tools.swift.compiler (in target '_NIOBase64' from project 'swift-nio')
    cd /Users/builder/builds/UKfvDsi8u/1/finestructure/swiftpackageindex-builder/spi-builder-workspace/.dependencies/checkouts/swift-nio
    builtin-SwiftDriver -- /Applications/Xcode-15.3.0-Beta.2.app/Contents/Developer/Toolchains/XcodeDefault.xctoolchain/usr/bin/swiftc -module-name _NIOBase64 -Onone -enforce-exclusivity\=checked @/Users/builder/builds/UKfvDsi8u/1/finestructure/swiftpackageindex-builder/spi-builder-workspace/.derivedData/Build/Intermediates.noindex/swift-nio.build/Debug-xros/_NIOBase64.build/Objects-normal/arm64/_NIOBase64.SwiftFileList -DSWIFT_PACKAGE -DDEBUG -DXcode -sdk /Applications/Xcode-15.3.0-Beta.2.app/Contents/Developer/Platforms/XROS.platform/Developer/SDKs/XROS1.1.sdk -target arm64-apple-xros1.0 -g -module-cache-path /Users/builder/builds/UKfvDsi8u/1/finestructure/swiftpackageindex-builder/spi-builder-workspace/.derivedData/ModuleCache.noindex -Xfrontend -serialize-debugging-options -profile-coverage-mapping -profile-generate -enable-testing -suppress-warnings -index-store-path /Users/builder/builds/UKfvDsi8u/1/finestructure/swiftpackageindex-builder/spi-builder-workspace/.derivedData/Index.noindex/DataStore -swift-version 5 -I /Users/builder/builds/UKfvDsi8u/1/finestructure/swiftpackageindex-builder/spi-builder-workspace/.derivedData/Build/Products/Debug-xros -I /Applications/Xcode-15.3.0-Beta.2.app/Contents/Developer/Platforms/XROS.platform/Developer/usr/lib -F /Users/builder/builds/UKfvDsi8u/1/finestructure/swiftpackageindex-builder/spi-builder-workspace/.derivedData/Build/Products/Debug-xros -F /Applications/Xcode-15.3.0-Beta.2.app/Contents/Developer/Platforms/XROS.platform/Developer/Library/Frameworks -F /Applications/Xcode-15.3.0-Beta.2.app/Contents/Developer/Platforms/XROS.platform/Developer/SDKs/XROS1.1.sdk/Developer/Library/Frameworks -parse-as-library -c -j8 -enable-batch-mode -incremental -Xcc -ivfsstatcache -Xcc /Users/builder/builds/UKfvDsi8u/1/finestructure/swiftpackageindex-builder/spi-builder-workspace/.derivedData/SDKStatCaches.noindex/xros1.1-21O5181e-ee5c1ba7e8e63f56232e286fb9e6086d.sdkstatcache -output-file-map /Users/builder/builds/UKfvDsi8u/1/finestructure/swiftpackageindex-builder/spi-builder-workspace/.derivedData/Build/Intermediates.noindex/swift-nio.build/Debug-xros/_NIOBase64.build/Objects-normal/arm64/_NIOBase64-OutputFileMap.json -use-frontend-parseable-output -save-temps -no-color-diagnostics -serialize-diagnostics -emit-dependencies -emit-module -emit-module-path /Users/builder/builds/UKfvDsi8u/1/finestructure/swiftpackageindex-builder/spi-builder-workspace/.derivedData/Build/Intermediates.noindex/swift-nio.build/Debug-xros/_NIOBase64.build/Objects-normal/arm64/_NIOBase64.swiftmodule -validate-clang-modules-once -clang-build-session-file /Users/builder/builds/UKfvDsi8u/1/finestructure/swiftpackageindex-builder/spi-builder-workspace/.derivedData/ModuleCache.noindex/Session.modulevalidation -Xcc -I/Users/builder/builds/UKfvDsi8u/1/finestructure/swiftpackageindex-builder/spi-builder-workspace/.derivedData/Build/Intermediates.noindex/swift-nio.build/Debug-xros/_NIOBase64.build/swift-overrides.hmap -emit-const-values -Xfrontend -const-gather-protocols-file -Xfrontend /Users/builder/builds/UKfvDsi8u/1/finestructure/swiftpackageindex-builder/spi-builder-workspace/.derivedData/Build/Intermediates.noindex/swift-nio.build/Debug-xros/_NIOBase64.build/Objects-normal/arm64/_NIOBase64_const_extract_protocols.json -Xcc -I/Users/builder/builds/UKfvDsi8u/1/finestructure/swiftpackageindex-builder/spi-builder-workspace/.derivedData/Build/Products/Debug-xros/include -Xcc -I/Users/builder/builds/UKfvDsi8u/1/finestructure/swiftpackageindex-builder/spi-builder-workspace/.derivedData/Build/Intermediates.noindex/swift-nio.build/Debug-xros/_NIOBase64.build/DerivedSources-normal/arm64 -Xcc -I/Users/builder/builds/UKfvDsi8u/1/finestructure/swiftpackageindex-builder/spi-builder-workspace/.derivedData/Build/Intermediates.noindex/swift-nio.build/Debug-xros/_NIOBase64.build/DerivedSources/arm64 -Xcc -I/Users/builder/builds/UKfvDsi8u/1/finestructure/swiftpackageindex-builder/spi-builder-workspace/.derivedData/Build/Intermediates.noindex/swift-nio.build/Debug-xros/_NIOBase64.build/DerivedSources -Xcc -DSWIFT_PACKAGE -Xcc -DDEBUG\=1 -emit-objc-header -emit-objc-header-path /Users/builder/builds/UKfvDsi8u/1/finestructure/swiftpackageindex-builder/spi-builder-workspace/.derivedData/Build/Intermediates.noindex/swift-nio.build/Debug-xros/_NIOBase64.build/Objects-normal/arm64/_NIOBase64-Swift.h -working-directory /Users/builder/builds/UKfvDsi8u/1/finestructure/swiftpackageindex-builder/spi-builder-workspace/.dependencies/checkouts/swift-nio -experimental-emit-module-separately -disable-cmo
SwiftDriver _CollectionsUtilities normal arm64 com.apple.xcode.tools.swift.compiler (in target '_CollectionsUtilities' from project 'swift-collections')
    cd /Users/builder/builds/UKfvDsi8u/1/finestructure/swiftpackageindex-builder/spi-builder-workspace/.dependencies/checkouts/swift-collections
    builtin-SwiftDriver -- /Applications/Xcode-15.3.0-Beta.2.app/Contents/Developer/Toolchains/XcodeDefault.xctoolchain/usr/bin/swiftc -module-name _CollectionsUtilities -Onone -enforce-exclusivity\=checked @/Users/builder/builds/UKfvDsi8u/1/finestructure/swiftpackageindex-builder/spi-builder-workspace/.derivedData/Build/Intermediates.noindex/swift-collections.build/Debug-xros/_CollectionsUtilities.build/Objects-normal/arm64/_CollectionsUtilities.SwiftFileList -DSWIFT_PACKAGE -DDEBUG -DCOLLECTIONS_RANDOMIZED_TESTING -DXcode -sdk /Applications/Xcode-15.3.0-Beta.2.app/Contents/Developer/Platforms/XROS.platform/Developer/SDKs/XROS1.1.sdk -target arm64-apple-xros1.0 -g -module-cache-path /Users/builder/builds/UKfvDsi8u/1/finestructure/swiftpackageindex-builder/spi-builder-workspace/.derivedData/ModuleCache.noindex -Xfrontend -serialize-debugging-options -profile-coverage-mapping -profile-generate -enable-testing -suppress-warnings -index-store-path /Users/builder/builds/UKfvDsi8u/1/finestructure/swiftpackageindex-builder/spi-builder-workspace/.derivedData/Index.noindex/DataStore -swift-version 5 -I /Users/builder/builds/UKfvDsi8u/1/finestructure/swiftpackageindex-builder/spi-builder-workspace/.derivedData/Build/Products/Debug-xros -I /Applications/Xcode-15.3.0-Beta.2.app/Contents/Developer/Platforms/XROS.platform/Developer/usr/lib -F /Users/builder/builds/UKfvDsi8u/1/finestructure/swiftpackageindex-builder/spi-builder-workspace/.derivedData/Build/Products/Debug-xros -F /Applications/Xcode-15.3.0-Beta.2.app/Contents/Developer/Platforms/XROS.platform/Developer/Library/Frameworks -F /Applications/Xcode-15.3.0-Beta.2.app/Contents/Developer/Platforms/XROS.platform/Developer/SDKs/XROS1.1.sdk/Developer/Library/Frameworks -c -j8 -enable-batch-mode -incremental -Xcc -ivfsstatcache -Xcc /Users/builder/builds/UKfvDsi8u/1/finestructure/swiftpackageindex-builder/spi-builder-workspace/.derivedData/SDKStatCaches.noindex/xros1.1-21O5181e-ee5c1ba7e8e63f56232e286fb9e6086d.sdkstatcache -output-file-map /Users/builder/builds/UKfvDsi8u/1/finestructure/swiftpackageindex-builder/spi-builder-workspace/.derivedData/Build/Intermediates.noindex/swift-collections.build/Debug-xros/_CollectionsUtilities.build/Objects-normal/arm64/_CollectionsUtilities-OutputFileMap.json -use-frontend-parseable-output -save-temps -no-color-diagnostics -serialize-diagnostics -emit-dependencies -emit-module -emit-module-path /Users/builder/builds/UKfvDsi8u/1/finestructure/swiftpackageindex-builder/spi-builder-workspace/.derivedData/Build/Intermediates.noindex/swift-collections.build/Debug-xros/_CollectionsUtilities.build/Objects-normal/arm64/_CollectionsUtilities.swiftmodule -validate-clang-modules-once -clang-build-session-file /Users/builder/builds/UKfvDsi8u/1/finestructure/swiftpackageindex-builder/spi-builder-workspace/.derivedData/ModuleCache.noindex/Session.modulevalidation -Xcc -I/Users/builder/builds/UKfvDsi8u/1/finestructure/swiftpackageindex-builder/spi-builder-workspace/.derivedData/Build/Intermediates.noindex/swift-collections.build/Debug-xros/_CollectionsUtilities.build/swift-overrides.hmap -emit-const-values -Xfrontend -const-gather-protocols-file -Xfrontend /Users/builder/builds/UKfvDsi8u/1/finestructure/swiftpackageindex-builder/spi-builder-workspace/.derivedData/Build/Intermediates.noindex/swift-collections.build/Debug-xros/_CollectionsUtilities.build/Objects-normal/arm64/_CollectionsUtilities_const_extract_protocols.json -Xcc -I/Users/builder/builds/UKfvDsi8u/1/finestructure/swiftpackageindex-builder/spi-builder-workspace/.derivedData/Build/Products/Debug-xros/include -Xcc -I/Users/builder/builds/UKfvDsi8u/1/finestructure/swiftpackageindex-builder/spi-builder-workspace/.derivedData/Build/Intermediates.noindex/swift-collections.build/Debug-xros/_CollectionsUtilities.build/DerivedSources-normal/arm64 -Xcc -I/Users/builder/builds/UKfvDsi8u/1/finestructure/swiftpackageindex-builder/spi-builder-workspace/.derivedData/Build/Intermediates.noindex/swift-collections.build/Debug-xros/_CollectionsUtilities.build/DerivedSources/arm64 -Xcc -I/Users/builder/builds/UKfvDsi8u/1/finestructure/swiftpackageindex-builder/spi-builder-workspace/.derivedData/Build/Intermediates.noindex/swift-collections.build/Debug-xros/_CollectionsUtilities.build/DerivedSources -Xcc -DSWIFT_PACKAGE -Xcc -DDEBUG\=1 -emit-objc-header -emit-objc-header-path /Users/builder/builds/UKfvDsi8u/1/finestructure/swiftpackageindex-builder/spi-builder-workspace/.derivedData/Build/Intermediates.noindex/swift-collections.build/Debug-xros/_CollectionsUtilities.build/Objects-normal/arm64/_CollectionsUtilities-Swift.h -working-directory /Users/builder/builds/UKfvDsi8u/1/finestructure/swiftpackageindex-builder/spi-builder-workspace/.dependencies/checkouts/swift-collections -experimental-emit-module-separately -disable-cmo
SwiftDriver TypeDecoder normal arm64 com.apple.xcode.tools.swift.compiler (in target 'TypeDecoder' from project 'TypeDecoder')
    cd /Users/builder/builds/UKfvDsi8u/1/finestructure/swiftpackageindex-builder/spi-builder-workspace/.dependencies/checkouts/TypeDecoder
    builtin-SwiftDriver -- /Applications/Xcode-15.3.0-Beta.2.app/Contents/Developer/Toolchains/XcodeDefault.xctoolchain/usr/bin/swiftc -module-name TypeDecoder -Onone -enforce-exclusivity\=checked @/Users/builder/builds/UKfvDsi8u/1/finestructure/swiftpackageindex-builder/spi-builder-workspace/.derivedData/Build/Intermediates.noindex/TypeDecoder.build/Debug-xros/TypeDecoder.build/Objects-normal/arm64/TypeDecoder.SwiftFileList -DSWIFT_PACKAGE -DDEBUG -DXcode -sdk /Applications/Xcode-15.3.0-Beta.2.app/Contents/Developer/Platforms/XROS.platform/Developer/SDKs/XROS1.1.sdk -target arm64-apple-xros1.0 -g -module-cache-path /Users/builder/builds/UKfvDsi8u/1/finestructure/swiftpackageindex-builder/spi-builder-workspace/.derivedData/ModuleCache.noindex -Xfrontend -serialize-debugging-options -profile-coverage-mapping -profile-generate -enable-testing -suppress-warnings -index-store-path /Users/builder/builds/UKfvDsi8u/1/finestructure/swiftpackageindex-builder/spi-builder-workspace/.derivedData/Index.noindex/DataStore -swift-version 5 -I /Users/builder/builds/UKfvDsi8u/1/finestructure/swiftpackageindex-builder/spi-builder-workspace/.derivedData/Build/Products/Debug-xros -I /Applications/Xcode-15.3.0-Beta.2.app/Contents/Developer/Platforms/XROS.platform/Developer/usr/lib -F /Users/builder/builds/UKfvDsi8u/1/finestructure/swiftpackageindex-builder/spi-builder-workspace/.derivedData/Build/Products/Debug-xros -F /Applications/Xcode-15.3.0-Beta.2.app/Contents/Developer/Platforms/XROS.platform/Developer/Library/Frameworks -F /Applications/Xcode-15.3.0-Beta.2.app/Contents/Developer/Platforms/XROS.platform/Developer/SDKs/XROS1.1.sdk/Developer/Library/Frameworks -c -j8 -enable-batch-mode -incremental -Xcc -ivfsstatcache -Xcc /Users/builder/builds/UKfvDsi8u/1/finestructure/swiftpackageindex-builder/spi-builder-workspace/.derivedData/SDKStatCaches.noindex/xros1.1-21O5181e-ee5c1ba7e8e63f56232e286fb9e6086d.sdkstatcache -output-file-map /Users/builder/builds/UKfvDsi8u/1/finestructure/swiftpackageindex-builder/spi-builder-workspace/.derivedData/Build/Intermediates.noindex/TypeDecoder.build/Debug-xros/TypeDecoder.build/Objects-normal/arm64/TypeDecoder-OutputFileMap.json -use-frontend-parseable-output -save-temps -no-color-diagnostics -serialize-diagnostics -emit-dependencies -emit-module -emit-module-path /Users/builder/builds/UKfvDsi8u/1/finestructure/swiftpackageindex-builder/spi-builder-workspace/.derivedData/Build/Intermediates.noindex/TypeDecoder.build/Debug-xros/TypeDecoder.build/Objects-normal/arm64/TypeDecoder.swiftmodule -validate-clang-modules-once -clang-build-session-file /Users/builder/builds/UKfvDsi8u/1/finestructure/swiftpackageindex-builder/spi-builder-workspace/.derivedData/ModuleCache.noindex/Session.modulevalidation -Xcc -I/Users/builder/builds/UKfvDsi8u/1/finestructure/swiftpackageindex-builder/spi-builder-workspace/.derivedData/Build/Intermediates.noindex/TypeDecoder.build/Debug-xros/TypeDecoder.build/swift-overrides.hmap -emit-const-values -Xfrontend -const-gather-protocols-file -Xfrontend /Users/builder/builds/UKfvDsi8u/1/finestructure/swiftpackageindex-builder/spi-builder-workspace/.derivedData/Build/Intermediates.noindex/TypeDecoder.build/Debug-xros/TypeDecoder.build/Objects-normal/arm64/TypeDecoder_const_extract_protocols.json -Xcc -I/Users/builder/builds/UKfvDsi8u/1/finestructure/swiftpackageindex-builder/spi-builder-workspace/.derivedData/Build/Products/Debug-xros/include -Xcc -I/Users/builder/builds/UKfvDsi8u/1/finestructure/swiftpackageindex-builder/spi-builder-workspace/.derivedData/Build/Intermediates.noindex/TypeDecoder.build/Debug-xros/TypeDecoder.build/DerivedSources-normal/arm64 -Xcc -I/Users/builder/builds/UKfvDsi8u/1/finestructure/swiftpackageindex-builder/spi-builder-workspace/.derivedData/Build/Intermediates.noindex/TypeDecoder.build/Debug-xros/TypeDecoder.build/DerivedSources/arm64 -Xcc -I/Users/builder/builds/UKfvDsi8u/1/finestructure/swiftpackageindex-builder/spi-builder-workspace/.derivedData/Build/Intermediates.noindex/TypeDecoder.build/Debug-xros/TypeDecoder.build/DerivedSources -Xcc -DSWIFT_PACKAGE -Xcc -DDEBUG\=1 -emit-objc-header -emit-objc-header-path /Users/builder/builds/UKfvDsi8u/1/finestructure/swiftpackageindex-builder/spi-builder-workspace/.derivedData/Build/Intermediates.noindex/TypeDecoder.build/Debug-xros/TypeDecoder.build/Objects-normal/arm64/TypeDecoder-Swift.h -working-directory /Users/builder/builds/UKfvDsi8u/1/finestructure/swiftpackageindex-builder/spi-builder-workspace/.dependencies/checkouts/TypeDecoder -experimental-emit-module-separately -disable-cmo
SwiftEmitModule normal arm64 Emitting\ module\ for\ _NIODataStructures (in target '_NIODataStructures' from project 'swift-nio')
    cd /Users/builder/builds/UKfvDsi8u/1/finestructure/swiftpackageindex-builder/spi-builder-workspace/.dependencies/checkouts/swift-nio
    builtin-swiftTaskExecution -- /Applications/Xcode-15.3.0-Beta.2.app/Contents/Developer/Toolchains/XcodeDefault.xctoolchain/usr/bin/swift-frontend -frontend -emit-module -experimental-skip-non-inlinable-function-bodies-without-types /Users/builder/builds/UKfvDsi8u/1/finestructure/swiftpackageindex-builder/spi-builder-workspace/.dependencies/checkouts/swift-nio/Sources/_NIODataStructures/Heap.swift /Users/builder/builds/UKfvDsi8u/1/finestructure/swiftpackageindex-builder/spi-builder-workspace/.dependencies/checkouts/swift-nio/Sources/_NIODataStructures/PriorityQueue.swift /Users/builder/builds/UKfvDsi8u/1/finestructure/swiftpackageindex-builder/spi-builder-workspace/.dependencies/checkouts/swift-nio/Sources/_NIODataStructures/_TinyArray.swift -target arm64-apple-xros1.0 -Xllvm -aarch64-use-tbi -enable-objc-interop -stack-check -sdk /Applications/Xcode-15.3.0-Beta.2.app/Contents/Developer/Platforms/XROS.platform/Developer/SDKs/XROS1.1.sdk -I /Users/builder/builds/UKfvDsi8u/1/finestructure/swiftpackageindex-builder/spi-builder-workspace/.derivedData/Build/Products/Debug-xros -I /Applications/Xcode-15.3.0-Beta.2.app/Contents/Developer/Platforms/XROS.platform/Developer/usr/lib -F /Users/builder/builds/UKfvDsi8u/1/finestructure/swiftpackageindex-builder/spi-builder-workspace/.derivedData/Build/Products/Debug-xros -F /Applications/Xcode-15.3.0-Beta.2.app/Contents/Developer/Platforms/XROS.platform/Developer/Library/Frameworks -F /Applications/Xcode-15.3.0-Beta.2.app/Contents/Developer/Platforms/XROS.platform/Developer/SDKs/XROS1.1.sdk/Developer/Library/Frameworks -no-color-diagnostics -enable-testing -g -module-cache-path /Users/builder/builds/UKfvDsi8u/1/finestructure/swiftpackageindex-builder/spi-builder-workspace/.derivedData/ModuleCache.noindex -suppress-warnings -profile-generate -profile-coverage-mapping -swift-version 5 -enforce-exclusivity\=checked -Onone -D SWIFT_PACKAGE -D DEBUG -D Xcode -serialize-debugging-options -const-gather-protocols-file /Users/builder/builds/UKfvDsi8u/1/finestructure/swiftpackageindex-builder/spi-builder-workspace/.derivedData/Build/Intermediates.noindex/swift-nio.build/Debug-xros/_NIODataStructures.build/Objects-normal/arm64/_NIODataStructures_const_extract_protocols.json -empty-abi-descriptor -validate-clang-modules-once -clang-build-session-file /Users/builder/builds/UKfvDsi8u/1/finestructure/swiftpackageindex-builder/spi-builder-workspace/.derivedData/ModuleCache.noindex/Session.modulevalidation -Xcc -working-directory -Xcc /Users/builder/builds/UKfvDsi8u/1/finestructure/swiftpackageindex-builder/spi-builder-workspace/.dependencies/checkouts/swift-nio -resource-dir /Applications/Xcode-15.3.0-Beta.2.app/Contents/Developer/Toolchains/XcodeDefault.xctoolchain/usr/lib/swift -enable-anonymous-context-mangled-names -Xcc -ivfsstatcache -Xcc /Users/builder/builds/UKfvDsi8u/1/finestructure/swiftpackageindex-builder/spi-builder-workspace/.derivedData/SDKStatCaches.noindex/xros1.1-21O5181e-ee5c1ba7e8e63f56232e286fb9e6086d.sdkstatcache -Xcc -I/Users/builder/builds/UKfvDsi8u/1/finestructure/swiftpackageindex-builder/spi-builder-workspace/.derivedData/Build/Intermediates.noindex/swift-nio.build/Debug-xros/_NIODataStructures.build/swift-overrides.hmap -Xcc -I/Users/builder/builds/UKfvDsi8u/1/finestructure/swiftpackageindex-builder/spi-builder-workspace/.derivedData/Build/Products/Debug-xros/include -Xcc -I/Users/builder/builds/UKfvDsi8u/1/finestructure/swiftpackageindex-builder/spi-builder-workspace/.derivedData/Build/Intermediates.noindex/swift-nio.build/Debug-xros/_NIODataStructures.build/DerivedSources-normal/arm64 -Xcc -I/Users/builder/builds/UKfvDsi8u/1/finestructure/swiftpackageindex-builder/spi-builder-workspace/.derivedData/Build/Intermediates.noindex/swift-nio.build/Debug-xros/_NIODataStructures.build/DerivedSources/arm64 -Xcc -I/Users/builder/builds/UKfvDsi8u/1/finestructure/swiftpackageindex-builder/spi-builder-workspace/.derivedData/Build/Intermediates.noindex/swift-nio.build/Debug-xros/_NIODataStructures.build/DerivedSources -Xcc -DSWIFT_PACKAGE -Xcc -DDEBUG\=1 -module-name _NIODataStructures -disable-clang-spi -target-sdk-version 1.1 -target-sdk-name xros1.1 -external-plugin-path /Applications/Xcode-15.3.0-Beta.2.app/Contents/Developer/Platforms/XROS.platform/Developer/SDKs/XROS1.1.sdk/usr/lib/swift/host/plugins\#/Applications/Xcode-15.3.0-Beta.2.app/Contents/Developer/Platforms/XROS.platform/Developer/SDKs/XROS1.1.sdk/usr/bin/swift-plugin-server -external-plugin-path /Applications/Xcode-15.3.0-Beta.2.app/Contents/Developer/Platforms/XROS.platform/Developer/SDKs/XROS1.1.sdk/usr/local/lib/swift/host/plugins\#/Applications/Xcode-15.3.0-Beta.2.app/Contents/Developer/Platforms/XROS.platform/Developer/SDKs/XROS1.1.sdk/usr/bin/swift-plugin-server -external-plugin-path /Applications/Xcode-15.3.0-Beta.2.app/Contents/Developer/Platforms/XROS.platform/Developer/usr/lib/swift/host/plugins\#/Applications/Xcode-15.3.0-Beta.2.app/Contents/Developer/Platforms/XROS.platform/Developer/usr/bin/swift-plugin-server -external-plugin-path /Applications/Xcode-15.3.0-Beta.2.app/Contents/Developer/Platforms/XROS.platform/Developer/usr/local/lib/swift/host/plugins\#/Applications/Xcode-15.3.0-Beta.2.app/Contents/Developer/Platforms/XROS.platform/Developer/usr/bin/swift-plugin-server -plugin-path /Applications/Xcode-15.3.0-Beta.2.app/Contents/Developer/Toolchains/XcodeDefault.xctoolchain/usr/lib/swift/host/plugins -plugin-path /Applications/Xcode-15.3.0-Beta.2.app/Contents/Developer/Toolchains/XcodeDefault.xctoolchain/usr/local/lib/swift/host/plugins -emit-module-doc-path /Users/builder/builds/UKfvDsi8u/1/finestructure/swiftpackageindex-builder/spi-builder-workspace/.derivedData/Build/Intermediates.noindex/swift-nio.build/Debug-xros/_NIODataStructures.build/Objects-normal/arm64/_NIODataStructures.swiftdoc -emit-module-source-info-path /Users/builder/builds/UKfvDsi8u/1/finestructure/swiftpackageindex-builder/spi-builder-workspace/.derivedData/Build/Intermediates.noindex/swift-nio.build/Debug-xros/_NIODataStructures.build/Objects-normal/arm64/_NIODataStructures.swiftsourceinfo -emit-objc-header-path /Users/builder/builds/UKfvDsi8u/1/finestructure/swiftpackageindex-builder/spi-builder-workspace/.derivedData/Build/Intermediates.noindex/swift-nio.build/Debug-xros/_NIODataStructures.build/Objects-normal/arm64/_NIODataStructures-Swift.h -serialize-diagnostics-path /Users/builder/builds/UKfvDsi8u/1/finestructure/swiftpackageindex-builder/spi-builder-workspace/.derivedData/Build/Intermediates.noindex/swift-nio.build/Debug-xros/_NIODataStructures.build/Objects-normal/arm64/_NIODataStructures-master-emit-module.dia -emit-dependencies-path /Users/builder/builds/UKfvDsi8u/1/finestructure/swiftpackageindex-builder/spi-builder-workspace/.derivedData/Build/Intermediates.noindex/swift-nio.build/Debug-xros/_NIODataStructures.build/Objects-normal/arm64/_NIODataStructures-master-emit-module.d -o /Users/builder/builds/UKfvDsi8u/1/finestructure/swiftpackageindex-builder/spi-builder-workspace/.derivedData/Build/Intermediates.noindex/swift-nio.build/Debug-xros/_NIODataStructures.build/Objects-normal/arm64/_NIODataStructures.swiftmodule -emit-abi-descriptor-path /Users/builder/builds/UKfvDsi8u/1/finestructure/swiftpackageindex-builder/spi-builder-workspace/.derivedData/Build/Intermediates.noindex/swift-nio.build/Debug-xros/_NIODataStructures.build/Objects-normal/arm64/_NIODataStructures.abi.json
SwiftEmitModule normal arm64 Emitting\ module\ for\ _NIOBase64 (in target '_NIOBase64' from project 'swift-nio')
    cd /Users/builder/builds/UKfvDsi8u/1/finestructure/swiftpackageindex-builder/spi-builder-workspace/.dependencies/checkouts/swift-nio
    builtin-swiftTaskExecution -- /Applications/Xcode-15.3.0-Beta.2.app/Contents/Developer/Toolchains/XcodeDefault.xctoolchain/usr/bin/swift-frontend -frontend -emit-module -experimental-skip-non-inlinable-function-bodies-without-types /Users/builder/builds/UKfvDsi8u/1/finestructure/swiftpackageindex-builder/spi-builder-workspace/.dependencies/checkouts/swift-nio/Sources/_NIOBase64/Base64.swift -target arm64-apple-xros1.0 -Xllvm -aarch64-use-tbi -enable-objc-interop -stack-check -sdk /Applications/Xcode-15.3.0-Beta.2.app/Contents/Developer/Platforms/XROS.platform/Developer/SDKs/XROS1.1.sdk -I /Users/builder/builds/UKfvDsi8u/1/finestructure/swiftpackageindex-builder/spi-builder-workspace/.derivedData/Build/Products/Debug-xros -I /Applications/Xcode-15.3.0-Beta.2.app/Contents/Developer/Platforms/XROS.platform/Developer/usr/lib -F /Users/builder/builds/UKfvDsi8u/1/finestructure/swiftpackageindex-builder/spi-builder-workspace/.derivedData/Build/Products/Debug-xros -F /Applications/Xcode-15.3.0-Beta.2.app/Contents/Developer/Platforms/XROS.platform/Developer/Library/Frameworks -F /Applications/Xcode-15.3.0-Beta.2.app/Contents/Developer/Platforms/XROS.platform/Developer/SDKs/XROS1.1.sdk/Developer/Library/Frameworks -no-color-diagnostics -enable-testing -g -module-cache-path /Users/builder/builds/UKfvDsi8u/1/finestructure/swiftpackageindex-builder/spi-builder-workspace/.derivedData/ModuleCache.noindex -suppress-warnings -profile-generate -profile-coverage-mapping -swift-version 5 -enforce-exclusivity\=checked -Onone -D SWIFT_PACKAGE -D DEBUG -D Xcode -serialize-debugging-options -const-gather-protocols-file /Users/builder/builds/UKfvDsi8u/1/finestructure/swiftpackageindex-builder/spi-builder-workspace/.derivedData/Build/Intermediates.noindex/swift-nio.build/Debug-xros/_NIOBase64.build/Objects-normal/arm64/_NIOBase64_const_extract_protocols.json -empty-abi-descriptor -validate-clang-modules-once -clang-build-session-file /Users/builder/builds/UKfvDsi8u/1/finestructure/swiftpackageindex-builder/spi-builder-workspace/.derivedData/ModuleCache.noindex/Session.modulevalidation -Xcc -working-directory -Xcc /Users/builder/builds/UKfvDsi8u/1/finestructure/swiftpackageindex-builder/spi-builder-workspace/.dependencies/checkouts/swift-nio -resource-dir /Applications/Xcode-15.3.0-Beta.2.app/Contents/Developer/Toolchains/XcodeDefault.xctoolchain/usr/lib/swift -enable-anonymous-context-mangled-names -Xcc -ivfsstatcache -Xcc /Users/builder/builds/UKfvDsi8u/1/finestructure/swiftpackageindex-builder/spi-builder-workspace/.derivedData/SDKStatCaches.noindex/xros1.1-21O5181e-ee5c1ba7e8e63f56232e286fb9e6086d.sdkstatcache -Xcc -I/Users/builder/builds/UKfvDsi8u/1/finestructure/swiftpackageindex-builder/spi-builder-workspace/.derivedData/Build/Intermediates.noindex/swift-nio.build/Debug-xros/_NIOBase64.build/swift-overrides.hmap -Xcc -I/Users/builder/builds/UKfvDsi8u/1/finestructure/swiftpackageindex-builder/spi-builder-workspace/.derivedData/Build/Products/Debug-xros/include -Xcc -I/Users/builder/builds/UKfvDsi8u/1/finestructure/swiftpackageindex-builder/spi-builder-workspace/.derivedData/Build/Intermediates.noindex/swift-nio.build/Debug-xros/_NIOBase64.build/DerivedSources-normal/arm64 -Xcc -I/Users/builder/builds/UKfvDsi8u/1/finestructure/swiftpackageindex-builder/spi-builder-workspace/.derivedData/Build/Intermediates.noindex/swift-nio.build/Debug-xros/_NIOBase64.build/DerivedSources/arm64 -Xcc -I/Users/builder/builds/UKfvDsi8u/1/finestructure/swiftpackageindex-builder/spi-builder-workspace/.derivedData/Build/Intermediates.noindex/swift-nio.build/Debug-xros/_NIOBase64.build/DerivedSources -Xcc -DSWIFT_PACKAGE -Xcc -DDEBUG\=1 -module-name _NIOBase64 -disable-clang-spi -target-sdk-version 1.1 -target-sdk-name xros1.1 -external-plugin-path /Applications/Xcode-15.3.0-Beta.2.app/Contents/Developer/Platforms/XROS.platform/Developer/SDKs/XROS1.1.sdk/usr/lib/swift/host/plugins\#/Applications/Xcode-15.3.0-Beta.2.app/Contents/Developer/Platforms/XROS.platform/Developer/SDKs/XROS1.1.sdk/usr/bin/swift-plugin-server -external-plugin-path /Applications/Xcode-15.3.0-Beta.2.app/Contents/Developer/Platforms/XROS.platform/Developer/SDKs/XROS1.1.sdk/usr/local/lib/swift/host/plugins\#/Applications/Xcode-15.3.0-Beta.2.app/Contents/Developer/Platforms/XROS.platform/Developer/SDKs/XROS1.1.sdk/usr/bin/swift-plugin-server -external-plugin-path /Applications/Xcode-15.3.0-Beta.2.app/Contents/Developer/Platforms/XROS.platform/Developer/usr/lib/swift/host/plugins\#/Applications/Xcode-15.3.0-Beta.2.app/Contents/Developer/Platforms/XROS.platform/Developer/usr/bin/swift-plugin-server -external-plugin-path /Applications/Xcode-15.3.0-Beta.2.app/Contents/Developer/Platforms/XROS.platform/Developer/usr/local/lib/swift/host/plugins\#/Applications/Xcode-15.3.0-Beta.2.app/Contents/Developer/Platforms/XROS.platform/Developer/usr/bin/swift-plugin-server -plugin-path /Applications/Xcode-15.3.0-Beta.2.app/Contents/Developer/Toolchains/XcodeDefault.xctoolchain/usr/lib/swift/host/plugins -plugin-path /Applications/Xcode-15.3.0-Beta.2.app/Contents/Developer/Toolchains/XcodeDefault.xctoolchain/usr/local/lib/swift/host/plugins -emit-module-doc-path /Users/builder/builds/UKfvDsi8u/1/finestructure/swiftpackageindex-builder/spi-builder-workspace/.derivedData/Build/Intermediates.noindex/swift-nio.build/Debug-xros/_NIOBase64.build/Objects-normal/arm64/_NIOBase64.swiftdoc -emit-module-source-info-path /Users/builder/builds/UKfvDsi8u/1/finestructure/swiftpackageindex-builder/spi-builder-workspace/.derivedData/Build/Intermediates.noindex/swift-nio.build/Debug-xros/_NIOBase64.build/Objects-normal/arm64/_NIOBase64.swiftsourceinfo -emit-objc-header-path /Users/builder/builds/UKfvDsi8u/1/finestructure/swiftpackageindex-builder/spi-builder-workspace/.derivedData/Build/Intermediates.noindex/swift-nio.build/Debug-xros/_NIOBase64.build/Objects-normal/arm64/_NIOBase64-Swift.h -serialize-diagnostics-path /Users/builder/builds/UKfvDsi8u/1/finestructure/swiftpackageindex-builder/spi-builder-workspace/.derivedData/Build/Intermediates.noindex/swift-nio.build/Debug-xros/_NIOBase64.build/Objects-normal/arm64/_NIOBase64-master-emit-module.dia -emit-dependencies-path /Users/builder/builds/UKfvDsi8u/1/finestructure/swiftpackageindex-builder/spi-builder-workspace/.derivedData/Build/Intermediates.noindex/swift-nio.build/Debug-xros/_NIOBase64.build/Objects-normal/arm64/_NIOBase64-master-emit-module.d -parse-as-library -o /Users/builder/builds/UKfvDsi8u/1/finestructure/swiftpackageindex-builder/spi-builder-workspace/.derivedData/Build/Intermediates.noindex/swift-nio.build/Debug-xros/_NIOBase64.build/Objects-normal/arm64/_NIOBase64.swiftmodule -emit-abi-descriptor-path /Users/builder/builds/UKfvDsi8u/1/finestructure/swiftpackageindex-builder/spi-builder-workspace/.derivedData/Build/Intermediates.noindex/swift-nio.build/Debug-xros/_NIOBase64.build/Objects-normal/arm64/_NIOBase64.abi.json
SwiftEmitModule normal arm64 Emitting\ module\ for\ _CollectionsUtilities (in target '_CollectionsUtilities' from project 'swift-collections')
    cd /Users/builder/builds/UKfvDsi8u/1/finestructure/swiftpackageindex-builder/spi-builder-workspace/.dependencies/checkouts/swift-collections
    builtin-swiftTaskExecution -- /Applications/Xcode-15.3.0-Beta.2.app/Contents/Developer/Toolchains/XcodeDefault.xctoolchain/usr/bin/swift-frontend -frontend -emit-module -experimental-skip-non-inlinable-function-bodies-without-types /Users/builder/builds/UKfvDsi8u/1/finestructure/swiftpackageindex-builder/spi-builder-workspace/.dependencies/checkouts/swift-collections/Sources/_CollectionsUtilities/Compatibility/autogenerated/UnsafeMutableBufferPointer+SE-0370.swift /Users/builder/builds/UKfvDsi8u/1/finestructure/swiftpackageindex-builder/spi-builder-workspace/.dependencies/checkouts/swift-collections/Sources/_CollectionsUtilities/Compatibility/autogenerated/UnsafeMutablePointer+SE-0370.swift /Users/builder/builds/UKfvDsi8u/1/finestructure/swiftpackageindex-builder/spi-builder-workspace/.dependencies/checkouts/swift-collections/Sources/_CollectionsUtilities/Compatibility/autogenerated/UnsafeRawPointer\ extensions.swift /Users/builder/builds/UKfvDsi8u/1/finestructure/swiftpackageindex-builder/spi-builder-workspace/.dependencies/checkouts/swift-collections/Sources/_CollectionsUtilities/IntegerTricks/autogenerated/FixedWidthInteger+roundUpToPowerOfTwo.swift /Users/builder/builds/UKfvDsi8u/1/finestructure/swiftpackageindex-builder/spi-builder-workspace/.dependencies/checkouts/swift-collections/Sources/_CollectionsUtilities/IntegerTricks/autogenerated/Integer\ rank.swift /Users/builder/builds/UKfvDsi8u/1/finestructure/swiftpackageindex-builder/spi-builder-workspace/.dependencies/checkouts/swift-collections/Sources/_CollectionsUtilities/IntegerTricks/autogenerated/UInt+first\ and\ last\ set\ bit.swift /Users/builder/builds/UKfvDsi8u/1/finestructure/swiftpackageindex-builder/spi-builder-workspace/.dependencies/checkouts/swift-collections/Sources/_CollectionsUtilities/IntegerTricks/autogenerated/UInt+reversed.swift /Users/builder/builds/UKfvDsi8u/1/finestructure/swiftpackageindex-builder/spi-builder-workspace/.dependencies/checkouts/swift-collections/Sources/_CollectionsUtilities/UnsafeBitSet/autogenerated/_UnsafeBitSet+Index.swift /Users/builder/builds/UKfvDsi8u/1/finestructure/swiftpackageindex-builder/spi-builder-workspace/.dependencies/checkouts/swift-collections/Sources/_CollectionsUtilities/UnsafeBitSet/autogenerated/_UnsafeBitSet+_Word.swift /Users/builder/builds/UKfvDsi8u/1/finestructure/swiftpackageindex-builder/spi-builder-workspace/.dependencies/checkouts/swift-collections/Sources/_CollectionsUtilities/UnsafeBitSet/autogenerated/_UnsafeBitSet.swift /Users/builder/builds/UKfvDsi8u/1/finestructure/swiftpackageindex-builder/spi-builder-workspace/.dependencies/checkouts/swift-collections/Sources/_CollectionsUtilities/_SortedCollection.swift /Users/builder/builds/UKfvDsi8u/1/finestructure/swiftpackageindex-builder/spi-builder-workspace/.dependencies/checkouts/swift-collections/Sources/_CollectionsUtilities/_UniqueCollection.swift /Users/builder/builds/UKfvDsi8u/1/finestructure/swiftpackageindex-builder/spi-builder-workspace/.dependencies/checkouts/swift-collections/Sources/_CollectionsUtilities/autogenerated/Debugging.swift /Users/builder/builds/UKfvDsi8u/1/finestructure/swiftpackageindex-builder/spi-builder-workspace/.dependencies/checkouts/swift-collections/Sources/_CollectionsUtilities/autogenerated/Descriptions.swift /Users/builder/builds/UKfvDsi8u/1/finestructure/swiftpackageindex-builder/spi-builder-workspace/.dependencies/checkouts/swift-collections/Sources/_CollectionsUtilities/autogenerated/RandomAccessCollection+Offsets.swift /Users/builder/builds/UKfvDsi8u/1/finestructure/swiftpackageindex-builder/spi-builder-workspace/.dependencies/checkouts/swift-collections/Sources/_CollectionsUtilities/autogenerated/Specialize.swift /Users/builder/builds/UKfvDsi8u/1/finestructure/swiftpackageindex-builder/spi-builder-workspace/.dependencies/checkouts/swift-collections/Sources/_CollectionsUtilities/autogenerated/UnsafeBufferPointer+Extras.swift /Users/builder/builds/UKfvDsi8u/1/finestructure/swiftpackageindex-builder/spi-builder-workspace/.dependencies/checkouts/swift-collections/Sources/_CollectionsUtilities/autogenerated/UnsafeMutableBufferPointer+Extras.swift -target arm64-apple-xros1.0 -Xllvm -aarch64-use-tbi -enable-objc-interop -stack-check -sdk /Applications/Xcode-15.3.0-Beta.2.app/Contents/Developer/Platforms/XROS.platform/Developer/SDKs/XROS1.1.sdk -I /Users/builder/builds/UKfvDsi8u/1/finestructure/swiftpackageindex-builder/spi-builder-workspace/.derivedData/Build/Products/Debug-xros -I /Applications/Xcode-15.3.0-Beta.2.app/Contents/Developer/Platforms/XROS.platform/Developer/usr/lib -F /Users/builder/builds/UKfvDsi8u/1/finestructure/swiftpackageindex-builder/spi-builder-workspace/.derivedData/Build/Products/Debug-xros -F /Applications/Xcode-15.3.0-Beta.2.app/Contents/Developer/Platforms/XROS.platform/Developer/Library/Frameworks -F /Applications/Xcode-15.3.0-Beta.2.app/Contents/Developer/Platforms/XROS.platform/Developer/SDKs/XROS1.1.sdk/Developer/Library/Frameworks -no-color-diagnostics -enable-testing -g -module-cache-path /Users/builder/builds/UKfvDsi8u/1/finestructure/swiftpackageindex-builder/spi-builder-workspace/.derivedData/ModuleCache.noindex -suppress-warnings -profile-generate -profile-coverage-mapping -swift-version 5 -enforce-exclusivity\=checked -Onone -D SWIFT_PACKAGE -D DEBUG -D COLLECTIONS_RANDOMIZED_TESTING -D Xcode -serialize-debugging-options -const-gather-protocols-file /Users/builder/builds/UKfvDsi8u/1/finestructure/swiftpackageindex-builder/spi-builder-workspace/.derivedData/Build/Intermediates.noindex/swift-collections.build/Debug-xros/_CollectionsUtilities.build/Objects-normal/arm64/_CollectionsUtilities_const_extract_protocols.json -empty-abi-descriptor -validate-clang-modules-once -clang-build-session-file /Users/builder/builds/UKfvDsi8u/1/finestructure/swiftpackageindex-builder/spi-builder-workspace/.derivedData/ModuleCache.noindex/Session.modulevalidation -Xcc -working-directory -Xcc /Users/builder/builds/UKfvDsi8u/1/finestructure/swiftpackageindex-builder/spi-builder-workspace/.dependencies/checkouts/swift-collections -resource-dir /Applications/Xcode-15.3.0-Beta.2.app/Contents/Developer/Toolchains/XcodeDefault.xctoolchain/usr/lib/swift -enable-anonymous-context-mangled-names -Xcc -ivfsstatcache -Xcc /Users/builder/builds/UKfvDsi8u/1/finestructure/swiftpackageindex-builder/spi-builder-workspace/.derivedData/SDKStatCaches.noindex/xros1.1-21O5181e-ee5c1ba7e8e63f56232e286fb9e6086d.sdkstatcache -Xcc -I/Users/builder/builds/UKfvDsi8u/1/finestructure/swiftpackageindex-builder/spi-builder-workspace/.derivedData/Build/Intermediates.noindex/swift-collections.build/Debug-xros/_CollectionsUtilities.build/swift-overrides.hmap -Xcc -I/Users/builder/builds/UKfvDsi8u/1/finestructure/swiftpackageindex-builder/spi-builder-workspace/.derivedData/Build/Products/Debug-xros/include -Xcc -I/Users/builder/builds/UKfvDsi8u/1/finestructure/swiftpackageindex-builder/spi-builder-workspace/.derivedData/Build/Intermediates.noindex/swift-collections.build/Debug-xros/_CollectionsUtilities.build/DerivedSources-normal/arm64 -Xcc -I/Users/builder/builds/UKfvDsi8u/1/finestructure/swiftpackageindex-builder/spi-builder-workspace/.derivedData/Build/Intermediates.noindex/swift-collections.build/Debug-xros/_CollectionsUtilities.build/DerivedSources/arm64 -Xcc -I/Users/builder/builds/UKfvDsi8u/1/finestructure/swiftpackageindex-builder/spi-builder-workspace/.derivedData/Build/Intermediates.noindex/swift-collections.build/Debug-xros/_CollectionsUtilities.build/DerivedSources -Xcc -DSWIFT_PACKAGE -Xcc -DDEBUG\=1 -module-name _CollectionsUtilities -disable-clang-spi -target-sdk-version 1.1 -target-sdk-name xros1.1 -external-plugin-path /Applications/Xcode-15.3.0-Beta.2.app/Contents/Developer/Platforms/XROS.platform/Developer/SDKs/XROS1.1.sdk/usr/lib/swift/host/plugins\#/Applications/Xcode-15.3.0-Beta.2.app/Contents/Developer/Platforms/XROS.platform/Developer/SDKs/XROS1.1.sdk/usr/bin/swift-plugin-server -external-plugin-path /Applications/Xcode-15.3.0-Beta.2.app/Contents/Developer/Platforms/XROS.platform/Developer/SDKs/XROS1.1.sdk/usr/local/lib/swift/host/plugins\#/Applications/Xcode-15.3.0-Beta.2.app/Contents/Developer/Platforms/XROS.platform/Developer/SDKs/XROS1.1.sdk/usr/bin/swift-plugin-server -external-plugin-path /Applications/Xcode-15.3.0-Beta.2.app/Contents/Developer/Platforms/XROS.platform/Developer/usr/lib/swift/host/plugins\#/Applications/Xcode-15.3.0-Beta.2.app/Contents/Developer/Platforms/XROS.platform/Developer/usr/bin/swift-plugin-server -external-plugin-path /Applications/Xcode-15.3.0-Beta.2.app/Contents/Developer/Platforms/XROS.platform/Developer/usr/local/lib/swift/host/plugins\#/Applications/Xcode-15.3.0-Beta.2.app/Contents/Developer/Platforms/XROS.platform/Developer/usr/bin/swift-plugin-server -plugin-path /Applications/Xcode-15.3.0-Beta.2.app/Contents/Developer/Toolchains/XcodeDefault.xctoolchain/usr/lib/swift/host/plugins -plugin-path /Applications/Xcode-15.3.0-Beta.2.app/Contents/Developer/Toolchains/XcodeDefault.xctoolchain/usr/local/lib/swift/host/plugins -emit-module-doc-path /Users/builder/builds/UKfvDsi8u/1/finestructure/swiftpackageindex-builder/spi-builder-workspace/.derivedData/Build/Intermediates.noindex/swift-collections.build/Debug-xros/_CollectionsUtilities.build/Objects-normal/arm64/_CollectionsUtilities.swiftdoc -emit-module-source-info-path /Users/builder/builds/UKfvDsi8u/1/finestructure/swiftpackageindex-builder/spi-builder-workspace/.derivedData/Build/Intermediates.noindex/swift-collections.build/Debug-xros/_CollectionsUtilities.build/Objects-normal/arm64/_CollectionsUtilities.swiftsourceinfo -emit-objc-header-path /Users/builder/builds/UKfvDsi8u/1/finestructure/swiftpackageindex-builder/spi-builder-workspace/.derivedData/Build/Intermediates.noindex/swift-collections.build/Debug-xros/_CollectionsUtilities.build/Objects-normal/arm64/_CollectionsUtilities-Swift.h -serialize-diagnostics-path /Users/builder/builds/UKfvDsi8u/1/finestructure/swiftpackageindex-builder/spi-builder-workspace/.derivedData/Build/Intermediates.noindex/swift-collections.build/Debug-xros/_CollectionsUtilities.build/Objects-normal/arm64/_CollectionsUtilities-master-emit-module.dia -emit-dependencies-path /Users/builder/builds/UKfvDsi8u/1/finestructure/swiftpackageindex-builder/spi-builder-workspace/.derivedData/Build/Intermediates.noindex/swift-collections.build/Debug-xros/_CollectionsUtilities.build/Objects-normal/arm64/_CollectionsUtilities-master-emit-module.d -o /Users/builder/builds/UKfvDsi8u/1/finestructure/swiftpackageindex-builder/spi-builder-workspace/.derivedData/Build/Intermediates.noindex/swift-collections.build/Debug-xros/_CollectionsUtilities.build/Objects-normal/arm64/_CollectionsUtilities.swiftmodule -emit-abi-descriptor-path /Users/builder/builds/UKfvDsi8u/1/finestructure/swiftpackageindex-builder/spi-builder-workspace/.derivedData/Build/Intermediates.noindex/swift-collections.build/Debug-xros/_CollectionsUtilities.build/Objects-normal/arm64/_CollectionsUtilities.abi.json
SwiftEmitModule normal arm64 Emitting\ module\ for\ TypeDecoder (in target 'TypeDecoder' from project 'TypeDecoder')
    cd /Users/builder/builds/UKfvDsi8u/1/finestructure/swiftpackageindex-builder/spi-builder-workspace/.dependencies/checkouts/TypeDecoder
    builtin-swiftTaskExecution -- /Applications/Xcode-15.3.0-Beta.2.app/Contents/Developer/Toolchains/XcodeDefault.xctoolchain/usr/bin/swift-frontend -frontend -emit-module -experimental-skip-non-inlinable-function-bodies-without-types /Users/builder/builds/UKfvDsi8u/1/finestructure/swiftpackageindex-builder/spi-builder-workspace/.dependencies/checkouts/TypeDecoder/Sources/TypeDecoder/OrderedDictionary.swift /Users/builder/builds/UKfvDsi8u/1/finestructure/swiftpackageindex-builder/spi-builder-workspace/.dependencies/checkouts/TypeDecoder/Sources/TypeDecoder/TypeDecoder.swift -target arm64-apple-xros1.0 -Xllvm -aarch64-use-tbi -enable-objc-interop -stack-check -sdk /Applications/Xcode-15.3.0-Beta.2.app/Contents/Developer/Platforms/XROS.platform/Developer/SDKs/XROS1.1.sdk -I /Users/builder/builds/UKfvDsi8u/1/finestructure/swiftpackageindex-builder/spi-builder-workspace/.derivedData/Build/Products/Debug-xros -I /Applications/Xcode-15.3.0-Beta.2.app/Contents/Developer/Platforms/XROS.platform/Developer/usr/lib -F /Users/builder/builds/UKfvDsi8u/1/finestructure/swiftpackageindex-builder/spi-builder-workspace/.derivedData/Build/Products/Debug-xros -F /Applications/Xcode-15.3.0-Beta.2.app/Contents/Developer/Platforms/XROS.platform/Developer/Library/Frameworks -F /Applications/Xcode-15.3.0-Beta.2.app/Contents/Developer/Platforms/XROS.platform/Developer/SDKs/XROS1.1.sdk/Developer/Library/Frameworks -no-color-diagnostics -enable-testing -g -module-cache-path /Users/builder/builds/UKfvDsi8u/1/finestructure/swiftpackageindex-builder/spi-builder-workspace/.derivedData/ModuleCache.noindex -suppress-warnings -profile-generate -profile-coverage-mapping -swift-version 5 -enforce-exclusivity\=checked -Onone -D SWIFT_PACKAGE -D DEBUG -D Xcode -serialize-debugging-options -const-gather-protocols-file /Users/builder/builds/UKfvDsi8u/1/finestructure/swiftpackageindex-builder/spi-builder-workspace/.derivedData/Build/Intermediates.noindex/TypeDecoder.build/Debug-xros/TypeDecoder.build/Objects-normal/arm64/TypeDecoder_const_extract_protocols.json -empty-abi-descriptor -validate-clang-modules-once -clang-build-session-file /Users/builder/builds/UKfvDsi8u/1/finestructure/swiftpackageindex-builder/spi-builder-workspace/.derivedData/ModuleCache.noindex/Session.modulevalidation -Xcc -working-directory -Xcc /Users/builder/builds/UKfvDsi8u/1/finestructure/swiftpackageindex-builder/spi-builder-workspace/.dependencies/checkouts/TypeDecoder -resource-dir /Applications/Xcode-15.3.0-Beta.2.app/Contents/Developer/Toolchains/XcodeDefault.xctoolchain/usr/lib/swift -enable-anonymous-context-mangled-names -Xcc -ivfsstatcache -Xcc /Users/builder/builds/UKfvDsi8u/1/finestructure/swiftpackageindex-builder/spi-builder-workspace/.derivedData/SDKStatCaches.noindex/xros1.1-21O5181e-ee5c1ba7e8e63f56232e286fb9e6086d.sdkstatcache -Xcc -I/Users/builder/builds/UKfvDsi8u/1/finestructure/swiftpackageindex-builder/spi-builder-workspace/.derivedData/Build/Intermediates.noindex/TypeDecoder.build/Debug-xros/TypeDecoder.build/swift-overrides.hmap -Xcc -I/Users/builder/builds/UKfvDsi8u/1/finestructure/swiftpackageindex-builder/spi-builder-workspace/.derivedData/Build/Products/Debug-xros/include -Xcc -I/Users/builder/builds/UKfvDsi8u/1/finestructure/swiftpackageindex-builder/spi-builder-workspace/.derivedData/Build/Intermediates.noindex/TypeDecoder.build/Debug-xros/TypeDecoder.build/DerivedSources-normal/arm64 -Xcc -I/Users/builder/builds/UKfvDsi8u/1/finestructure/swiftpackageindex-builder/spi-builder-workspace/.derivedData/Build/Intermediates.noindex/TypeDecoder.build/Debug-xros/TypeDecoder.build/DerivedSources/arm64 -Xcc -I/Users/builder/builds/UKfvDsi8u/1/finestructure/swiftpackageindex-builder/spi-builder-workspace/.derivedData/Build/Intermediates.noindex/TypeDecoder.build/Debug-xros/TypeDecoder.build/DerivedSources -Xcc -DSWIFT_PACKAGE -Xcc -DDEBUG\=1 -module-name TypeDecoder -disable-clang-spi -target-sdk-version 1.1 -target-sdk-name xros1.1 -external-plugin-path /Applications/Xcode-15.3.0-Beta.2.app/Contents/Developer/Platforms/XROS.platform/Developer/SDKs/XROS1.1.sdk/usr/lib/swift/host/plugins\#/Applications/Xcode-15.3.0-Beta.2.app/Contents/Developer/Platforms/XROS.platform/Developer/SDKs/XROS1.1.sdk/usr/bin/swift-plugin-server -external-plugin-path /Applications/Xcode-15.3.0-Beta.2.app/Contents/Developer/Platforms/XROS.platform/Developer/SDKs/XROS1.1.sdk/usr/local/lib/swift/host/plugins\#/Applications/Xcode-15.3.0-Beta.2.app/Contents/Developer/Platforms/XROS.platform/Developer/SDKs/XROS1.1.sdk/usr/bin/swift-plugin-server -external-plugin-path /Applications/Xcode-15.3.0-Beta.2.app/Contents/Developer/Platforms/XROS.platform/Developer/usr/lib/swift/host/plugins\#/Applications/Xcode-15.3.0-Beta.2.app/Contents/Developer/Platforms/XROS.platform/Developer/usr/bin/swift-plugin-server -external-plugin-path /Applications/Xcode-15.3.0-Beta.2.app/Contents/Developer/Platforms/XROS.platform/Developer/usr/local/lib/swift/host/plugins\#/Applications/Xcode-15.3.0-Beta.2.app/Contents/Developer/Platforms/XROS.platform/Developer/usr/bin/swift-plugin-server -plugin-path /Applications/Xcode-15.3.0-Beta.2.app/Contents/Developer/Toolchains/XcodeDefault.xctoolchain/usr/lib/swift/host/plugins -plugin-path /Applications/Xcode-15.3.0-Beta.2.app/Contents/Developer/Toolchains/XcodeDefault.xctoolchain/usr/local/lib/swift/host/plugins -emit-module-doc-path /Users/builder/builds/UKfvDsi8u/1/finestructure/swiftpackageindex-builder/spi-builder-workspace/.derivedData/Build/Intermediates.noindex/TypeDecoder.build/Debug-xros/TypeDecoder.build/Objects-normal/arm64/TypeDecoder.swiftdoc -emit-module-source-info-path /Users/builder/builds/UKfvDsi8u/1/finestructure/swiftpackageindex-builder/spi-builder-workspace/.derivedData/Build/Intermediates.noindex/TypeDecoder.build/Debug-xros/TypeDecoder.build/Objects-normal/arm64/TypeDecoder.swiftsourceinfo -emit-objc-header-path /Users/builder/builds/UKfvDsi8u/1/finestructure/swiftpackageindex-builder/spi-builder-workspace/.derivedData/Build/Intermediates.noindex/TypeDecoder.build/Debug-xros/TypeDecoder.build/Objects-normal/arm64/TypeDecoder-Swift.h -serialize-diagnostics-path /Users/builder/builds/UKfvDsi8u/1/finestructure/swiftpackageindex-builder/spi-builder-workspace/.derivedData/Build/Intermediates.noindex/TypeDecoder.build/Debug-xros/TypeDecoder.build/Objects-normal/arm64/TypeDecoder-master-emit-module.dia -emit-dependencies-path /Users/builder/builds/UKfvDsi8u/1/finestructure/swiftpackageindex-builder/spi-builder-workspace/.derivedData/Build/Intermediates.noindex/TypeDecoder.build/Debug-xros/TypeDecoder.build/Objects-normal/arm64/TypeDecoder-master-emit-module.d -o /Users/builder/builds/UKfvDsi8u/1/finestructure/swiftpackageindex-builder/spi-builder-workspace/.derivedData/Build/Intermediates.noindex/TypeDecoder.build/Debug-xros/TypeDecoder.build/Objects-normal/arm64/TypeDecoder.swiftmodule -emit-abi-descriptor-path /Users/builder/builds/UKfvDsi8u/1/finestructure/swiftpackageindex-builder/spi-builder-workspace/.derivedData/Build/Intermediates.noindex/TypeDecoder.build/Debug-xros/TypeDecoder.build/Objects-normal/arm64/TypeDecoder.abi.json
SwiftDriver Socket normal arm64 com.apple.xcode.tools.swift.compiler (in target 'Socket' from project 'Socket')
    cd /Users/builder/builds/UKfvDsi8u/1/finestructure/swiftpackageindex-builder/spi-builder-workspace/.dependencies/checkouts/BlueSocket
    builtin-SwiftDriver -- /Applications/Xcode-15.3.0-Beta.2.app/Contents/Developer/Toolchains/XcodeDefault.xctoolchain/usr/bin/swiftc -module-name Socket -Onone -enforce-exclusivity\=checked @/Users/builder/builds/UKfvDsi8u/1/finestructure/swiftpackageindex-builder/spi-builder-workspace/.derivedData/Build/Intermediates.noindex/Socket.build/Debug-xros/Socket.build/Objects-normal/arm64/Socket.SwiftFileList -DSWIFT_PACKAGE -DDEBUG -DXcode -sdk /Applications/Xcode-15.3.0-Beta.2.app/Contents/Developer/Platforms/XROS.platform/Developer/SDKs/XROS1.1.sdk -target arm64-apple-xros1.0 -g -module-cache-path /Users/builder/builds/UKfvDsi8u/1/finestructure/swiftpackageindex-builder/spi-builder-workspace/.derivedData/ModuleCache.noindex -Xfrontend -serialize-debugging-options -profile-coverage-mapping -profile-generate -enable-testing -suppress-warnings -index-store-path /Users/builder/builds/UKfvDsi8u/1/finestructure/swiftpackageindex-builder/spi-builder-workspace/.derivedData/Index.noindex/DataStore -swift-version 5 -I /Users/builder/builds/UKfvDsi8u/1/finestructure/swiftpackageindex-builder/spi-builder-workspace/.derivedData/Build/Products/Debug-xros -I /Applications/Xcode-15.3.0-Beta.2.app/Contents/Developer/Platforms/XROS.platform/Developer/usr/lib -F /Users/builder/builds/UKfvDsi8u/1/finestructure/swiftpackageindex-builder/spi-builder-workspace/.derivedData/Build/Products/Debug-xros -F /Applications/Xcode-15.3.0-Beta.2.app/Contents/Developer/Platforms/XROS.platform/Developer/Library/Frameworks -F /Applications/Xcode-15.3.0-Beta.2.app/Contents/Developer/Platforms/XROS.platform/Developer/SDKs/XROS1.1.sdk/Developer/Library/Frameworks -c -j8 -enable-batch-mode -incremental -Xcc -ivfsstatcache -Xcc /Users/builder/builds/UKfvDsi8u/1/finestructure/swiftpackageindex-builder/spi-builder-workspace/.derivedData/SDKStatCaches.noindex/xros1.1-21O5181e-ee5c1ba7e8e63f56232e286fb9e6086d.sdkstatcache -output-file-map /Users/builder/builds/UKfvDsi8u/1/finestructure/swiftpackageindex-builder/spi-builder-workspace/.derivedData/Build/Intermediates.noindex/Socket.build/Debug-xros/Socket.build/Objects-normal/arm64/Socket-OutputFileMap.json -use-frontend-parseable-output -save-temps -no-color-diagnostics -serialize-diagnostics -emit-dependencies -emit-module -emit-module-path /Users/builder/builds/UKfvDsi8u/1/finestructure/swiftpackageindex-builder/spi-builder-workspace/.derivedData/Build/Intermediates.noindex/Socket.build/Debug-xros/Socket.build/Objects-normal/arm64/Socket.swiftmodule -validate-clang-modules-once -clang-build-session-file /Users/builder/builds/UKfvDsi8u/1/finestructure/swiftpackageindex-builder/spi-builder-workspace/.derivedData/ModuleCache.noindex/Session.modulevalidation -Xcc -I/Users/builder/builds/UKfvDsi8u/1/finestructure/swiftpackageindex-builder/spi-builder-workspace/.derivedData/Build/Intermediates.noindex/Socket.build/Debug-xros/Socket.build/swift-overrides.hmap -emit-const-values -Xfrontend -const-gather-protocols-file -Xfrontend /Users/builder/builds/UKfvDsi8u/1/finestructure/swiftpackageindex-builder/spi-builder-workspace/.derivedData/Build/Intermediates.noindex/Socket.build/Debug-xros/Socket.build/Objects-normal/arm64/Socket_const_extract_protocols.json -Xcc -I/Users/builder/builds/UKfvDsi8u/1/finestructure/swiftpackageindex-builder/spi-builder-workspace/.derivedData/Build/Products/Debug-xros/include -Xcc -I/Users/builder/builds/UKfvDsi8u/1/finestructure/swiftpackageindex-builder/spi-builder-workspace/.derivedData/Build/Intermediates.noindex/Socket.build/Debug-xros/Socket.build/DerivedSources-normal/arm64 -Xcc -I/Users/builder/builds/UKfvDsi8u/1/finestructure/swiftpackageindex-builder/spi-builder-workspace/.derivedData/Build/Intermediates.noindex/Socket.build/Debug-xros/Socket.build/DerivedSources/arm64 -Xcc -I/Users/builder/builds/UKfvDsi8u/1/finestructure/swiftpackageindex-builder/spi-builder-workspace/.derivedData/Build/Intermediates.noindex/Socket.build/Debug-xros/Socket.build/DerivedSources -Xcc -DSWIFT_PACKAGE -Xcc -DDEBUG\=1 -emit-objc-header -emit-objc-header-path /Users/builder/builds/UKfvDsi8u/1/finestructure/swiftpackageindex-builder/spi-builder-workspace/.derivedData/Build/Intermediates.noindex/Socket.build/Debug-xros/Socket.build/Objects-normal/arm64/Socket-Swift.h -working-directory /Users/builder/builds/UKfvDsi8u/1/finestructure/swiftpackageindex-builder/spi-builder-workspace/.dependencies/checkouts/BlueSocket -experimental-emit-module-separately -disable-cmo
SwiftDriver NIOConcurrencyHelpers normal arm64 com.apple.xcode.tools.swift.compiler (in target 'NIOConcurrencyHelpers' from project 'swift-nio')
    cd /Users/builder/builds/UKfvDsi8u/1/finestructure/swiftpackageindex-builder/spi-builder-workspace/.dependencies/checkouts/swift-nio
    builtin-SwiftDriver -- /Applications/Xcode-15.3.0-Beta.2.app/Contents/Developer/Toolchains/XcodeDefault.xctoolchain/usr/bin/swiftc -module-name NIOConcurrencyHelpers -Onone -enforce-exclusivity\=checked @/Users/builder/builds/UKfvDsi8u/1/finestructure/swiftpackageindex-builder/spi-builder-workspace/.derivedData/Build/Intermediates.noindex/swift-nio.build/Debug-xros/NIOConcurrencyHelpers.build/Objects-normal/arm64/NIOConcurrencyHelpers.SwiftFileList -DSWIFT_PACKAGE -DDEBUG -Xcc -fmodule-map-file\=/Users/builder/builds/UKfvDsi8u/1/finestructure/swiftpackageindex-builder/spi-builder-workspace/.derivedData/Build/Intermediates.noindex/GeneratedModuleMaps-xros/CNIOAtomics.modulemap -DXcode -sdk /Applications/Xcode-15.3.0-Beta.2.app/Contents/Developer/Platforms/XROS.platform/Developer/SDKs/XROS1.1.sdk -target arm64-apple-xros1.0 -g -module-cache-path /Users/builder/builds/UKfvDsi8u/1/finestructure/swiftpackageindex-builder/spi-builder-workspace/.derivedData/ModuleCache.noindex -Xfrontend -serialize-debugging-options -profile-coverage-mapping -profile-generate -enable-testing -suppress-warnings -index-store-path /Users/builder/builds/UKfvDsi8u/1/finestructure/swiftpackageindex-builder/spi-builder-workspace/.derivedData/Index.noindex/DataStore -swift-version 5 -I /Users/builder/builds/UKfvDsi8u/1/finestructure/swiftpackageindex-builder/spi-builder-workspace/.derivedData/Build/Products/Debug-xros -I /Applications/Xcode-15.3.0-Beta.2.app/Contents/Developer/Platforms/XROS.platform/Developer/usr/lib -F /Users/builder/builds/UKfvDsi8u/1/finestructure/swiftpackageindex-builder/spi-builder-workspace/.derivedData/Build/Products/Debug-xros/PackageFrameworks -F /Users/builder/builds/UKfvDsi8u/1/finestructure/swiftpackageindex-builder/spi-builder-workspace/.derivedData/Build/Products/Debug-xros -F /Applications/Xcode-15.3.0-Beta.2.app/Contents/Developer/Platforms/XROS.platform/Developer/Library/Frameworks -F /Applications/Xcode-15.3.0-Beta.2.app/Contents/Developer/Platforms/XROS.platform/Developer/SDKs/XROS1.1.sdk/Developer/Library/Frameworks -c -j8 -enable-batch-mode -incremental -Xcc -ivfsstatcache -Xcc /Users/builder/builds/UKfvDsi8u/1/finestructure/swiftpackageindex-builder/spi-builder-workspace/.derivedData/SDKStatCaches.noindex/xros1.1-21O5181e-ee5c1ba7e8e63f56232e286fb9e6086d.sdkstatcache -output-file-map /Users/builder/builds/UKfvDsi8u/1/finestructure/swiftpackageindex-builder/spi-builder-workspace/.derivedData/Build/Intermediates.noindex/swift-nio.build/Debug-xros/NIOConcurrencyHelpers.build/Objects-normal/arm64/NIOConcurrencyHelpers-OutputFileMap.json -use-frontend-parseable-output -save-temps -no-color-diagnostics -serialize-diagnostics -emit-dependencies -emit-module -emit-module-path /Users/builder/builds/UKfvDsi8u/1/finestructure/swiftpackageindex-builder/spi-builder-workspace/.derivedData/Build/Intermediates.noindex/swift-nio.build/Debug-xros/NIOConcurrencyHelpers.build/Objects-normal/arm64/NIOConcurrencyHelpers.swiftmodule -validate-clang-modules-once -clang-build-session-file /Users/builder/builds/UKfvDsi8u/1/finestructure/swiftpackageindex-builder/spi-builder-workspace/.derivedData/ModuleCache.noindex/Session.modulevalidation -Xcc -I/Users/builder/builds/UKfvDsi8u/1/finestructure/swiftpackageindex-builder/spi-builder-workspace/.derivedData/Build/Intermediates.noindex/swift-nio.build/Debug-xros/NIOConcurrencyHelpers.build/swift-overrides.hmap -emit-const-values -Xfrontend -const-gather-protocols-file -Xfrontend /Users/builder/builds/UKfvDsi8u/1/finestructure/swiftpackageindex-builder/spi-builder-workspace/.derivedData/Build/Intermediates.noindex/swift-nio.build/Debug-xros/NIOConcurrencyHelpers.build/Objects-normal/arm64/NIOConcurrencyHelpers_const_extract_protocols.json -Xcc -I/Users/builder/builds/UKfvDsi8u/1/finestructure/swiftpackageindex-builder/spi-builder-workspace/.dependencies/checkouts/swift-nio/Sources/CNIOAtomics/include -Xcc -I/Users/builder/builds/UKfvDsi8u/1/finestructure/swiftpackageindex-builder/spi-builder-workspace/.derivedData/Build/Products/Debug-xros/include -Xcc -I/Users/builder/builds/UKfvDsi8u/1/finestructure/swiftpackageindex-builder/spi-builder-workspace/.derivedData/Build/Intermediates.noindex/swift-nio.build/Debug-xros/NIOConcurrencyHelpers.build/DerivedSources-normal/arm64 -Xcc -I/Users/builder/builds/UKfvDsi8u/1/finestructure/swiftpackageindex-builder/spi-builder-workspace/.derivedData/Build/Intermediates.noindex/swift-nio.build/Debug-xros/NIOConcurrencyHelpers.build/DerivedSources/arm64 -Xcc -I/Users/builder/builds/UKfvDsi8u/1/finestructure/swiftpackageindex-builder/spi-builder-workspace/.derivedData/Build/Intermediates.noindex/swift-nio.build/Debug-xros/NIOConcurrencyHelpers.build/DerivedSources -Xcc -DSWIFT_PACKAGE -Xcc -DDEBUG\=1 -emit-objc-header -emit-objc-header-path /Users/builder/builds/UKfvDsi8u/1/finestructure/swiftpackageindex-builder/spi-builder-workspace/.derivedData/Build/Intermediates.noindex/swift-nio.build/Debug-xros/NIOConcurrencyHelpers.build/Objects-normal/arm64/NIOConcurrencyHelpers-Swift.h -working-directory /Users/builder/builds/UKfvDsi8u/1/finestructure/swiftpackageindex-builder/spi-builder-workspace/.dependencies/checkouts/swift-nio -experimental-emit-module-separately -disable-cmo
SwiftEmitModule normal arm64 Emitting\ module\ for\ Socket (in target 'Socket' from project 'Socket')
    cd /Users/builder/builds/UKfvDsi8u/1/finestructure/swiftpackageindex-builder/spi-builder-workspace/.dependencies/checkouts/BlueSocket
    builtin-swiftTaskExecution -- /Applications/Xcode-15.3.0-Beta.2.app/Contents/Developer/Toolchains/XcodeDefault.xctoolchain/usr/bin/swift-frontend -frontend -emit-module -experimental-skip-non-inlinable-function-bodies-without-types /Users/builder/builds/UKfvDsi8u/1/finestructure/swiftpackageindex-builder/spi-builder-workspace/.dependencies/checkouts/BlueSocket/Sources/Socket/Socket+Equatable.swift /Users/builder/builds/UKfvDsi8u/1/finestructure/swiftpackageindex-builder/spi-builder-workspace/.dependencies/checkouts/BlueSocket/Sources/Socket/Socket+Hashable.swift /Users/builder/builds/UKfvDsi8u/1/finestructure/swiftpackageindex-builder/spi-builder-workspace/.dependencies/checkouts/BlueSocket/Sources/Socket/Socket.swift /Users/builder/builds/UKfvDsi8u/1/finestructure/swiftpackageindex-builder/spi-builder-workspace/.dependencies/checkouts/BlueSocket/Sources/Socket/SocketProtocols.swift /Users/builder/builds/UKfvDsi8u/1/finestructure/swiftpackageindex-builder/spi-builder-workspace/.dependencies/checkouts/BlueSocket/Sources/Socket/SocketUtils.swift -target arm64-apple-xros1.0 -Xllvm -aarch64-use-tbi -enable-objc-interop -stack-check -sdk /Applications/Xcode-15.3.0-Beta.2.app/Contents/Developer/Platforms/XROS.platform/Developer/SDKs/XROS1.1.sdk -I /Users/builder/builds/UKfvDsi8u/1/finestructure/swiftpackageindex-builder/spi-builder-workspace/.derivedData/Build/Products/Debug-xros -I /Applications/Xcode-15.3.0-Beta.2.app/Contents/Developer/Platforms/XROS.platform/Developer/usr/lib -F /Users/builder/builds/UKfvDsi8u/1/finestructure/swiftpackageindex-builder/spi-builder-workspace/.derivedData/Build/Products/Debug-xros -F /Applications/Xcode-15.3.0-Beta.2.app/Contents/Developer/Platforms/XROS.platform/Developer/Library/Frameworks -F /Applications/Xcode-15.3.0-Beta.2.app/Contents/Developer/Platforms/XROS.platform/Developer/SDKs/XROS1.1.sdk/Developer/Library/Frameworks -no-color-diagnostics -enable-testing -g -module-cache-path /Users/builder/builds/UKfvDsi8u/1/finestructure/swiftpackageindex-builder/spi-builder-workspace/.derivedData/ModuleCache.noindex -suppress-warnings -profile-generate -profile-coverage-mapping -swift-version 5 -enforce-exclusivity\=checked -Onone -D SWIFT_PACKAGE -D DEBUG -D Xcode -serialize-debugging-options -const-gather-protocols-file /Users/builder/builds/UKfvDsi8u/1/finestructure/swiftpackageindex-builder/spi-builder-workspace/.derivedData/Build/Intermediates.noindex/Socket.build/Debug-xros/Socket.build/Objects-normal/arm64/Socket_const_extract_protocols.json -empty-abi-descriptor -validate-clang-modules-once -clang-build-session-file /Users/builder/builds/UKfvDsi8u/1/finestructure/swiftpackageindex-builder/spi-builder-workspace/.derivedData/ModuleCache.noindex/Session.modulevalidation -Xcc -working-directory -Xcc /Users/builder/builds/UKfvDsi8u/1/finestructure/swiftpackageindex-builder/spi-builder-workspace/.dependencies/checkouts/BlueSocket -resource-dir /Applications/Xcode-15.3.0-Beta.2.app/Contents/Developer/Toolchains/XcodeDefault.xctoolchain/usr/lib/swift -enable-anonymous-context-mangled-names -Xcc -ivfsstatcache -Xcc /Users/builder/builds/UKfvDsi8u/1/finestructure/swiftpackageindex-builder/spi-builder-workspace/.derivedData/SDKStatCaches.noindex/xros1.1-21O5181e-ee5c1ba7e8e63f56232e286fb9e6086d.sdkstatcache -Xcc -I/Users/builder/builds/UKfvDsi8u/1/finestructure/swiftpackageindex-builder/spi-builder-workspace/.derivedData/Build/Intermediates.noindex/Socket.build/Debug-xros/Socket.build/swift-overrides.hmap -Xcc -I/Users/builder/builds/UKfvDsi8u/1/finestructure/swiftpackageindex-builder/spi-builder-workspace/.derivedData/Build/Products/Debug-xros/include -Xcc -I/Users/builder/builds/UKfvDsi8u/1/finestructure/swiftpackageindex-builder/spi-builder-workspace/.derivedData/Build/Intermediates.noindex/Socket.build/Debug-xros/Socket.build/DerivedSources-normal/arm64 -Xcc -I/Users/builder/builds/UKfvDsi8u/1/finestructure/swiftpackageindex-builder/spi-builder-workspace/.derivedData/Build/Intermediates.noindex/Socket.build/Debug-xros/Socket.build/DerivedSources/arm64 -Xcc -I/Users/builder/builds/UKfvDsi8u/1/finestructure/swiftpackageindex-builder/spi-builder-workspace/.derivedData/Build/Intermediates.noindex/Socket.build/Debug-xros/Socket.build/DerivedSources -Xcc -DSWIFT_PACKAGE -Xcc -DDEBUG\=1 -module-name Socket -disable-clang-spi -target-sdk-version 1.1 -target-sdk-name xros1.1 -external-plugin-path /Applications/Xcode-15.3.0-Beta.2.app/Contents/Developer/Platforms/XROS.platform/Developer/SDKs/XROS1.1.sdk/usr/lib/swift/host/plugins\#/Applications/Xcode-15.3.0-Beta.2.app/Contents/Developer/Platforms/XROS.platform/Developer/SDKs/XROS1.1.sdk/usr/bin/swift-plugin-server -external-plugin-path /Applications/Xcode-15.3.0-Beta.2.app/Contents/Developer/Platforms/XROS.platform/Developer/SDKs/XROS1.1.sdk/usr/local/lib/swift/host/plugins\#/Applications/Xcode-15.3.0-Beta.2.app/Contents/Developer/Platforms/XROS.platform/Developer/SDKs/XROS1.1.sdk/usr/bin/swift-plugin-server -external-plugin-path /Applications/Xcode-15.3.0-Beta.2.app/Contents/Developer/Platforms/XROS.platform/Developer/usr/lib/swift/host/plugins\#/Applications/Xcode-15.3.0-Beta.2.app/Contents/Developer/Platforms/XROS.platform/Developer/usr/bin/swift-plugin-server -external-plugin-path /Applications/Xcode-15.3.0-Beta.2.app/Contents/Developer/Platforms/XROS.platform/Developer/usr/local/lib/swift/host/plugins\#/Applications/Xcode-15.3.0-Beta.2.app/Contents/Developer/Platforms/XROS.platform/Developer/usr/bin/swift-plugin-server -plugin-path /Applications/Xcode-15.3.0-Beta.2.app/Contents/Developer/Toolchains/XcodeDefault.xctoolchain/usr/lib/swift/host/plugins -plugin-path /Applications/Xcode-15.3.0-Beta.2.app/Contents/Developer/Toolchains/XcodeDefault.xctoolchain/usr/local/lib/swift/host/plugins -emit-module-doc-path /Users/builder/builds/UKfvDsi8u/1/finestructure/swiftpackageindex-builder/spi-builder-workspace/.derivedData/Build/Intermediates.noindex/Socket.build/Debug-xros/Socket.build/Objects-normal/arm64/Socket.swiftdoc -emit-module-source-info-path /Users/builder/builds/UKfvDsi8u/1/finestructure/swiftpackageindex-builder/spi-builder-workspace/.derivedData/Build/Intermediates.noindex/Socket.build/Debug-xros/Socket.build/Objects-normal/arm64/Socket.swiftsourceinfo -emit-objc-header-path /Users/builder/builds/UKfvDsi8u/1/finestructure/swiftpackageindex-builder/spi-builder-workspace/.derivedData/Build/Intermediates.noindex/Socket.build/Debug-xros/Socket.build/Objects-normal/arm64/Socket-Swift.h -serialize-diagnostics-path /Users/builder/builds/UKfvDsi8u/1/finestructure/swiftpackageindex-builder/spi-builder-workspace/.derivedData/Build/Intermediates.noindex/Socket.build/Debug-xros/Socket.build/Objects-normal/arm64/Socket-master-emit-module.dia -emit-dependencies-path /Users/builder/builds/UKfvDsi8u/1/finestructure/swiftpackageindex-builder/spi-builder-workspace/.derivedData/Build/Intermediates.noindex/Socket.build/Debug-xros/Socket.build/Objects-normal/arm64/Socket-master-emit-module.d -o /Users/builder/builds/UKfvDsi8u/1/finestructure/swiftpackageindex-builder/spi-builder-workspace/.derivedData/Build/Intermediates.noindex/Socket.build/Debug-xros/Socket.build/Objects-normal/arm64/Socket.swiftmodule -emit-abi-descriptor-path /Users/builder/builds/UKfvDsi8u/1/finestructure/swiftpackageindex-builder/spi-builder-workspace/.derivedData/Build/Intermediates.noindex/Socket.build/Debug-xros/Socket.build/Objects-normal/arm64/Socket.abi.json
SwiftEmitModule normal arm64 Emitting\ module\ for\ NIOConcurrencyHelpers (in target 'NIOConcurrencyHelpers' from project 'swift-nio')
    cd /Users/builder/builds/UKfvDsi8u/1/finestructure/swiftpackageindex-builder/spi-builder-workspace/.dependencies/checkouts/swift-nio
    builtin-swiftTaskExecution -- /Applications/Xcode-15.3.0-Beta.2.app/Contents/Developer/Toolchains/XcodeDefault.xctoolchain/usr/bin/swift-frontend -frontend -emit-module -experimental-skip-non-inlinable-function-bodies-without-types /Users/builder/builds/UKfvDsi8u/1/finestructure/swiftpackageindex-builder/spi-builder-workspace/.dependencies/checkouts/swift-nio/Sources/NIOConcurrencyHelpers/NIOAtomic.swift /Users/builder/builds/UKfvDsi8u/1/finestructure/swiftpackageindex-builder/spi-builder-workspace/.dependencies/checkouts/swift-nio/Sources/NIOConcurrencyHelpers/NIOLock.swift /Users/builder/builds/UKfvDsi8u/1/finestructure/swiftpackageindex-builder/spi-builder-workspace/.dependencies/checkouts/swift-nio/Sources/NIOConcurrencyHelpers/NIOLockedValueBox.swift /Users/builder/builds/UKfvDsi8u/1/finestructure/swiftpackageindex-builder/spi-builder-workspace/.dependencies/checkouts/swift-nio/Sources/NIOConcurrencyHelpers/atomics.swift /Users/builder/builds/UKfvDsi8u/1/finestructure/swiftpackageindex-builder/spi-builder-workspace/.dependencies/checkouts/swift-nio/Sources/NIOConcurrencyHelpers/lock.swift -target arm64-apple-xros1.0 -Xllvm -aarch64-use-tbi -enable-objc-interop -stack-check -sdk /Applications/Xcode-15.3.0-Beta.2.app/Contents/Developer/Platforms/XROS.platform/Developer/SDKs/XROS1.1.sdk -I /Users/builder/builds/UKfvDsi8u/1/finestructure/swiftpackageindex-builder/spi-builder-workspace/.derivedData/Build/Products/Debug-xros -I /Applications/Xcode-15.3.0-Beta.2.app/Contents/Developer/Platforms/XROS.platform/Developer/usr/lib -F /Users/builder/builds/UKfvDsi8u/1/finestructure/swiftpackageindex-builder/spi-builder-workspace/.derivedData/Build/Products/Debug-xros/PackageFrameworks -F /Users/builder/builds/UKfvDsi8u/1/finestructure/swiftpackageindex-builder/spi-builder-workspace/.derivedData/Build/Products/Debug-xros -F /Applications/Xcode-15.3.0-Beta.2.app/Contents/Developer/Platforms/XROS.platform/Developer/Library/Frameworks -F /Applications/Xcode-15.3.0-Beta.2.app/Contents/Developer/Platforms/XROS.platform/Developer/SDKs/XROS1.1.sdk/Developer/Library/Frameworks -no-color-diagnostics -enable-testing -g -module-cache-path /Users/builder/builds/UKfvDsi8u/1/finestructure/swiftpackageindex-builder/spi-builder-workspace/.derivedData/ModuleCache.noindex -suppress-warnings -profile-generate -profile-coverage-mapping -swift-version 5 -enforce-exclusivity\=checked -Onone -D SWIFT_PACKAGE -D DEBUG -D Xcode -serialize-debugging-options -const-gather-protocols-file /Users/builder/builds/UKfvDsi8u/1/finestructure/swiftpackageindex-builder/spi-builder-workspace/.derivedData/Build/Intermediates.noindex/swift-nio.build/Debug-xros/NIOConcurrencyHelpers.build/Objects-normal/arm64/NIOConcurrencyHelpers_const_extract_protocols.json -empty-abi-descriptor -validate-clang-modules-once -clang-build-session-file /Users/builder/builds/UKfvDsi8u/1/finestructure/swiftpackageindex-builder/spi-builder-workspace/.derivedData/ModuleCache.noindex/Session.modulevalidation -Xcc -working-directory -Xcc /Users/builder/builds/UKfvDsi8u/1/finestructure/swiftpackageindex-builder/spi-builder-workspace/.dependencies/checkouts/swift-nio -resource-dir /Applications/Xcode-15.3.0-Beta.2.app/Contents/Developer/Toolchains/XcodeDefault.xctoolchain/usr/lib/swift -enable-anonymous-context-mangled-names -Xcc -fmodule-map-file\=/Users/builder/builds/UKfvDsi8u/1/finestructure/swiftpackageindex-builder/spi-builder-workspace/.derivedData/Build/Intermediates.noindex/GeneratedModuleMaps-xros/CNIOAtomics.modulemap -Xcc -ivfsstatcache -Xcc /Users/builder/builds/UKfvDsi8u/1/finestructure/swiftpackageindex-builder/spi-builder-workspace/.derivedData/SDKStatCaches.noindex/xros1.1-21O5181e-ee5c1ba7e8e63f56232e286fb9e6086d.sdkstatcache -Xcc -I/Users/builder/builds/UKfvDsi8u/1/finestructure/swiftpackageindex-builder/spi-builder-workspace/.derivedData/Build/Intermediates.noindex/swift-nio.build/Debug-xros/NIOConcurrencyHelpers.build/swift-overrides.hmap -Xcc -I/Users/builder/builds/UKfvDsi8u/1/finestructure/swiftpackageindex-builder/spi-builder-workspace/.dependencies/checkouts/swift-nio/Sources/CNIOAtomics/include -Xcc -I/Users/builder/builds/UKfvDsi8u/1/finestructure/swiftpackageindex-builder/spi-builder-workspace/.derivedData/Build/Products/Debug-xros/include -Xcc -I/Users/builder/builds/UKfvDsi8u/1/finestructure/swiftpackageindex-builder/spi-builder-workspace/.derivedData/Build/Intermediates.noindex/swift-nio.build/Debug-xros/NIOConcurrencyHelpers.build/DerivedSources-normal/arm64 -Xcc -I/Users/builder/builds/UKfvDsi8u/1/finestructure/swiftpackageindex-builder/spi-builder-workspace/.derivedData/Build/Intermediates.noindex/swift-nio.build/Debug-xros/NIOConcurrencyHelpers.build/DerivedSources/arm64 -Xcc -I/Users/builder/builds/UKfvDsi8u/1/finestructure/swiftpackageindex-builder/spi-builder-workspace/.derivedData/Build/Intermediates.noindex/swift-nio.build/Debug-xros/NIOConcurrencyHelpers.build/DerivedSources -Xcc -DSWIFT_PACKAGE -Xcc -DDEBUG\=1 -module-name NIOConcurrencyHelpers -disable-clang-spi -target-sdk-version 1.1 -target-sdk-name xros1.1 -external-plugin-path /Applications/Xcode-15.3.0-Beta.2.app/Contents/Developer/Platforms/XROS.platform/Developer/SDKs/XROS1.1.sdk/usr/lib/swift/host/plugins\#/Applications/Xcode-15.3.0-Beta.2.app/Contents/Developer/Platforms/XROS.platform/Developer/SDKs/XROS1.1.sdk/usr/bin/swift-plugin-server -external-plugin-path /Applications/Xcode-15.3.0-Beta.2.app/Contents/Developer/Platforms/XROS.platform/Developer/SDKs/XROS1.1.sdk/usr/local/lib/swift/host/plugins\#/Applications/Xcode-15.3.0-Beta.2.app/Contents/Developer/Platforms/XROS.platform/Developer/SDKs/XROS1.1.sdk/usr/bin/swift-plugin-server -external-plugin-path /Applications/Xcode-15.3.0-Beta.2.app/Contents/Developer/Platforms/XROS.platform/Developer/usr/lib/swift/host/plugins\#/Applications/Xcode-15.3.0-Beta.2.app/Contents/Developer/Platforms/XROS.platform/Developer/usr/bin/swift-plugin-server -external-plugin-path /Applications/Xcode-15.3.0-Beta.2.app/Contents/Developer/Platforms/XROS.platform/Developer/usr/local/lib/swift/host/plugins\#/Applications/Xcode-15.3.0-Beta.2.app/Contents/Developer/Platforms/XROS.platform/Developer/usr/bin/swift-plugin-server -plugin-path /Applications/Xcode-15.3.0-Beta.2.app/Contents/Developer/Toolchains/XcodeDefault.xctoolchain/usr/lib/swift/host/plugins -plugin-path /Applications/Xcode-15.3.0-Beta.2.app/Contents/Developer/Toolchains/XcodeDefault.xctoolchain/usr/local/lib/swift/host/plugins -emit-module-doc-path /Users/builder/builds/UKfvDsi8u/1/finestructure/swiftpackageindex-builder/spi-builder-workspace/.derivedData/Build/Intermediates.noindex/swift-nio.build/Debug-xros/NIOConcurrencyHelpers.build/Objects-normal/arm64/NIOConcurrencyHelpers.swiftdoc -emit-module-source-info-path /Users/builder/builds/UKfvDsi8u/1/finestructure/swiftpackageindex-builder/spi-builder-workspace/.derivedData/Build/Intermediates.noindex/swift-nio.build/Debug-xros/NIOConcurrencyHelpers.build/Objects-normal/arm64/NIOConcurrencyHelpers.swiftsourceinfo -emit-objc-header-path /Users/builder/builds/UKfvDsi8u/1/finestructure/swiftpackageindex-builder/spi-builder-workspace/.derivedData/Build/Intermediates.noindex/swift-nio.build/Debug-xros/NIOConcurrencyHelpers.build/Objects-normal/arm64/NIOConcurrencyHelpers-Swift.h -serialize-diagnostics-path /Users/builder/builds/UKfvDsi8u/1/finestructure/swiftpackageindex-builder/spi-builder-workspace/.derivedData/Build/Intermediates.noindex/swift-nio.build/Debug-xros/NIOConcurrencyHelpers.build/Objects-normal/arm64/NIOConcurrencyHelpers-master-emit-module.dia -emit-dependencies-path /Users/builder/builds/UKfvDsi8u/1/finestructure/swiftpackageindex-builder/spi-builder-workspace/.derivedData/Build/Intermediates.noindex/swift-nio.build/Debug-xros/NIOConcurrencyHelpers.build/Objects-normal/arm64/NIOConcurrencyHelpers-master-emit-module.d -o /Users/builder/builds/UKfvDsi8u/1/finestructure/swiftpackageindex-builder/spi-builder-workspace/.derivedData/Build/Intermediates.noindex/swift-nio.build/Debug-xros/NIOConcurrencyHelpers.build/Objects-normal/arm64/NIOConcurrencyHelpers.swiftmodule -emit-abi-descriptor-path /Users/builder/builds/UKfvDsi8u/1/finestructure/swiftpackageindex-builder/spi-builder-workspace/.derivedData/Build/Intermediates.noindex/swift-nio.build/Debug-xros/NIOConcurrencyHelpers.build/Objects-normal/arm64/NIOConcurrencyHelpers.abi.json
SwiftDriver Logging normal arm64 com.apple.xcode.tools.swift.compiler (in target 'Logging' from project 'swift-log')
    cd /Users/builder/builds/UKfvDsi8u/1/finestructure/swiftpackageindex-builder/spi-builder-workspace/.dependencies/checkouts/swift-log
    builtin-SwiftDriver -- /Applications/Xcode-15.3.0-Beta.2.app/Contents/Developer/Toolchains/XcodeDefault.xctoolchain/usr/bin/swiftc -module-name Logging -Onone -enforce-exclusivity\=checked @/Users/builder/builds/UKfvDsi8u/1/finestructure/swiftpackageindex-builder/spi-builder-workspace/.derivedData/Build/Intermediates.noindex/swift-log.build/Debug-xros/Logging.build/Objects-normal/arm64/Logging.SwiftFileList -DSWIFT_PACKAGE -DDEBUG -DXcode -sdk /Applications/Xcode-15.3.0-Beta.2.app/Contents/Developer/Platforms/XROS.platform/Developer/SDKs/XROS1.1.sdk -target arm64-apple-xros1.0 -g -module-cache-path /Users/builder/builds/UKfvDsi8u/1/finestructure/swiftpackageindex-builder/spi-builder-workspace/.derivedData/ModuleCache.noindex -Xfrontend -serialize-debugging-options -profile-coverage-mapping -profile-generate -enable-testing -suppress-warnings -index-store-path /Users/builder/builds/UKfvDsi8u/1/finestructure/swiftpackageindex-builder/spi-builder-workspace/.derivedData/Index.noindex/DataStore -swift-version 5 -I /Users/builder/builds/UKfvDsi8u/1/finestructure/swiftpackageindex-builder/spi-builder-workspace/.derivedData/Build/Products/Debug-xros -I /Applications/Xcode-15.3.0-Beta.2.app/Contents/Developer/Platforms/XROS.platform/Developer/usr/lib -F /Users/builder/builds/UKfvDsi8u/1/finestructure/swiftpackageindex-builder/spi-builder-workspace/.derivedData/Build/Products/Debug-xros -F /Applications/Xcode-15.3.0-Beta.2.app/Contents/Developer/Platforms/XROS.platform/Developer/Library/Frameworks -F /Applications/Xcode-15.3.0-Beta.2.app/Contents/Developer/Platforms/XROS.platform/Developer/SDKs/XROS1.1.sdk/Developer/Library/Frameworks -c -j8 -enable-batch-mode -incremental -Xcc -ivfsstatcache -Xcc /Users/builder/builds/UKfvDsi8u/1/finestructure/swiftpackageindex-builder/spi-builder-workspace/.derivedData/SDKStatCaches.noindex/xros1.1-21O5181e-ee5c1ba7e8e63f56232e286fb9e6086d.sdkstatcache -output-file-map /Users/builder/builds/UKfvDsi8u/1/finestructure/swiftpackageindex-builder/spi-builder-workspace/.derivedData/Build/Intermediates.noindex/swift-log.build/Debug-xros/Logging.build/Objects-normal/arm64/Logging-OutputFileMap.json -use-frontend-parseable-output -save-temps -no-color-diagnostics -serialize-diagnostics -emit-dependencies -emit-module -emit-module-path /Users/builder/builds/UKfvDsi8u/1/finestructure/swiftpackageindex-builder/spi-builder-workspace/.derivedData/Build/Intermediates.noindex/swift-log.build/Debug-xros/Logging.build/Objects-normal/arm64/Logging.swiftmodule -validate-clang-modules-once -clang-build-session-file /Users/builder/builds/UKfvDsi8u/1/finestructure/swiftpackageindex-builder/spi-builder-workspace/.derivedData/ModuleCache.noindex/Session.modulevalidation -Xcc -I/Users/builder/builds/UKfvDsi8u/1/finestructure/swiftpackageindex-builder/spi-builder-workspace/.derivedData/Build/Intermediates.noindex/swift-log.build/Debug-xros/Logging.build/swift-overrides.hmap -emit-const-values -Xfrontend -const-gather-protocols-file -Xfrontend /Users/builder/builds/UKfvDsi8u/1/finestructure/swiftpackageindex-builder/spi-builder-workspace/.derivedData/Build/Intermediates.noindex/swift-log.build/Debug-xros/Logging.build/Objects-normal/arm64/Logging_const_extract_protocols.json -Xcc -I/Users/builder/builds/UKfvDsi8u/1/finestructure/swiftpackageindex-builder/spi-builder-workspace/.derivedData/Build/Products/Debug-xros/include -Xcc -I/Users/builder/builds/UKfvDsi8u/1/finestructure/swiftpackageindex-builder/spi-builder-workspace/.derivedData/Build/Intermediates.noindex/swift-log.build/Debug-xros/Logging.build/DerivedSources-normal/arm64 -Xcc -I/Users/builder/builds/UKfvDsi8u/1/finestructure/swiftpackageindex-builder/spi-builder-workspace/.derivedData/Build/Intermediates.noindex/swift-log.build/Debug-xros/Logging.build/DerivedSources/arm64 -Xcc -I/Users/builder/builds/UKfvDsi8u/1/finestructure/swiftpackageindex-builder/spi-builder-workspace/.derivedData/Build/Intermediates.noindex/swift-log.build/Debug-xros/Logging.build/DerivedSources -Xcc -DSWIFT_PACKAGE -Xcc -DDEBUG\=1 -emit-objc-header -emit-objc-header-path /Users/builder/builds/UKfvDsi8u/1/finestructure/swiftpackageindex-builder/spi-builder-workspace/.derivedData/Build/Intermediates.noindex/swift-log.build/Debug-xros/Logging.build/Objects-normal/arm64/Logging-Swift.h -working-directory /Users/builder/builds/UKfvDsi8u/1/finestructure/swiftpackageindex-builder/spi-builder-workspace/.dependencies/checkouts/swift-log -experimental-emit-module-separately -disable-cmo
SwiftDriver KituraTemplateEngine normal arm64 com.apple.xcode.tools.swift.compiler (in target 'KituraTemplateEngine' from project 'Kitura-TemplateEngine')
    cd /Users/builder/builds/UKfvDsi8u/1/finestructure/swiftpackageindex-builder/spi-builder-workspace/.dependencies/checkouts/Kitura-TemplateEngine
    builtin-SwiftDriver -- /Applications/Xcode-15.3.0-Beta.2.app/Contents/Developer/Toolchains/XcodeDefault.xctoolchain/usr/bin/swiftc -module-name KituraTemplateEngine -Onone -enforce-exclusivity\=checked @/Users/builder/builds/UKfvDsi8u/1/finestructure/swiftpackageindex-builder/spi-builder-workspace/.derivedData/Build/Intermediates.noindex/Kitura-TemplateEngine.build/Debug-xros/KituraTemplateEngine.build/Objects-normal/arm64/KituraTemplateEngine.SwiftFileList -DSWIFT_PACKAGE -DDEBUG -DXcode -sdk /Applications/Xcode-15.3.0-Beta.2.app/Contents/Developer/Platforms/XROS.platform/Developer/SDKs/XROS1.1.sdk -target arm64-apple-xros1.0 -g -module-cache-path /Users/builder/builds/UKfvDsi8u/1/finestructure/swiftpackageindex-builder/spi-builder-workspace/.derivedData/ModuleCache.noindex -Xfrontend -serialize-debugging-options -profile-coverage-mapping -profile-generate -enable-testing -suppress-warnings -index-store-path /Users/builder/builds/UKfvDsi8u/1/finestructure/swiftpackageindex-builder/spi-builder-workspace/.derivedData/Index.noindex/DataStore -swift-version 5 -I /Users/builder/builds/UKfvDsi8u/1/finestructure/swiftpackageindex-builder/spi-builder-workspace/.derivedData/Build/Products/Debug-xros -I /Applications/Xcode-15.3.0-Beta.2.app/Contents/Developer/Platforms/XROS.platform/Developer/usr/lib -F /Users/builder/builds/UKfvDsi8u/1/finestructure/swiftpackageindex-builder/spi-builder-workspace/.derivedData/Build/Products/Debug-xros -F /Applications/Xcode-15.3.0-Beta.2.app/Contents/Developer/Platforms/XROS.platform/Developer/Library/Frameworks -F /Applications/Xcode-15.3.0-Beta.2.app/Contents/Developer/Platforms/XROS.platform/Developer/SDKs/XROS1.1.sdk/Developer/Library/Frameworks -parse-as-library -c -j8 -enable-batch-mode -incremental -Xcc -ivfsstatcache -Xcc /Users/builder/builds/UKfvDsi8u/1/finestructure/swiftpackageindex-builder/spi-builder-workspace/.derivedData/SDKStatCaches.noindex/xros1.1-21O5181e-ee5c1ba7e8e63f56232e286fb9e6086d.sdkstatcache -output-file-map /Users/builder/builds/UKfvDsi8u/1/finestructure/swiftpackageindex-builder/spi-builder-workspace/.derivedData/Build/Intermediates.noindex/Kitura-TemplateEngine.build/Debug-xros/KituraTemplateEngine.build/Objects-normal/arm64/KituraTemplateEngine-OutputFileMap.json -use-frontend-parseable-output -save-temps -no-color-diagnostics -serialize-diagnostics -emit-dependencies -emit-module -emit-module-path /Users/builder/builds/UKfvDsi8u/1/finestructure/swiftpackageindex-builder/spi-builder-workspace/.derivedData/Build/Intermediates.noindex/Kitura-TemplateEngine.build/Debug-xros/KituraTemplateEngine.build/Objects-normal/arm64/KituraTemplateEngine.swiftmodule -validate-clang-modules-once -clang-build-session-file /Users/builder/builds/UKfvDsi8u/1/finestructure/swiftpackageindex-builder/spi-builder-workspace/.derivedData/ModuleCache.noindex/Session.modulevalidation -Xcc -I/Users/builder/builds/UKfvDsi8u/1/finestructure/swiftpackageindex-builder/spi-builder-workspace/.derivedData/Build/Intermediates.noindex/Kitura-TemplateEngine.build/Debug-xros/KituraTemplateEngine.build/swift-overrides.hmap -emit-const-values -Xfrontend -const-gather-protocols-file -Xfrontend /Users/builder/builds/UKfvDsi8u/1/finestructure/swiftpackageindex-builder/spi-builder-workspace/.derivedData/Build/Intermediates.noindex/Kitura-TemplateEngine.build/Debug-xros/KituraTemplateEngine.build/Objects-normal/arm64/KituraTemplateEngine_const_extract_protocols.json -Xcc -I/Users/builder/builds/UKfvDsi8u/1/finestructure/swiftpackageindex-builder/spi-builder-workspace/.derivedData/Build/Products/Debug-xros/include -Xcc -I/Users/builder/builds/UKfvDsi8u/1/finestructure/swiftpackageindex-builder/spi-builder-workspace/.derivedData/Build/Intermediates.noindex/Kitura-TemplateEngine.build/Debug-xros/KituraTemplateEngine.build/DerivedSources-normal/arm64 -Xcc -I/Users/builder/builds/UKfvDsi8u/1/finestructure/swiftpackageindex-builder/spi-builder-workspace/.derivedData/Build/Intermediates.noindex/Kitura-TemplateEngine.build/Debug-xros/KituraTemplateEngine.build/DerivedSources/arm64 -Xcc -I/Users/builder/builds/UKfvDsi8u/1/finestructure/swiftpackageindex-builder/spi-builder-workspace/.derivedData/Build/Intermediates.noindex/Kitura-TemplateEngine.build/Debug-xros/KituraTemplateEngine.build/DerivedSources -Xcc -DSWIFT_PACKAGE -Xcc -DDEBUG\=1 -emit-objc-header -emit-objc-header-path /Users/builder/builds/UKfvDsi8u/1/finestructure/swiftpackageindex-builder/spi-builder-workspace/.derivedData/Build/Intermediates.noindex/Kitura-TemplateEngine.build/Debug-xros/KituraTemplateEngine.build/Objects-normal/arm64/KituraTemplateEngine-Swift.h -working-directory /Users/builder/builds/UKfvDsi8u/1/finestructure/swiftpackageindex-builder/spi-builder-workspace/.dependencies/checkouts/Kitura-TemplateEngine -experimental-emit-module-separately -disable-cmo
SwiftEmitModule normal arm64 Emitting\ module\ for\ Logging (in target 'Logging' from project 'swift-log')
    cd /Users/builder/builds/UKfvDsi8u/1/finestructure/swiftpackageindex-builder/spi-builder-workspace/.dependencies/checkouts/swift-log
    builtin-swiftTaskExecution -- /Applications/Xcode-15.3.0-Beta.2.app/Contents/Developer/Toolchains/XcodeDefault.xctoolchain/usr/bin/swift-frontend -frontend -emit-module -experimental-skip-non-inlinable-function-bodies-without-types /Users/builder/builds/UKfvDsi8u/1/finestructure/swiftpackageindex-builder/spi-builder-workspace/.dependencies/checkouts/swift-log/Sources/Logging/Locks.swift /Users/builder/builds/UKfvDsi8u/1/finestructure/swiftpackageindex-builder/spi-builder-workspace/.dependencies/checkouts/swift-log/Sources/Logging/LogHandler.swift /Users/builder/builds/UKfvDsi8u/1/finestructure/swiftpackageindex-builder/spi-builder-workspace/.dependencies/checkouts/swift-log/Sources/Logging/Logging.swift /Users/builder/builds/UKfvDsi8u/1/finestructure/swiftpackageindex-builder/spi-builder-workspace/.dependencies/checkouts/swift-log/Sources/Logging/MetadataProvider.swift -target arm64-apple-xros1.0 -Xllvm -aarch64-use-tbi -enable-objc-interop -stack-check -sdk /Applications/Xcode-15.3.0-Beta.2.app/Contents/Developer/Platforms/XROS.platform/Developer/SDKs/XROS1.1.sdk -I /Users/builder/builds/UKfvDsi8u/1/finestructure/swiftpackageindex-builder/spi-builder-workspace/.derivedData/Build/Products/Debug-xros -I /Applications/Xcode-15.3.0-Beta.2.app/Contents/Developer/Platforms/XROS.platform/Developer/usr/lib -F /Users/builder/builds/UKfvDsi8u/1/finestructure/swiftpackageindex-builder/spi-builder-workspace/.derivedData/Build/Products/Debug-xros -F /Applications/Xcode-15.3.0-Beta.2.app/Contents/Developer/Platforms/XROS.platform/Developer/Library/Frameworks -F /Applications/Xcode-15.3.0-Beta.2.app/Contents/Developer/Platforms/XROS.platform/Developer/SDKs/XROS1.1.sdk/Developer/Library/Frameworks -no-color-diagnostics -enable-testing -g -module-cache-path /Users/builder/builds/UKfvDsi8u/1/finestructure/swiftpackageindex-builder/spi-builder-workspace/.derivedData/ModuleCache.noindex -suppress-warnings -profile-generate -profile-coverage-mapping -swift-version 5 -enforce-exclusivity\=checked -Onone -D SWIFT_PACKAGE -D DEBUG -D Xcode -serialize-debugging-options -const-gather-protocols-file /Users/builder/builds/UKfvDsi8u/1/finestructure/swiftpackageindex-builder/spi-builder-workspace/.derivedData/Build/Intermediates.noindex/swift-log.build/Debug-xros/Logging.build/Objects-normal/arm64/Logging_const_extract_protocols.json -empty-abi-descriptor -validate-clang-modules-once -clang-build-session-file /Users/builder/builds/UKfvDsi8u/1/finestructure/swiftpackageindex-builder/spi-builder-workspace/.derivedData/ModuleCache.noindex/Session.modulevalidation -Xcc -working-directory -Xcc /Users/builder/builds/UKfvDsi8u/1/finestructure/swiftpackageindex-builder/spi-builder-workspace/.dependencies/checkouts/swift-log -resource-dir /Applications/Xcode-15.3.0-Beta.2.app/Contents/Developer/Toolchains/XcodeDefault.xctoolchain/usr/lib/swift -enable-anonymous-context-mangled-names -Xcc -ivfsstatcache -Xcc /Users/builder/builds/UKfvDsi8u/1/finestructure/swiftpackageindex-builder/spi-builder-workspace/.derivedData/SDKStatCaches.noindex/xros1.1-21O5181e-ee5c1ba7e8e63f56232e286fb9e6086d.sdkstatcache -Xcc -I/Users/builder/builds/UKfvDsi8u/1/finestructure/swiftpackageindex-builder/spi-builder-workspace/.derivedData/Build/Intermediates.noindex/swift-log.build/Debug-xros/Logging.build/swift-overrides.hmap -Xcc -I/Users/builder/builds/UKfvDsi8u/1/finestructure/swiftpackageindex-builder/spi-builder-workspace/.derivedData/Build/Products/Debug-xros/include -Xcc -I/Users/builder/builds/UKfvDsi8u/1/finestructure/swiftpackageindex-builder/spi-builder-workspace/.derivedData/Build/Intermediates.noindex/swift-log.build/Debug-xros/Logging.build/DerivedSources-normal/arm64 -Xcc -I/Users/builder/builds/UKfvDsi8u/1/finestructure/swiftpackageindex-builder/spi-builder-workspace/.derivedData/Build/Intermediates.noindex/swift-log.build/Debug-xros/Logging.build/DerivedSources/arm64 -Xcc -I/Users/builder/builds/UKfvDsi8u/1/finestructure/swiftpackageindex-builder/spi-builder-workspace/.derivedData/Build/Intermediates.noindex/swift-log.build/Debug-xros/Logging.build/DerivedSources -Xcc -DSWIFT_PACKAGE -Xcc -DDEBUG\=1 -module-name Logging -disable-clang-spi -target-sdk-version 1.1 -target-sdk-name xros1.1 -external-plugin-path /Applications/Xcode-15.3.0-Beta.2.app/Contents/Developer/Platforms/XROS.platform/Developer/SDKs/XROS1.1.sdk/usr/lib/swift/host/plugins\#/Applications/Xcode-15.3.0-Beta.2.app/Contents/Developer/Platforms/XROS.platform/Developer/SDKs/XROS1.1.sdk/usr/bin/swift-plugin-server -external-plugin-path /Applications/Xcode-15.3.0-Beta.2.app/Contents/Developer/Platforms/XROS.platform/Developer/SDKs/XROS1.1.sdk/usr/local/lib/swift/host/plugins\#/Applications/Xcode-15.3.0-Beta.2.app/Contents/Developer/Platforms/XROS.platform/Developer/SDKs/XROS1.1.sdk/usr/bin/swift-plugin-server -external-plugin-path /Applications/Xcode-15.3.0-Beta.2.app/Contents/Developer/Platforms/XROS.platform/Developer/usr/lib/swift/host/plugins\#/Applications/Xcode-15.3.0-Beta.2.app/Contents/Developer/Platforms/XROS.platform/Developer/usr/bin/swift-plugin-server -external-plugin-path /Applications/Xcode-15.3.0-Beta.2.app/Contents/Developer/Platforms/XROS.platform/Developer/usr/local/lib/swift/host/plugins\#/Applications/Xcode-15.3.0-Beta.2.app/Contents/Developer/Platforms/XROS.platform/Developer/usr/bin/swift-plugin-server -plugin-path /Applications/Xcode-15.3.0-Beta.2.app/Contents/Developer/Toolchains/XcodeDefault.xctoolchain/usr/lib/swift/host/plugins -plugin-path /Applications/Xcode-15.3.0-Beta.2.app/Contents/Developer/Toolchains/XcodeDefault.xctoolchain/usr/local/lib/swift/host/plugins -emit-module-doc-path /Users/builder/builds/UKfvDsi8u/1/finestructure/swiftpackageindex-builder/spi-builder-workspace/.derivedData/Build/Intermediates.noindex/swift-log.build/Debug-xros/Logging.build/Objects-normal/arm64/Logging.swiftdoc -emit-module-source-info-path /Users/builder/builds/UKfvDsi8u/1/finestructure/swiftpackageindex-builder/spi-builder-workspace/.derivedData/Build/Intermediates.noindex/swift-log.build/Debug-xros/Logging.build/Objects-normal/arm64/Logging.swiftsourceinfo -emit-objc-header-path /Users/builder/builds/UKfvDsi8u/1/finestructure/swiftpackageindex-builder/spi-builder-workspace/.derivedData/Build/Intermediates.noindex/swift-log.build/Debug-xros/Logging.build/Objects-normal/arm64/Logging-Swift.h -serialize-diagnostics-path /Users/builder/builds/UKfvDsi8u/1/finestructure/swiftpackageindex-builder/spi-builder-workspace/.derivedData/Build/Intermediates.noindex/swift-log.build/Debug-xros/Logging.build/Objects-normal/arm64/Logging-master-emit-module.dia -emit-dependencies-path /Users/builder/builds/UKfvDsi8u/1/finestructure/swiftpackageindex-builder/spi-builder-workspace/.derivedData/Build/Intermediates.noindex/swift-log.build/Debug-xros/Logging.build/Objects-normal/arm64/Logging-master-emit-module.d -o /Users/builder/builds/UKfvDsi8u/1/finestructure/swiftpackageindex-builder/spi-builder-workspace/.derivedData/Build/Intermediates.noindex/swift-log.build/Debug-xros/Logging.build/Objects-normal/arm64/Logging.swiftmodule -emit-abi-descriptor-path /Users/builder/builds/UKfvDsi8u/1/finestructure/swiftpackageindex-builder/spi-builder-workspace/.derivedData/Build/Intermediates.noindex/swift-log.build/Debug-xros/Logging.build/Objects-normal/arm64/Logging.abi.json
SwiftEmitModule normal arm64 Emitting\ module\ for\ KituraTemplateEngine (in target 'KituraTemplateEngine' from project 'Kitura-TemplateEngine')
    cd /Users/builder/builds/UKfvDsi8u/1/finestructure/swiftpackageindex-builder/spi-builder-workspace/.dependencies/checkouts/Kitura-TemplateEngine
    builtin-swiftTaskExecution -- /Applications/Xcode-15.3.0-Beta.2.app/Contents/Developer/Toolchains/XcodeDefault.xctoolchain/usr/bin/swift-frontend -frontend -emit-module -experimental-skip-non-inlinable-function-bodies-without-types /Users/builder/builds/UKfvDsi8u/1/finestructure/swiftpackageindex-builder/spi-builder-workspace/.dependencies/checkouts/Kitura-TemplateEngine/Sources/KituraTemplateEngine/TemplateEngine.swift -target arm64-apple-xros1.0 -Xllvm -aarch64-use-tbi -enable-objc-interop -stack-check -sdk /Applications/Xcode-15.3.0-Beta.2.app/Contents/Developer/Platforms/XROS.platform/Developer/SDKs/XROS1.1.sdk -I /Users/builder/builds/UKfvDsi8u/1/finestructure/swiftpackageindex-builder/spi-builder-workspace/.derivedData/Build/Products/Debug-xros -I /Applications/Xcode-15.3.0-Beta.2.app/Contents/Developer/Platforms/XROS.platform/Developer/usr/lib -F /Users/builder/builds/UKfvDsi8u/1/finestructure/swiftpackageindex-builder/spi-builder-workspace/.derivedData/Build/Products/Debug-xros -F /Applications/Xcode-15.3.0-Beta.2.app/Contents/Developer/Platforms/XROS.platform/Developer/Library/Frameworks -F /Applications/Xcode-15.3.0-Beta.2.app/Contents/Developer/Platforms/XROS.platform/Developer/SDKs/XROS1.1.sdk/Developer/Library/Frameworks -no-color-diagnostics -enable-testing -g -module-cache-path /Users/builder/builds/UKfvDsi8u/1/finestructure/swiftpackageindex-builder/spi-builder-workspace/.derivedData/ModuleCache.noindex -suppress-warnings -profile-generate -profile-coverage-mapping -swift-version 5 -enforce-exclusivity\=checked -Onone -D SWIFT_PACKAGE -D DEBUG -D Xcode -serialize-debugging-options -const-gather-protocols-file /Users/builder/builds/UKfvDsi8u/1/finestructure/swiftpackageindex-builder/spi-builder-workspace/.derivedData/Build/Intermediates.noindex/Kitura-TemplateEngine.build/Debug-xros/KituraTemplateEngine.build/Objects-normal/arm64/KituraTemplateEngine_const_extract_protocols.json -empty-abi-descriptor -validate-clang-modules-once -clang-build-session-file /Users/builder/builds/UKfvDsi8u/1/finestructure/swiftpackageindex-builder/spi-builder-workspace/.derivedData/ModuleCache.noindex/Session.modulevalidation -Xcc -working-directory -Xcc /Users/builder/builds/UKfvDsi8u/1/finestructure/swiftpackageindex-builder/spi-builder-workspace/.dependencies/checkouts/Kitura-TemplateEngine -resource-dir /Applications/Xcode-15.3.0-Beta.2.app/Contents/Developer/Toolchains/XcodeDefault.xctoolchain/usr/lib/swift -enable-anonymous-context-mangled-names -Xcc -ivfsstatcache -Xcc /Users/builder/builds/UKfvDsi8u/1/finestructure/swiftpackageindex-builder/spi-builder-workspace/.derivedData/SDKStatCaches.noindex/xros1.1-21O5181e-ee5c1ba7e8e63f56232e286fb9e6086d.sdkstatcache -Xcc -I/Users/builder/builds/UKfvDsi8u/1/finestructure/swiftpackageindex-builder/spi-builder-workspace/.derivedData/Build/Intermediates.noindex/Kitura-TemplateEngine.build/Debug-xros/KituraTemplateEngine.build/swift-overrides.hmap -Xcc -I/Users/builder/builds/UKfvDsi8u/1/finestructure/swiftpackageindex-builder/spi-builder-workspace/.derivedData/Build/Products/Debug-xros/include -Xcc -I/Users/builder/builds/UKfvDsi8u/1/finestructure/swiftpackageindex-builder/spi-builder-workspace/.derivedData/Build/Intermediates.noindex/Kitura-TemplateEngine.build/Debug-xros/KituraTemplateEngine.build/DerivedSources-normal/arm64 -Xcc -I/Users/builder/builds/UKfvDsi8u/1/finestructure/swiftpackageindex-builder/spi-builder-workspace/.derivedData/Build/Intermediates.noindex/Kitura-TemplateEngine.build/Debug-xros/KituraTemplateEngine.build/DerivedSources/arm64 -Xcc -I/Users/builder/builds/UKfvDsi8u/1/finestructure/swiftpackageindex-builder/spi-builder-workspace/.derivedData/Build/Intermediates.noindex/Kitura-TemplateEngine.build/Debug-xros/KituraTemplateEngine.build/DerivedSources -Xcc -DSWIFT_PACKAGE -Xcc -DDEBUG\=1 -module-name KituraTemplateEngine -disable-clang-spi -target-sdk-version 1.1 -target-sdk-name xros1.1 -external-plugin-path /Applications/Xcode-15.3.0-Beta.2.app/Contents/Developer/Platforms/XROS.platform/Developer/SDKs/XROS1.1.sdk/usr/lib/swift/host/plugins\#/Applications/Xcode-15.3.0-Beta.2.app/Contents/Developer/Platforms/XROS.platform/Developer/SDKs/XROS1.1.sdk/usr/bin/swift-plugin-server -external-plugin-path /Applications/Xcode-15.3.0-Beta.2.app/Contents/Developer/Platforms/XROS.platform/Developer/SDKs/XROS1.1.sdk/usr/local/lib/swift/host/plugins\#/Applications/Xcode-15.3.0-Beta.2.app/Contents/Developer/Platforms/XROS.platform/Developer/SDKs/XROS1.1.sdk/usr/bin/swift-plugin-server -external-plugin-path /Applications/Xcode-15.3.0-Beta.2.app/Contents/Developer/Platforms/XROS.platform/Developer/usr/lib/swift/host/plugins\#/Applications/Xcode-15.3.0-Beta.2.app/Contents/Developer/Platforms/XROS.platform/Developer/usr/bin/swift-plugin-server -external-plugin-path /Applications/Xcode-15.3.0-Beta.2.app/Contents/Developer/Platforms/XROS.platform/Developer/usr/local/lib/swift/host/plugins\#/Applications/Xcode-15.3.0-Beta.2.app/Contents/Developer/Platforms/XROS.platform/Developer/usr/bin/swift-plugin-server -plugin-path /Applications/Xcode-15.3.0-Beta.2.app/Contents/Developer/Toolchains/XcodeDefault.xctoolchain/usr/lib/swift/host/plugins -plugin-path /Applications/Xcode-15.3.0-Beta.2.app/Contents/Developer/Toolchains/XcodeDefault.xctoolchain/usr/local/lib/swift/host/plugins -emit-module-doc-path /Users/builder/builds/UKfvDsi8u/1/finestructure/swiftpackageindex-builder/spi-builder-workspace/.derivedData/Build/Intermediates.noindex/Kitura-TemplateEngine.build/Debug-xros/KituraTemplateEngine.build/Objects-normal/arm64/KituraTemplateEngine.swiftdoc -emit-module-source-info-path /Users/builder/builds/UKfvDsi8u/1/finestructure/swiftpackageindex-builder/spi-builder-workspace/.derivedData/Build/Intermediates.noindex/Kitura-TemplateEngine.build/Debug-xros/KituraTemplateEngine.build/Objects-normal/arm64/KituraTemplateEngine.swiftsourceinfo -emit-objc-header-path /Users/builder/builds/UKfvDsi8u/1/finestructure/swiftpackageindex-builder/spi-builder-workspace/.derivedData/Build/Intermediates.noindex/Kitura-TemplateEngine.build/Debug-xros/KituraTemplateEngine.build/Objects-normal/arm64/KituraTemplateEngine-Swift.h -serialize-diagnostics-path /Users/builder/builds/UKfvDsi8u/1/finestructure/swiftpackageindex-builder/spi-builder-workspace/.derivedData/Build/Intermediates.noindex/Kitura-TemplateEngine.build/Debug-xros/KituraTemplateEngine.build/Objects-normal/arm64/KituraTemplateEngine-master-emit-module.dia -emit-dependencies-path /Users/builder/builds/UKfvDsi8u/1/finestructure/swiftpackageindex-builder/spi-builder-workspace/.derivedData/Build/Intermediates.noindex/Kitura-TemplateEngine.build/Debug-xros/KituraTemplateEngine.build/Objects-normal/arm64/KituraTemplateEngine-master-emit-module.d -parse-as-library -o /Users/builder/builds/UKfvDsi8u/1/finestructure/swiftpackageindex-builder/spi-builder-workspace/.derivedData/Build/Intermediates.noindex/Kitura-TemplateEngine.build/Debug-xros/KituraTemplateEngine.build/Objects-normal/arm64/KituraTemplateEngine.swiftmodule -emit-abi-descriptor-path /Users/builder/builds/UKfvDsi8u/1/finestructure/swiftpackageindex-builder/spi-builder-workspace/.derivedData/Build/Intermediates.noindex/Kitura-TemplateEngine.build/Debug-xros/KituraTemplateEngine.build/Objects-normal/arm64/KituraTemplateEngine.abi.json
SwiftDriver Cryptor normal arm64 com.apple.xcode.tools.swift.compiler (in target 'Cryptor' from project 'Cryptor')
    cd /Users/builder/builds/UKfvDsi8u/1/finestructure/swiftpackageindex-builder/spi-builder-workspace/.dependencies/checkouts/BlueCryptor
    builtin-SwiftDriver -- /Applications/Xcode-15.3.0-Beta.2.app/Contents/Developer/Toolchains/XcodeDefault.xctoolchain/usr/bin/swiftc -module-name Cryptor -Onone -enforce-exclusivity\=checked @/Users/builder/builds/UKfvDsi8u/1/finestructure/swiftpackageindex-builder/spi-builder-workspace/.derivedData/Build/Intermediates.noindex/Cryptor.build/Debug-xros/Cryptor.build/Objects-normal/arm64/Cryptor.SwiftFileList -DSWIFT_PACKAGE -DDEBUG -DXcode -sdk /Applications/Xcode-15.3.0-Beta.2.app/Contents/Developer/Platforms/XROS.platform/Developer/SDKs/XROS1.1.sdk -target arm64-apple-xros1.0 -g -module-cache-path /Users/builder/builds/UKfvDsi8u/1/finestructure/swiftpackageindex-builder/spi-builder-workspace/.derivedData/ModuleCache.noindex -Xfrontend -serialize-debugging-options -profile-coverage-mapping -profile-generate -enable-testing -suppress-warnings -index-store-path /Users/builder/builds/UKfvDsi8u/1/finestructure/swiftpackageindex-builder/spi-builder-workspace/.derivedData/Index.noindex/DataStore -swift-version 5 -I /Users/builder/builds/UKfvDsi8u/1/finestructure/swiftpackageindex-builder/spi-builder-workspace/.derivedData/Build/Products/Debug-xros -I /Applications/Xcode-15.3.0-Beta.2.app/Contents/Developer/Platforms/XROS.platform/Developer/usr/lib -F /Users/builder/builds/UKfvDsi8u/1/finestructure/swiftpackageindex-builder/spi-builder-workspace/.derivedData/Build/Products/Debug-xros -F /Applications/Xcode-15.3.0-Beta.2.app/Contents/Developer/Platforms/XROS.platform/Developer/Library/Frameworks -F /Applications/Xcode-15.3.0-Beta.2.app/Contents/Developer/Platforms/XROS.platform/Developer/SDKs/XROS1.1.sdk/Developer/Library/Frameworks -c -j8 -enable-batch-mode -incremental -Xcc -ivfsstatcache -Xcc /Users/builder/builds/UKfvDsi8u/1/finestructure/swiftpackageindex-builder/spi-builder-workspace/.derivedData/SDKStatCaches.noindex/xros1.1-21O5181e-ee5c1ba7e8e63f56232e286fb9e6086d.sdkstatcache -output-file-map /Users/builder/builds/UKfvDsi8u/1/finestructure/swiftpackageindex-builder/spi-builder-workspace/.derivedData/Build/Intermediates.noindex/Cryptor.build/Debug-xros/Cryptor.build/Objects-normal/arm64/Cryptor-OutputFileMap.json -use-frontend-parseable-output -save-temps -no-color-diagnostics -serialize-diagnostics -emit-dependencies -emit-module -emit-module-path /Users/builder/builds/UKfvDsi8u/1/finestructure/swiftpackageindex-builder/spi-builder-workspace/.derivedData/Build/Intermediates.noindex/Cryptor.build/Debug-xros/Cryptor.build/Objects-normal/arm64/Cryptor.swiftmodule -validate-clang-modules-once -clang-build-session-file /Users/builder/builds/UKfvDsi8u/1/finestructure/swiftpackageindex-builder/spi-builder-workspace/.derivedData/ModuleCache.noindex/Session.modulevalidation -Xcc -I/Users/builder/builds/UKfvDsi8u/1/finestructure/swiftpackageindex-builder/spi-builder-workspace/.derivedData/Build/Intermediates.noindex/Cryptor.build/Debug-xros/Cryptor.build/swift-overrides.hmap -emit-const-values -Xfrontend -const-gather-protocols-file -Xfrontend /Users/builder/builds/UKfvDsi8u/1/finestructure/swiftpackageindex-builder/spi-builder-workspace/.derivedData/Build/Intermediates.noindex/Cryptor.build/Debug-xros/Cryptor.build/Objects-normal/arm64/Cryptor_const_extract_protocols.json -Xcc -I/Users/builder/builds/UKfvDsi8u/1/finestructure/swiftpackageindex-builder/spi-builder-workspace/.derivedData/Build/Products/Debug-xros/include -Xcc -I/Users/builder/builds/UKfvDsi8u/1/finestructure/swiftpackageindex-builder/spi-builder-workspace/.derivedData/Build/Intermediates.noindex/Cryptor.build/Debug-xros/Cryptor.build/DerivedSources-normal/arm64 -Xcc -I/Users/builder/builds/UKfvDsi8u/1/finestructure/swiftpackageindex-builder/spi-builder-workspace/.derivedData/Build/Intermediates.noindex/Cryptor.build/Debug-xros/Cryptor.build/DerivedSources/arm64 -Xcc -I/Users/builder/builds/UKfvDsi8u/1/finestructure/swiftpackageindex-builder/spi-builder-workspace/.derivedData/Build/Intermediates.noindex/Cryptor.build/Debug-xros/Cryptor.build/DerivedSources -Xcc -DSWIFT_PACKAGE -Xcc -DDEBUG\=1 -emit-objc-header -emit-objc-header-path /Users/builder/builds/UKfvDsi8u/1/finestructure/swiftpackageindex-builder/spi-builder-workspace/.derivedData/Build/Intermediates.noindex/Cryptor.build/Debug-xros/Cryptor.build/Objects-normal/arm64/Cryptor-Swift.h -working-directory /Users/builder/builds/UKfvDsi8u/1/finestructure/swiftpackageindex-builder/spi-builder-workspace/.dependencies/checkouts/BlueCryptor -experimental-emit-module-separately -disable-cmo
SwiftDriver Atomics normal arm64 com.apple.xcode.tools.swift.compiler (in target 'Atomics' from project 'swift-atomics')
    cd /Users/builder/builds/UKfvDsi8u/1/finestructure/swiftpackageindex-builder/spi-builder-workspace/.dependencies/checkouts/swift-atomics
    builtin-SwiftDriver -- /Applications/Xcode-15.3.0-Beta.2.app/Contents/Developer/Toolchains/XcodeDefault.xctoolchain/usr/bin/swiftc -module-name Atomics -Onone -enforce-exclusivity\=checked @/Users/builder/builds/UKfvDsi8u/1/finestructure/swiftpackageindex-builder/spi-builder-workspace/.derivedData/Build/Intermediates.noindex/swift-atomics.build/Debug-xros/Atomics.build/Objects-normal/arm64/Atomics.SwiftFileList -DSWIFT_PACKAGE -DDEBUG -DATOMICS_NATIVE_BUILTINS -DXcode -enable-experimental-feature BuiltinModule -sdk /Applications/Xcode-15.3.0-Beta.2.app/Contents/Developer/Platforms/XROS.platform/Developer/SDKs/XROS1.1.sdk -target arm64-apple-xros1.0 -g -module-cache-path /Users/builder/builds/UKfvDsi8u/1/finestructure/swiftpackageindex-builder/spi-builder-workspace/.derivedData/ModuleCache.noindex -Xfrontend -serialize-debugging-options -profile-coverage-mapping -profile-generate -enable-testing -suppress-warnings -index-store-path /Users/builder/builds/UKfvDsi8u/1/finestructure/swiftpackageindex-builder/spi-builder-workspace/.derivedData/Index.noindex/DataStore -swift-version 5 -I /Users/builder/builds/UKfvDsi8u/1/finestructure/swiftpackageindex-builder/spi-builder-workspace/.derivedData/Build/Products/Debug-xros -I /Applications/Xcode-15.3.0-Beta.2.app/Contents/Developer/Platforms/XROS.platform/Developer/usr/lib -F /Users/builder/builds/UKfvDsi8u/1/finestructure/swiftpackageindex-builder/spi-builder-workspace/.derivedData/Build/Products/Debug-xros/PackageFrameworks -F /Users/builder/builds/UKfvDsi8u/1/finestructure/swiftpackageindex-builder/spi-builder-workspace/.derivedData/Build/Products/Debug-xros -F /Applications/Xcode-15.3.0-Beta.2.app/Contents/Developer/Platforms/XROS.platform/Developer/Library/Frameworks -F /Applications/Xcode-15.3.0-Beta.2.app/Contents/Developer/Platforms/XROS.platform/Developer/SDKs/XROS1.1.sdk/Developer/Library/Frameworks -c -j8 -enable-batch-mode -incremental -Xcc -ivfsstatcache -Xcc /Users/builder/builds/UKfvDsi8u/1/finestructure/swiftpackageindex-builder/spi-builder-workspace/.derivedData/SDKStatCaches.noindex/xros1.1-21O5181e-ee5c1ba7e8e63f56232e286fb9e6086d.sdkstatcache -output-file-map /Users/builder/builds/UKfvDsi8u/1/finestructure/swiftpackageindex-builder/spi-builder-workspace/.derivedData/Build/Intermediates.noindex/swift-atomics.build/Debug-xros/Atomics.build/Objects-normal/arm64/Atomics-OutputFileMap.json -use-frontend-parseable-output -save-temps -no-color-diagnostics -serialize-diagnostics -emit-dependencies -emit-module -emit-module-path /Users/builder/builds/UKfvDsi8u/1/finestructure/swiftpackageindex-builder/spi-builder-workspace/.derivedData/Build/Intermediates.noindex/swift-atomics.build/Debug-xros/Atomics.build/Objects-normal/arm64/Atomics.swiftmodule -validate-clang-modules-once -clang-build-session-file /Users/builder/builds/UKfvDsi8u/1/finestructure/swiftpackageindex-builder/spi-builder-workspace/.derivedData/ModuleCache.noindex/Session.modulevalidation -Xfrontend -package-name -Xfrontend swift_atomics -Xcc -I/Users/builder/builds/UKfvDsi8u/1/finestructure/swiftpackageindex-builder/spi-builder-workspace/.derivedData/Build/Intermediates.noindex/swift-atomics.build/Debug-xros/Atomics.build/swift-overrides.hmap -emit-const-values -Xfrontend -const-gather-protocols-file -Xfrontend /Users/builder/builds/UKfvDsi8u/1/finestructure/swiftpackageindex-builder/spi-builder-workspace/.derivedData/Build/Intermediates.noindex/swift-atomics.build/Debug-xros/Atomics.build/Objects-normal/arm64/Atomics_const_extract_protocols.json -Xcc -I/Users/builder/builds/UKfvDsi8u/1/finestructure/swiftpackageindex-builder/spi-builder-workspace/.dependencies/checkouts/swift-atomics/Sources/_AtomicsShims/include -Xcc -I/Users/builder/builds/UKfvDsi8u/1/finestructure/swiftpackageindex-builder/spi-builder-workspace/.derivedData/Build/Products/Debug-xros/include -Xcc -I/Users/builder/builds/UKfvDsi8u/1/finestructure/swiftpackageindex-builder/spi-builder-workspace/.derivedData/Build/Intermediates.noindex/swift-atomics.build/Debug-xros/Atomics.build/DerivedSources-normal/arm64 -Xcc -I/Users/builder/builds/UKfvDsi8u/1/finestructure/swiftpackageindex-builder/spi-builder-workspace/.derivedData/Build/Intermediates.noindex/swift-atomics.build/Debug-xros/Atomics.build/DerivedSources/arm64 -Xcc -I/Users/builder/builds/UKfvDsi8u/1/finestructure/swiftpackageindex-builder/spi-builder-workspace/.derivedData/Build/Intermediates.noindex/swift-atomics.build/Debug-xros/Atomics.build/DerivedSources -Xcc -DSWIFT_PACKAGE -Xcc -DDEBUG\=1 -Xcc -DATOMICS_NATIVE_BUILTINS -emit-objc-header -emit-objc-header-path /Users/builder/builds/UKfvDsi8u/1/finestructure/swiftpackageindex-builder/spi-builder-workspace/.derivedData/Build/Intermediates.noindex/swift-atomics.build/Debug-xros/Atomics.build/Objects-normal/arm64/Atomics-Swift.h -working-directory /Users/builder/builds/UKfvDsi8u/1/finestructure/swiftpackageindex-builder/spi-builder-workspace/.dependencies/checkouts/swift-atomics -experimental-emit-module-separately -disable-cmo
SwiftEmitModule normal arm64 Emitting\ module\ for\ Cryptor (in target 'Cryptor' from project 'Cryptor')
    cd /Users/builder/builds/UKfvDsi8u/1/finestructure/swiftpackageindex-builder/spi-builder-workspace/.dependencies/checkouts/BlueCryptor
    builtin-swiftTaskExecution -- /Applications/Xcode-15.3.0-Beta.2.app/Contents/Developer/Toolchains/XcodeDefault.xctoolchain/usr/bin/swift-frontend -frontend -emit-module -experimental-skip-non-inlinable-function-bodies-without-types /Users/builder/builds/UKfvDsi8u/1/finestructure/swiftpackageindex-builder/spi-builder-workspace/.dependencies/checkouts/BlueCryptor/Sources/Cryptor/Crypto.swift /Users/builder/builds/UKfvDsi8u/1/finestructure/swiftpackageindex-builder/spi-builder-workspace/.dependencies/checkouts/BlueCryptor/Sources/Cryptor/Cryptor.swift /Users/builder/builds/UKfvDsi8u/1/finestructure/swiftpackageindex-builder/spi-builder-workspace/.dependencies/checkouts/BlueCryptor/Sources/Cryptor/Digest.swift /Users/builder/builds/UKfvDsi8u/1/finestructure/swiftpackageindex-builder/spi-builder-workspace/.dependencies/checkouts/BlueCryptor/Sources/Cryptor/HMAC.swift /Users/builder/builds/UKfvDsi8u/1/finestructure/swiftpackageindex-builder/spi-builder-workspace/.dependencies/checkouts/BlueCryptor/Sources/Cryptor/KeyDerivation.swift /Users/builder/builds/UKfvDsi8u/1/finestructure/swiftpackageindex-builder/spi-builder-workspace/.dependencies/checkouts/BlueCryptor/Sources/Cryptor/Random.swift /Users/builder/builds/UKfvDsi8u/1/finestructure/swiftpackageindex-builder/spi-builder-workspace/.dependencies/checkouts/BlueCryptor/Sources/Cryptor/SSLPointerTricks.swift /Users/builder/builds/UKfvDsi8u/1/finestructure/swiftpackageindex-builder/spi-builder-workspace/.dependencies/checkouts/BlueCryptor/Sources/Cryptor/Status.swift /Users/builder/builds/UKfvDsi8u/1/finestructure/swiftpackageindex-builder/spi-builder-workspace/.dependencies/checkouts/BlueCryptor/Sources/Cryptor/StreamCryptor.swift /Users/builder/builds/UKfvDsi8u/1/finestructure/swiftpackageindex-builder/spi-builder-workspace/.dependencies/checkouts/BlueCryptor/Sources/Cryptor/Updatable.swift /Users/builder/builds/UKfvDsi8u/1/finestructure/swiftpackageindex-builder/spi-builder-workspace/.dependencies/checkouts/BlueCryptor/Sources/Cryptor/Utilities.swift -target arm64-apple-xros1.0 -Xllvm -aarch64-use-tbi -enable-objc-interop -stack-check -sdk /Applications/Xcode-15.3.0-Beta.2.app/Contents/Developer/Platforms/XROS.platform/Developer/SDKs/XROS1.1.sdk -I /Users/builder/builds/UKfvDsi8u/1/finestructure/swiftpackageindex-builder/spi-builder-workspace/.derivedData/Build/Products/Debug-xros -I /Applications/Xcode-15.3.0-Beta.2.app/Contents/Developer/Platforms/XROS.platform/Developer/usr/lib -F /Users/builder/builds/UKfvDsi8u/1/finestructure/swiftpackageindex-builder/spi-builder-workspace/.derivedData/Build/Products/Debug-xros -F /Applications/Xcode-15.3.0-Beta.2.app/Contents/Developer/Platforms/XROS.platform/Developer/Library/Frameworks -F /Applications/Xcode-15.3.0-Beta.2.app/Contents/Developer/Platforms/XROS.platform/Developer/SDKs/XROS1.1.sdk/Developer/Library/Frameworks -no-color-diagnostics -enable-testing -g -module-cache-path /Users/builder/builds/UKfvDsi8u/1/finestructure/swiftpackageindex-builder/spi-builder-workspace/.derivedData/ModuleCache.noindex -suppress-warnings -profile-generate -profile-coverage-mapping -swift-version 5 -enforce-exclusivity\=checked -Onone -D SWIFT_PACKAGE -D DEBUG -D Xcode -serialize-debugging-options -const-gather-protocols-file /Users/builder/builds/UKfvDsi8u/1/finestructure/swiftpackageindex-builder/spi-builder-workspace/.derivedData/Build/Intermediates.noindex/Cryptor.build/Debug-xros/Cryptor.build/Objects-normal/arm64/Cryptor_const_extract_protocols.json -empty-abi-descriptor -validate-clang-modules-once -clang-build-session-file /Users/builder/builds/UKfvDsi8u/1/finestructure/swiftpackageindex-builder/spi-builder-workspace/.derivedData/ModuleCache.noindex/Session.modulevalidation -Xcc -working-directory -Xcc /Users/builder/builds/UKfvDsi8u/1/finestructure/swiftpackageindex-builder/spi-builder-workspace/.dependencies/checkouts/BlueCryptor -resource-dir /Applications/Xcode-15.3.0-Beta.2.app/Contents/Developer/Toolchains/XcodeDefault.xctoolchain/usr/lib/swift -enable-anonymous-context-mangled-names -Xcc -ivfsstatcache -Xcc /Users/builder/builds/UKfvDsi8u/1/finestructure/swiftpackageindex-builder/spi-builder-workspace/.derivedData/SDKStatCaches.noindex/xros1.1-21O5181e-ee5c1ba7e8e63f56232e286fb9e6086d.sdkstatcache -Xcc -I/Users/builder/builds/UKfvDsi8u/1/finestructure/swiftpackageindex-builder/spi-builder-workspace/.derivedData/Build/Intermediates.noindex/Cryptor.build/Debug-xros/Cryptor.build/swift-overrides.hmap -Xcc -I/Users/builder/builds/UKfvDsi8u/1/finestructure/swiftpackageindex-builder/spi-builder-workspace/.derivedData/Build/Products/Debug-xros/include -Xcc -I/Users/builder/builds/UKfvDsi8u/1/finestructure/swiftpackageindex-builder/spi-builder-workspace/.derivedData/Build/Intermediates.noindex/Cryptor.build/Debug-xros/Cryptor.build/DerivedSources-normal/arm64 -Xcc -I/Users/builder/builds/UKfvDsi8u/1/finestructure/swiftpackageindex-builder/spi-builder-workspace/.derivedData/Build/Intermediates.noindex/Cryptor.build/Debug-xros/Cryptor.build/DerivedSources/arm64 -Xcc -I/Users/builder/builds/UKfvDsi8u/1/finestructure/swiftpackageindex-builder/spi-builder-workspace/.derivedData/Build/Intermediates.noindex/Cryptor.build/Debug-xros/Cryptor.build/DerivedSources -Xcc -DSWIFT_PACKAGE -Xcc -DDEBUG\=1 -module-name Cryptor -disable-clang-spi -target-sdk-version 1.1 -target-sdk-name xros1.1 -external-plugin-path /Applications/Xcode-15.3.0-Beta.2.app/Contents/Developer/Platforms/XROS.platform/Developer/SDKs/XROS1.1.sdk/usr/lib/swift/host/plugins\#/Applications/Xcode-15.3.0-Beta.2.app/Contents/Developer/Platforms/XROS.platform/Developer/SDKs/XROS1.1.sdk/usr/bin/swift-plugin-server -external-plugin-path /Applications/Xcode-15.3.0-Beta.2.app/Contents/Developer/Platforms/XROS.platform/Developer/SDKs/XROS1.1.sdk/usr/local/lib/swift/host/plugins\#/Applications/Xcode-15.3.0-Beta.2.app/Contents/Developer/Platforms/XROS.platform/Developer/SDKs/XROS1.1.sdk/usr/bin/swift-plugin-server -external-plugin-path /Applications/Xcode-15.3.0-Beta.2.app/Contents/Developer/Platforms/XROS.platform/Developer/usr/lib/swift/host/plugins\#/Applications/Xcode-15.3.0-Beta.2.app/Contents/Developer/Platforms/XROS.platform/Developer/usr/bin/swift-plugin-server -external-plugin-path /Applications/Xcode-15.3.0-Beta.2.app/Contents/Developer/Platforms/XROS.platform/Developer/usr/local/lib/swift/host/plugins\#/Applications/Xcode-15.3.0-Beta.2.app/Contents/Developer/Platforms/XROS.platform/Developer/usr/bin/swift-plugin-server -plugin-path /Applications/Xcode-15.3.0-Beta.2.app/Contents/Developer/Toolchains/XcodeDefault.xctoolchain/usr/lib/swift/host/plugins -plugin-path /Applications/Xcode-15.3.0-Beta.2.app/Contents/Developer/Toolchains/XcodeDefault.xctoolchain/usr/local/lib/swift/host/plugins -emit-module-doc-path /Users/builder/builds/UKfvDsi8u/1/finestructure/swiftpackageindex-builder/spi-builder-workspace/.derivedData/Build/Intermediates.noindex/Cryptor.build/Debug-xros/Cryptor.build/Objects-normal/arm64/Cryptor.swiftdoc -emit-module-source-info-path /Users/builder/builds/UKfvDsi8u/1/finestructure/swiftpackageindex-builder/spi-builder-workspace/.derivedData/Build/Intermediates.noindex/Cryptor.build/Debug-xros/Cryptor.build/Objects-normal/arm64/Cryptor.swiftsourceinfo -emit-objc-header-path /Users/builder/builds/UKfvDsi8u/1/finestructure/swiftpackageindex-builder/spi-builder-workspace/.derivedData/Build/Intermediates.noindex/Cryptor.build/Debug-xros/Cryptor.build/Objects-normal/arm64/Cryptor-Swift.h -serialize-diagnostics-path /Users/builder/builds/UKfvDsi8u/1/finestructure/swiftpackageindex-builder/spi-builder-workspace/.derivedData/Build/Intermediates.noindex/Cryptor.build/Debug-xros/Cryptor.build/Objects-normal/arm64/Cryptor-master-emit-module.dia -emit-dependencies-path /Users/builder/builds/UKfvDsi8u/1/finestructure/swiftpackageindex-builder/spi-builder-workspace/.derivedData/Build/Intermediates.noindex/Cryptor.build/Debug-xros/Cryptor.build/Objects-normal/arm64/Cryptor-master-emit-module.d -o /Users/builder/builds/UKfvDsi8u/1/finestructure/swiftpackageindex-builder/spi-builder-workspace/.derivedData/Build/Intermediates.noindex/Cryptor.build/Debug-xros/Cryptor.build/Objects-normal/arm64/Cryptor.swiftmodule -emit-abi-descriptor-path /Users/builder/builds/UKfvDsi8u/1/finestructure/swiftpackageindex-builder/spi-builder-workspace/.derivedData/Build/Intermediates.noindex/Cryptor.build/Debug-xros/Cryptor.build/Objects-normal/arm64/Cryptor.abi.json
/Users/builder/builds/UKfvDsi8u/1/finestructure/swiftpackageindex-builder/spi-builder-workspace/.dependencies/checkouts/BlueCryptor/Sources/Cryptor/Updatable.swift:26:17: error: cannot find type 'Status' in scope
    var status: Status { get }
                ^~~~~~
/Users/builder/builds/UKfvDsi8u/1/finestructure/swiftpackageindex-builder/spi-builder-workspace/.dependencies/checkouts/BlueCryptor/Sources/Cryptor/Digest.swift:46:25: error: cannot find 'Status' in scope
    public var status = Status.success
                        ^~~~~~
/Users/builder/builds/UKfvDsi8u/1/finestructure/swiftpackageindex-builder/spi-builder-workspace/.dependencies/checkouts/BlueCryptor/Sources/Cryptor/Digest.swift:189:54: error: cannot find type 'CC_LONG' in scope
    func update(buffer: UnsafeRawPointer, byteCount: CC_LONG)
                                                     ^~~~~~~
/Users/builder/builds/UKfvDsi8u/1/finestructure/swiftpackageindex-builder/spi-builder-workspace/.dependencies/checkouts/BlueCryptor/Sources/Cryptor/Digest.swift:211:43: error: cannot find type 'CC_LONG' in scope
    typealias Updater = (Context, Buffer, CC_LONG) -> (Int32)
                                          ^~~~~~~
/Users/builder/builds/UKfvDsi8u/1/finestructure/swiftpackageindex-builder/spi-builder-workspace/.dependencies/checkouts/BlueCryptor/Sources/Cryptor/Digest.swift:257:41: error: cannot find type 'CC_LONG' in scope
        func update(buffer: Buffer, byteCount: CC_LONG) {
                                               ^~~~~~~
/Users/builder/builds/UKfvDsi8u/1/finestructure/swiftpackageindex-builder/spi-builder-workspace/.dependencies/checkouts/BlueCryptor/Sources/Cryptor/HMAC.swift:170:38: error: cannot find type 'Status' in scope
    public internal(set) var status: Status = .success
                                     ^~~~~~
/Users/builder/builds/UKfvDsi8u/1/finestructure/swiftpackageindex-builder/spi-builder-workspace/.dependencies/checkouts/BlueCryptor/Sources/Cryptor/HMAC.swift:175:25: error: cannot find 'Context' in scope
                private let context = Context.allocate(capacity: 1)
                                      ^~~~~~~
/Users/builder/builds/UKfvDsi8u/1/finestructure/swiftpackageindex-builder/spi-builder-workspace/.dependencies/checkouts/BlueCryptor/Sources/Cryptor/Random.swift:26:30: error: cannot find type 'Status' in scope
public typealias RNGStatus = Status
                             ^~~~~~
/Users/builder/builds/UKfvDsi8u/1/finestructure/swiftpackageindex-builder/spi-builder-workspace/.dependencies/checkouts/BlueCryptor/Sources/Cryptor/StreamCryptor.swift:474:38: error: cannot find type 'Status' in scope
    public internal(set) var status: Status = .success
                                     ^~~~~~
/Users/builder/builds/UKfvDsi8u/1/finestructure/swiftpackageindex-builder/spi-builder-workspace/.dependencies/checkouts/BlueCryptor/Sources/Cryptor/StreamCryptor.swift:694:73: error: cannot find type 'Status' in scope
        public func update(dataIn: Data, byteArrayOut: inout [UInt8]) -> (Int, Status) {
                                                                               ^~~~~~
/Users/builder/builds/UKfvDsi8u/1/finestructure/swiftpackageindex-builder/spi-builder-workspace/.dependencies/checkouts/BlueCryptor/Sources/Cryptor/StreamCryptor.swift:719:75: error: cannot find type 'Status' in scope
        public func update(dataIn: NSData, byteArrayOut: inout [UInt8]) -> (Int, Status) {
                                                                                 ^~~~~~
/Users/builder/builds/UKfvDsi8u/1/finestructure/swiftpackageindex-builder/spi-builder-workspace/.dependencies/checkouts/BlueCryptor/Sources/Cryptor/StreamCryptor.swift:737:81: error: cannot find type 'Status' in scope
        public func update(byteArrayIn: [UInt8], byteArrayOut: inout [UInt8]) -> (Int, Status) {
                                                                                       ^~~~~~
/Users/builder/builds/UKfvDsi8u/1/finestructure/swiftpackageindex-builder/spi-builder-workspace/.dependencies/checkouts/BlueCryptor/Sources/Cryptor/StreamCryptor.swift:754:77: error: cannot find type 'Status' in scope
        public func update(stringIn: String, byteArrayOut: inout [UInt8]) -> (Int, Status) {
                                                                                   ^~~~~~
/Users/builder/builds/UKfvDsi8u/1/finestructure/swiftpackageindex-builder/spi-builder-workspace/.dependencies/checkouts/BlueCryptor/Sources/Cryptor/StreamCryptor.swift:775:58: error: cannot find type 'Status' in scope
        public func final(byteArrayOut: inout [UInt8]) -> (Int, Status) {
                                                                ^~~~~~
/Users/builder/builds/UKfvDsi8u/1/finestructure/swiftpackageindex-builder/spi-builder-workspace/.dependencies/checkouts/BlueCryptor/Sources/Cryptor/StreamCryptor.swift:797:157: error: cannot find type 'Status' in scope
        public func update(bufferIn: UnsafeRawPointer, byteCountIn: Int, bufferOut: UnsafeMutablePointer<UInt8>, byteCapacityOut: Int, byteCountOut: inout Int) -> Status {
                                                                                                                                                                   ^~~~~~
/Users/builder/builds/UKfvDsi8u/1/finestructure/swiftpackageindex-builder/spi-builder-workspace/.dependencies/checkouts/BlueCryptor/Sources/Cryptor/StreamCryptor.swift:863:110: error: cannot find type 'Status' in scope
        public func final(bufferOut: UnsafeMutablePointer<UInt8>, byteCapacityOut: Int, byteCountOut: inout Int) -> Status {
                                                                                                                    ^~~~~~
SwiftEmitModule normal arm64 Emitting\ module\ for\ Atomics (in target 'Atomics' from project 'swift-atomics')
    cd /Users/builder/builds/UKfvDsi8u/1/finestructure/swiftpackageindex-builder/spi-builder-workspace/.dependencies/checkouts/swift-atomics
    builtin-swiftTaskExecution -- /Applications/Xcode-15.3.0-Beta.2.app/Contents/Developer/Toolchains/XcodeDefault.xctoolchain/usr/bin/swift-frontend -frontend -emit-module -experimental-skip-non-inlinable-function-bodies-without-types /Users/builder/builds/UKfvDsi8u/1/finestructure/swiftpackageindex-builder/spi-builder-workspace/.dependencies/checkouts/swift-atomics/Sources/Atomics/Conformances/OptionalRawRepresentable.swift /Users/builder/builds/UKfvDsi8u/1/finestructure/swiftpackageindex-builder/spi-builder-workspace/.dependencies/checkouts/swift-atomics/Sources/Atomics/Conformances/RawRepresentable.swift /Users/builder/builds/UKfvDsi8u/1/finestructure/swiftpackageindex-builder/spi-builder-workspace/.dependencies/checkouts/swift-atomics/Sources/Atomics/Conformances/autogenerated/AtomicBool.swift /Users/builder/builds/UKfvDsi8u/1/finestructure/swiftpackageindex-builder/spi-builder-workspace/.dependencies/checkouts/swift-atomics/Sources/Atomics/Conformances/autogenerated/IntegerConformances.swift /Users/builder/builds/UKfvDsi8u/1/finestructure/swiftpackageindex-builder/spi-builder-workspace/.dependencies/checkouts/swift-atomics/Sources/Atomics/Conformances/autogenerated/PointerConformances.swift /Users/builder/builds/UKfvDsi8u/1/finestructure/swiftpackageindex-builder/spi-builder-workspace/.dependencies/checkouts/swift-atomics/Sources/Atomics/Primitives/autogenerated/Primitives.native.swift /Users/builder/builds/UKfvDsi8u/1/finestructure/swiftpackageindex-builder/spi-builder-workspace/.dependencies/checkouts/swift-atomics/Sources/Atomics/Primitives/autogenerated/Primitives.shims.swift /Users/builder/builds/UKfvDsi8u/1/finestructure/swiftpackageindex-builder/spi-builder-workspace/.dependencies/checkouts/swift-atomics/Sources/Atomics/Protocols/AtomicInteger.swift /Users/builder/builds/UKfvDsi8u/1/finestructure/swiftpackageindex-builder/spi-builder-workspace/.dependencies/checkouts/swift-atomics/Sources/Atomics/Protocols/AtomicOptionalWrappable.swift /Users/builder/builds/UKfvDsi8u/1/finestructure/swiftpackageindex-builder/spi-builder-workspace/.dependencies/checkouts/swift-atomics/Sources/Atomics/Protocols/AtomicReference.swift /Users/builder/builds/UKfvDsi8u/1/finestructure/swiftpackageindex-builder/spi-builder-workspace/.dependencies/checkouts/swift-atomics/Sources/Atomics/Protocols/AtomicStorage.swift /Users/builder/builds/UKfvDsi8u/1/finestructure/swiftpackageindex-builder/spi-builder-workspace/.dependencies/checkouts/swift-atomics/Sources/Atomics/Protocols/AtomicValue.swift /Users/builder/builds/UKfvDsi8u/1/finestructure/swiftpackageindex-builder/spi-builder-workspace/.dependencies/checkouts/swift-atomics/Sources/Atomics/Types/AtomicMemoryOrderings.swift /Users/builder/builds/UKfvDsi8u/1/finestructure/swiftpackageindex-builder/spi-builder-workspace/.dependencies/checkouts/swift-atomics/Sources/Atomics/Types/DoubleWord.swift /Users/builder/builds/UKfvDsi8u/1/finestructure/swiftpackageindex-builder/spi-builder-workspace/.dependencies/checkouts/swift-atomics/Sources/Atomics/Types/ManagedAtomic.swift /Users/builder/builds/UKfvDsi8u/1/finestructure/swiftpackageindex-builder/spi-builder-workspace/.dependencies/checkouts/swift-atomics/Sources/Atomics/Types/ManagedAtomicLazyReference.swift /Users/builder/builds/UKfvDsi8u/1/finestructure/swiftpackageindex-builder/spi-builder-workspace/.dependencies/checkouts/swift-atomics/Sources/Atomics/Types/UnsafeAtomic.swift /Users/builder/builds/UKfvDsi8u/1/finestructure/swiftpackageindex-builder/spi-builder-workspace/.dependencies/checkouts/swift-atomics/Sources/Atomics/Types/UnsafeAtomicLazyReference.swift /Users/builder/builds/UKfvDsi8u/1/finestructure/swiftpackageindex-builder/spi-builder-workspace/.dependencies/checkouts/swift-atomics/Sources/Atomics/Types/autogenerated/IntegerOperations.swift /Users/builder/builds/UKfvDsi8u/1/finestructure/swiftpackageindex-builder/spi-builder-workspace/.dependencies/checkouts/swift-atomics/Sources/Atomics/Unmanaged\ extensions.swift -target arm64-apple-xros1.0 -Xllvm -aarch64-use-tbi -enable-objc-interop -stack-check -sdk /Applications/Xcode-15.3.0-Beta.2.app/Contents/Developer/Platforms/XROS.platform/Developer/SDKs/XROS1.1.sdk -I /Users/builder/builds/UKfvDsi8u/1/finestructure/swiftpackageindex-builder/spi-builder-workspace/.derivedData/Build/Products/Debug-xros -I /Applications/Xcode-15.3.0-Beta.2.app/Contents/Developer/Platforms/XROS.platform/Developer/usr/lib -F /Users/builder/builds/UKfvDsi8u/1/finestructure/swiftpackageindex-builder/spi-builder-workspace/.derivedData/Build/Products/Debug-xros/PackageFrameworks -F /Users/builder/builds/UKfvDsi8u/1/finestructure/swiftpackageindex-builder/spi-builder-workspace/.derivedData/Build/Products/Debug-xros -F /Applications/Xcode-15.3.0-Beta.2.app/Contents/Developer/Platforms/XROS.platform/Developer/Library/Frameworks -F /Applications/Xcode-15.3.0-Beta.2.app/Contents/Developer/Platforms/XROS.platform/Developer/SDKs/XROS1.1.sdk/Developer/Library/Frameworks -no-color-diagnostics -enable-testing -g -module-cache-path /Users/builder/builds/UKfvDsi8u/1/finestructure/swiftpackageindex-builder/spi-builder-workspace/.derivedData/ModuleCache.noindex -suppress-warnings -profile-generate -profile-coverage-mapping -swift-version 5 -enforce-exclusivity\=checked -Onone -D SWIFT_PACKAGE -D DEBUG -D ATOMICS_NATIVE_BUILTINS -D Xcode -serialize-debugging-options -package-name swift_atomics -const-gather-protocols-file /Users/builder/builds/UKfvDsi8u/1/finestructure/swiftpackageindex-builder/spi-builder-workspace/.derivedData/Build/Intermediates.noindex/swift-atomics.build/Debug-xros/Atomics.build/Objects-normal/arm64/Atomics_const_extract_protocols.json -enable-experimental-feature BuiltinModule -empty-abi-descriptor -validate-clang-modules-once -clang-build-session-file /Users/builder/builds/UKfvDsi8u/1/finestructure/swiftpackageindex-builder/spi-builder-workspace/.derivedData/ModuleCache.noindex/Session.modulevalidation -Xcc -working-directory -Xcc /Users/builder/builds/UKfvDsi8u/1/finestructure/swiftpackageindex-builder/spi-builder-workspace/.dependencies/checkouts/swift-atomics -resource-dir /Applications/Xcode-15.3.0-Beta.2.app/Contents/Developer/Toolchains/XcodeDefault.xctoolchain/usr/lib/swift -enable-anonymous-context-mangled-names -Xcc -ivfsstatcache -Xcc /Users/builder/builds/UKfvDsi8u/1/finestructure/swiftpackageindex-builder/spi-builder-workspace/.derivedData/SDKStatCaches.noindex/xros1.1-21O5181e-ee5c1ba7e8e63f56232e286fb9e6086d.sdkstatcache -Xcc -I/Users/builder/builds/UKfvDsi8u/1/finestructure/swiftpackageindex-builder/spi-builder-workspace/.derivedData/Build/Intermediates.noindex/swift-atomics.build/Debug-xros/Atomics.build/swift-overrides.hmap -Xcc -I/Users/builder/builds/UKfvDsi8u/1/finestructure/swiftpackageindex-builder/spi-builder-workspace/.dependencies/checkouts/swift-atomics/Sources/_AtomicsShims/include -Xcc -I/Users/builder/builds/UKfvDsi8u/1/finestructure/swiftpackageindex-builder/spi-builder-workspace/.derivedData/Build/Products/Debug-xros/include -Xcc -I/Users/builder/builds/UKfvDsi8u/1/finestructure/swiftpackageindex-builder/spi-builder-workspace/.derivedData/Build/Intermediates.noindex/swift-atomics.build/Debug-xros/Atomics.build/DerivedSources-normal/arm64 -Xcc -I/Users/builder/builds/UKfvDsi8u/1/finestructure/swiftpackageindex-builder/spi-builder-workspace/.derivedData/Build/Intermediates.noindex/swift-atomics.build/Debug-xros/Atomics.build/DerivedSources/arm64 -Xcc -I/Users/builder/builds/UKfvDsi8u/1/finestructure/swiftpackageindex-builder/spi-builder-workspace/.derivedData/Build/Intermediates.noindex/swift-atomics.build/Debug-xros/Atomics.build/DerivedSources -Xcc -DSWIFT_PACKAGE -Xcc -DDEBUG\=1 -Xcc -DATOMICS_NATIVE_BUILTINS -module-name Atomics -disable-clang-spi -target-sdk-version 1.1 -target-sdk-name xros1.1 -external-plugin-path /Applications/Xcode-15.3.0-Beta.2.app/Contents/Developer/Platforms/XROS.platform/Developer/SDKs/XROS1.1.sdk/usr/lib/swift/host/plugins\#/Applications/Xcode-15.3.0-Beta.2.app/Contents/Developer/Platforms/XROS.platform/Developer/SDKs/XROS1.1.sdk/usr/bin/swift-plugin-server -external-plugin-path /Applications/Xcode-15.3.0-Beta.2.app/Contents/Developer/Platforms/XROS.platform/Developer/SDKs/XROS1.1.sdk/usr/local/lib/swift/host/plugins\#/Applications/Xcode-15.3.0-Beta.2.app/Contents/Developer/Platforms/XROS.platform/Developer/SDKs/XROS1.1.sdk/usr/bin/swift-plugin-server -external-plugin-path /Applications/Xcode-15.3.0-Beta.2.app/Contents/Developer/Platforms/XROS.platform/Developer/usr/lib/swift/host/plugins\#/Applications/Xcode-15.3.0-Beta.2.app/Contents/Developer/Platforms/XROS.platform/Developer/usr/bin/swift-plugin-server -external-plugin-path /Applications/Xcode-15.3.0-Beta.2.app/Contents/Developer/Platforms/XROS.platform/Developer/usr/local/lib/swift/host/plugins\#/Applications/Xcode-15.3.0-Beta.2.app/Contents/Developer/Platforms/XROS.platform/Developer/usr/bin/swift-plugin-server -plugin-path /Applications/Xcode-15.3.0-Beta.2.app/Contents/Developer/Toolchains/XcodeDefault.xctoolchain/usr/lib/swift/host/plugins -plugin-path /Applications/Xcode-15.3.0-Beta.2.app/Contents/Developer/Toolchains/XcodeDefault.xctoolchain/usr/local/lib/swift/host/plugins -emit-module-doc-path /Users/builder/builds/UKfvDsi8u/1/finestructure/swiftpackageindex-builder/spi-builder-workspace/.derivedData/Build/Intermediates.noindex/swift-atomics.build/Debug-xros/Atomics.build/Objects-normal/arm64/Atomics.swiftdoc -emit-module-source-info-path /Users/builder/builds/UKfvDsi8u/1/finestructure/swiftpackageindex-builder/spi-builder-workspace/.derivedData/Build/Intermediates.noindex/swift-atomics.build/Debug-xros/Atomics.build/Objects-normal/arm64/Atomics.swiftsourceinfo -emit-objc-header-path /Users/builder/builds/UKfvDsi8u/1/finestructure/swiftpackageindex-builder/spi-builder-workspace/.derivedData/Build/Intermediates.noindex/swift-atomics.build/Debug-xros/Atomics.build/Objects-normal/arm64/Atomics-Swift.h -serialize-diagnostics-path /Users/builder/builds/UKfvDsi8u/1/finestructure/swiftpackageindex-builder/spi-builder-workspace/.derivedData/Build/Intermediates.noindex/swift-atomics.build/Debug-xros/Atomics.build/Objects-normal/arm64/Atomics-master-emit-module.dia -emit-dependencies-path /Users/builder/builds/UKfvDsi8u/1/finestructure/swiftpackageindex-builder/spi-builder-workspace/.derivedData/Build/Intermediates.noindex/swift-atomics.build/Debug-xros/Atomics.build/Objects-normal/arm64/Atomics-master-emit-module.d -o /Users/builder/builds/UKfvDsi8u/1/finestructure/swiftpackageindex-builder/spi-builder-workspace/.derivedData/Build/Intermediates.noindex/swift-atomics.build/Debug-xros/Atomics.build/Objects-normal/arm64/Atomics.swiftmodule -emit-abi-descriptor-path /Users/builder/builds/UKfvDsi8u/1/finestructure/swiftpackageindex-builder/spi-builder-workspace/.derivedData/Build/Intermediates.noindex/swift-atomics.build/Debug-xros/Atomics.build/Objects-normal/arm64/Atomics.abi.json
Command SwiftEmitModule failed with a nonzero exit code
CompileC /Users/builder/builds/UKfvDsi8u/1/finestructure/swiftpackageindex-builder/spi-builder-workspace/.derivedData/Build/Intermediates.noindex/swift-nio-ssl.build/Debug-xros/CNIOBoringSSL.build/Objects-normal/arm64/x_exten.o /Users/builder/builds/UKfvDsi8u/1/finestructure/swiftpackageindex-builder/spi-builder-workspace/.dependencies/checkouts/swift-nio-ssl/Sources/CNIOBoringSSL/crypto/x509/x_exten.c normal arm64 c com.apple.compilers.llvm.clang.1_0.compiler (in target 'CNIOBoringSSL' from project 'swift-nio-ssl')
    cd /Users/builder/builds/UKfvDsi8u/1/finestructure/swiftpackageindex-builder/spi-builder-workspace/.dependencies/checkouts/swift-nio-ssl
    /Applications/Xcode-15.3.0-Beta.2.app/Contents/Developer/Toolchains/XcodeDefault.xctoolchain/usr/bin/clang -x c -ivfsstatcache /Users/builder/builds/UKfvDsi8u/1/finestructure/swiftpackageindex-builder/spi-builder-workspace/.derivedData/SDKStatCaches.noindex/xros1.1-21O5181e-ee5c1ba7e8e63f56232e286fb9e6086d.sdkstatcache -fmessage-length\=0 -fdiagnostics-show-note-include-stack -fmacro-backtrace-limit\=0 -fno-color-diagnostics -fmodules-prune-interval\=86400 -fmodules-prune-after\=345600 -fbuild-session-file\=/Users/builder/builds/UKfvDsi8u/1/finestructure/swiftpackageindex-builder/spi-builder-workspace/.derivedData/ModuleCache.noindex/Session.modulevalidation -fmodules-validate-once-per-build-session -Wnon-modular-include-in-framework-module -Werror\=non-modular-include-in-framework-module -Wno-trigraphs -Wno-missing-field-initializers -Wno-missing-prototypes -Wno-return-type -Wno-missing-braces -Wparentheses -Wswitch -Wno-unused-function -Wno-unused-label -Wno-unused-parameter -Wno-unused-variable -Wunused-value -Wno-empty-body -Wno-uninitialized -Wno-unknown-pragmas -w -Wno-shadow -Wno-four-char-constants -Wno-conversion -Wno-constant-conversion -Wno-int-conversion -Wno-bool-conversion -Wno-enum-conversion -Wno-float-conversion -Wno-non-literal-null-conversion -Wno-objc-literal-conversion -Wshorten-64-to-32 -Wpointer-sign -Wno-newline-eof -Wno-implicit-fallthrough -fstrict-aliasing -Wdeprecated-declarations -Wno-sign-conversion -Wno-infinite-recursion -Wno-comma -Wno-block-capture-autoreleasing -Wno-strict-prototypes -Wno-semicolon-before-method-body -index-store-path /Users/builder/builds/UKfvDsi8u/1/finestructure/swiftpackageindex-builder/spi-builder-workspace/.derivedData/Index.noindex/DataStore @/Users/builder/builds/UKfvDsi8u/1/finestructure/swiftpackageindex-builder/spi-builder-workspace/.derivedData/Build/Intermediates.noindex/swift-nio-ssl.build/Debug-xros/CNIOBoringSSL.build/Objects-normal/arm64/7187679823f38a2a940e0043cdf9d637-common-args.resp -MMD -MT dependencies -MF /Users/builder/builds/UKfvDsi8u/1/finestructure/swiftpackageindex-builder/spi-builder-workspace/.derivedData/Build/Intermediates.noindex/swift-nio-ssl.build/Debug-xros/CNIOBoringSSL.build/Objects-normal/arm64/x_exten.d --serialize-diagnostics /Users/builder/builds/UKfvDsi8u/1/finestructure/swiftpackageindex-builder/spi-builder-workspace/.derivedData/Build/Intermediates.noindex/swift-nio-ssl.build/Debug-xros/CNIOBoringSSL.build/Objects-normal/arm64/x_exten.dia -c /Users/builder/builds/UKfvDsi8u/1/finestructure/swiftpackageindex-builder/spi-builder-workspace/.dependencies/checkouts/swift-nio-ssl/Sources/CNIOBoringSSL/crypto/x509/x_exten.c -o /Users/builder/builds/UKfvDsi8u/1/finestructure/swiftpackageindex-builder/spi-builder-workspace/.derivedData/Build/Intermediates.noindex/swift-nio-ssl.build/Debug-xros/CNIOBoringSSL.build/Objects-normal/arm64/x_exten.o -index-unit-output-path /swift-nio-ssl.build/Debug-xros/CNIOBoringSSL.build/Objects-normal/arm64/x_exten.o
CompileC /Users/builder/builds/UKfvDsi8u/1/finestructure/swiftpackageindex-builder/spi-builder-workspace/.derivedData/Build/Intermediates.noindex/swift-nio-ssl.build/Debug-xros/CNIOBoringSSL.build/Objects-normal/arm64/x_crl.o /Users/builder/builds/UKfvDsi8u/1/finestructure/swiftpackageindex-builder/spi-builder-workspace/.dependencies/checkouts/swift-nio-ssl/Sources/CNIOBoringSSL/crypto/x509/x_crl.c normal arm64 c com.apple.compilers.llvm.clang.1_0.compiler (in target 'CNIOBoringSSL' from project 'swift-nio-ssl')
    cd /Users/builder/builds/UKfvDsi8u/1/finestructure/swiftpackageindex-builder/spi-builder-workspace/.dependencies/checkouts/swift-nio-ssl
    /Applications/Xcode-15.3.0-Beta.2.app/Contents/Developer/Toolchains/XcodeDefault.xctoolchain/usr/bin/clang -x c -ivfsstatcache /Users/builder/builds/UKfvDsi8u/1/finestructure/swiftpackageindex-builder/spi-builder-workspace/.derivedData/SDKStatCaches.noindex/xros1.1-21O5181e-ee5c1ba7e8e63f56232e286fb9e6086d.sdkstatcache -fmessage-length\=0 -fdiagnostics-show-note-include-stack -fmacro-backtrace-limit\=0 -fno-color-diagnostics -fmodules-prune-interval\=86400 -fmodules-prune-after\=345600 -fbuild-session-file\=/Users/builder/builds/UKfvDsi8u/1/finestructure/swiftpackageindex-builder/spi-builder-workspace/.derivedData/ModuleCache.noindex/Session.modulevalidation -fmodules-validate-once-per-build-session -Wnon-modular-include-in-framework-module -Werror\=non-modular-include-in-framework-module -Wno-trigraphs -Wno-missing-field-initializers -Wno-missing-prototypes -Wno-return-type -Wno-missing-braces -Wparentheses -Wswitch -Wno-unused-function -Wno-unused-label -Wno-unused-parameter -Wno-unused-variable -Wunused-value -Wno-empty-body -Wno-uninitialized -Wno-unknown-pragmas -w -Wno-shadow -Wno-four-char-constants -Wno-conversion -Wno-constant-conversion -Wno-int-conversion -Wno-bool-conversion -Wno-enum-conversion -Wno-float-conversion -Wno-non-literal-null-conversion -Wno-objc-literal-conversion -Wshorten-64-to-32 -Wpointer-sign -Wno-newline-eof -Wno-implicit-fallthrough -fstrict-aliasing -Wdeprecated-declarations -Wno-sign-conversion -Wno-infinite-recursion -Wno-comma -Wno-block-capture-autoreleasing -Wno-strict-prototypes -Wno-semicolon-before-method-body -index-store-path /Users/builder/builds/UKfvDsi8u/1/finestructure/swiftpackageindex-builder/spi-builder-workspace/.derivedData/Index.noindex/DataStore @/Users/builder/builds/UKfvDsi8u/1/finestructure/swiftpackageindex-builder/spi-builder-workspace/.derivedData/Build/Intermediates.noindex/swift-nio-ssl.build/Debug-xros/CNIOBoringSSL.build/Objects-normal/arm64/7187679823f38a2a940e0043cdf9d637-common-args.resp -MMD -MT dependencies -MF /Users/builder/builds/UKfvDsi8u/1/finestructure/swiftpackageindex-builder/spi-builder-workspace/.derivedData/Build/Intermediates.noindex/swift-nio-ssl.build/Debug-xros/CNIOBoringSSL.build/Objects-normal/arm64/x_crl.d --serialize-diagnostics /Users/builder/builds/UKfvDsi8u/1/finestructure/swiftpackageindex-builder/spi-builder-workspace/.derivedData/Build/Intermediates.noindex/swift-nio-ssl.build/Debug-xros/CNIOBoringSSL.build/Objects-normal/arm64/x_crl.dia -c /Users/builder/builds/UKfvDsi8u/1/finestructure/swiftpackageindex-builder/spi-builder-workspace/.dependencies/checkouts/swift-nio-ssl/Sources/CNIOBoringSSL/crypto/x509/x_crl.c -o /Users/builder/builds/UKfvDsi8u/1/finestructure/swiftpackageindex-builder/spi-builder-workspace/.derivedData/Build/Intermediates.noindex/swift-nio-ssl.build/Debug-xros/CNIOBoringSSL.build/Objects-normal/arm64/x_crl.o -index-unit-output-path /swift-nio-ssl.build/Debug-xros/CNIOBoringSSL.build/Objects-normal/arm64/x_crl.o
CompileC /Users/builder/builds/UKfvDsi8u/1/finestructure/swiftpackageindex-builder/spi-builder-workspace/.derivedData/Build/Intermediates.noindex/swift-nio-ssl.build/Debug-xros/CNIOBoringSSL.build/Objects-normal/arm64/x_attrib.o /Users/builder/builds/UKfvDsi8u/1/finestructure/swiftpackageindex-builder/spi-builder-workspace/.dependencies/checkouts/swift-nio-ssl/Sources/CNIOBoringSSL/crypto/x509/x_attrib.c normal arm64 c com.apple.compilers.llvm.clang.1_0.compiler (in target 'CNIOBoringSSL' from project 'swift-nio-ssl')
    cd /Users/builder/builds/UKfvDsi8u/1/finestructure/swiftpackageindex-builder/spi-builder-workspace/.dependencies/checkouts/swift-nio-ssl
    /Applications/Xcode-15.3.0-Beta.2.app/Contents/Developer/Toolchains/XcodeDefault.xctoolchain/usr/bin/clang -x c -ivfsstatcache /Users/builder/builds/UKfvDsi8u/1/finestructure/swiftpackageindex-builder/spi-builder-workspace/.derivedData/SDKStatCaches.noindex/xros1.1-21O5181e-ee5c1ba7e8e63f56232e286fb9e6086d.sdkstatcache -fmessage-length\=0 -fdiagnostics-show-note-include-stack -fmacro-backtrace-limit\=0 -fno-color-diagnostics -fmodules-prune-interval\=86400 -fmodules-prune-after\=345600 -fbuild-session-file\=/Users/builder/builds/UKfvDsi8u/1/finestructure/swiftpackageindex-builder/spi-builder-workspace/.derivedData/ModuleCache.noindex/Session.modulevalidation -fmodules-validate-once-per-build-session -Wnon-modular-include-in-framework-module -Werror\=non-modular-include-in-framework-module -Wno-trigraphs -Wno-missing-field-initializers -Wno-missing-prototypes -Wno-return-type -Wno-missing-braces -Wparentheses -Wswitch -Wno-unused-function -Wno-unused-label -Wno-unused-parameter -Wno-unused-variable -Wunused-value -Wno-empty-body -Wno-uninitialized -Wno-unknown-pragmas -w -Wno-shadow -Wno-four-char-constants -Wno-conversion -Wno-constant-conversion -Wno-int-conversion -Wno-bool-conversion -Wno-enum-conversion -Wno-float-conversion -Wno-non-literal-null-conversion -Wno-objc-literal-conversion -Wshorten-64-to-32 -Wpointer-sign -Wno-newline-eof -Wno-implicit-fallthrough -fstrict-aliasing -Wdeprecated-declarations -Wno-sign-conversion -Wno-infinite-recursion -Wno-comma -Wno-block-capture-autoreleasing -Wno-strict-prototypes -Wno-semicolon-before-method-body -index-store-path /Users/builder/builds/UKfvDsi8u/1/finestructure/swiftpackageindex-builder/spi-builder-workspace/.derivedData/Index.noindex/DataStore @/Users/builder/builds/UKfvDsi8u/1/finestructure/swiftpackageindex-builder/spi-builder-workspace/.derivedData/Build/Intermediates.noindex/swift-nio-ssl.build/Debug-xros/CNIOBoringSSL.build/Objects-normal/arm64/7187679823f38a2a940e0043cdf9d637-common-args.resp -MMD -MT dependencies -MF /Users/builder/builds/UKfvDsi8u/1/finestructure/swiftpackageindex-builder/spi-builder-workspace/.derivedData/Build/Intermediates.noindex/swift-nio-ssl.build/Debug-xros/CNIOBoringSSL.build/Objects-normal/arm64/x_attrib.d --serialize-diagnostics /Users/builder/builds/UKfvDsi8u/1/finestructure/swiftpackageindex-builder/spi-builder-workspace/.derivedData/Build/Intermediates.noindex/swift-nio-ssl.build/Debug-xros/CNIOBoringSSL.build/Objects-normal/arm64/x_attrib.dia -c /Users/builder/builds/UKfvDsi8u/1/finestructure/swiftpackageindex-builder/spi-builder-workspace/.dependencies/checkouts/swift-nio-ssl/Sources/CNIOBoringSSL/crypto/x509/x_attrib.c -o /Users/builder/builds/UKfvDsi8u/1/finestructure/swiftpackageindex-builder/spi-builder-workspace/.derivedData/Build/Intermediates.noindex/swift-nio-ssl.build/Debug-xros/CNIOBoringSSL.build/Objects-normal/arm64/x_attrib.o -index-unit-output-path /swift-nio-ssl.build/Debug-xros/CNIOBoringSSL.build/Objects-normal/arm64/x_attrib.o
2024-02-16 00:31:02.284 xcodebuild[94272:20636468] Requested but did not find extension point with identifier Xcode.DVTDeviceFoundation.Aspect for extension Xcode.IDEiOSSupportCore.Aspect.NBDD of plug-in com.apple.dt.IDE.IDEiOSSupportCore
2024-02-16 00:31:02.881 xcodebuild[94272:20636468] [MT] DVTPlugInQuery: Requested but did not find extension point with identifier 'Xcode.DVTDeviceFoundation.CompatibleDeviceFamilyPair'. This is programmer error; code should only request extension points that are defined by itself or its dependencies.
** BUILD FAILED **
The following build commands failed:
	SwiftEmitModule normal arm64 Emitting\ module\ for\ Cryptor (in target 'Cryptor' from project 'Cryptor')
	SwiftEmitModule normal arm64 Emitting\ module\ for\ Atomics (in target 'Atomics' from project 'swift-atomics')
(2 failures)
BUILD FAILURE 5.10 visionOS

Build Machine: Mac 7