Build Information
Failed to build SwiftUIViewInspector, reference main (077986), with Swift 6.4 for watchOS using Xcode 27.0 on 19 Sep 2026 00:41:20 UTC.
Build Command
env DEVELOPER_DIR=/Applications/Xcode-27.0.0-Release.Candidate.app xcrun xcodebuild -IDEClonedSourcePackagesDirPathOverride=$PWD/.dependencies -skipMacroValidation -skipPackagePluginValidation -derivedDataPath $PWD/.derivedData build -scheme SwiftUIViewInspector -destination generic/platform=watchOSBuild Log
========================================
RunAll
========================================
Builder version: 5.1.0
Interrupt handler set up.
========================================
Checkout
========================================
Clone URL: https://github.com/tadelv/SwiftUIViewInspector.git
Reference: main
Initialized empty Git repository in /Users/admin/builder/spi-builder-workspace/.git/
From https://github.com/tadelv/SwiftUIViewInspector
* branch main -> FETCH_HEAD
* [new branch] main -> origin/main
HEAD is now at 0779869 Merge pull request #9 from tadelv/erikdrobne-patch-2
Cloned https://github.com/tadelv/SwiftUIViewInspector.git
Revision (git rev-parse @):
0779869f8e77098475c455ce08195760b106622d
SUCCESS checkout https://github.com/tadelv/SwiftUIViewInspector.git at main
========================================
Build
========================================
Selected platform: watchOS
Swift version: 6.4
Building package at path: $PWD
https://github.com/tadelv/SwiftUIViewInspector.git
Command line invocation:
/Applications/Xcode-27.0.0-Release.Candidate.app/Contents/Developer/usr/bin/xcodebuild -IDEClonedSourcePackagesDirPathOverride=/Users/admin/builder/spi-builder-workspace/.dependencies -resolvePackageDependencies
Resolve Package Graph
Resolve Package Graph
Resolved source packages:
SwiftUIViewInspector: /Users/admin/builder/spi-builder-workspace
resolved source packages: SwiftUIViewInspector
2026-09-18 20:40:36.059 xcodebuild[522:2970] [MT] IDERunDestination: Supported platforms for the buildables in the current scheme is empty.
{
"dependencies" : [
],
"manifest_display_name" : "SwiftUIViewInspector",
"name" : "SwiftUIViewInspector",
"path" : "/Users/admin/builder/spi-builder-workspace",
"platforms" : [
{
"name" : "ios",
"version" : "13.0"
}
],
"products" : [
{
"name" : "SwiftUIViewInspector",
"targets" : [
"SwiftUIViewInspector"
],
"type" : {
"library" : [
"automatic"
]
}
}
],
"targets" : [
{
"c99name" : "SwiftUIViewInspector",
"module_type" : "SwiftTarget",
"name" : "SwiftUIViewInspector",
"path" : "Sources",
"product_memberships" : [
"SwiftUIViewInspector"
],
"sources" : [
"SwiftUIViewInspector/Inspectable.swift",
"SwiftUIViewInspector/InspectionView.swift",
"SwiftUIViewInspector/InspectionViewCoordinator.swift",
"SwiftUIViewInspector/TouchTransparentView.swift"
],
"type" : "library"
}
],
"tools_version" : "5.7"
}
{
"workspace" : {
"name" : "SwiftUIViewInspector",
"schemes" : [
"SwiftUIViewInspector"
]
}
}
2026-09-18 20:41:12.314 xcodebuild[622:3871] [MT] IDERunDestination: Supported platforms for the buildables in the current scheme is empty.
Running build ...
env DEVELOPER_DIR=/Applications/Xcode-27.0.0-Release.Candidate.app xcrun xcodebuild -IDEClonedSourcePackagesDirPathOverride=$PWD/.dependencies -skipMacroValidation -skipPackagePluginValidation -derivedDataPath $PWD/.derivedData build -scheme SwiftUIViewInspector -destination generic/platform=watchOS
Command line invocation:
/Applications/Xcode-27.0.0-Release.Candidate.app/Contents/Developer/usr/bin/xcodebuild -IDEClonedSourcePackagesDirPathOverride=/Users/admin/builder/spi-builder-workspace/.dependencies -skipMacroValidation -skipPackagePluginValidation -derivedDataPath /Users/admin/builder/spi-builder-workspace/.derivedData build -scheme SwiftUIViewInspector -destination generic/platform=watchOS
Resolve Package Graph
Resolved source packages:
SwiftUIViewInspector: /Users/admin/builder/spi-builder-workspace
ComputePackagePrebuildTargetDependencyGraph
Prepare packages
CreateBuildRequest
SendProjectDescription
CreateBuildOperation
ComputeTargetDependencyGraph
note: Building targets in dependency order
note: Target dependency graph (2 targets)
Target 'SwiftUIViewInspector-product' in project 'SwiftUIViewInspector'
➜ Explicit dependency on target 'SwiftUIViewInspector' in project 'SwiftUIViewInspector'
Target 'SwiftUIViewInspector' in project 'SwiftUIViewInspector' (no dependencies)
GatherProvisioningInputs
CreateBuildDescription
ExecuteExternalTool /Applications/Xcode-27.0.0-Release.Candidate.app/Contents/Developer/Toolchains/XcodeDefault.xctoolchain/usr/bin/clang -v -E -dM -isysroot /Applications/Xcode-27.0.0-Release.Candidate.app/Contents/Developer/Platforms/WatchOS.platform/Developer/SDKs/WatchOS27.0.sdk -x c -c /dev/null
ExecuteExternalTool /Applications/Xcode-27.0.0-Release.Candidate.app/Contents/Developer/Toolchains/XcodeDefault.xctoolchain/usr/bin/swiftc --version
ExecuteExternalTool /Applications/Xcode-27.0.0-Release.Candidate.app/Contents/Developer/Toolchains/XcodeDefault.xctoolchain/usr/bin/ld -version_details
Build description signature: a10f75c39373e68e60d1ac23cfc34846
Build description path: /Users/admin/builder/spi-builder-workspace/.derivedData/Build/Intermediates.noindex/XCBuildData/a10f75c39373e68e60d1ac23cfc34846.xcbuilddata
CreateBuildDirectory /Users/admin/builder/spi-builder-workspace/.derivedData/SDKExplicitPrecompiledModules
cd /Users/admin/builder/spi-builder-workspace/.swiftpm/xcode
builtin-create-build-directory /Users/admin/builder/spi-builder-workspace/.derivedData/SDKExplicitPrecompiledModules
CreateBuildDirectory /Users/admin/builder/spi-builder-workspace/.derivedData/ModuleCache.noindex
cd /Users/admin/builder/spi-builder-workspace/.swiftpm/xcode
builtin-create-build-directory /Users/admin/builder/spi-builder-workspace/.derivedData/ModuleCache.noindex
CreateBuildDirectory /Users/admin/builder/spi-builder-workspace/.derivedData/CompilationCache.noindex
cd /Users/admin/builder/spi-builder-workspace/.swiftpm/xcode
builtin-create-build-directory /Users/admin/builder/spi-builder-workspace/.derivedData/CompilationCache.noindex
CreateBuildDirectory /Users/admin/builder/spi-builder-workspace/.derivedData/Build/Intermediates.noindex
cd /Users/admin/builder/spi-builder-workspace/.swiftpm/xcode
builtin-create-build-directory /Users/admin/builder/spi-builder-workspace/.derivedData/Build/Intermediates.noindex
CreateBuildDirectory /Users/admin/builder/spi-builder-workspace/.derivedData/Build/Products
cd /Users/admin/builder/spi-builder-workspace/.swiftpm/xcode
builtin-create-build-directory /Users/admin/builder/spi-builder-workspace/.derivedData/Build/Products
ClangStatCache /Applications/Xcode-27.0.0-Release.Candidate.app/Contents/Developer/Toolchains/XcodeDefault.xctoolchain/usr/bin/clang-stat-cache /Applications/Xcode-27.0.0-Release.Candidate.app/Contents/Developer/Platforms/WatchOS.platform/Developer/SDKs/WatchOS27.0.sdk /Users/admin/builder/spi-builder-workspace/.derivedData/SDKStatCaches.noindex/watchos27.0-24R360-e829b21a6f8c9b70876ba0858053c04477534ef55a1706bf4c1112bbb242f0a2.sdkstatcache
cd /Users/admin/builder/spi-builder-workspace/.swiftpm/xcode
/Applications/Xcode-27.0.0-Release.Candidate.app/Contents/Developer/Toolchains/XcodeDefault.xctoolchain/usr/bin/clang-stat-cache /Applications/Xcode-27.0.0-Release.Candidate.app/Contents/Developer/Platforms/WatchOS.platform/Developer/SDKs/WatchOS27.0.sdk -o /Users/admin/builder/spi-builder-workspace/.derivedData/SDKStatCaches.noindex/watchos27.0-24R360-e829b21a6f8c9b70876ba0858053c04477534ef55a1706bf4c1112bbb242f0a2.sdkstatcache
CreateBuildDirectory /Users/admin/builder/spi-builder-workspace/.derivedData/Build/Intermediates.noindex/SwiftExplicitPrecompiledModules
cd /Users/admin/builder/spi-builder-workspace/.swiftpm/xcode
builtin-create-build-directory /Users/admin/builder/spi-builder-workspace/.derivedData/Build/Intermediates.noindex/SwiftExplicitPrecompiledModules
CreateBuildDirectory /Users/admin/builder/spi-builder-workspace/.derivedData/Build/Intermediates.noindex/PrecompiledHeaders
cd /Users/admin/builder/spi-builder-workspace/.swiftpm/xcode
builtin-create-build-directory /Users/admin/builder/spi-builder-workspace/.derivedData/Build/Intermediates.noindex/PrecompiledHeaders
CreateBuildDirectory /Users/admin/builder/spi-builder-workspace/.derivedData/Build/Intermediates.noindex/ExplicitPrecompiledModules
cd /Users/admin/builder/spi-builder-workspace/.swiftpm/xcode
builtin-create-build-directory /Users/admin/builder/spi-builder-workspace/.derivedData/Build/Intermediates.noindex/ExplicitPrecompiledModules
CreateBuildDirectory /Users/admin/builder/spi-builder-workspace/.derivedData/Build/Products/Debug-watchos
cd /Users/admin/builder/spi-builder-workspace/.swiftpm/xcode
builtin-create-build-directory /Users/admin/builder/spi-builder-workspace/.derivedData/Build/Products/Debug-watchos
CreateBuildDirectory /Users/admin/builder/spi-builder-workspace/.derivedData/Build/Intermediates.noindex/EagerLinkingTBDs/Debug-watchos
cd /Users/admin/builder/spi-builder-workspace/.swiftpm/xcode
builtin-create-build-directory /Users/admin/builder/spi-builder-workspace/.derivedData/Build/Intermediates.noindex/EagerLinkingTBDs/Debug-watchos
CreateBuildDirectory /Users/admin/builder/spi-builder-workspace/.derivedData/Build/Products/Debug-watchos/PackageFrameworks
cd /Users/admin/builder/spi-builder-workspace/.swiftpm/xcode
builtin-create-build-directory /Users/admin/builder/spi-builder-workspace/.derivedData/Build/Products/Debug-watchos/PackageFrameworks
WriteAuxiliaryFile /Users/admin/builder/spi-builder-workspace/.derivedData/Build/Intermediates.noindex/SwiftUIViewInspector.build/Debug-watchos/SwiftUIViewInspector-t.build/SwiftUIViewInspector.modulemap (in target 'SwiftUIViewInspector' from project 'SwiftUIViewInspector')
cd /Users/admin/builder/spi-builder-workspace
write-file /Users/admin/builder/spi-builder-workspace/.derivedData/Build/Intermediates.noindex/SwiftUIViewInspector.build/Debug-watchos/SwiftUIViewInspector-t.build/SwiftUIViewInspector.modulemap
WriteAuxiliaryFile /Users/admin/builder/spi-builder-workspace/.derivedData/Build/Intermediates.noindex/SwiftUIViewInspector.build/Debug-watchos/SwiftUIViewInspector-t.build/SwiftUIViewInspector.DependencyStaticMetadataFileList (in target 'SwiftUIViewInspector' from project 'SwiftUIViewInspector')
cd /Users/admin/builder/spi-builder-workspace
write-file /Users/admin/builder/spi-builder-workspace/.derivedData/Build/Intermediates.noindex/SwiftUIViewInspector.build/Debug-watchos/SwiftUIViewInspector-t.build/SwiftUIViewInspector.DependencyStaticMetadataFileList
WriteAuxiliaryFile /Users/admin/builder/spi-builder-workspace/.derivedData/Build/Intermediates.noindex/SwiftUIViewInspector.build/Debug-watchos/SwiftUIViewInspector-t.build/SwiftUIViewInspector.DependencyMetadataFileList (in target 'SwiftUIViewInspector' from project 'SwiftUIViewInspector')
cd /Users/admin/builder/spi-builder-workspace
write-file /Users/admin/builder/spi-builder-workspace/.derivedData/Build/Intermediates.noindex/SwiftUIViewInspector.build/Debug-watchos/SwiftUIViewInspector-t.build/SwiftUIViewInspector.DependencyMetadataFileList
WriteAuxiliaryFile /Users/admin/builder/spi-builder-workspace/.derivedData/Build/Intermediates.noindex/SwiftUIViewInspector.build/Debug-watchos/SwiftUIViewInspector-t.build/Objects-normal/arm64_32/SwiftUIViewInspector.SwiftFileList (in target 'SwiftUIViewInspector' from project 'SwiftUIViewInspector')
cd /Users/admin/builder/spi-builder-workspace
write-file /Users/admin/builder/spi-builder-workspace/.derivedData/Build/Intermediates.noindex/SwiftUIViewInspector.build/Debug-watchos/SwiftUIViewInspector-t.build/Objects-normal/arm64_32/SwiftUIViewInspector.SwiftFileList
WriteAuxiliaryFile /Users/admin/builder/spi-builder-workspace/.derivedData/Build/Intermediates.noindex/SwiftUIViewInspector.build/Debug-watchos/SwiftUIViewInspector-t.build/Objects-normal/arm64_32/SwiftUIViewInspector.SwiftConstValuesFileList (in target 'SwiftUIViewInspector' from project 'SwiftUIViewInspector')
cd /Users/admin/builder/spi-builder-workspace
write-file /Users/admin/builder/spi-builder-workspace/.derivedData/Build/Intermediates.noindex/SwiftUIViewInspector.build/Debug-watchos/SwiftUIViewInspector-t.build/Objects-normal/arm64_32/SwiftUIViewInspector.SwiftConstValuesFileList
WriteAuxiliaryFile /Users/admin/builder/spi-builder-workspace/.derivedData/Build/Intermediates.noindex/SwiftUIViewInspector.build/Debug-watchos/SwiftUIViewInspector-t.build/Objects-normal/arm64_32/SwiftUIViewInspector.LinkFileList (in target 'SwiftUIViewInspector' from project 'SwiftUIViewInspector')
cd /Users/admin/builder/spi-builder-workspace
write-file /Users/admin/builder/spi-builder-workspace/.derivedData/Build/Intermediates.noindex/SwiftUIViewInspector.build/Debug-watchos/SwiftUIViewInspector-t.build/Objects-normal/arm64_32/SwiftUIViewInspector.LinkFileList
WriteAuxiliaryFile /Users/admin/builder/spi-builder-workspace/.derivedData/Build/Intermediates.noindex/SwiftUIViewInspector.build/Debug-watchos/SwiftUIViewInspector-t.build/Objects-normal/arm64_32/SwiftUIViewInspector-OutputFileMap.json (in target 'SwiftUIViewInspector' from project 'SwiftUIViewInspector')
cd /Users/admin/builder/spi-builder-workspace
write-file /Users/admin/builder/spi-builder-workspace/.derivedData/Build/Intermediates.noindex/SwiftUIViewInspector.build/Debug-watchos/SwiftUIViewInspector-t.build/Objects-normal/arm64_32/SwiftUIViewInspector-OutputFileMap.json
WriteAuxiliaryFile /Users/admin/builder/spi-builder-workspace/.derivedData/Build/Intermediates.noindex/SwiftUIViewInspector.build/Debug-watchos/SwiftUIViewInspector-t.build/Objects-normal/arm64_32/SwiftUIViewInspector_const_extract_protocols.json (in target 'SwiftUIViewInspector' from project 'SwiftUIViewInspector')
cd /Users/admin/builder/spi-builder-workspace
write-file /Users/admin/builder/spi-builder-workspace/.derivedData/Build/Intermediates.noindex/SwiftUIViewInspector.build/Debug-watchos/SwiftUIViewInspector-t.build/Objects-normal/arm64_32/SwiftUIViewInspector_const_extract_protocols.json
WriteAuxiliaryFile /Users/admin/builder/spi-builder-workspace/.derivedData/Build/Intermediates.noindex/SwiftUIViewInspector.build/Debug-watchos/SwiftUIViewInspector-t.build/Objects-normal/arm64/SwiftUIViewInspector_const_extract_protocols.json (in target 'SwiftUIViewInspector' from project 'SwiftUIViewInspector')
cd /Users/admin/builder/spi-builder-workspace
write-file /Users/admin/builder/spi-builder-workspace/.derivedData/Build/Intermediates.noindex/SwiftUIViewInspector.build/Debug-watchos/SwiftUIViewInspector-t.build/Objects-normal/arm64/SwiftUIViewInspector_const_extract_protocols.json
WriteAuxiliaryFile /Users/admin/builder/spi-builder-workspace/.derivedData/Build/Intermediates.noindex/SwiftUIViewInspector.build/Debug-watchos/SwiftUIViewInspector-t.build/Objects-normal/arm64/SwiftUIViewInspector.SwiftFileList (in target 'SwiftUIViewInspector' from project 'SwiftUIViewInspector')
cd /Users/admin/builder/spi-builder-workspace
write-file /Users/admin/builder/spi-builder-workspace/.derivedData/Build/Intermediates.noindex/SwiftUIViewInspector.build/Debug-watchos/SwiftUIViewInspector-t.build/Objects-normal/arm64/SwiftUIViewInspector.SwiftFileList
WriteAuxiliaryFile /Users/admin/builder/spi-builder-workspace/.derivedData/Build/Intermediates.noindex/SwiftUIViewInspector.build/Debug-watchos/SwiftUIViewInspector-t.build/Objects-normal/arm64/SwiftUIViewInspector.SwiftConstValuesFileList (in target 'SwiftUIViewInspector' from project 'SwiftUIViewInspector')
cd /Users/admin/builder/spi-builder-workspace
write-file /Users/admin/builder/spi-builder-workspace/.derivedData/Build/Intermediates.noindex/SwiftUIViewInspector.build/Debug-watchos/SwiftUIViewInspector-t.build/Objects-normal/arm64/SwiftUIViewInspector.SwiftConstValuesFileList
WriteAuxiliaryFile /Users/admin/builder/spi-builder-workspace/.derivedData/Build/Intermediates.noindex/SwiftUIViewInspector.build/Debug-watchos/SwiftUIViewInspector-t.build/Objects-normal/arm64/SwiftUIViewInspector.LinkFileList (in target 'SwiftUIViewInspector' from project 'SwiftUIViewInspector')
cd /Users/admin/builder/spi-builder-workspace
write-file /Users/admin/builder/spi-builder-workspace/.derivedData/Build/Intermediates.noindex/SwiftUIViewInspector.build/Debug-watchos/SwiftUIViewInspector-t.build/Objects-normal/arm64/SwiftUIViewInspector.LinkFileList
WriteAuxiliaryFile /Users/admin/builder/spi-builder-workspace/.derivedData/Build/Intermediates.noindex/SwiftUIViewInspector.build/Debug-watchos/SwiftUIViewInspector-t.build/Objects-normal/arm64/SwiftUIViewInspector-OutputFileMap.json (in target 'SwiftUIViewInspector' from project 'SwiftUIViewInspector')
cd /Users/admin/builder/spi-builder-workspace
write-file /Users/admin/builder/spi-builder-workspace/.derivedData/Build/Intermediates.noindex/SwiftUIViewInspector.build/Debug-watchos/SwiftUIViewInspector-t.build/Objects-normal/arm64/SwiftUIViewInspector-OutputFileMap.json
Copy /Users/admin/builder/spi-builder-workspace/.derivedData/Build/Intermediates.noindex/GeneratedModuleMaps-watchos/SwiftUIViewInspector.modulemap /Users/admin/builder/spi-builder-workspace/.derivedData/Build/Intermediates.noindex/SwiftUIViewInspector.build/Debug-watchos/SwiftUIViewInspector-t.build/SwiftUIViewInspector.modulemap (in target 'SwiftUIViewInspector' from project 'SwiftUIViewInspector')
cd /Users/admin/builder/spi-builder-workspace
builtin-copy -exclude .DS_Store -exclude CVS -exclude .svn -exclude .git -exclude .hg -resolve-src-symlinks /Users/admin/builder/spi-builder-workspace/.derivedData/Build/Intermediates.noindex/SwiftUIViewInspector.build/Debug-watchos/SwiftUIViewInspector-t.build/SwiftUIViewInspector.modulemap /Users/admin/builder/spi-builder-workspace/.derivedData/Build/Intermediates.noindex/GeneratedModuleMaps-watchos
SwiftDriver SwiftUIViewInspector normal arm64 com.apple.xcode.tools.swift.compiler (in target 'SwiftUIViewInspector' from project 'SwiftUIViewInspector')
cd /Users/admin/builder/spi-builder-workspace/.swiftpm/xcode
builtin-SwiftDriver -- /Applications/Xcode-27.0.0-Release.Candidate.app/Contents/Developer/Toolchains/XcodeDefault.xctoolchain/usr/bin/swiftc -parse-as-library -module-name SwiftUIViewInspector -Onone @/Users/admin/builder/spi-builder-workspace/.derivedData/Build/Intermediates.noindex/SwiftUIViewInspector.build/Debug-watchos/SwiftUIViewInspector-t.build/Objects-normal/arm64/SwiftUIViewInspector.SwiftFileList -DSWIFT_PACKAGE -DDEBUG -DSWIFT_MODULE_RESOURCE_BUNDLE_UNAVAILABLE -DXcode -plugin-path /Applications/Xcode-27.0.0-Release.Candidate.app/Contents/Developer/Toolchains/XcodeDefault.xctoolchain/usr/lib/swift/host/plugins/testing -enable-experimental-feature DebugDescriptionMacro -sdk /Applications/Xcode-27.0.0-Release.Candidate.app/Contents/Developer/Platforms/WatchOS.platform/Developer/SDKs/WatchOS27.0.sdk -target arm64-apple-watchos9.0 -g -module-cache-path /Users/admin/builder/spi-builder-workspace/.derivedData/ModuleCache.noindex -Xfrontend -serialize-debugging-options -enable-testing -index-store-path /Users/admin/builder/spi-builder-workspace/.derivedData/Index.noindex/DataStore -Xcc -D_LIBCPP_HARDENING_MODE\=_LIBCPP_HARDENING_MODE_DEBUG -swift-version 5 -I /Users/admin/builder/spi-builder-workspace/.derivedData/Build/Products/Debug-watchos -Isystem /Applications/Xcode-27.0.0-Release.Candidate.app/Contents/Developer/Platforms/WatchOS.platform/Developer/usr/lib -F /Users/admin/builder/spi-builder-workspace/.derivedData/Build/Products/Debug-watchos -F /Applications/Xcode-27.0.0-Release.Candidate.app/Contents/Developer/Platforms/WatchOS.platform/Developer/Library/Frameworks -F /Applications/Xcode-27.0.0-Release.Candidate.app/Contents/Developer/Platforms/WatchOS.platform/Developer/SDKs/WatchOS27.0.sdk/Developer/Library/Frameworks -c -j10 -enable-batch-mode -incremental -Xcc -ivfsstatcache -Xcc /Users/admin/builder/spi-builder-workspace/.derivedData/SDKStatCaches.noindex/watchos27.0-24R360-e829b21a6f8c9b70876ba0858053c04477534ef55a1706bf4c1112bbb242f0a2.sdkstatcache -output-file-map /Users/admin/builder/spi-builder-workspace/.derivedData/Build/Intermediates.noindex/SwiftUIViewInspector.build/Debug-watchos/SwiftUIViewInspector-t.build/Objects-normal/arm64/SwiftUIViewInspector-OutputFileMap.json -save-temps -no-color-diagnostics -explicit-module-build -module-cache-path /Users/admin/builder/spi-builder-workspace/.derivedData/Build/Intermediates.noindex/SwiftExplicitPrecompiledModules -clang-scanner-module-cache-path /Users/admin/builder/spi-builder-workspace/.derivedData/ModuleCache.noindex -sdk-module-cache-path /Users/admin/builder/spi-builder-workspace/.derivedData/SDKExplicitPrecompiledModules -emit-dependencies -emit-module -emit-module-path /Users/admin/builder/spi-builder-workspace/.derivedData/Build/Intermediates.noindex/SwiftUIViewInspector.build/Debug-watchos/SwiftUIViewInspector-t.build/Objects-normal/arm64/SwiftUIViewInspector.swiftmodule -serialize-diagnostics -dependency-scan-serialize-diagnostics-path /Users/admin/builder/spi-builder-workspace/.derivedData/Build/Intermediates.noindex/SwiftUIViewInspector.build/Debug-watchos/SwiftUIViewInspector-t.build/Objects-normal/arm64/SwiftUIViewInspector-dependency-scan.dia -validate-clang-modules-once -clang-build-session-file /Users/admin/builder/spi-builder-workspace/.derivedData/ModuleCache.noindex/Session.modulevalidation -Xcc -fmodules-prune-interval\=86400 -Xcc -fmodules-prune-after\=345600 -emit-const-values -const-gather-protocols-list /Users/admin/builder/spi-builder-workspace/.derivedData/Build/Intermediates.noindex/SwiftUIViewInspector.build/Debug-watchos/SwiftUIViewInspector-t.build/Objects-normal/arm64/SwiftUIViewInspector_const_extract_protocols.json -Xcc -I/Users/admin/builder/spi-builder-workspace/.derivedData/Build/Products/Debug-watchos/include -Xcc -I/Users/admin/builder/spi-builder-workspace/.derivedData/Build/Intermediates.noindex/SwiftUIViewInspector.build/Debug-watchos/SwiftUIViewInspector-t.build/DerivedSources-normal/arm64 -Xcc -I/Users/admin/builder/spi-builder-workspace/.derivedData/Build/Intermediates.noindex/SwiftUIViewInspector.build/Debug-watchos/SwiftUIViewInspector-t.build/DerivedSources/arm64 -Xcc -I/Users/admin/builder/spi-builder-workspace/.derivedData/Build/Intermediates.noindex/SwiftUIViewInspector.build/Debug-watchos/SwiftUIViewInspector-t.build/DerivedSources -Xcc -DSWIFT_PACKAGE -Xcc -DDEBUG\=1 -emit-objc-header -emit-objc-header-path /Users/admin/builder/spi-builder-workspace/.derivedData/Build/Intermediates.noindex/SwiftUIViewInspector.build/Debug-watchos/SwiftUIViewInspector-t.build/Objects-normal/arm64/SwiftUIViewInspector-Swift.h -working-directory /Users/admin/builder/spi-builder-workspace/.swiftpm/xcode -experimental-emit-module-separately -disable-cmo
/Users/admin/builder/spi-builder-workspace/Sources/SwiftUIViewInspector/TouchTransparentView.swift:28:18: warning: Input handling on macOS not implemented yet (in target 'SwiftUIViewInspector' from project 'SwiftUIViewInspector')
/Users/admin/builder/spi-builder-workspace/Sources/SwiftUIViewInspector/TouchTransparentView.swift:12:8: error: Unable to resolve module dependency: 'AppKit' (in target 'SwiftUIViewInspector' from project 'SwiftUIViewInspector')
note: A dependency of main module 'SwiftUIViewInspector'
/Users/admin/builder/spi-builder-workspace/Sources/SwiftUIViewInspector/TouchTransparentView.swift:12:8: note: A dependency of main module 'SwiftUIViewInspector'
import AppKit
^ (in target 'SwiftUIViewInspector' from project 'SwiftUIViewInspector')
SwiftDriver SwiftUIViewInspector normal arm64_32 com.apple.xcode.tools.swift.compiler (in target 'SwiftUIViewInspector' from project 'SwiftUIViewInspector')
cd /Users/admin/builder/spi-builder-workspace/.swiftpm/xcode
builtin-SwiftDriver -- /Applications/Xcode-27.0.0-Release.Candidate.app/Contents/Developer/Toolchains/XcodeDefault.xctoolchain/usr/bin/swiftc -parse-as-library -module-name SwiftUIViewInspector -Onone @/Users/admin/builder/spi-builder-workspace/.derivedData/Build/Intermediates.noindex/SwiftUIViewInspector.build/Debug-watchos/SwiftUIViewInspector-t.build/Objects-normal/arm64_32/SwiftUIViewInspector.SwiftFileList -DSWIFT_PACKAGE -DDEBUG -DSWIFT_MODULE_RESOURCE_BUNDLE_UNAVAILABLE -DXcode -plugin-path /Applications/Xcode-27.0.0-Release.Candidate.app/Contents/Developer/Toolchains/XcodeDefault.xctoolchain/usr/lib/swift/host/plugins/testing -enable-experimental-feature DebugDescriptionMacro -sdk /Applications/Xcode-27.0.0-Release.Candidate.app/Contents/Developer/Platforms/WatchOS.platform/Developer/SDKs/WatchOS27.0.sdk -target arm64_32-apple-watchos9.0 -g -module-cache-path /Users/admin/builder/spi-builder-workspace/.derivedData/ModuleCache.noindex -Xfrontend -serialize-debugging-options -enable-testing -index-store-path /Users/admin/builder/spi-builder-workspace/.derivedData/Index.noindex/DataStore -Xcc -D_LIBCPP_HARDENING_MODE\=_LIBCPP_HARDENING_MODE_DEBUG -swift-version 5 -I /Users/admin/builder/spi-builder-workspace/.derivedData/Build/Products/Debug-watchos -Isystem /Applications/Xcode-27.0.0-Release.Candidate.app/Contents/Developer/Platforms/WatchOS.platform/Developer/usr/lib -F /Users/admin/builder/spi-builder-workspace/.derivedData/Build/Products/Debug-watchos -F /Applications/Xcode-27.0.0-Release.Candidate.app/Contents/Developer/Platforms/WatchOS.platform/Developer/Library/Frameworks -F /Applications/Xcode-27.0.0-Release.Candidate.app/Contents/Developer/Platforms/WatchOS.platform/Developer/SDKs/WatchOS27.0.sdk/Developer/Library/Frameworks -c -j10 -enable-batch-mode -incremental -Xcc -ivfsstatcache -Xcc /Users/admin/builder/spi-builder-workspace/.derivedData/SDKStatCaches.noindex/watchos27.0-24R360-e829b21a6f8c9b70876ba0858053c04477534ef55a1706bf4c1112bbb242f0a2.sdkstatcache -output-file-map /Users/admin/builder/spi-builder-workspace/.derivedData/Build/Intermediates.noindex/SwiftUIViewInspector.build/Debug-watchos/SwiftUIViewInspector-t.build/Objects-normal/arm64_32/SwiftUIViewInspector-OutputFileMap.json -save-temps -no-color-diagnostics -explicit-module-build -module-cache-path /Users/admin/builder/spi-builder-workspace/.derivedData/Build/Intermediates.noindex/SwiftExplicitPrecompiledModules -clang-scanner-module-cache-path /Users/admin/builder/spi-builder-workspace/.derivedData/ModuleCache.noindex -sdk-module-cache-path /Users/admin/builder/spi-builder-workspace/.derivedData/SDKExplicitPrecompiledModules -emit-dependencies -emit-module -emit-module-path /Users/admin/builder/spi-builder-workspace/.derivedData/Build/Intermediates.noindex/SwiftUIViewInspector.build/Debug-watchos/SwiftUIViewInspector-t.build/Objects-normal/arm64_32/SwiftUIViewInspector.swiftmodule -serialize-diagnostics -dependency-scan-serialize-diagnostics-path /Users/admin/builder/spi-builder-workspace/.derivedData/Build/Intermediates.noindex/SwiftUIViewInspector.build/Debug-watchos/SwiftUIViewInspector-t.build/Objects-normal/arm64_32/SwiftUIViewInspector-dependency-scan.dia -validate-clang-modules-once -clang-build-session-file /Users/admin/builder/spi-builder-workspace/.derivedData/ModuleCache.noindex/Session.modulevalidation -Xcc -fmodules-prune-interval\=86400 -Xcc -fmodules-prune-after\=345600 -emit-const-values -const-gather-protocols-list /Users/admin/builder/spi-builder-workspace/.derivedData/Build/Intermediates.noindex/SwiftUIViewInspector.build/Debug-watchos/SwiftUIViewInspector-t.build/Objects-normal/arm64_32/SwiftUIViewInspector_const_extract_protocols.json -Xcc -I/Users/admin/builder/spi-builder-workspace/.derivedData/Build/Products/Debug-watchos/include -Xcc -I/Users/admin/builder/spi-builder-workspace/.derivedData/Build/Intermediates.noindex/SwiftUIViewInspector.build/Debug-watchos/SwiftUIViewInspector-t.build/DerivedSources-normal/arm64_32 -Xcc -I/Users/admin/builder/spi-builder-workspace/.derivedData/Build/Intermediates.noindex/SwiftUIViewInspector.build/Debug-watchos/SwiftUIViewInspector-t.build/DerivedSources/arm64_32 -Xcc -I/Users/admin/builder/spi-builder-workspace/.derivedData/Build/Intermediates.noindex/SwiftUIViewInspector.build/Debug-watchos/SwiftUIViewInspector-t.build/DerivedSources -Xcc -DSWIFT_PACKAGE -Xcc -DDEBUG\=1 -emit-objc-header -emit-objc-header-path /Users/admin/builder/spi-builder-workspace/.derivedData/Build/Intermediates.noindex/SwiftUIViewInspector.build/Debug-watchos/SwiftUIViewInspector-t.build/Objects-normal/arm64_32/SwiftUIViewInspector-Swift.h -working-directory /Users/admin/builder/spi-builder-workspace/.swiftpm/xcode -experimental-emit-module-separately -disable-cmo
/Users/admin/builder/spi-builder-workspace/Sources/SwiftUIViewInspector/TouchTransparentView.swift:28:18: warning: Input handling on macOS not implemented yet (in target 'SwiftUIViewInspector' from project 'SwiftUIViewInspector')
/Users/admin/builder/spi-builder-workspace/Sources/SwiftUIViewInspector/TouchTransparentView.swift:12:8: error: Unable to resolve module dependency: 'AppKit' (in target 'SwiftUIViewInspector' from project 'SwiftUIViewInspector')
note: A dependency of main module 'SwiftUIViewInspector'
/Users/admin/builder/spi-builder-workspace/Sources/SwiftUIViewInspector/TouchTransparentView.swift:12:8: note: A dependency of main module 'SwiftUIViewInspector'
import AppKit
^ (in target 'SwiftUIViewInspector' from project 'SwiftUIViewInspector')
PruneExplicitPrecompiledModules /Users/admin/builder/spi-builder-workspace/.derivedData/Build/Intermediates.noindex/ExplicitPrecompiledModules
PruneExplicitPrecompiledModules /Users/admin/builder/spi-builder-workspace/.derivedData/Build/Intermediates.noindex/SwiftExplicitPrecompiledModules
PruneExplicitPrecompiledModules /Users/admin/builder/spi-builder-workspace/.derivedData/SDKExplicitPrecompiledModules
2026-09-18 20:41:13.777 xcodebuild[623:3915] [MT] IDERunDestination: Supported platforms for the buildables in the current scheme is empty.
** BUILD FAILED **
The following build commands failed:
SwiftDriver SwiftUIViewInspector normal arm64 com.apple.xcode.tools.swift.compiler (in target 'SwiftUIViewInspector' from project 'SwiftUIViewInspector')
SwiftDriver SwiftUIViewInspector normal arm64_32 com.apple.xcode.tools.swift.compiler (in target 'SwiftUIViewInspector' from project 'SwiftUIViewInspector')
Building workspace SwiftUIViewInspector with scheme SwiftUIViewInspector
(3 failures)
Command line invocation:
/Applications/Xcode-27.0.0-Release.Candidate.app/Contents/Developer/usr/bin/xcodebuild -IDEClonedSourcePackagesDirPathOverride=/Users/admin/builder/spi-builder-workspace/.dependencies -resolvePackageDependencies
Resolve Package Graph
Resolved source packages:
SwiftUIViewInspector: /Users/admin/builder/spi-builder-workspace
resolved source packages: SwiftUIViewInspector
2026-09-18 20:41:17.275 xcodebuild[638:4173] [MT] IDERunDestination: Supported platforms for the buildables in the current scheme is empty.
{
"dependencies" : [
],
"manifest_display_name" : "SwiftUIViewInspector",
"name" : "SwiftUIViewInspector",
"path" : "/Users/admin/builder/spi-builder-workspace",
"platforms" : [
{
"name" : "ios",
"version" : "13.0"
}
],
"products" : [
{
"name" : "SwiftUIViewInspector",
"targets" : [
"SwiftUIViewInspector"
],
"type" : {
"library" : [
"automatic"
]
}
}
],
"targets" : [
{
"c99name" : "SwiftUIViewInspector",
"module_type" : "SwiftTarget",
"name" : "SwiftUIViewInspector",
"path" : "Sources",
"product_memberships" : [
"SwiftUIViewInspector"
],
"sources" : [
"SwiftUIViewInspector/Inspectable.swift",
"SwiftUIViewInspector/InspectionView.swift",
"SwiftUIViewInspector/InspectionViewCoordinator.swift",
"SwiftUIViewInspector/TouchTransparentView.swift"
],
"type" : "library"
}
],
"tools_version" : "5.7"
}
{
"workspace" : {
"name" : "SwiftUIViewInspector",
"schemes" : [
"SwiftUIViewInspector"
]
}
}
2026-09-18 20:41:18.508 xcodebuild[646:4232] [MT] IDERunDestination: Supported platforms for the buildables in the current scheme is empty.
Running build ...
env DEVELOPER_DIR=/Applications/Xcode-27.0.0-Release.Candidate.app xcrun xcodebuild -IDEClonedSourcePackagesDirPathOverride=$PWD/.dependencies -skipMacroValidation -skipPackagePluginValidation -derivedDataPath $PWD/.derivedData build -scheme SwiftUIViewInspector -destination generic/platform=watchOS
Command line invocation:
/Applications/Xcode-27.0.0-Release.Candidate.app/Contents/Developer/usr/bin/xcodebuild -IDEClonedSourcePackagesDirPathOverride=/Users/admin/builder/spi-builder-workspace/.dependencies -skipMacroValidation -skipPackagePluginValidation -derivedDataPath /Users/admin/builder/spi-builder-workspace/.derivedData build -scheme SwiftUIViewInspector -destination generic/platform=watchOS
Resolve Package Graph
Resolved source packages:
SwiftUIViewInspector: /Users/admin/builder/spi-builder-workspace
ComputePackagePrebuildTargetDependencyGraph
Prepare packages
CreateBuildRequest
SendProjectDescription
CreateBuildOperation
ComputeTargetDependencyGraph
note: Building targets in dependency order
note: Target dependency graph (2 targets)
Target 'SwiftUIViewInspector-product' in project 'SwiftUIViewInspector'
➜ Explicit dependency on target 'SwiftUIViewInspector' in project 'SwiftUIViewInspector'
Target 'SwiftUIViewInspector' in project 'SwiftUIViewInspector' (no dependencies)
GatherProvisioningInputs
CreateBuildDescription
ClangStatCache /Applications/Xcode-27.0.0-Release.Candidate.app/Contents/Developer/Toolchains/XcodeDefault.xctoolchain/usr/bin/clang-stat-cache /Applications/Xcode-27.0.0-Release.Candidate.app/Contents/Developer/Platforms/WatchOS.platform/Developer/SDKs/WatchOS27.0.sdk /Users/admin/builder/spi-builder-workspace/.derivedData/SDKStatCaches.noindex/watchos27.0-24R360-e829b21a6f8c9b70876ba0858053c04477534ef55a1706bf4c1112bbb242f0a2.sdkstatcache
cd /Users/admin/builder/spi-builder-workspace/.swiftpm/xcode
/Applications/Xcode-27.0.0-Release.Candidate.app/Contents/Developer/Toolchains/XcodeDefault.xctoolchain/usr/bin/clang-stat-cache /Applications/Xcode-27.0.0-Release.Candidate.app/Contents/Developer/Platforms/WatchOS.platform/Developer/SDKs/WatchOS27.0.sdk -o /Users/admin/builder/spi-builder-workspace/.derivedData/SDKStatCaches.noindex/watchos27.0-24R360-e829b21a6f8c9b70876ba0858053c04477534ef55a1706bf4c1112bbb242f0a2.sdkstatcache
SwiftDriver SwiftUIViewInspector normal arm64_32 com.apple.xcode.tools.swift.compiler (in target 'SwiftUIViewInspector' from project 'SwiftUIViewInspector')
cd /Users/admin/builder/spi-builder-workspace/.swiftpm/xcode
builtin-SwiftDriver -- /Applications/Xcode-27.0.0-Release.Candidate.app/Contents/Developer/Toolchains/XcodeDefault.xctoolchain/usr/bin/swiftc -parse-as-library -module-name SwiftUIViewInspector -Onone @/Users/admin/builder/spi-builder-workspace/.derivedData/Build/Intermediates.noindex/SwiftUIViewInspector.build/Debug-watchos/SwiftUIViewInspector-t.build/Objects-normal/arm64_32/SwiftUIViewInspector.SwiftFileList -DSWIFT_PACKAGE -DDEBUG -DSWIFT_MODULE_RESOURCE_BUNDLE_UNAVAILABLE -DXcode -plugin-path /Applications/Xcode-27.0.0-Release.Candidate.app/Contents/Developer/Toolchains/XcodeDefault.xctoolchain/usr/lib/swift/host/plugins/testing -enable-experimental-feature DebugDescriptionMacro -sdk /Applications/Xcode-27.0.0-Release.Candidate.app/Contents/Developer/Platforms/WatchOS.platform/Developer/SDKs/WatchOS27.0.sdk -target arm64_32-apple-watchos9.0 -g -module-cache-path /Users/admin/builder/spi-builder-workspace/.derivedData/ModuleCache.noindex -Xfrontend -serialize-debugging-options -enable-testing -index-store-path /Users/admin/builder/spi-builder-workspace/.derivedData/Index.noindex/DataStore -Xcc -D_LIBCPP_HARDENING_MODE\=_LIBCPP_HARDENING_MODE_DEBUG -swift-version 5 -I /Users/admin/builder/spi-builder-workspace/.derivedData/Build/Products/Debug-watchos -Isystem /Applications/Xcode-27.0.0-Release.Candidate.app/Contents/Developer/Platforms/WatchOS.platform/Developer/usr/lib -F /Users/admin/builder/spi-builder-workspace/.derivedData/Build/Products/Debug-watchos -F /Applications/Xcode-27.0.0-Release.Candidate.app/Contents/Developer/Platforms/WatchOS.platform/Developer/Library/Frameworks -F /Applications/Xcode-27.0.0-Release.Candidate.app/Contents/Developer/Platforms/WatchOS.platform/Developer/SDKs/WatchOS27.0.sdk/Developer/Library/Frameworks -c -j10 -enable-batch-mode -incremental -Xcc -ivfsstatcache -Xcc /Users/admin/builder/spi-builder-workspace/.derivedData/SDKStatCaches.noindex/watchos27.0-24R360-e829b21a6f8c9b70876ba0858053c04477534ef55a1706bf4c1112bbb242f0a2.sdkstatcache -output-file-map /Users/admin/builder/spi-builder-workspace/.derivedData/Build/Intermediates.noindex/SwiftUIViewInspector.build/Debug-watchos/SwiftUIViewInspector-t.build/Objects-normal/arm64_32/SwiftUIViewInspector-OutputFileMap.json -save-temps -no-color-diagnostics -explicit-module-build -module-cache-path /Users/admin/builder/spi-builder-workspace/.derivedData/Build/Intermediates.noindex/SwiftExplicitPrecompiledModules -clang-scanner-module-cache-path /Users/admin/builder/spi-builder-workspace/.derivedData/ModuleCache.noindex -sdk-module-cache-path /Users/admin/builder/spi-builder-workspace/.derivedData/SDKExplicitPrecompiledModules -emit-dependencies -emit-module -emit-module-path /Users/admin/builder/spi-builder-workspace/.derivedData/Build/Intermediates.noindex/SwiftUIViewInspector.build/Debug-watchos/SwiftUIViewInspector-t.build/Objects-normal/arm64_32/SwiftUIViewInspector.swiftmodule -serialize-diagnostics -dependency-scan-serialize-diagnostics-path /Users/admin/builder/spi-builder-workspace/.derivedData/Build/Intermediates.noindex/SwiftUIViewInspector.build/Debug-watchos/SwiftUIViewInspector-t.build/Objects-normal/arm64_32/SwiftUIViewInspector-dependency-scan.dia -validate-clang-modules-once -clang-build-session-file /Users/admin/builder/spi-builder-workspace/.derivedData/ModuleCache.noindex/Session.modulevalidation -Xcc -fmodules-prune-interval\=86400 -Xcc -fmodules-prune-after\=345600 -emit-const-values -const-gather-protocols-list /Users/admin/builder/spi-builder-workspace/.derivedData/Build/Intermediates.noindex/SwiftUIViewInspector.build/Debug-watchos/SwiftUIViewInspector-t.build/Objects-normal/arm64_32/SwiftUIViewInspector_const_extract_protocols.json -Xcc -I/Users/admin/builder/spi-builder-workspace/.derivedData/Build/Products/Debug-watchos/include -Xcc -I/Users/admin/builder/spi-builder-workspace/.derivedData/Build/Intermediates.noindex/SwiftUIViewInspector.build/Debug-watchos/SwiftUIViewInspector-t.build/DerivedSources-normal/arm64_32 -Xcc -I/Users/admin/builder/spi-builder-workspace/.derivedData/Build/Intermediates.noindex/SwiftUIViewInspector.build/Debug-watchos/SwiftUIViewInspector-t.build/DerivedSources/arm64_32 -Xcc -I/Users/admin/builder/spi-builder-workspace/.derivedData/Build/Intermediates.noindex/SwiftUIViewInspector.build/Debug-watchos/SwiftUIViewInspector-t.build/DerivedSources -Xcc -DSWIFT_PACKAGE -Xcc -DDEBUG\=1 -emit-objc-header -emit-objc-header-path /Users/admin/builder/spi-builder-workspace/.derivedData/Build/Intermediates.noindex/SwiftUIViewInspector.build/Debug-watchos/SwiftUIViewInspector-t.build/Objects-normal/arm64_32/SwiftUIViewInspector-Swift.h -working-directory /Users/admin/builder/spi-builder-workspace/.swiftpm/xcode -experimental-emit-module-separately -disable-cmo
/Users/admin/builder/spi-builder-workspace/Sources/SwiftUIViewInspector/TouchTransparentView.swift:28:18: warning: Input handling on macOS not implemented yet (in target 'SwiftUIViewInspector' from project 'SwiftUIViewInspector')
/Users/admin/builder/spi-builder-workspace/Sources/SwiftUIViewInspector/TouchTransparentView.swift:12:8: error: Unable to resolve module dependency: 'AppKit' (in target 'SwiftUIViewInspector' from project 'SwiftUIViewInspector')
note: A dependency of main module 'SwiftUIViewInspector'
/Users/admin/builder/spi-builder-workspace/Sources/SwiftUIViewInspector/TouchTransparentView.swift:12:8: note: A dependency of main module 'SwiftUIViewInspector'
import AppKit
^ (in target 'SwiftUIViewInspector' from project 'SwiftUIViewInspector')
SwiftDriver SwiftUIViewInspector normal arm64 com.apple.xcode.tools.swift.compiler (in target 'SwiftUIViewInspector' from project 'SwiftUIViewInspector')
cd /Users/admin/builder/spi-builder-workspace/.swiftpm/xcode
builtin-SwiftDriver -- /Applications/Xcode-27.0.0-Release.Candidate.app/Contents/Developer/Toolchains/XcodeDefault.xctoolchain/usr/bin/swiftc -parse-as-library -module-name SwiftUIViewInspector -Onone @/Users/admin/builder/spi-builder-workspace/.derivedData/Build/Intermediates.noindex/SwiftUIViewInspector.build/Debug-watchos/SwiftUIViewInspector-t.build/Objects-normal/arm64/SwiftUIViewInspector.SwiftFileList -DSWIFT_PACKAGE -DDEBUG -DSWIFT_MODULE_RESOURCE_BUNDLE_UNAVAILABLE -DXcode -plugin-path /Applications/Xcode-27.0.0-Release.Candidate.app/Contents/Developer/Toolchains/XcodeDefault.xctoolchain/usr/lib/swift/host/plugins/testing -enable-experimental-feature DebugDescriptionMacro -sdk /Applications/Xcode-27.0.0-Release.Candidate.app/Contents/Developer/Platforms/WatchOS.platform/Developer/SDKs/WatchOS27.0.sdk -target arm64-apple-watchos9.0 -g -module-cache-path /Users/admin/builder/spi-builder-workspace/.derivedData/ModuleCache.noindex -Xfrontend -serialize-debugging-options -enable-testing -index-store-path /Users/admin/builder/spi-builder-workspace/.derivedData/Index.noindex/DataStore -Xcc -D_LIBCPP_HARDENING_MODE\=_LIBCPP_HARDENING_MODE_DEBUG -swift-version 5 -I /Users/admin/builder/spi-builder-workspace/.derivedData/Build/Products/Debug-watchos -Isystem /Applications/Xcode-27.0.0-Release.Candidate.app/Contents/Developer/Platforms/WatchOS.platform/Developer/usr/lib -F /Users/admin/builder/spi-builder-workspace/.derivedData/Build/Products/Debug-watchos -F /Applications/Xcode-27.0.0-Release.Candidate.app/Contents/Developer/Platforms/WatchOS.platform/Developer/Library/Frameworks -F /Applications/Xcode-27.0.0-Release.Candidate.app/Contents/Developer/Platforms/WatchOS.platform/Developer/SDKs/WatchOS27.0.sdk/Developer/Library/Frameworks -c -j10 -enable-batch-mode -incremental -Xcc -ivfsstatcache -Xcc /Users/admin/builder/spi-builder-workspace/.derivedData/SDKStatCaches.noindex/watchos27.0-24R360-e829b21a6f8c9b70876ba0858053c04477534ef55a1706bf4c1112bbb242f0a2.sdkstatcache -output-file-map /Users/admin/builder/spi-builder-workspace/.derivedData/Build/Intermediates.noindex/SwiftUIViewInspector.build/Debug-watchos/SwiftUIViewInspector-t.build/Objects-normal/arm64/SwiftUIViewInspector-OutputFileMap.json -save-temps -no-color-diagnostics -explicit-module-build -module-cache-path /Users/admin/builder/spi-builder-workspace/.derivedData/Build/Intermediates.noindex/SwiftExplicitPrecompiledModules -clang-scanner-module-cache-path /Users/admin/builder/spi-builder-workspace/.derivedData/ModuleCache.noindex -sdk-module-cache-path /Users/admin/builder/spi-builder-workspace/.derivedData/SDKExplicitPrecompiledModules -emit-dependencies -emit-module -emit-module-path /Users/admin/builder/spi-builder-workspace/.derivedData/Build/Intermediates.noindex/SwiftUIViewInspector.build/Debug-watchos/SwiftUIViewInspector-t.build/Objects-normal/arm64/SwiftUIViewInspector.swiftmodule -serialize-diagnostics -dependency-scan-serialize-diagnostics-path /Users/admin/builder/spi-builder-workspace/.derivedData/Build/Intermediates.noindex/SwiftUIViewInspector.build/Debug-watchos/SwiftUIViewInspector-t.build/Objects-normal/arm64/SwiftUIViewInspector-dependency-scan.dia -validate-clang-modules-once -clang-build-session-file /Users/admin/builder/spi-builder-workspace/.derivedData/ModuleCache.noindex/Session.modulevalidation -Xcc -fmodules-prune-interval\=86400 -Xcc -fmodules-prune-after\=345600 -emit-const-values -const-gather-protocols-list /Users/admin/builder/spi-builder-workspace/.derivedData/Build/Intermediates.noindex/SwiftUIViewInspector.build/Debug-watchos/SwiftUIViewInspector-t.build/Objects-normal/arm64/SwiftUIViewInspector_const_extract_protocols.json -Xcc -I/Users/admin/builder/spi-builder-workspace/.derivedData/Build/Products/Debug-watchos/include -Xcc -I/Users/admin/builder/spi-builder-workspace/.derivedData/Build/Intermediates.noindex/SwiftUIViewInspector.build/Debug-watchos/SwiftUIViewInspector-t.build/DerivedSources-normal/arm64 -Xcc -I/Users/admin/builder/spi-builder-workspace/.derivedData/Build/Intermediates.noindex/SwiftUIViewInspector.build/Debug-watchos/SwiftUIViewInspector-t.build/DerivedSources/arm64 -Xcc -I/Users/admin/builder/spi-builder-workspace/.derivedData/Build/Intermediates.noindex/SwiftUIViewInspector.build/Debug-watchos/SwiftUIViewInspector-t.build/DerivedSources -Xcc -DSWIFT_PACKAGE -Xcc -DDEBUG\=1 -emit-objc-header -emit-objc-header-path /Users/admin/builder/spi-builder-workspace/.derivedData/Build/Intermediates.noindex/SwiftUIViewInspector.build/Debug-watchos/SwiftUIViewInspector-t.build/Objects-normal/arm64/SwiftUIViewInspector-Swift.h -working-directory /Users/admin/builder/spi-builder-workspace/.swiftpm/xcode -experimental-emit-module-separately -disable-cmo
/Users/admin/builder/spi-builder-workspace/Sources/SwiftUIViewInspector/TouchTransparentView.swift:28:18: warning: Input handling on macOS not implemented yet (in target 'SwiftUIViewInspector' from project 'SwiftUIViewInspector')
/Users/admin/builder/spi-builder-workspace/Sources/SwiftUIViewInspector/TouchTransparentView.swift:12:8: error: Unable to resolve module dependency: 'AppKit' (in target 'SwiftUIViewInspector' from project 'SwiftUIViewInspector')
note: A dependency of main module 'SwiftUIViewInspector'
/Users/admin/builder/spi-builder-workspace/Sources/SwiftUIViewInspector/TouchTransparentView.swift:12:8: note: A dependency of main module 'SwiftUIViewInspector'
import AppKit
^ (in target 'SwiftUIViewInspector' from project 'SwiftUIViewInspector')
PruneExplicitPrecompiledModules /Users/admin/builder/spi-builder-workspace/.derivedData/SDKExplicitPrecompiledModules
PruneExplicitPrecompiledModules /Users/admin/builder/spi-builder-workspace/.derivedData/Build/Intermediates.noindex/SwiftExplicitPrecompiledModules
PruneExplicitPrecompiledModules /Users/admin/builder/spi-builder-workspace/.derivedData/Build/Intermediates.noindex/ExplicitPrecompiledModules
2026-09-18 20:41:19.578 xcodebuild[648:4280] [MT] IDERunDestination: Supported platforms for the buildables in the current scheme is empty.
** BUILD FAILED **
The following build commands failed:
SwiftDriver SwiftUIViewInspector normal arm64_32 com.apple.xcode.tools.swift.compiler (in target 'SwiftUIViewInspector' from project 'SwiftUIViewInspector')
SwiftDriver SwiftUIViewInspector normal arm64 com.apple.xcode.tools.swift.compiler (in target 'SwiftUIViewInspector' from project 'SwiftUIViewInspector')
Building workspace SwiftUIViewInspector with scheme SwiftUIViewInspector
(3 failures)
BUILD FAILURE 6.4 watchOS