Build Information
Failed to build Nefertiti, reference main (4cf477), with Swift 6.4 for watchOS using Xcode 27.0 on 21 Sep 2026 18:13:52 UTC.
Build Command
env DEVELOPER_DIR=/Applications/Xcode-27.0.0-Release.Candidate.app xcrun xcodebuild -IDEClonedSourcePackagesDirPathOverride=$PWD/.dependencies -skipMacroValidation -skipPackagePluginValidation -derivedDataPath $PWD/.derivedData build -scheme Nefertiti -destination generic/platform=watchOSBuild Log
SwiftExplicitDependencyGeneratePcm arm64_32 /Users/admin/builder/spi-builder-workspace/.derivedData/SDKExplicitPrecompiledModules/Darwin-3FVT1SKLN2ZQ5RVOABMTQBB34.pcm
SwiftExplicitDependencyGeneratePcm arm64 /Users/admin/builder/spi-builder-workspace/.derivedData/SDKExplicitPrecompiledModules/Darwin-3984OXKFNSPE77NT743WK8SEX.pcm
SwiftExplicitDependencyGeneratePcm arm64_32 /Users/admin/builder/spi-builder-workspace/.derivedData/SDKExplicitPrecompiledModules/simd-21UNWYOBUZI1LVSQ99S1XBLMO.pcm
SwiftExplicitDependencyGeneratePcm arm64 /Users/admin/builder/spi-builder-workspace/.derivedData/SDKExplicitPrecompiledModules/simd-EH08NODU6574T74ZKU61VP9BW.pcm
SwiftExplicitDependencyGeneratePcm arm64_32 /Users/admin/builder/spi-builder-workspace/.derivedData/SDKExplicitPrecompiledModules/ObjectiveC-6IJNELR2E80E7LUKESVCP2KET.pcm
SwiftExplicitDependencyGeneratePcm arm64_32 /Users/admin/builder/spi-builder-workspace/.derivedData/SDKExplicitPrecompiledModules/MachO-56838ZJ0NC1EBAJ0O6O8QMPDX.pcm
SwiftExplicitDependencyGeneratePcm arm64 /Users/admin/builder/spi-builder-workspace/.derivedData/SDKExplicitPrecompiledModules/ObjectiveC-72IVD3VS2RS8Q28D9PIMY0KQP.pcm
SwiftExplicitDependencyGeneratePcm arm64 /Users/admin/builder/spi-builder-workspace/.derivedData/SDKExplicitPrecompiledModules/MachO-2U90NNSAQILBNBPS1SA4F8TYP.pcm
SwiftExplicitDependencyGeneratePcm arm64_32 /Users/admin/builder/spi-builder-workspace/.derivedData/SDKExplicitPrecompiledModules/os_object-5YWTC6L4756IWSTPGXS5NM0D0.pcm
SwiftExplicitDependencyGeneratePcm arm64 /Users/admin/builder/spi-builder-workspace/.derivedData/SDKExplicitPrecompiledModules/os_object-3SDKD7F87FTZ26OON37DRYT6O.pcm
SwiftExplicitDependencyGeneratePcm arm64_32 /Users/admin/builder/spi-builder-workspace/.derivedData/SDKExplicitPrecompiledModules/os_workgroup-5JHTPDMNBUNHLJI8LPHKQK1JK.pcm
SwiftExplicitDependencyGeneratePcm arm64 /Users/admin/builder/spi-builder-workspace/.derivedData/SDKExplicitPrecompiledModules/os_workgroup-89GG5G7YC2D0ZTK6AZXXQ20DH.pcm
SwiftExplicitDependencyGeneratePcm arm64_32 /Users/admin/builder/spi-builder-workspace/.derivedData/SDKExplicitPrecompiledModules/Spatial-CWVWNML3T0NXVHZDKVLD3X1YZ.pcm
SwiftExplicitDependencyGeneratePcm arm64_32 /Users/admin/builder/spi-builder-workspace/.derivedData/SDKExplicitPrecompiledModules/Dispatch-2P62F1T4XV63S4P99TUDTOK2Q.pcm
SwiftExplicitDependencyGeneratePcm arm64 /Users/admin/builder/spi-builder-workspace/.derivedData/SDKExplicitPrecompiledModules/Dispatch-1NLJOVAK60XP0DUB05XA59EIM.pcm
SwiftExplicitDependencyGeneratePcm arm64 /Users/admin/builder/spi-builder-workspace/.derivedData/SDKExplicitPrecompiledModules/Spatial-44FJGYXFAT2AQAW9Z6T7YS02U.pcm
SwiftExplicitDependencyGeneratePcm arm64_32 /Users/admin/builder/spi-builder-workspace/.derivedData/SDKExplicitPrecompiledModules/XPC-81Y45QFY96XYYFCW2GT6FY8S4.pcm
SwiftExplicitDependencyGeneratePcm arm64_32 /Users/admin/builder/spi-builder-workspace/.derivedData/SDKExplicitPrecompiledModules/CoreFoundation-8E6Y4BA3EXYKUGJ24GT9LGV3N.pcm
SwiftExplicitDependencyGeneratePcm arm64 /Users/admin/builder/spi-builder-workspace/.derivedData/SDKExplicitPrecompiledModules/XPC-40DR0X1DHKGCV4J1IOLFS8MOU.pcm
SwiftExplicitDependencyGeneratePcm arm64 /Users/admin/builder/spi-builder-workspace/.derivedData/SDKExplicitPrecompiledModules/CoreFoundation-8T2L24YC5NU7WO6WQJWRY7W08.pcm
SwiftExplicitDependencyGeneratePcm arm64_32 /Users/admin/builder/spi-builder-workspace/.derivedData/SDKExplicitPrecompiledModules/os-E5IGB442IA6SBB25TTCOLK2OC.pcm
SwiftExplicitDependencyGeneratePcm arm64 /Users/admin/builder/spi-builder-workspace/.derivedData/SDKExplicitPrecompiledModules/os-5DIL6Z9LFIGLMZAHM7X2T5435.pcm
SwiftExplicitDependencyGeneratePcm arm64_32 /Users/admin/builder/spi-builder-workspace/.derivedData/SDKExplicitPrecompiledModules/Security-D7TOWF88VWF67TB9HAFP5UWB1.pcm
SwiftExplicitDependencyGeneratePcm arm64_32 /Users/admin/builder/spi-builder-workspace/.derivedData/SDKExplicitPrecompiledModules/CoreGraphics-9FDXYX6BKBUT6TJ2VF819E7T5.pcm
SwiftExplicitDependencyGeneratePcm arm64 /Users/admin/builder/spi-builder-workspace/.derivedData/SDKExplicitPrecompiledModules/CoreGraphics-DWNZ73GEH98SBJXZ7DEXB420K.pcm
SwiftExplicitDependencyGeneratePcm arm64 /Users/admin/builder/spi-builder-workspace/.derivedData/SDKExplicitPrecompiledModules/Security-6RZ6YBRU8WCUHRFFRVUK5WKMM.pcm
SwiftExplicitDependencyGeneratePcm arm64_32 /Users/admin/builder/spi-builder-workspace/.derivedData/SDKExplicitPrecompiledModules/Foundation-BJ2VQGI3OGR34500MEQ1VKHPH.pcm
SwiftExplicitDependencyGeneratePcm arm64_32 /Users/admin/builder/spi-builder-workspace/.derivedData/SDKExplicitPrecompiledModules/CoreVideo-2P8HI0403J99LBDPKNFJ5D4DL.pcm
SwiftExplicitDependencyGeneratePcm arm64_32 /Users/admin/builder/spi-builder-workspace/.derivedData/SDKExplicitPrecompiledModules/CoreText-C9X2REPZN2V5BSU4G80FCETDR.pcm
SwiftExplicitDependencyGeneratePcm arm64 /Users/admin/builder/spi-builder-workspace/.derivedData/SDKExplicitPrecompiledModules/Foundation-DLBKUSGXN8QHAT8W0OARR9S8A.pcm
SwiftExplicitDependencyGeneratePcm arm64 /Users/admin/builder/spi-builder-workspace/.derivedData/SDKExplicitPrecompiledModules/CoreVideo-8MRR5MNWUOAW2DBPGUQ8FKK4.pcm
SwiftExplicitDependencyGeneratePcm arm64 /Users/admin/builder/spi-builder-workspace/.derivedData/SDKExplicitPrecompiledModules/CoreText-970YJN6NIYGK1316L35Z0O8QT.pcm
SwiftExplicitDependencyGeneratePcm arm64_32 /Users/admin/builder/spi-builder-workspace/.derivedData/SDKExplicitPrecompiledModules/Symbols-1H97WMG76HU94F5VGJR19PXFY.pcm
SwiftExplicitDependencyGeneratePcm arm64_32 /Users/admin/builder/spi-builder-workspace/.derivedData/SDKExplicitPrecompiledModules/DataDetection-U9BF7WHFVA6BZGFXXXP272PS.pcm
SwiftExplicitDependencyGeneratePcm arm64_32 /Users/admin/builder/spi-builder-workspace/.derivedData/SDKExplicitPrecompiledModules/_LocationEssentials-AQ1OL9QKC3LQLY5CNSRM1HB53.pcm
SwiftExplicitDependencyGeneratePcm arm64_32 /Users/admin/builder/spi-builder-workspace/.derivedData/SDKExplicitPrecompiledModules/QuartzCore-6375NPYACK5NYVHPMC1QQ8MC2.pcm
SwiftExplicitDependencyGeneratePcm arm64_32 /Users/admin/builder/spi-builder-workspace/.derivedData/SDKExplicitPrecompiledModules/CoreTransferable-5D4IR6X37682FPHJ5CBPTKQV6.pcm
SwiftExplicitDependencyGeneratePcm arm64_32 /Users/admin/builder/spi-builder-workspace/.derivedData/SDKExplicitPrecompiledModules/UserNotifications-6TBN8TEAKO014N1T2QD926XED.pcm
SwiftExplicitDependencyGeneratePcm arm64_32 /Users/admin/builder/spi-builder-workspace/.derivedData/SDKExplicitPrecompiledModules/OSLog-D9AVFY0KWO7RVBIQ73CBIJVCN.pcm
SwiftExplicitDependencyGeneratePcm arm64_32 /Users/admin/builder/spi-builder-workspace/.derivedData/SDKExplicitPrecompiledModules/Accessibility-F385OMZ5GYBUY5O4QAJB4NRII.pcm
SwiftExplicitDependencyGeneratePcm arm64_32 /Users/admin/builder/spi-builder-workspace/.derivedData/SDKExplicitPrecompiledModules/UIUtilities-9YFVNIMRC5HRVOIARNWHP1E3H.pcm
SwiftEmitModule normal arm64_32 Emitting\ module\ for\ NefertitiFile (in target 'NefertitiFile' from project 'NefertitiFile')
SwiftCompile normal arm64_32 (in target 'NefertitiFile' from project 'NefertitiFile')
cd /Users/admin/builder/spi-builder-workspace/.swiftpm/xcode
SwiftEmitModule normal arm64 Emitting\ module\ for\ NefertitiFile (in target 'NefertitiFile' from project 'NefertitiFile')
SwiftCompile normal arm64 (in target 'NefertitiFile' from project 'NefertitiFile')
cd /Users/admin/builder/spi-builder-workspace/.swiftpm/xcode
SwiftExplicitDependencyGeneratePcm arm64 /Users/admin/builder/spi-builder-workspace/.derivedData/SDKExplicitPrecompiledModules/DataDetection-7BNVI1SZW5ISQL5SX4WL2X7I5.pcm
SwiftExplicitDependencyGeneratePcm arm64 /Users/admin/builder/spi-builder-workspace/.derivedData/SDKExplicitPrecompiledModules/Accessibility-27QMG6ZQ1NKYTNBYFPM1XKNFC.pcm
SwiftExplicitDependencyGeneratePcm arm64 /Users/admin/builder/spi-builder-workspace/.derivedData/SDKExplicitPrecompiledModules/QuartzCore-94KFMWNOU7ZLUZNB4T5DLZC9D.pcm
SwiftExplicitDependencyGeneratePcm arm64 /Users/admin/builder/spi-builder-workspace/.derivedData/SDKExplicitPrecompiledModules/UserNotifications-ARAH8MEQ0C2L0FBO39HITJMAO.pcm
SwiftExplicitDependencyGeneratePcm arm64 /Users/admin/builder/spi-builder-workspace/.derivedData/SDKExplicitPrecompiledModules/UIUtilities-IR7RNW23VAUKYI9MLCS9NL9A.pcm
SwiftExplicitDependencyGeneratePcm arm64_32 /Users/admin/builder/spi-builder-workspace/.derivedData/SDKExplicitPrecompiledModules/CoreLocation-8XU5YMYM4P11RQMYCQAG65ITK.pcm
SwiftExplicitDependencyGeneratePcm arm64 /Users/admin/builder/spi-builder-workspace/.derivedData/SDKExplicitPrecompiledModules/Symbols-3EFABTJ9L5PQDJ7RQCYQWEJMM.pcm
SwiftExplicitDependencyGeneratePcm arm64 /Users/admin/builder/spi-builder-workspace/.derivedData/SDKExplicitPrecompiledModules/_LocationEssentials-5ZZDGDXB6HLQUC72SJW7YJ7MK.pcm
SwiftExplicitDependencyGeneratePcm arm64_32 /Users/admin/builder/spi-builder-workspace/.derivedData/SDKExplicitPrecompiledModules/SwiftUICore-3Q7WLRD8MR9R3NGIPUBQCP6F6.pcm
SwiftExplicitDependencyGeneratePcm arm64_32 /Users/admin/builder/spi-builder-workspace/.derivedData/SDKExplicitPrecompiledModules/UniformTypeIdentifiers-CJZ3NTHPSBH4XWX5EVOG56UZS.pcm
SwiftExplicitDependencyGeneratePcm arm64 /Users/admin/builder/spi-builder-workspace/.derivedData/SDKExplicitPrecompiledModules/UniformTypeIdentifiers-8L08Q8DQJV8C4AW84YVGFGTRN.pcm
SwiftExplicitDependencyGeneratePcm arm64 /Users/admin/builder/spi-builder-workspace/.derivedData/SDKExplicitPrecompiledModules/OSLog-B7VGO357Y3GJG35TST7DKDSI3.pcm
SwiftExplicitDependencyGeneratePcm arm64 /Users/admin/builder/spi-builder-workspace/.derivedData/SDKExplicitPrecompiledModules/CoreTransferable-9PPG3SLJ55T4LITIFYX2M0NOZ.pcm
SwiftCompile normal arm64 Compiling\ NefertitiFileType.swift /Users/admin/builder/spi-builder-workspace/.dependencies/checkouts/NefertitiFile/Sources/NefertitiFile/NefertitiFileType.swift (in target 'NefertitiFile' from project 'NefertitiFile')
SwiftCompile normal arm64 /Users/admin/builder/spi-builder-workspace/.dependencies/checkouts/NefertitiFile/Sources/NefertitiFile/NefertitiFileType.swift (in target 'NefertitiFile' from project 'NefertitiFile')
cd /Users/admin/builder/spi-builder-workspace/.swiftpm/xcode
builtin-SwiftPerFileCompile NefertitiFileType.swift
SwiftExplicitDependencyGeneratePcm arm64 /Users/admin/builder/spi-builder-workspace/.derivedData/SDKExplicitPrecompiledModules/CoreLocation-ACKJ9K7ABI14F97Y46Y6SRR17.pcm
SwiftExplicitDependencyGeneratePcm arm64_32 /Users/admin/builder/spi-builder-workspace/.derivedData/SDKExplicitPrecompiledModules/CoreMotion-1XGTVTE5PP32UHME8AC63TL6.pcm
SwiftExplicitDependencyGeneratePcm arm64 /Users/admin/builder/spi-builder-workspace/.derivedData/SDKExplicitPrecompiledModules/SwiftUICore-C1DST1IX2Z0PTH5SJJZ1IULRB.pcm
SwiftDriverJobDiscovery normal arm64_32 Emitting module for NefertitiFile (in target 'NefertitiFile' from project 'NefertitiFile')
SwiftDriver\ Compilation\ Requirements NefertitiFile normal arm64_32 com.apple.xcode.tools.swift.compiler (in target 'NefertitiFile' from project 'NefertitiFile')
cd /Users/admin/builder/spi-builder-workspace/.swiftpm/xcode
builtin-Swift-Compilation-Requirements -- /Applications/Xcode-27.0.0-Release.Candidate.app/Contents/Developer/Toolchains/XcodeDefault.xctoolchain/usr/bin/swiftc -parse-as-library -module-name NefertitiFile -Onone @/Users/admin/builder/spi-builder-workspace/.derivedData/Build/Intermediates.noindex/NefertitiFile.build/Debug-watchos/NefertitiFile-t.build/Objects-normal/arm64_32/NefertitiFile.SwiftFileList -DSWIFT_PACKAGE -DDEBUG -DSWIFT_MODULE_RESOURCE_BUNDLE_UNAVAILABLE -DXcode -plugin-path /Applications/Xcode-27.0.0-Release.Candidate.app/Contents/Developer/Toolchains/XcodeDefault.xctoolchain/usr/lib/swift/host/plugins/testing -enable-experimental-feature DebugDescriptionMacro -sdk /Applications/Xcode-27.0.0-Release.Candidate.app/Contents/Developer/Platforms/WatchOS.platform/Developer/SDKs/WatchOS27.0.sdk -target arm64_32-apple-watchos9.0 -g -module-cache-path /Users/admin/builder/spi-builder-workspace/.derivedData/ModuleCache.noindex -Xfrontend -serialize-debugging-options -profile-coverage-mapping -profile-generate -enable-testing -suppress-warnings -index-store-path /Users/admin/builder/spi-builder-workspace/.derivedData/Index.noindex/DataStore -Xcc -D_LIBCPP_HARDENING_MODE\=_LIBCPP_HARDENING_MODE_DEBUG -swift-version 5 -I /Users/admin/builder/spi-builder-workspace/.derivedData/Build/Products/Debug-watchos -Isystem /Applications/Xcode-27.0.0-Release.Candidate.app/Contents/Developer/Platforms/WatchOS.platform/Developer/usr/lib -F /Users/admin/builder/spi-builder-workspace/.derivedData/Build/Products/Debug-watchos -F /Applications/Xcode-27.0.0-Release.Candidate.app/Contents/Developer/Platforms/WatchOS.platform/Developer/Library/Frameworks -F /Applications/Xcode-27.0.0-Release.Candidate.app/Contents/Developer/Platforms/WatchOS.platform/Developer/SDKs/WatchOS27.0.sdk/Developer/Library/Frameworks -c -j10 -enable-batch-mode -incremental -Xcc -ivfsstatcache -Xcc /Users/admin/builder/spi-builder-workspace/.derivedData/SDKStatCaches.noindex/watchos27.0-24R360-e829b21a6f8c9b70876ba0858053c04477534ef55a1706bf4c1112bbb242f0a2.sdkstatcache -output-file-map /Users/admin/builder/spi-builder-workspace/.derivedData/Build/Intermediates.noindex/NefertitiFile.build/Debug-watchos/NefertitiFile-t.build/Objects-normal/arm64_32/NefertitiFile-OutputFileMap.json -save-temps -no-color-diagnostics -explicit-module-build -module-cache-path /Users/admin/builder/spi-builder-workspace/.derivedData/Build/Intermediates.noindex/SwiftExplicitPrecompiledModules -clang-scanner-module-cache-path /Users/admin/builder/spi-builder-workspace/.derivedData/ModuleCache.noindex -sdk-module-cache-path /Users/admin/builder/spi-builder-workspace/.derivedData/SDKExplicitPrecompiledModules -emit-dependencies -emit-module -emit-module-path /Users/admin/builder/spi-builder-workspace/.derivedData/Build/Intermediates.noindex/NefertitiFile.build/Debug-watchos/NefertitiFile-t.build/Objects-normal/arm64_32/NefertitiFile.swiftmodule -serialize-diagnostics -dependency-scan-serialize-diagnostics-path /Users/admin/builder/spi-builder-workspace/.derivedData/Build/Intermediates.noindex/NefertitiFile.build/Debug-watchos/NefertitiFile-t.build/Objects-normal/arm64_32/NefertitiFile-dependency-scan.dia -validate-clang-modules-once -clang-build-session-file /Users/admin/builder/spi-builder-workspace/.derivedData/ModuleCache.noindex/Session.modulevalidation -Xcc -fmodules-prune-interval\=86400 -Xcc -fmodules-prune-after\=345600 -package-name nefertitifile -emit-const-values -const-gather-protocols-list /Users/admin/builder/spi-builder-workspace/.derivedData/Build/Intermediates.noindex/NefertitiFile.build/Debug-watchos/NefertitiFile-t.build/Objects-normal/arm64_32/NefertitiFile_const_extract_protocols.json -Xcc -I/Users/admin/builder/spi-builder-workspace/.derivedData/Build/Products/Debug-watchos/include -Xcc -I/Users/admin/builder/spi-builder-workspace/.derivedData/Build/Intermediates.noindex/NefertitiFile.build/Debug-watchos/NefertitiFile-t.build/DerivedSources-normal/arm64_32 -Xcc -I/Users/admin/builder/spi-builder-workspace/.derivedData/Build/Intermediates.noindex/NefertitiFile.build/Debug-watchos/NefertitiFile-t.build/DerivedSources/arm64_32 -Xcc -I/Users/admin/builder/spi-builder-workspace/.derivedData/Build/Intermediates.noindex/NefertitiFile.build/Debug-watchos/NefertitiFile-t.build/DerivedSources -Xcc -DSWIFT_PACKAGE -Xcc -DDEBUG\=1 -emit-objc-header -emit-objc-header-path /Users/admin/builder/spi-builder-workspace/.derivedData/Build/Intermediates.noindex/NefertitiFile.build/Debug-watchos/NefertitiFile-t.build/Objects-normal/arm64_32/NefertitiFile-Swift.h -working-directory /Users/admin/builder/spi-builder-workspace/.swiftpm/xcode -experimental-emit-module-separately -disable-cmo
SwiftCompile normal arm64_32 Compiling\ NefertitiFile.swift /Users/admin/builder/spi-builder-workspace/.dependencies/checkouts/NefertitiFile/Sources/NefertitiFile/NefertitiFile.swift (in target 'NefertitiFile' from project 'NefertitiFile')
SwiftCompile normal arm64_32 /Users/admin/builder/spi-builder-workspace/.dependencies/checkouts/NefertitiFile/Sources/NefertitiFile/NefertitiFile.swift (in target 'NefertitiFile' from project 'NefertitiFile')
cd /Users/admin/builder/spi-builder-workspace/.swiftpm/xcode
builtin-SwiftPerFileCompile NefertitiFile.swift
Copy /Users/admin/builder/spi-builder-workspace/.derivedData/Build/Products/Debug-watchos/NefertitiFile.swiftmodule/arm64_32-apple-watchos.swiftmodule /Users/admin/builder/spi-builder-workspace/.derivedData/Build/Intermediates.noindex/NefertitiFile.build/Debug-watchos/NefertitiFile-t.build/Objects-normal/arm64_32/NefertitiFile.swiftmodule (in target 'NefertitiFile' from project 'NefertitiFile')
cd /Users/admin/builder/spi-builder-workspace/.dependencies/checkouts/NefertitiFile
builtin-copy -exclude .DS_Store -exclude CVS -exclude .svn -exclude .git -exclude .hg -resolve-src-symlinks -rename /Users/admin/builder/spi-builder-workspace/.derivedData/Build/Intermediates.noindex/NefertitiFile.build/Debug-watchos/NefertitiFile-t.build/Objects-normal/arm64_32/NefertitiFile.swiftmodule /Users/admin/builder/spi-builder-workspace/.derivedData/Build/Products/Debug-watchos/NefertitiFile.swiftmodule/arm64_32-apple-watchos.swiftmodule
Copy /Users/admin/builder/spi-builder-workspace/.derivedData/Build/Products/Debug-watchos/NefertitiFile.swiftmodule/arm64_32-apple-watchos.swiftdoc /Users/admin/builder/spi-builder-workspace/.derivedData/Build/Intermediates.noindex/NefertitiFile.build/Debug-watchos/NefertitiFile-t.build/Objects-normal/arm64_32/NefertitiFile.swiftdoc (in target 'NefertitiFile' from project 'NefertitiFile')
cd /Users/admin/builder/spi-builder-workspace/.dependencies/checkouts/NefertitiFile
builtin-copy -exclude .DS_Store -exclude CVS -exclude .svn -exclude .git -exclude .hg -resolve-src-symlinks -rename /Users/admin/builder/spi-builder-workspace/.derivedData/Build/Intermediates.noindex/NefertitiFile.build/Debug-watchos/NefertitiFile-t.build/Objects-normal/arm64_32/NefertitiFile.swiftdoc /Users/admin/builder/spi-builder-workspace/.derivedData/Build/Products/Debug-watchos/NefertitiFile.swiftmodule/arm64_32-apple-watchos.swiftdoc
Copy /Users/admin/builder/spi-builder-workspace/.derivedData/Build/Products/Debug-watchos/NefertitiFile.swiftmodule/arm64_32-apple-watchos.abi.json /Users/admin/builder/spi-builder-workspace/.derivedData/Build/Intermediates.noindex/NefertitiFile.build/Debug-watchos/NefertitiFile-t.build/Objects-normal/arm64_32/NefertitiFile.abi.json (in target 'NefertitiFile' from project 'NefertitiFile')
cd /Users/admin/builder/spi-builder-workspace/.dependencies/checkouts/NefertitiFile
builtin-copy -exclude .DS_Store -exclude CVS -exclude .svn -exclude .git -exclude .hg -resolve-src-symlinks -rename /Users/admin/builder/spi-builder-workspace/.derivedData/Build/Intermediates.noindex/NefertitiFile.build/Debug-watchos/NefertitiFile-t.build/Objects-normal/arm64_32/NefertitiFile.abi.json /Users/admin/builder/spi-builder-workspace/.derivedData/Build/Products/Debug-watchos/NefertitiFile.swiftmodule/arm64_32-apple-watchos.abi.json
Copy /Users/admin/builder/spi-builder-workspace/.derivedData/Build/Products/Debug-watchos/NefertitiFile.swiftmodule/Project/arm64_32-apple-watchos.swiftsourceinfo /Users/admin/builder/spi-builder-workspace/.derivedData/Build/Intermediates.noindex/NefertitiFile.build/Debug-watchos/NefertitiFile-t.build/Objects-normal/arm64_32/NefertitiFile.swiftsourceinfo (in target 'NefertitiFile' from project 'NefertitiFile')
cd /Users/admin/builder/spi-builder-workspace/.dependencies/checkouts/NefertitiFile
builtin-copy -exclude .DS_Store -exclude CVS -exclude .svn -exclude .git -exclude .hg -resolve-src-symlinks -rename /Users/admin/builder/spi-builder-workspace/.derivedData/Build/Intermediates.noindex/NefertitiFile.build/Debug-watchos/NefertitiFile-t.build/Objects-normal/arm64_32/NefertitiFile.swiftsourceinfo /Users/admin/builder/spi-builder-workspace/.derivedData/Build/Products/Debug-watchos/NefertitiFile.swiftmodule/Project/arm64_32-apple-watchos.swiftsourceinfo
SwiftCompile normal arm64_32 Compiling\ NefertitiFileType.swift /Users/admin/builder/spi-builder-workspace/.dependencies/checkouts/NefertitiFile/Sources/NefertitiFile/NefertitiFileType.swift (in target 'NefertitiFile' from project 'NefertitiFile')
SwiftCompile normal arm64_32 /Users/admin/builder/spi-builder-workspace/.dependencies/checkouts/NefertitiFile/Sources/NefertitiFile/NefertitiFileType.swift (in target 'NefertitiFile' from project 'NefertitiFile')
cd /Users/admin/builder/spi-builder-workspace/.swiftpm/xcode
builtin-SwiftPerFileCompile NefertitiFileType.swift
SwiftCompile normal arm64 Compiling\ NefertitiFileProtocol.swift /Users/admin/builder/spi-builder-workspace/.dependencies/checkouts/NefertitiFile/Sources/NefertitiFile/NefertitiFileProtocol.swift (in target 'NefertitiFile' from project 'NefertitiFile')
SwiftCompile normal arm64 /Users/admin/builder/spi-builder-workspace/.dependencies/checkouts/NefertitiFile/Sources/NefertitiFile/NefertitiFileProtocol.swift (in target 'NefertitiFile' from project 'NefertitiFile')
cd /Users/admin/builder/spi-builder-workspace/.swiftpm/xcode
builtin-SwiftPerFileCompile NefertitiFileProtocol.swift
SwiftCompile normal arm64 Compiling\ NefertitiFile.swift /Users/admin/builder/spi-builder-workspace/.dependencies/checkouts/NefertitiFile/Sources/NefertitiFile/NefertitiFile.swift (in target 'NefertitiFile' from project 'NefertitiFile')
SwiftCompile normal arm64 /Users/admin/builder/spi-builder-workspace/.dependencies/checkouts/NefertitiFile/Sources/NefertitiFile/NefertitiFile.swift (in target 'NefertitiFile' from project 'NefertitiFile')
cd /Users/admin/builder/spi-builder-workspace/.swiftpm/xcode
builtin-SwiftPerFileCompile NefertitiFile.swift
SwiftCompile normal arm64_32 Compiling\ NefertitiFileProtocol.swift /Users/admin/builder/spi-builder-workspace/.dependencies/checkouts/NefertitiFile/Sources/NefertitiFile/NefertitiFileProtocol.swift (in target 'NefertitiFile' from project 'NefertitiFile')
SwiftCompile normal arm64_32 /Users/admin/builder/spi-builder-workspace/.dependencies/checkouts/NefertitiFile/Sources/NefertitiFile/NefertitiFileProtocol.swift (in target 'NefertitiFile' from project 'NefertitiFile')
cd /Users/admin/builder/spi-builder-workspace/.swiftpm/xcode
builtin-SwiftPerFileCompile NefertitiFileProtocol.swift
SwiftDriverJobDiscovery normal arm64 Emitting module for NefertitiFile (in target 'NefertitiFile' from project 'NefertitiFile')
SwiftDriver\ Compilation\ Requirements NefertitiFile normal arm64 com.apple.xcode.tools.swift.compiler (in target 'NefertitiFile' from project 'NefertitiFile')
cd /Users/admin/builder/spi-builder-workspace/.swiftpm/xcode
builtin-Swift-Compilation-Requirements -- /Applications/Xcode-27.0.0-Release.Candidate.app/Contents/Developer/Toolchains/XcodeDefault.xctoolchain/usr/bin/swiftc -parse-as-library -module-name NefertitiFile -Onone @/Users/admin/builder/spi-builder-workspace/.derivedData/Build/Intermediates.noindex/NefertitiFile.build/Debug-watchos/NefertitiFile-t.build/Objects-normal/arm64/NefertitiFile.SwiftFileList -DSWIFT_PACKAGE -DDEBUG -DSWIFT_MODULE_RESOURCE_BUNDLE_UNAVAILABLE -DXcode -plugin-path /Applications/Xcode-27.0.0-Release.Candidate.app/Contents/Developer/Toolchains/XcodeDefault.xctoolchain/usr/lib/swift/host/plugins/testing -enable-experimental-feature DebugDescriptionMacro -sdk /Applications/Xcode-27.0.0-Release.Candidate.app/Contents/Developer/Platforms/WatchOS.platform/Developer/SDKs/WatchOS27.0.sdk -target arm64-apple-watchos9.0 -g -module-cache-path /Users/admin/builder/spi-builder-workspace/.derivedData/ModuleCache.noindex -Xfrontend -serialize-debugging-options -profile-coverage-mapping -profile-generate -enable-testing -suppress-warnings -index-store-path /Users/admin/builder/spi-builder-workspace/.derivedData/Index.noindex/DataStore -Xcc -D_LIBCPP_HARDENING_MODE\=_LIBCPP_HARDENING_MODE_DEBUG -swift-version 5 -I /Users/admin/builder/spi-builder-workspace/.derivedData/Build/Products/Debug-watchos -Isystem /Applications/Xcode-27.0.0-Release.Candidate.app/Contents/Developer/Platforms/WatchOS.platform/Developer/usr/lib -F /Users/admin/builder/spi-builder-workspace/.derivedData/Build/Products/Debug-watchos -F /Applications/Xcode-27.0.0-Release.Candidate.app/Contents/Developer/Platforms/WatchOS.platform/Developer/Library/Frameworks -F /Applications/Xcode-27.0.0-Release.Candidate.app/Contents/Developer/Platforms/WatchOS.platform/Developer/SDKs/WatchOS27.0.sdk/Developer/Library/Frameworks -c -j10 -enable-batch-mode -incremental -Xcc -ivfsstatcache -Xcc /Users/admin/builder/spi-builder-workspace/.derivedData/SDKStatCaches.noindex/watchos27.0-24R360-e829b21a6f8c9b70876ba0858053c04477534ef55a1706bf4c1112bbb242f0a2.sdkstatcache -output-file-map /Users/admin/builder/spi-builder-workspace/.derivedData/Build/Intermediates.noindex/NefertitiFile.build/Debug-watchos/NefertitiFile-t.build/Objects-normal/arm64/NefertitiFile-OutputFileMap.json -save-temps -no-color-diagnostics -explicit-module-build -module-cache-path /Users/admin/builder/spi-builder-workspace/.derivedData/Build/Intermediates.noindex/SwiftExplicitPrecompiledModules -clang-scanner-module-cache-path /Users/admin/builder/spi-builder-workspace/.derivedData/ModuleCache.noindex -sdk-module-cache-path /Users/admin/builder/spi-builder-workspace/.derivedData/SDKExplicitPrecompiledModules -emit-dependencies -emit-module -emit-module-path /Users/admin/builder/spi-builder-workspace/.derivedData/Build/Intermediates.noindex/NefertitiFile.build/Debug-watchos/NefertitiFile-t.build/Objects-normal/arm64/NefertitiFile.swiftmodule -serialize-diagnostics -dependency-scan-serialize-diagnostics-path /Users/admin/builder/spi-builder-workspace/.derivedData/Build/Intermediates.noindex/NefertitiFile.build/Debug-watchos/NefertitiFile-t.build/Objects-normal/arm64/NefertitiFile-dependency-scan.dia -validate-clang-modules-once -clang-build-session-file /Users/admin/builder/spi-builder-workspace/.derivedData/ModuleCache.noindex/Session.modulevalidation -Xcc -fmodules-prune-interval\=86400 -Xcc -fmodules-prune-after\=345600 -package-name nefertitifile -emit-const-values -const-gather-protocols-list /Users/admin/builder/spi-builder-workspace/.derivedData/Build/Intermediates.noindex/NefertitiFile.build/Debug-watchos/NefertitiFile-t.build/Objects-normal/arm64/NefertitiFile_const_extract_protocols.json -Xcc -I/Users/admin/builder/spi-builder-workspace/.derivedData/Build/Products/Debug-watchos/include -Xcc -I/Users/admin/builder/spi-builder-workspace/.derivedData/Build/Intermediates.noindex/NefertitiFile.build/Debug-watchos/NefertitiFile-t.build/DerivedSources-normal/arm64 -Xcc -I/Users/admin/builder/spi-builder-workspace/.derivedData/Build/Intermediates.noindex/NefertitiFile.build/Debug-watchos/NefertitiFile-t.build/DerivedSources/arm64 -Xcc -I/Users/admin/builder/spi-builder-workspace/.derivedData/Build/Intermediates.noindex/NefertitiFile.build/Debug-watchos/NefertitiFile-t.build/DerivedSources -Xcc -DSWIFT_PACKAGE -Xcc -DDEBUG\=1 -emit-objc-header -emit-objc-header-path /Users/admin/builder/spi-builder-workspace/.derivedData/Build/Intermediates.noindex/NefertitiFile.build/Debug-watchos/NefertitiFile-t.build/Objects-normal/arm64/NefertitiFile-Swift.h -working-directory /Users/admin/builder/spi-builder-workspace/.swiftpm/xcode -experimental-emit-module-separately -disable-cmo
SwiftMergeGeneratedHeaders /Users/admin/builder/spi-builder-workspace/.derivedData/Build/Intermediates.noindex/GeneratedModuleMaps-watchos/NefertitiFile-Swift.h /Users/admin/builder/spi-builder-workspace/.derivedData/Build/Intermediates.noindex/NefertitiFile.build/Debug-watchos/NefertitiFile-t.build/Objects-normal/arm64/NefertitiFile-Swift.h /Users/admin/builder/spi-builder-workspace/.derivedData/Build/Intermediates.noindex/NefertitiFile.build/Debug-watchos/NefertitiFile-t.build/Objects-normal/arm64_32/NefertitiFile-Swift.h (in target 'NefertitiFile' from project 'NefertitiFile')
cd /Users/admin/builder/spi-builder-workspace/.dependencies/checkouts/NefertitiFile
builtin-swiftHeaderTool -arch arm64 /Users/admin/builder/spi-builder-workspace/.derivedData/Build/Intermediates.noindex/NefertitiFile.build/Debug-watchos/NefertitiFile-t.build/Objects-normal/arm64/NefertitiFile-Swift.h -arch arm64_32 /Users/admin/builder/spi-builder-workspace/.derivedData/Build/Intermediates.noindex/NefertitiFile.build/Debug-watchos/NefertitiFile-t.build/Objects-normal/arm64_32/NefertitiFile-Swift.h -o /Users/admin/builder/spi-builder-workspace/.derivedData/Build/Intermediates.noindex/GeneratedModuleMaps-watchos/NefertitiFile-Swift.h
Copy /Users/admin/builder/spi-builder-workspace/.derivedData/Build/Products/Debug-watchos/NefertitiFile.swiftmodule/arm64-apple-watchos.swiftmodule /Users/admin/builder/spi-builder-workspace/.derivedData/Build/Intermediates.noindex/NefertitiFile.build/Debug-watchos/NefertitiFile-t.build/Objects-normal/arm64/NefertitiFile.swiftmodule (in target 'NefertitiFile' from project 'NefertitiFile')
cd /Users/admin/builder/spi-builder-workspace/.dependencies/checkouts/NefertitiFile
builtin-copy -exclude .DS_Store -exclude CVS -exclude .svn -exclude .git -exclude .hg -resolve-src-symlinks -rename /Users/admin/builder/spi-builder-workspace/.derivedData/Build/Intermediates.noindex/NefertitiFile.build/Debug-watchos/NefertitiFile-t.build/Objects-normal/arm64/NefertitiFile.swiftmodule /Users/admin/builder/spi-builder-workspace/.derivedData/Build/Products/Debug-watchos/NefertitiFile.swiftmodule/arm64-apple-watchos.swiftmodule
Copy /Users/admin/builder/spi-builder-workspace/.derivedData/Build/Products/Debug-watchos/NefertitiFile.swiftmodule/arm64-apple-watchos.swiftdoc /Users/admin/builder/spi-builder-workspace/.derivedData/Build/Intermediates.noindex/NefertitiFile.build/Debug-watchos/NefertitiFile-t.build/Objects-normal/arm64/NefertitiFile.swiftdoc (in target 'NefertitiFile' from project 'NefertitiFile')
cd /Users/admin/builder/spi-builder-workspace/.dependencies/checkouts/NefertitiFile
builtin-copy -exclude .DS_Store -exclude CVS -exclude .svn -exclude .git -exclude .hg -resolve-src-symlinks -rename /Users/admin/builder/spi-builder-workspace/.derivedData/Build/Intermediates.noindex/NefertitiFile.build/Debug-watchos/NefertitiFile-t.build/Objects-normal/arm64/NefertitiFile.swiftdoc /Users/admin/builder/spi-builder-workspace/.derivedData/Build/Products/Debug-watchos/NefertitiFile.swiftmodule/arm64-apple-watchos.swiftdoc
Copy /Users/admin/builder/spi-builder-workspace/.derivedData/Build/Products/Debug-watchos/NefertitiFile.swiftmodule/arm64-apple-watchos.abi.json /Users/admin/builder/spi-builder-workspace/.derivedData/Build/Intermediates.noindex/NefertitiFile.build/Debug-watchos/NefertitiFile-t.build/Objects-normal/arm64/NefertitiFile.abi.json (in target 'NefertitiFile' from project 'NefertitiFile')
cd /Users/admin/builder/spi-builder-workspace/.dependencies/checkouts/NefertitiFile
builtin-copy -exclude .DS_Store -exclude CVS -exclude .svn -exclude .git -exclude .hg -resolve-src-symlinks -rename /Users/admin/builder/spi-builder-workspace/.derivedData/Build/Intermediates.noindex/NefertitiFile.build/Debug-watchos/NefertitiFile-t.build/Objects-normal/arm64/NefertitiFile.abi.json /Users/admin/builder/spi-builder-workspace/.derivedData/Build/Products/Debug-watchos/NefertitiFile.swiftmodule/arm64-apple-watchos.abi.json
Copy /Users/admin/builder/spi-builder-workspace/.derivedData/Build/Products/Debug-watchos/NefertitiFile.swiftmodule/Project/arm64-apple-watchos.swiftsourceinfo /Users/admin/builder/spi-builder-workspace/.derivedData/Build/Intermediates.noindex/NefertitiFile.build/Debug-watchos/NefertitiFile-t.build/Objects-normal/arm64/NefertitiFile.swiftsourceinfo (in target 'NefertitiFile' from project 'NefertitiFile')
cd /Users/admin/builder/spi-builder-workspace/.dependencies/checkouts/NefertitiFile
builtin-copy -exclude .DS_Store -exclude CVS -exclude .svn -exclude .git -exclude .hg -resolve-src-symlinks -rename /Users/admin/builder/spi-builder-workspace/.derivedData/Build/Intermediates.noindex/NefertitiFile.build/Debug-watchos/NefertitiFile-t.build/Objects-normal/arm64/NefertitiFile.swiftsourceinfo /Users/admin/builder/spi-builder-workspace/.derivedData/Build/Products/Debug-watchos/NefertitiFile.swiftmodule/Project/arm64-apple-watchos.swiftsourceinfo
SwiftExplicitDependencyGeneratePcm arm64 /Users/admin/builder/spi-builder-workspace/.derivedData/SDKExplicitPrecompiledModules/CoreMotion-6RD5K48QT1F4L9CATNFD2O7YB.pcm
SwiftExplicitDependencyGeneratePcm arm64_32 /Users/admin/builder/spi-builder-workspace/.derivedData/SDKExplicitPrecompiledModules/UIKit-6PPV7YPZ89CZPHYAP072QH8B6.pcm
SwiftExplicitDependencyGeneratePcm arm64 /Users/admin/builder/spi-builder-workspace/.derivedData/SDKExplicitPrecompiledModules/UIKit-27R3P1YMV4C6JLDT661G3MRIA.pcm
SwiftCompile normal arm64_32 Compiling\ NefertitiFontSizeCalculatorSourceProtocol.swift /Users/admin/builder/spi-builder-workspace/.dependencies/checkouts/NefertitiFontSizeCalculator/Sources/NefertitiFontSizeCalculator/PublicInterface/Protocols/NefertitiFontSizeCalculatorSourceProtocol.swift (in target 'NefertitiFontSizeCalculator' from project 'NefertitiFontSizeCalculator')
SwiftCompile normal arm64_32 /Users/admin/builder/spi-builder-workspace/.dependencies/checkouts/NefertitiFontSizeCalculator/Sources/NefertitiFontSizeCalculator/PublicInterface/Protocols/NefertitiFontSizeCalculatorSourceProtocol.swift (in target 'NefertitiFontSizeCalculator' from project 'NefertitiFontSizeCalculator')
cd /Users/admin/builder/spi-builder-workspace/.swiftpm/xcode
builtin-SwiftPerFileCompile NefertitiFontSizeCalculatorSourceProtocol.swift
SwiftEmitModule normal arm64_32 Emitting\ module\ for\ NefertitiFontSizeCalculator (in target 'NefertitiFontSizeCalculator' from project 'NefertitiFontSizeCalculator')
SwiftCompile normal arm64_32 (in target 'NefertitiFontSizeCalculator' from project 'NefertitiFontSizeCalculator')
cd /Users/admin/builder/spi-builder-workspace/.swiftpm/xcode
SwiftCompile normal arm64_32 Compiling\ NefertitiFontSizeCalculator.swift /Users/admin/builder/spi-builder-workspace/.dependencies/checkouts/NefertitiFontSizeCalculator/Sources/NefertitiFontSizeCalculator/PublicInterface/NefertitiFontSizeCalculator.swift (in target 'NefertitiFontSizeCalculator' from project 'NefertitiFontSizeCalculator')
SwiftCompile normal arm64_32 /Users/admin/builder/spi-builder-workspace/.dependencies/checkouts/NefertitiFontSizeCalculator/Sources/NefertitiFontSizeCalculator/PublicInterface/NefertitiFontSizeCalculator.swift (in target 'NefertitiFontSizeCalculator' from project 'NefertitiFontSizeCalculator')
cd /Users/admin/builder/spi-builder-workspace/.swiftpm/xcode
builtin-SwiftPerFileCompile NefertitiFontSizeCalculator.swift
SwiftCompile normal arm64_32 Compiling\ NefertitiFontSizeCalculatorProtocol.swift /Users/admin/builder/spi-builder-workspace/.dependencies/checkouts/NefertitiFontSizeCalculator/Sources/NefertitiFontSizeCalculator/PublicInterface/Protocols/NefertitiFontSizeCalculatorProtocol.swift (in target 'NefertitiFontSizeCalculator' from project 'NefertitiFontSizeCalculator')
SwiftCompile normal arm64_32 /Users/admin/builder/spi-builder-workspace/.dependencies/checkouts/NefertitiFontSizeCalculator/Sources/NefertitiFontSizeCalculator/PublicInterface/Protocols/NefertitiFontSizeCalculatorProtocol.swift (in target 'NefertitiFontSizeCalculator' from project 'NefertitiFontSizeCalculator')
cd /Users/admin/builder/spi-builder-workspace/.swiftpm/xcode
builtin-SwiftPerFileCompile NefertitiFontSizeCalculatorProtocol.swift
SwiftEmitModule normal arm64 Emitting\ module\ for\ NefertitiFontSizeCalculator (in target 'NefertitiFontSizeCalculator' from project 'NefertitiFontSizeCalculator')
SwiftCompile normal arm64 (in target 'NefertitiFontSizeCalculator' from project 'NefertitiFontSizeCalculator')
cd /Users/admin/builder/spi-builder-workspace/.swiftpm/xcode
SwiftDriverJobDiscovery normal arm64_32 Emitting module for NefertitiFontSizeCalculator (in target 'NefertitiFontSizeCalculator' from project 'NefertitiFontSizeCalculator')
SwiftDriver\ Compilation\ Requirements NefertitiFontSizeCalculator normal arm64_32 com.apple.xcode.tools.swift.compiler (in target 'NefertitiFontSizeCalculator' from project 'NefertitiFontSizeCalculator')
cd /Users/admin/builder/spi-builder-workspace/.swiftpm/xcode
builtin-Swift-Compilation-Requirements -- /Applications/Xcode-27.0.0-Release.Candidate.app/Contents/Developer/Toolchains/XcodeDefault.xctoolchain/usr/bin/swiftc -parse-as-library -module-name NefertitiFontSizeCalculator -Onone @/Users/admin/builder/spi-builder-workspace/.derivedData/Build/Intermediates.noindex/NefertitiFontSizeCalculator.build/Debug-watchos/NefertitiFontSizeCalculator-t.build/Objects-normal/arm64_32/NefertitiFontSizeCalculator.SwiftFileList -DSWIFT_PACKAGE -DDEBUG -DSWIFT_MODULE_RESOURCE_BUNDLE_UNAVAILABLE -DXcode -plugin-path /Applications/Xcode-27.0.0-Release.Candidate.app/Contents/Developer/Toolchains/XcodeDefault.xctoolchain/usr/lib/swift/host/plugins/testing -enable-experimental-feature DebugDescriptionMacro -sdk /Applications/Xcode-27.0.0-Release.Candidate.app/Contents/Developer/Platforms/WatchOS.platform/Developer/SDKs/WatchOS27.0.sdk -target arm64_32-apple-watchos9.0 -g -module-cache-path /Users/admin/builder/spi-builder-workspace/.derivedData/ModuleCache.noindex -Xfrontend -serialize-debugging-options -profile-coverage-mapping -profile-generate -enable-testing -suppress-warnings -index-store-path /Users/admin/builder/spi-builder-workspace/.derivedData/Index.noindex/DataStore -Xcc -D_LIBCPP_HARDENING_MODE\=_LIBCPP_HARDENING_MODE_DEBUG -swift-version 5 -I /Users/admin/builder/spi-builder-workspace/.derivedData/Build/Products/Debug-watchos -Isystem /Applications/Xcode-27.0.0-Release.Candidate.app/Contents/Developer/Platforms/WatchOS.platform/Developer/usr/lib -F /Users/admin/builder/spi-builder-workspace/.derivedData/Build/Products/Debug-watchos -F /Applications/Xcode-27.0.0-Release.Candidate.app/Contents/Developer/Platforms/WatchOS.platform/Developer/Library/Frameworks -F /Applications/Xcode-27.0.0-Release.Candidate.app/Contents/Developer/Platforms/WatchOS.platform/Developer/SDKs/WatchOS27.0.sdk/Developer/Library/Frameworks -c -j10 -enable-batch-mode -incremental -Xcc -ivfsstatcache -Xcc /Users/admin/builder/spi-builder-workspace/.derivedData/SDKStatCaches.noindex/watchos27.0-24R360-e829b21a6f8c9b70876ba0858053c04477534ef55a1706bf4c1112bbb242f0a2.sdkstatcache -output-file-map /Users/admin/builder/spi-builder-workspace/.derivedData/Build/Intermediates.noindex/NefertitiFontSizeCalculator.build/Debug-watchos/NefertitiFontSizeCalculator-t.build/Objects-normal/arm64_32/NefertitiFontSizeCalculator-OutputFileMap.json -save-temps -no-color-diagnostics -explicit-module-build -module-cache-path /Users/admin/builder/spi-builder-workspace/.derivedData/Build/Intermediates.noindex/SwiftExplicitPrecompiledModules -clang-scanner-module-cache-path /Users/admin/builder/spi-builder-workspace/.derivedData/ModuleCache.noindex -sdk-module-cache-path /Users/admin/builder/spi-builder-workspace/.derivedData/SDKExplicitPrecompiledModules -emit-dependencies -emit-module -emit-module-path /Users/admin/builder/spi-builder-workspace/.derivedData/Build/Intermediates.noindex/NefertitiFontSizeCalculator.build/Debug-watchos/NefertitiFontSizeCalculator-t.build/Objects-normal/arm64_32/NefertitiFontSizeCalculator.swiftmodule -serialize-diagnostics -dependency-scan-serialize-diagnostics-path /Users/admin/builder/spi-builder-workspace/.derivedData/Build/Intermediates.noindex/NefertitiFontSizeCalculator.build/Debug-watchos/NefertitiFontSizeCalculator-t.build/Objects-normal/arm64_32/NefertitiFontSizeCalculator-dependency-scan.dia -validate-clang-modules-once -clang-build-session-file /Users/admin/builder/spi-builder-workspace/.derivedData/ModuleCache.noindex/Session.modulevalidation -Xcc -fmodules-prune-interval\=86400 -Xcc -fmodules-prune-after\=345600 -package-name nefertitifontsizecalculator -emit-const-values -const-gather-protocols-list /Users/admin/builder/spi-builder-workspace/.derivedData/Build/Intermediates.noindex/NefertitiFontSizeCalculator.build/Debug-watchos/NefertitiFontSizeCalculator-t.build/Objects-normal/arm64_32/NefertitiFontSizeCalculator_const_extract_protocols.json -Xcc -I/Users/admin/builder/spi-builder-workspace/.derivedData/Build/Products/Debug-watchos/include -Xcc -I/Users/admin/builder/spi-builder-workspace/.derivedData/Build/Intermediates.noindex/NefertitiFontSizeCalculator.build/Debug-watchos/NefertitiFontSizeCalculator-t.build/DerivedSources-normal/arm64_32 -Xcc -I/Users/admin/builder/spi-builder-workspace/.derivedData/Build/Intermediates.noindex/NefertitiFontSizeCalculator.build/Debug-watchos/NefertitiFontSizeCalculator-t.build/DerivedSources/arm64_32 -Xcc -I/Users/admin/builder/spi-builder-workspace/.derivedData/Build/Intermediates.noindex/NefertitiFontSizeCalculator.build/Debug-watchos/NefertitiFontSizeCalculator-t.build/DerivedSources -Xcc -DSWIFT_PACKAGE -Xcc -DDEBUG\=1 -emit-objc-header -emit-objc-header-path /Users/admin/builder/spi-builder-workspace/.derivedData/Build/Intermediates.noindex/NefertitiFontSizeCalculator.build/Debug-watchos/NefertitiFontSizeCalculator-t.build/Objects-normal/arm64_32/NefertitiFontSizeCalculator-Swift.h -working-directory /Users/admin/builder/spi-builder-workspace/.swiftpm/xcode -experimental-emit-module-separately -disable-cmo
SwiftDriverJobDiscovery normal arm64 Emitting module for NefertitiFontSizeCalculator (in target 'NefertitiFontSizeCalculator' from project 'NefertitiFontSizeCalculator')
SwiftDriver\ Compilation\ Requirements NefertitiFontSizeCalculator normal arm64 com.apple.xcode.tools.swift.compiler (in target 'NefertitiFontSizeCalculator' from project 'NefertitiFontSizeCalculator')
cd /Users/admin/builder/spi-builder-workspace/.swiftpm/xcode
builtin-Swift-Compilation-Requirements -- /Applications/Xcode-27.0.0-Release.Candidate.app/Contents/Developer/Toolchains/XcodeDefault.xctoolchain/usr/bin/swiftc -parse-as-library -module-name NefertitiFontSizeCalculator -Onone @/Users/admin/builder/spi-builder-workspace/.derivedData/Build/Intermediates.noindex/NefertitiFontSizeCalculator.build/Debug-watchos/NefertitiFontSizeCalculator-t.build/Objects-normal/arm64/NefertitiFontSizeCalculator.SwiftFileList -DSWIFT_PACKAGE -DDEBUG -DSWIFT_MODULE_RESOURCE_BUNDLE_UNAVAILABLE -DXcode -plugin-path /Applications/Xcode-27.0.0-Release.Candidate.app/Contents/Developer/Toolchains/XcodeDefault.xctoolchain/usr/lib/swift/host/plugins/testing -enable-experimental-feature DebugDescriptionMacro -sdk /Applications/Xcode-27.0.0-Release.Candidate.app/Contents/Developer/Platforms/WatchOS.platform/Developer/SDKs/WatchOS27.0.sdk -target arm64-apple-watchos9.0 -g -module-cache-path /Users/admin/builder/spi-builder-workspace/.derivedData/ModuleCache.noindex -Xfrontend -serialize-debugging-options -profile-coverage-mapping -profile-generate -enable-testing -suppress-warnings -index-store-path /Users/admin/builder/spi-builder-workspace/.derivedData/Index.noindex/DataStore -Xcc -D_LIBCPP_HARDENING_MODE\=_LIBCPP_HARDENING_MODE_DEBUG -swift-version 5 -I /Users/admin/builder/spi-builder-workspace/.derivedData/Build/Products/Debug-watchos -Isystem /Applications/Xcode-27.0.0-Release.Candidate.app/Contents/Developer/Platforms/WatchOS.platform/Developer/usr/lib -F /Users/admin/builder/spi-builder-workspace/.derivedData/Build/Products/Debug-watchos -F /Applications/Xcode-27.0.0-Release.Candidate.app/Contents/Developer/Platforms/WatchOS.platform/Developer/Library/Frameworks -F /Applications/Xcode-27.0.0-Release.Candidate.app/Contents/Developer/Platforms/WatchOS.platform/Developer/SDKs/WatchOS27.0.sdk/Developer/Library/Frameworks -c -j10 -enable-batch-mode -incremental -Xcc -ivfsstatcache -Xcc /Users/admin/builder/spi-builder-workspace/.derivedData/SDKStatCaches.noindex/watchos27.0-24R360-e829b21a6f8c9b70876ba0858053c04477534ef55a1706bf4c1112bbb242f0a2.sdkstatcache -output-file-map /Users/admin/builder/spi-builder-workspace/.derivedData/Build/Intermediates.noindex/NefertitiFontSizeCalculator.build/Debug-watchos/NefertitiFontSizeCalculator-t.build/Objects-normal/arm64/NefertitiFontSizeCalculator-OutputFileMap.json -save-temps -no-color-diagnostics -explicit-module-build -module-cache-path /Users/admin/builder/spi-builder-workspace/.derivedData/Build/Intermediates.noindex/SwiftExplicitPrecompiledModules -clang-scanner-module-cache-path /Users/admin/builder/spi-builder-workspace/.derivedData/ModuleCache.noindex -sdk-module-cache-path /Users/admin/builder/spi-builder-workspace/.derivedData/SDKExplicitPrecompiledModules -emit-dependencies -emit-module -emit-module-path /Users/admin/builder/spi-builder-workspace/.derivedData/Build/Intermediates.noindex/NefertitiFontSizeCalculator.build/Debug-watchos/NefertitiFontSizeCalculator-t.build/Objects-normal/arm64/NefertitiFontSizeCalculator.swiftmodule -serialize-diagnostics -dependency-scan-serialize-diagnostics-path /Users/admin/builder/spi-builder-workspace/.derivedData/Build/Intermediates.noindex/NefertitiFontSizeCalculator.build/Debug-watchos/NefertitiFontSizeCalculator-t.build/Objects-normal/arm64/NefertitiFontSizeCalculator-dependency-scan.dia -validate-clang-modules-once -clang-build-session-file /Users/admin/builder/spi-builder-workspace/.derivedData/ModuleCache.noindex/Session.modulevalidation -Xcc -fmodules-prune-interval\=86400 -Xcc -fmodules-prune-after\=345600 -package-name nefertitifontsizecalculator -emit-const-values -const-gather-protocols-list /Users/admin/builder/spi-builder-workspace/.derivedData/Build/Intermediates.noindex/NefertitiFontSizeCalculator.build/Debug-watchos/NefertitiFontSizeCalculator-t.build/Objects-normal/arm64/NefertitiFontSizeCalculator_const_extract_protocols.json -Xcc -I/Users/admin/builder/spi-builder-workspace/.derivedData/Build/Products/Debug-watchos/include -Xcc -I/Users/admin/builder/spi-builder-workspace/.derivedData/Build/Intermediates.noindex/NefertitiFontSizeCalculator.build/Debug-watchos/NefertitiFontSizeCalculator-t.build/DerivedSources-normal/arm64 -Xcc -I/Users/admin/builder/spi-builder-workspace/.derivedData/Build/Intermediates.noindex/NefertitiFontSizeCalculator.build/Debug-watchos/NefertitiFontSizeCalculator-t.build/DerivedSources/arm64 -Xcc -I/Users/admin/builder/spi-builder-workspace/.derivedData/Build/Intermediates.noindex/NefertitiFontSizeCalculator.build/Debug-watchos/NefertitiFontSizeCalculator-t.build/DerivedSources -Xcc -DSWIFT_PACKAGE -Xcc -DDEBUG\=1 -emit-objc-header -emit-objc-header-path /Users/admin/builder/spi-builder-workspace/.derivedData/Build/Intermediates.noindex/NefertitiFontSizeCalculator.build/Debug-watchos/NefertitiFontSizeCalculator-t.build/Objects-normal/arm64/NefertitiFontSizeCalculator-Swift.h -working-directory /Users/admin/builder/spi-builder-workspace/.swiftpm/xcode -experimental-emit-module-separately -disable-cmo
SwiftCompile normal arm64 Compiling\ NefertitiFontSizeCalculatorSourceProtocol.swift /Users/admin/builder/spi-builder-workspace/.dependencies/checkouts/NefertitiFontSizeCalculator/Sources/NefertitiFontSizeCalculator/PublicInterface/Protocols/NefertitiFontSizeCalculatorSourceProtocol.swift (in target 'NefertitiFontSizeCalculator' from project 'NefertitiFontSizeCalculator')
SwiftCompile normal arm64 /Users/admin/builder/spi-builder-workspace/.dependencies/checkouts/NefertitiFontSizeCalculator/Sources/NefertitiFontSizeCalculator/PublicInterface/Protocols/NefertitiFontSizeCalculatorSourceProtocol.swift (in target 'NefertitiFontSizeCalculator' from project 'NefertitiFontSizeCalculator')
cd /Users/admin/builder/spi-builder-workspace/.swiftpm/xcode
builtin-SwiftPerFileCompile NefertitiFontSizeCalculatorSourceProtocol.swift
SwiftMergeGeneratedHeaders /Users/admin/builder/spi-builder-workspace/.derivedData/Build/Intermediates.noindex/GeneratedModuleMaps-watchos/NefertitiFontSizeCalculator-Swift.h /Users/admin/builder/spi-builder-workspace/.derivedData/Build/Intermediates.noindex/NefertitiFontSizeCalculator.build/Debug-watchos/NefertitiFontSizeCalculator-t.build/Objects-normal/arm64/NefertitiFontSizeCalculator-Swift.h /Users/admin/builder/spi-builder-workspace/.derivedData/Build/Intermediates.noindex/NefertitiFontSizeCalculator.build/Debug-watchos/NefertitiFontSizeCalculator-t.build/Objects-normal/arm64_32/NefertitiFontSizeCalculator-Swift.h (in target 'NefertitiFontSizeCalculator' from project 'NefertitiFontSizeCalculator')
cd /Users/admin/builder/spi-builder-workspace/.dependencies/checkouts/NefertitiFontSizeCalculator
builtin-swiftHeaderTool -arch arm64 /Users/admin/builder/spi-builder-workspace/.derivedData/Build/Intermediates.noindex/NefertitiFontSizeCalculator.build/Debug-watchos/NefertitiFontSizeCalculator-t.build/Objects-normal/arm64/NefertitiFontSizeCalculator-Swift.h -arch arm64_32 /Users/admin/builder/spi-builder-workspace/.derivedData/Build/Intermediates.noindex/NefertitiFontSizeCalculator.build/Debug-watchos/NefertitiFontSizeCalculator-t.build/Objects-normal/arm64_32/NefertitiFontSizeCalculator-Swift.h -o /Users/admin/builder/spi-builder-workspace/.derivedData/Build/Intermediates.noindex/GeneratedModuleMaps-watchos/NefertitiFontSizeCalculator-Swift.h
SwiftDriverJobDiscovery normal arm64_32 Compiling NefertitiFontSizeCalculatorSourceProtocol.swift (in target 'NefertitiFontSizeCalculator' from project 'NefertitiFontSizeCalculator')
Copy /Users/admin/builder/spi-builder-workspace/.derivedData/Build/Products/Debug-watchos/NefertitiFontSizeCalculator.swiftmodule/arm64_32-apple-watchos.swiftmodule /Users/admin/builder/spi-builder-workspace/.derivedData/Build/Intermediates.noindex/NefertitiFontSizeCalculator.build/Debug-watchos/NefertitiFontSizeCalculator-t.build/Objects-normal/arm64_32/NefertitiFontSizeCalculator.swiftmodule (in target 'NefertitiFontSizeCalculator' from project 'NefertitiFontSizeCalculator')
cd /Users/admin/builder/spi-builder-workspace/.dependencies/checkouts/NefertitiFontSizeCalculator
builtin-copy -exclude .DS_Store -exclude CVS -exclude .svn -exclude .git -exclude .hg -resolve-src-symlinks -rename /Users/admin/builder/spi-builder-workspace/.derivedData/Build/Intermediates.noindex/NefertitiFontSizeCalculator.build/Debug-watchos/NefertitiFontSizeCalculator-t.build/Objects-normal/arm64_32/NefertitiFontSizeCalculator.swiftmodule /Users/admin/builder/spi-builder-workspace/.derivedData/Build/Products/Debug-watchos/NefertitiFontSizeCalculator.swiftmodule/arm64_32-apple-watchos.swiftmodule
Copy /Users/admin/builder/spi-builder-workspace/.derivedData/Build/Products/Debug-watchos/NefertitiFontSizeCalculator.swiftmodule/arm64_32-apple-watchos.swiftdoc /Users/admin/builder/spi-builder-workspace/.derivedData/Build/Intermediates.noindex/NefertitiFontSizeCalculator.build/Debug-watchos/NefertitiFontSizeCalculator-t.build/Objects-normal/arm64_32/NefertitiFontSizeCalculator.swiftdoc (in target 'NefertitiFontSizeCalculator' from project 'NefertitiFontSizeCalculator')
cd /Users/admin/builder/spi-builder-workspace/.dependencies/checkouts/NefertitiFontSizeCalculator
builtin-copy -exclude .DS_Store -exclude CVS -exclude .svn -exclude .git -exclude .hg -resolve-src-symlinks -rename /Users/admin/builder/spi-builder-workspace/.derivedData/Build/Intermediates.noindex/NefertitiFontSizeCalculator.build/Debug-watchos/NefertitiFontSizeCalculator-t.build/Objects-normal/arm64_32/NefertitiFontSizeCalculator.swiftdoc /Users/admin/builder/spi-builder-workspace/.derivedData/Build/Products/Debug-watchos/NefertitiFontSizeCalculator.swiftmodule/arm64_32-apple-watchos.swiftdoc
Copy /Users/admin/builder/spi-builder-workspace/.derivedData/Build/Products/Debug-watchos/NefertitiFontSizeCalculator.swiftmodule/arm64_32-apple-watchos.abi.json /Users/admin/builder/spi-builder-workspace/.derivedData/Build/Intermediates.noindex/NefertitiFontSizeCalculator.build/Debug-watchos/NefertitiFontSizeCalculator-t.build/Objects-normal/arm64_32/NefertitiFontSizeCalculator.abi.json (in target 'NefertitiFontSizeCalculator' from project 'NefertitiFontSizeCalculator')
cd /Users/admin/builder/spi-builder-workspace/.dependencies/checkouts/NefertitiFontSizeCalculator
builtin-copy -exclude .DS_Store -exclude CVS -exclude .svn -exclude .git -exclude .hg -resolve-src-symlinks -rename /Users/admin/builder/spi-builder-workspace/.derivedData/Build/Intermediates.noindex/NefertitiFontSizeCalculator.build/Debug-watchos/NefertitiFontSizeCalculator-t.build/Objects-normal/arm64_32/NefertitiFontSizeCalculator.abi.json /Users/admin/builder/spi-builder-workspace/.derivedData/Build/Products/Debug-watchos/NefertitiFontSizeCalculator.swiftmodule/arm64_32-apple-watchos.abi.json
SwiftDriverJobDiscovery normal arm64_32 Compiling NefertitiFileProtocol.swift (in target 'NefertitiFile' from project 'NefertitiFile')
Copy /Users/admin/builder/spi-builder-workspace/.derivedData/Build/Products/Debug-watchos/NefertitiFontSizeCalculator.swiftmodule/arm64-apple-watchos.swiftmodule /Users/admin/builder/spi-builder-workspace/.derivedData/Build/Intermediates.noindex/NefertitiFontSizeCalculator.build/Debug-watchos/NefertitiFontSizeCalculator-t.build/Objects-normal/arm64/NefertitiFontSizeCalculator.swiftmodule (in target 'NefertitiFontSizeCalculator' from project 'NefertitiFontSizeCalculator')
cd /Users/admin/builder/spi-builder-workspace/.dependencies/checkouts/NefertitiFontSizeCalculator
builtin-copy -exclude .DS_Store -exclude CVS -exclude .svn -exclude .git -exclude .hg -resolve-src-symlinks -rename /Users/admin/builder/spi-builder-workspace/.derivedData/Build/Intermediates.noindex/NefertitiFontSizeCalculator.build/Debug-watchos/NefertitiFontSizeCalculator-t.build/Objects-normal/arm64/NefertitiFontSizeCalculator.swiftmodule /Users/admin/builder/spi-builder-workspace/.derivedData/Build/Products/Debug-watchos/NefertitiFontSizeCalculator.swiftmodule/arm64-apple-watchos.swiftmodule
Copy /Users/admin/builder/spi-builder-workspace/.derivedData/Build/Products/Debug-watchos/NefertitiFontSizeCalculator.swiftmodule/arm64-apple-watchos.swiftdoc /Users/admin/builder/spi-builder-workspace/.derivedData/Build/Intermediates.noindex/NefertitiFontSizeCalculator.build/Debug-watchos/NefertitiFontSizeCalculator-t.build/Objects-normal/arm64/NefertitiFontSizeCalculator.swiftdoc (in target 'NefertitiFontSizeCalculator' from project 'NefertitiFontSizeCalculator')
cd /Users/admin/builder/spi-builder-workspace/.dependencies/checkouts/NefertitiFontSizeCalculator
builtin-copy -exclude .DS_Store -exclude CVS -exclude .svn -exclude .git -exclude .hg -resolve-src-symlinks -rename /Users/admin/builder/spi-builder-workspace/.derivedData/Build/Intermediates.noindex/NefertitiFontSizeCalculator.build/Debug-watchos/NefertitiFontSizeCalculator-t.build/Objects-normal/arm64/NefertitiFontSizeCalculator.swiftdoc /Users/admin/builder/spi-builder-workspace/.derivedData/Build/Products/Debug-watchos/NefertitiFontSizeCalculator.swiftmodule/arm64-apple-watchos.swiftdoc
SwiftDriverJobDiscovery normal arm64 Compiling NefertitiFileProtocol.swift (in target 'NefertitiFile' from project 'NefertitiFile')
Copy /Users/admin/builder/spi-builder-workspace/.derivedData/Build/Products/Debug-watchos/NefertitiFontSizeCalculator.swiftmodule/arm64-apple-watchos.abi.json /Users/admin/builder/spi-builder-workspace/.derivedData/Build/Intermediates.noindex/NefertitiFontSizeCalculator.build/Debug-watchos/NefertitiFontSizeCalculator-t.build/Objects-normal/arm64/NefertitiFontSizeCalculator.abi.json (in target 'NefertitiFontSizeCalculator' from project 'NefertitiFontSizeCalculator')
cd /Users/admin/builder/spi-builder-workspace/.dependencies/checkouts/NefertitiFontSizeCalculator
builtin-copy -exclude .DS_Store -exclude CVS -exclude .svn -exclude .git -exclude .hg -resolve-src-symlinks -rename /Users/admin/builder/spi-builder-workspace/.derivedData/Build/Intermediates.noindex/NefertitiFontSizeCalculator.build/Debug-watchos/NefertitiFontSizeCalculator-t.build/Objects-normal/arm64/NefertitiFontSizeCalculator.abi.json /Users/admin/builder/spi-builder-workspace/.derivedData/Build/Products/Debug-watchos/NefertitiFontSizeCalculator.swiftmodule/arm64-apple-watchos.abi.json
Copy /Users/admin/builder/spi-builder-workspace/.derivedData/Build/Products/Debug-watchos/NefertitiFontSizeCalculator.swiftmodule/Project/arm64_32-apple-watchos.swiftsourceinfo /Users/admin/builder/spi-builder-workspace/.derivedData/Build/Intermediates.noindex/NefertitiFontSizeCalculator.build/Debug-watchos/NefertitiFontSizeCalculator-t.build/Objects-normal/arm64_32/NefertitiFontSizeCalculator.swiftsourceinfo (in target 'NefertitiFontSizeCalculator' from project 'NefertitiFontSizeCalculator')
cd /Users/admin/builder/spi-builder-workspace/.dependencies/checkouts/NefertitiFontSizeCalculator
builtin-copy -exclude .DS_Store -exclude CVS -exclude .svn -exclude .git -exclude .hg -resolve-src-symlinks -rename /Users/admin/builder/spi-builder-workspace/.derivedData/Build/Intermediates.noindex/NefertitiFontSizeCalculator.build/Debug-watchos/NefertitiFontSizeCalculator-t.build/Objects-normal/arm64_32/NefertitiFontSizeCalculator.swiftsourceinfo /Users/admin/builder/spi-builder-workspace/.derivedData/Build/Products/Debug-watchos/NefertitiFontSizeCalculator.swiftmodule/Project/arm64_32-apple-watchos.swiftsourceinfo
Copy /Users/admin/builder/spi-builder-workspace/.derivedData/Build/Products/Debug-watchos/NefertitiFontSizeCalculator.swiftmodule/Project/arm64-apple-watchos.swiftsourceinfo /Users/admin/builder/spi-builder-workspace/.derivedData/Build/Intermediates.noindex/NefertitiFontSizeCalculator.build/Debug-watchos/NefertitiFontSizeCalculator-t.build/Objects-normal/arm64/NefertitiFontSizeCalculator.swiftsourceinfo (in target 'NefertitiFontSizeCalculator' from project 'NefertitiFontSizeCalculator')
cd /Users/admin/builder/spi-builder-workspace/.dependencies/checkouts/NefertitiFontSizeCalculator
builtin-copy -exclude .DS_Store -exclude CVS -exclude .svn -exclude .git -exclude .hg -resolve-src-symlinks -rename /Users/admin/builder/spi-builder-workspace/.derivedData/Build/Intermediates.noindex/NefertitiFontSizeCalculator.build/Debug-watchos/NefertitiFontSizeCalculator-t.build/Objects-normal/arm64/NefertitiFontSizeCalculator.swiftsourceinfo /Users/admin/builder/spi-builder-workspace/.derivedData/Build/Products/Debug-watchos/NefertitiFontSizeCalculator.swiftmodule/Project/arm64-apple-watchos.swiftsourceinfo
SwiftCompile normal arm64 Compiling\ NefertitiFontSizeRange.swift /Users/admin/builder/spi-builder-workspace/.dependencies/checkouts/NefertitiFontSizeCalculator/Sources/NefertitiFontSizeCalculator/PublicInterface/NefertitiFontSizeRange.swift (in target 'NefertitiFontSizeCalculator' from project 'NefertitiFontSizeCalculator')
SwiftCompile normal arm64 /Users/admin/builder/spi-builder-workspace/.dependencies/checkouts/NefertitiFontSizeCalculator/Sources/NefertitiFontSizeCalculator/PublicInterface/NefertitiFontSizeRange.swift (in target 'NefertitiFontSizeCalculator' from project 'NefertitiFontSizeCalculator')
cd /Users/admin/builder/spi-builder-workspace/.swiftpm/xcode
builtin-SwiftPerFileCompile NefertitiFontSizeRange.swift
SwiftCompile normal arm64 Compiling\ NefertitiFontSizeCalculatorProtocol.swift /Users/admin/builder/spi-builder-workspace/.dependencies/checkouts/NefertitiFontSizeCalculator/Sources/NefertitiFontSizeCalculator/PublicInterface/Protocols/NefertitiFontSizeCalculatorProtocol.swift (in target 'NefertitiFontSizeCalculator' from project 'NefertitiFontSizeCalculator')
SwiftCompile normal arm64 /Users/admin/builder/spi-builder-workspace/.dependencies/checkouts/NefertitiFontSizeCalculator/Sources/NefertitiFontSizeCalculator/PublicInterface/Protocols/NefertitiFontSizeCalculatorProtocol.swift (in target 'NefertitiFontSizeCalculator' from project 'NefertitiFontSizeCalculator')
cd /Users/admin/builder/spi-builder-workspace/.swiftpm/xcode
builtin-SwiftPerFileCompile NefertitiFontSizeCalculatorProtocol.swift
SwiftCompile normal arm64 Compiling\ NefertitiFontSizeCalculatorSource.swift /Users/admin/builder/spi-builder-workspace/.dependencies/checkouts/NefertitiFontSizeCalculator/Sources/NefertitiFontSizeCalculator/PublicInterface/NefertitiFontSizeCalculatorSource.swift (in target 'NefertitiFontSizeCalculator' from project 'NefertitiFontSizeCalculator')
SwiftCompile normal arm64 /Users/admin/builder/spi-builder-workspace/.dependencies/checkouts/NefertitiFontSizeCalculator/Sources/NefertitiFontSizeCalculator/PublicInterface/NefertitiFontSizeCalculatorSource.swift (in target 'NefertitiFontSizeCalculator' from project 'NefertitiFontSizeCalculator')
cd /Users/admin/builder/spi-builder-workspace/.swiftpm/xcode
builtin-SwiftPerFileCompile NefertitiFontSizeCalculatorSource.swift
SwiftDriverJobDiscovery normal arm64_32 Compiling NefertitiFontSizeCalculatorProtocol.swift (in target 'NefertitiFontSizeCalculator' from project 'NefertitiFontSizeCalculator')
SwiftCompile normal arm64 Compiling\ BinarySearchFitState.swift /Users/admin/builder/spi-builder-workspace/.dependencies/checkouts/NefertitiFontSizeCalculator/Sources/NefertitiFontSizeCalculator/Internal/BinarySearchFitState.swift (in target 'NefertitiFontSizeCalculator' from project 'NefertitiFontSizeCalculator')
SwiftCompile normal arm64 /Users/admin/builder/spi-builder-workspace/.dependencies/checkouts/NefertitiFontSizeCalculator/Sources/NefertitiFontSizeCalculator/Internal/BinarySearchFitState.swift (in target 'NefertitiFontSizeCalculator' from project 'NefertitiFontSizeCalculator')
cd /Users/admin/builder/spi-builder-workspace/.swiftpm/xcode
builtin-SwiftPerFileCompile BinarySearchFitState.swift
SwiftCompile normal arm64 Compiling\ NefertitiFontSizeCalculator.swift /Users/admin/builder/spi-builder-workspace/.dependencies/checkouts/NefertitiFontSizeCalculator/Sources/NefertitiFontSizeCalculator/PublicInterface/NefertitiFontSizeCalculator.swift (in target 'NefertitiFontSizeCalculator' from project 'NefertitiFontSizeCalculator')
SwiftCompile normal arm64 /Users/admin/builder/spi-builder-workspace/.dependencies/checkouts/NefertitiFontSizeCalculator/Sources/NefertitiFontSizeCalculator/PublicInterface/NefertitiFontSizeCalculator.swift (in target 'NefertitiFontSizeCalculator' from project 'NefertitiFontSizeCalculator')
cd /Users/admin/builder/spi-builder-workspace/.swiftpm/xcode
builtin-SwiftPerFileCompile NefertitiFontSizeCalculator.swift
SwiftDriverJobDiscovery normal arm64 Compiling NefertitiFileType.swift (in target 'NefertitiFile' from project 'NefertitiFile')
SwiftDriverJobDiscovery normal arm64_32 Compiling NefertitiFileType.swift (in target 'NefertitiFile' from project 'NefertitiFile')
SwiftCompile normal arm64_32 Compiling\ BinarySearchFitState.swift /Users/admin/builder/spi-builder-workspace/.dependencies/checkouts/NefertitiFontSizeCalculator/Sources/NefertitiFontSizeCalculator/Internal/BinarySearchFitState.swift (in target 'NefertitiFontSizeCalculator' from project 'NefertitiFontSizeCalculator')
SwiftCompile normal arm64_32 /Users/admin/builder/spi-builder-workspace/.dependencies/checkouts/NefertitiFontSizeCalculator/Sources/NefertitiFontSizeCalculator/Internal/BinarySearchFitState.swift (in target 'NefertitiFontSizeCalculator' from project 'NefertitiFontSizeCalculator')
cd /Users/admin/builder/spi-builder-workspace/.swiftpm/xcode
builtin-SwiftPerFileCompile BinarySearchFitState.swift
SwiftDriverJobDiscovery normal arm64 Compiling NefertitiFile.swift (in target 'NefertitiFile' from project 'NefertitiFile')
SwiftCompile normal arm64_32 Compiling\ NefertitiFontSizeRange.swift /Users/admin/builder/spi-builder-workspace/.dependencies/checkouts/NefertitiFontSizeCalculator/Sources/NefertitiFontSizeCalculator/PublicInterface/NefertitiFontSizeRange.swift (in target 'NefertitiFontSizeCalculator' from project 'NefertitiFontSizeCalculator')
SwiftCompile normal arm64_32 /Users/admin/builder/spi-builder-workspace/.dependencies/checkouts/NefertitiFontSizeCalculator/Sources/NefertitiFontSizeCalculator/PublicInterface/NefertitiFontSizeRange.swift (in target 'NefertitiFontSizeCalculator' from project 'NefertitiFontSizeCalculator')
cd /Users/admin/builder/spi-builder-workspace/.swiftpm/xcode
builtin-SwiftPerFileCompile NefertitiFontSizeRange.swift
SwiftCompile normal arm64_32 Compiling\ NefertitiFontSizeCalculatorSource.swift /Users/admin/builder/spi-builder-workspace/.dependencies/checkouts/NefertitiFontSizeCalculator/Sources/NefertitiFontSizeCalculator/PublicInterface/NefertitiFontSizeCalculatorSource.swift (in target 'NefertitiFontSizeCalculator' from project 'NefertitiFontSizeCalculator')
SwiftCompile normal arm64_32 /Users/admin/builder/spi-builder-workspace/.dependencies/checkouts/NefertitiFontSizeCalculator/Sources/NefertitiFontSizeCalculator/PublicInterface/NefertitiFontSizeCalculatorSource.swift (in target 'NefertitiFontSizeCalculator' from project 'NefertitiFontSizeCalculator')
cd /Users/admin/builder/spi-builder-workspace/.swiftpm/xcode
builtin-SwiftPerFileCompile NefertitiFontSizeCalculatorSource.swift
SwiftDriverJobDiscovery normal arm64_32 Compiling NefertitiFile.swift (in target 'NefertitiFile' from project 'NefertitiFile')
SwiftCompile normal arm64 Compiling\ NefertitiFontSizeRangeProtocol.swift /Users/admin/builder/spi-builder-workspace/.dependencies/checkouts/NefertitiFontSizeCalculator/Sources/NefertitiFontSizeCalculator/PublicInterface/Protocols/NefertitiFontSizeRangeProtocol.swift (in target 'NefertitiFontSizeCalculator' from project 'NefertitiFontSizeCalculator')
SwiftCompile normal arm64 /Users/admin/builder/spi-builder-workspace/.dependencies/checkouts/NefertitiFontSizeCalculator/Sources/NefertitiFontSizeCalculator/PublicInterface/Protocols/NefertitiFontSizeRangeProtocol.swift (in target 'NefertitiFontSizeCalculator' from project 'NefertitiFontSizeCalculator')
cd /Users/admin/builder/spi-builder-workspace/.swiftpm/xcode
builtin-SwiftPerFileCompile NefertitiFontSizeRangeProtocol.swift
SwiftDriverJobDiscovery normal arm64 Compiling NefertitiFontSizeCalculatorProtocol.swift (in target 'NefertitiFontSizeCalculator' from project 'NefertitiFontSizeCalculator')
SwiftCompile normal arm64_32 Compiling\ NefertitiFontSizeRangeProtocol.swift /Users/admin/builder/spi-builder-workspace/.dependencies/checkouts/NefertitiFontSizeCalculator/Sources/NefertitiFontSizeCalculator/PublicInterface/Protocols/NefertitiFontSizeRangeProtocol.swift (in target 'NefertitiFontSizeCalculator' from project 'NefertitiFontSizeCalculator')
SwiftCompile normal arm64_32 /Users/admin/builder/spi-builder-workspace/.dependencies/checkouts/NefertitiFontSizeCalculator/Sources/NefertitiFontSizeCalculator/PublicInterface/Protocols/NefertitiFontSizeRangeProtocol.swift (in target 'NefertitiFontSizeCalculator' from project 'NefertitiFontSizeCalculator')
cd /Users/admin/builder/spi-builder-workspace/.swiftpm/xcode
builtin-SwiftPerFileCompile NefertitiFontSizeRangeProtocol.swift
SwiftDriverJobDiscovery normal arm64 Compiling NefertitiFontSizeCalculatorSourceProtocol.swift (in target 'NefertitiFontSizeCalculator' from project 'NefertitiFontSizeCalculator')
SwiftDriver\ Compilation NefertitiFile normal arm64_32 com.apple.xcode.tools.swift.compiler (in target 'NefertitiFile' from project 'NefertitiFile')
cd /Users/admin/builder/spi-builder-workspace/.swiftpm/xcode
builtin-Swift-Compilation -- /Applications/Xcode-27.0.0-Release.Candidate.app/Contents/Developer/Toolchains/XcodeDefault.xctoolchain/usr/bin/swiftc -parse-as-library -module-name NefertitiFile -Onone @/Users/admin/builder/spi-builder-workspace/.derivedData/Build/Intermediates.noindex/NefertitiFile.build/Debug-watchos/NefertitiFile-t.build/Objects-normal/arm64_32/NefertitiFile.SwiftFileList -DSWIFT_PACKAGE -DDEBUG -DSWIFT_MODULE_RESOURCE_BUNDLE_UNAVAILABLE -DXcode -plugin-path /Applications/Xcode-27.0.0-Release.Candidate.app/Contents/Developer/Toolchains/XcodeDefault.xctoolchain/usr/lib/swift/host/plugins/testing -enable-experimental-feature DebugDescriptionMacro -sdk /Applications/Xcode-27.0.0-Release.Candidate.app/Contents/Developer/Platforms/WatchOS.platform/Developer/SDKs/WatchOS27.0.sdk -target arm64_32-apple-watchos9.0 -g -module-cache-path /Users/admin/builder/spi-builder-workspace/.derivedData/ModuleCache.noindex -Xfrontend -serialize-debugging-options -profile-coverage-mapping -profile-generate -enable-testing -suppress-warnings -index-store-path /Users/admin/builder/spi-builder-workspace/.derivedData/Index.noindex/DataStore -Xcc -D_LIBCPP_HARDENING_MODE\=_LIBCPP_HARDENING_MODE_DEBUG -swift-version 5 -I /Users/admin/builder/spi-builder-workspace/.derivedData/Build/Products/Debug-watchos -Isystem /Applications/Xcode-27.0.0-Release.Candidate.app/Contents/Developer/Platforms/WatchOS.platform/Developer/usr/lib -F /Users/admin/builder/spi-builder-workspace/.derivedData/Build/Products/Debug-watchos -F /Applications/Xcode-27.0.0-Release.Candidate.app/Contents/Developer/Platforms/WatchOS.platform/Developer/Library/Frameworks -F /Applications/Xcode-27.0.0-Release.Candidate.app/Contents/Developer/Platforms/WatchOS.platform/Developer/SDKs/WatchOS27.0.sdk/Developer/Library/Frameworks -c -j10 -enable-batch-mode -incremental -Xcc -ivfsstatcache -Xcc /Users/admin/builder/spi-builder-workspace/.derivedData/SDKStatCaches.noindex/watchos27.0-24R360-e829b21a6f8c9b70876ba0858053c04477534ef55a1706bf4c1112bbb242f0a2.sdkstatcache -output-file-map /Users/admin/builder/spi-builder-workspace/.derivedData/Build/Intermediates.noindex/NefertitiFile.build/Debug-watchos/NefertitiFile-t.build/Objects-normal/arm64_32/NefertitiFile-OutputFileMap.json -save-temps -no-color-diagnostics -explicit-module-build -module-cache-path /Users/admin/builder/spi-builder-workspace/.derivedData/Build/Intermediates.noindex/SwiftExplicitPrecompiledModules -clang-scanner-module-cache-path /Users/admin/builder/spi-builder-workspace/.derivedData/ModuleCache.noindex -sdk-module-cache-path /Users/admin/builder/spi-builder-workspace/.derivedData/SDKExplicitPrecompiledModules -emit-dependencies -emit-module -emit-module-path /Users/admin/builder/spi-builder-workspace/.derivedData/Build/Intermediates.noindex/NefertitiFile.build/Debug-watchos/NefertitiFile-t.build/Objects-normal/arm64_32/NefertitiFile.swiftmodule -serialize-diagnostics -dependency-scan-serialize-diagnostics-path /Users/admin/builder/spi-builder-workspace/.derivedData/Build/Intermediates.noindex/NefertitiFile.build/Debug-watchos/NefertitiFile-t.build/Objects-normal/arm64_32/NefertitiFile-dependency-scan.dia -validate-clang-modules-once -clang-build-session-file /Users/admin/builder/spi-builder-workspace/.derivedData/ModuleCache.noindex/Session.modulevalidation -Xcc -fmodules-prune-interval\=86400 -Xcc -fmodules-prune-after\=345600 -package-name nefertitifile -emit-const-values -const-gather-protocols-list /Users/admin/builder/spi-builder-workspace/.derivedData/Build/Intermediates.noindex/NefertitiFile.build/Debug-watchos/NefertitiFile-t.build/Objects-normal/arm64_32/NefertitiFile_const_extract_protocols.json -Xcc -I/Users/admin/builder/spi-builder-workspace/.derivedData/Build/Products/Debug-watchos/include -Xcc -I/Users/admin/builder/spi-builder-workspace/.derivedData/Build/Intermediates.noindex/NefertitiFile.build/Debug-watchos/NefertitiFile-t.build/DerivedSources-normal/arm64_32 -Xcc -I/Users/admin/builder/spi-builder-workspace/.derivedData/Build/Intermediates.noindex/NefertitiFile.build/Debug-watchos/NefertitiFile-t.build/DerivedSources/arm64_32 -Xcc -I/Users/admin/builder/spi-builder-workspace/.derivedData/Build/Intermediates.noindex/NefertitiFile.build/Debug-watchos/NefertitiFile-t.build/DerivedSources -Xcc -DSWIFT_PACKAGE -Xcc -DDEBUG\=1 -emit-objc-header -emit-objc-header-path /Users/admin/builder/spi-builder-workspace/.derivedData/Build/Intermediates.noindex/NefertitiFile.build/Debug-watchos/NefertitiFile-t.build/Objects-normal/arm64_32/NefertitiFile-Swift.h -working-directory /Users/admin/builder/spi-builder-workspace/.swiftpm/xcode -experimental-emit-module-separately -disable-cmo
SwiftDriverJobDiscovery normal arm64 Compiling NefertitiFontSizeRange.swift (in target 'NefertitiFontSizeCalculator' from project 'NefertitiFontSizeCalculator')
SwiftDriver\ Compilation NefertitiFile normal arm64 com.apple.xcode.tools.swift.compiler (in target 'NefertitiFile' from project 'NefertitiFile')
cd /Users/admin/builder/spi-builder-workspace/.swiftpm/xcode
builtin-Swift-Compilation -- /Applications/Xcode-27.0.0-Release.Candidate.app/Contents/Developer/Toolchains/XcodeDefault.xctoolchain/usr/bin/swiftc -parse-as-library -module-name NefertitiFile -Onone @/Users/admin/builder/spi-builder-workspace/.derivedData/Build/Intermediates.noindex/NefertitiFile.build/Debug-watchos/NefertitiFile-t.build/Objects-normal/arm64/NefertitiFile.SwiftFileList -DSWIFT_PACKAGE -DDEBUG -DSWIFT_MODULE_RESOURCE_BUNDLE_UNAVAILABLE -DXcode -plugin-path /Applications/Xcode-27.0.0-Release.Candidate.app/Contents/Developer/Toolchains/XcodeDefault.xctoolchain/usr/lib/swift/host/plugins/testing -enable-experimental-feature DebugDescriptionMacro -sdk /Applications/Xcode-27.0.0-Release.Candidate.app/Contents/Developer/Platforms/WatchOS.platform/Developer/SDKs/WatchOS27.0.sdk -target arm64-apple-watchos9.0 -g -module-cache-path /Users/admin/builder/spi-builder-workspace/.derivedData/ModuleCache.noindex -Xfrontend -serialize-debugging-options -profile-coverage-mapping -profile-generate -enable-testing -suppress-warnings -index-store-path /Users/admin/builder/spi-builder-workspace/.derivedData/Index.noindex/DataStore -Xcc -D_LIBCPP_HARDENING_MODE\=_LIBCPP_HARDENING_MODE_DEBUG -swift-version 5 -I /Users/admin/builder/spi-builder-workspace/.derivedData/Build/Products/Debug-watchos -Isystem /Applications/Xcode-27.0.0-Release.Candidate.app/Contents/Developer/Platforms/WatchOS.platform/Developer/usr/lib -F /Users/admin/builder/spi-builder-workspace/.derivedData/Build/Products/Debug-watchos -F /Applications/Xcode-27.0.0-Release.Candidate.app/Contents/Developer/Platforms/WatchOS.platform/Developer/Library/Frameworks -F /Applications/Xcode-27.0.0-Release.Candidate.app/Contents/Developer/Platforms/WatchOS.platform/Developer/SDKs/WatchOS27.0.sdk/Developer/Library/Frameworks -c -j10 -enable-batch-mode -incremental -Xcc -ivfsstatcache -Xcc /Users/admin/builder/spi-builder-workspace/.derivedData/SDKStatCaches.noindex/watchos27.0-24R360-e829b21a6f8c9b70876ba0858053c04477534ef55a1706bf4c1112bbb242f0a2.sdkstatcache -output-file-map /Users/admin/builder/spi-builder-workspace/.derivedData/Build/Intermediates.noindex/NefertitiFile.build/Debug-watchos/NefertitiFile-t.build/Objects-normal/arm64/NefertitiFile-OutputFileMap.json -save-temps -no-color-diagnostics -explicit-module-build -module-cache-path /Users/admin/builder/spi-builder-workspace/.derivedData/Build/Intermediates.noindex/SwiftExplicitPrecompiledModules -clang-scanner-module-cache-path /Users/admin/builder/spi-builder-workspace/.derivedData/ModuleCache.noindex -sdk-module-cache-path /Users/admin/builder/spi-builder-workspace/.derivedData/SDKExplicitPrecompiledModules -emit-dependencies -emit-module -emit-module-path /Users/admin/builder/spi-builder-workspace/.derivedData/Build/Intermediates.noindex/NefertitiFile.build/Debug-watchos/NefertitiFile-t.build/Objects-normal/arm64/NefertitiFile.swiftmodule -serialize-diagnostics -dependency-scan-serialize-diagnostics-path /Users/admin/builder/spi-builder-workspace/.derivedData/Build/Intermediates.noindex/NefertitiFile.build/Debug-watchos/NefertitiFile-t.build/Objects-normal/arm64/NefertitiFile-dependency-scan.dia -validate-clang-modules-once -clang-build-session-file /Users/admin/builder/spi-builder-workspace/.derivedData/ModuleCache.noindex/Session.modulevalidation -Xcc -fmodules-prune-interval\=86400 -Xcc -fmodules-prune-after\=345600 -package-name nefertitifile -emit-const-values -const-gather-protocols-list /Users/admin/builder/spi-builder-workspace/.derivedData/Build/Intermediates.noindex/NefertitiFile.build/Debug-watchos/NefertitiFile-t.build/Objects-normal/arm64/NefertitiFile_const_extract_protocols.json -Xcc -I/Users/admin/builder/spi-builder-workspace/.derivedData/Build/Products/Debug-watchos/include -Xcc -I/Users/admin/builder/spi-builder-workspace/.derivedData/Build/Intermediates.noindex/NefertitiFile.build/Debug-watchos/NefertitiFile-t.build/DerivedSources-normal/arm64 -Xcc -I/Users/admin/builder/spi-builder-workspace/.derivedData/Build/Intermediates.noindex/NefertitiFile.build/Debug-watchos/NefertitiFile-t.build/DerivedSources/arm64 -Xcc -I/Users/admin/builder/spi-builder-workspace/.derivedData/Build/Intermediates.noindex/NefertitiFile.build/Debug-watchos/NefertitiFile-t.build/DerivedSources -Xcc -DSWIFT_PACKAGE -Xcc -DDEBUG\=1 -emit-objc-header -emit-objc-header-path /Users/admin/builder/spi-builder-workspace/.derivedData/Build/Intermediates.noindex/NefertitiFile.build/Debug-watchos/NefertitiFile-t.build/Objects-normal/arm64/NefertitiFile-Swift.h -working-directory /Users/admin/builder/spi-builder-workspace/.swiftpm/xcode -experimental-emit-module-separately -disable-cmo
SwiftDriverJobDiscovery normal arm64 Compiling BinarySearchFitState.swift (in target 'NefertitiFontSizeCalculator' from project 'NefertitiFontSizeCalculator')
Ld /Users/admin/builder/spi-builder-workspace/.derivedData/Build/Intermediates.noindex/NefertitiFile.build/Debug-watchos/NefertitiFile-t.build/Objects-normal/arm64_32/Binary/NefertitiFile.o normal arm64_32 (in target 'NefertitiFile' from project 'NefertitiFile')
cd /Users/admin/builder/spi-builder-workspace/.dependencies/checkouts/NefertitiFile
/Applications/Xcode-27.0.0-Release.Candidate.app/Contents/Developer/Toolchains/XcodeDefault.xctoolchain/usr/bin/clang -Xlinker -reproducible -target arm64_32-apple-watchos9.0 -r -isysroot /Applications/Xcode-27.0.0-Release.Candidate.app/Contents/Developer/Platforms/WatchOS.platform/Developer/SDKs/WatchOS27.0.sdk -O0 -w -Xlinker -no_warn_duplicate_libraries -F/Users/admin/builder/spi-builder-workspace/.derivedData/Build/Intermediates.noindex/EagerLinkingTBDs/Debug-watchos -F/Users/admin/builder/spi-builder-workspace/.derivedData/Build/Products/Debug-watchos -iframework /Applications/Xcode-27.0.0-Release.Candidate.app/Contents/Developer/Platforms/WatchOS.platform/Developer/Library/Frameworks -iframework /Applications/Xcode-27.0.0-Release.Candidate.app/Contents/Developer/Platforms/WatchOS.platform/Developer/SDKs/WatchOS27.0.sdk/Developer/Library/Frameworks -filelist /Users/admin/builder/spi-builder-workspace/.derivedData/Build/Intermediates.noindex/NefertitiFile.build/Debug-watchos/NefertitiFile-t.build/Objects-normal/arm64_32/NefertitiFile.LinkFileList -nostdlib -Xlinker -object_path_lto -Xlinker /Users/admin/builder/spi-builder-workspace/.derivedData/Build/Intermediates.noindex/NefertitiFile.build/Debug-watchos/NefertitiFile-t.build/Objects-normal/arm64_32/NefertitiFile_lto.o -Xlinker -no_deduplicate -Xlinker -debug_variant -Xlinker -dependency_info -Xlinker /Users/admin/builder/spi-builder-workspace/.derivedData/Build/Intermediates.noindex/NefertitiFile.build/Debug-watchos/NefertitiFile-t.build/Objects-normal/arm64_32/NefertitiFile_dependency_info.dat -fobjc-link-runtime -L/Applications/Xcode-27.0.0-Release.Candidate.app/Contents/Developer/Toolchains/XcodeDefault.xctoolchain/usr/lib/swift/watchos -L/usr/lib/swift -Xlinker -add_ast_path -Xlinker /Users/admin/builder/spi-builder-workspace/.derivedData/Build/Intermediates.noindex/NefertitiFile.build/Debug-watchos/NefertitiFile-t.build/Objects-normal/arm64_32/NefertitiFile.swiftmodule -o /Users/admin/builder/spi-builder-workspace/.derivedData/Build/Intermediates.noindex/NefertitiFile.build/Debug-watchos/NefertitiFile-t.build/Objects-normal/arm64_32/Binary/NefertitiFile.o
Ld /Users/admin/builder/spi-builder-workspace/.derivedData/Build/Intermediates.noindex/NefertitiFile.build/Debug-watchos/NefertitiFile-t.build/Objects-normal/arm64/Binary/NefertitiFile.o normal arm64 (in target 'NefertitiFile' from project 'NefertitiFile')
cd /Users/admin/builder/spi-builder-workspace/.dependencies/checkouts/NefertitiFile
/Applications/Xcode-27.0.0-Release.Candidate.app/Contents/Developer/Toolchains/XcodeDefault.xctoolchain/usr/bin/clang -Xlinker -reproducible -target arm64-apple-watchos9.0 -r -isysroot /Applications/Xcode-27.0.0-Release.Candidate.app/Contents/Developer/Platforms/WatchOS.platform/Developer/SDKs/WatchOS27.0.sdk -O0 -w -Xlinker -no_warn_duplicate_libraries -F/Users/admin/builder/spi-builder-workspace/.derivedData/Build/Intermediates.noindex/EagerLinkingTBDs/Debug-watchos -F/Users/admin/builder/spi-builder-workspace/.derivedData/Build/Products/Debug-watchos -iframework /Applications/Xcode-27.0.0-Release.Candidate.app/Contents/Developer/Platforms/WatchOS.platform/Developer/Library/Frameworks -iframework /Applications/Xcode-27.0.0-Release.Candidate.app/Contents/Developer/Platforms/WatchOS.platform/Developer/SDKs/WatchOS27.0.sdk/Developer/Library/Frameworks -filelist /Users/admin/builder/spi-builder-workspace/.derivedData/Build/Intermediates.noindex/NefertitiFile.build/Debug-watchos/NefertitiFile-t.build/Objects-normal/arm64/NefertitiFile.LinkFileList -nostdlib -Xlinker -object_path_lto -Xlinker /Users/admin/builder/spi-builder-workspace/.derivedData/Build/Intermediates.noindex/NefertitiFile.build/Debug-watchos/NefertitiFile-t.build/Objects-normal/arm64/NefertitiFile_lto.o -Xlinker -no_deduplicate -Xlinker -debug_variant -Xlinker -dependency_info -Xlinker /Users/admin/builder/spi-builder-workspace/.derivedData/Build/Intermediates.noindex/NefertitiFile.build/Debug-watchos/NefertitiFile-t.build/Objects-normal/arm64/NefertitiFile_dependency_info.dat -fobjc-link-runtime -L/Applications/Xcode-27.0.0-Release.Candidate.app/Contents/Developer/Toolchains/XcodeDefault.xctoolchain/usr/lib/swift/watchos -L/usr/lib/swift -Xlinker -add_ast_path -Xlinker /Users/admin/builder/spi-builder-workspace/.derivedData/Build/Intermediates.noindex/NefertitiFile.build/Debug-watchos/NefertitiFile-t.build/Objects-normal/arm64/NefertitiFile.swiftmodule -o /Users/admin/builder/spi-builder-workspace/.derivedData/Build/Intermediates.noindex/NefertitiFile.build/Debug-watchos/NefertitiFile-t.build/Objects-normal/arm64/Binary/NefertitiFile.o
SwiftDriverJobDiscovery normal arm64 Compiling NefertitiFontSizeCalculatorSource.swift (in target 'NefertitiFontSizeCalculator' from project 'NefertitiFontSizeCalculator')
SwiftDriver Nefertiti normal arm64_32 com.apple.xcode.tools.swift.compiler (in target 'Nefertiti' from project 'Nefertiti')
cd /Users/admin/builder/spi-builder-workspace/.swiftpm/xcode
builtin-SwiftDriver -- /Applications/Xcode-27.0.0-Release.Candidate.app/Contents/Developer/Toolchains/XcodeDefault.xctoolchain/usr/bin/swiftc -parse-as-library -module-name Nefertiti -Onone @/Users/admin/builder/spi-builder-workspace/.derivedData/Build/Intermediates.noindex/Nefertiti.build/Debug-watchos/Nefertiti-t.build/Objects-normal/arm64_32/Nefertiti.SwiftFileList -DSWIFT_PACKAGE -DDEBUG -DSWIFT_MODULE_RESOURCE_BUNDLE_UNAVAILABLE -DXcode -plugin-path /Applications/Xcode-27.0.0-Release.Candidate.app/Contents/Developer/Toolchains/XcodeDefault.xctoolchain/usr/lib/swift/host/plugins/testing -enable-experimental-feature DebugDescriptionMacro -sdk /Applications/Xcode-27.0.0-Release.Candidate.app/Contents/Developer/Platforms/WatchOS.platform/Developer/SDKs/WatchOS27.0.sdk -target arm64_32-apple-watchos10.0 -g -module-cache-path /Users/admin/builder/spi-builder-workspace/.derivedData/ModuleCache.noindex -Xfrontend -serialize-debugging-options -profile-coverage-mapping -profile-generate -enable-testing -index-store-path /Users/admin/builder/spi-builder-workspace/.derivedData/Index.noindex/DataStore -Xcc -D_LIBCPP_HARDENING_MODE\=_LIBCPP_HARDENING_MODE_DEBUG -swift-version 5 -I /Users/admin/builder/spi-builder-workspace/.derivedData/Build/Products/Debug-watchos -Isystem /Applications/Xcode-27.0.0-Release.Candidate.app/Contents/Developer/Platforms/WatchOS.platform/Developer/usr/lib -F /Users/admin/builder/spi-builder-workspace/.derivedData/Build/Products/Debug-watchos/PackageFrameworks -F /Users/admin/builder/spi-builder-workspace/.derivedData/Build/Products/Debug-watchos -F /Applications/Xcode-27.0.0-Release.Candidate.app/Contents/Developer/Platforms/WatchOS.platform/Developer/Library/Frameworks -F /Applications/Xcode-27.0.0-Release.Candidate.app/Contents/Developer/Platforms/WatchOS.platform/Developer/SDKs/WatchOS27.0.sdk/Developer/Library/Frameworks -c -j10 -enable-batch-mode -incremental -Xcc -ivfsstatcache -Xcc /Users/admin/builder/spi-builder-workspace/.derivedData/SDKStatCaches.noindex/watchos27.0-24R360-e829b21a6f8c9b70876ba0858053c04477534ef55a1706bf4c1112bbb242f0a2.sdkstatcache -output-file-map /Users/admin/builder/spi-builder-workspace/.derivedData/Build/Intermediates.noindex/Nefertiti.build/Debug-watchos/Nefertiti-t.build/Objects-normal/arm64_32/Nefertiti-OutputFileMap.json -save-temps -no-color-diagnostics -explicit-module-build -module-cache-path /Users/admin/builder/spi-builder-workspace/.derivedData/Build/Intermediates.noindex/SwiftExplicitPrecompiledModules -clang-scanner-module-cache-path /Users/admin/builder/spi-builder-workspace/.derivedData/ModuleCache.noindex -sdk-module-cache-path /Users/admin/builder/spi-builder-workspace/.derivedData/SDKExplicitPrecompiledModules -emit-dependencies -emit-module -emit-module-path /Users/admin/builder/spi-builder-workspace/.derivedData/Build/Intermediates.noindex/Nefertiti.build/Debug-watchos/Nefertiti-t.build/Objects-normal/arm64_32/Nefertiti.swiftmodule -serialize-diagnostics -dependency-scan-serialize-diagnostics-path /Users/admin/builder/spi-builder-workspace/.derivedData/Build/Intermediates.noindex/Nefertiti.build/Debug-watchos/Nefertiti-t.build/Objects-normal/arm64_32/Nefertiti-dependency-scan.dia -validate-clang-modules-once -clang-build-session-file /Users/admin/builder/spi-builder-workspace/.derivedData/ModuleCache.noindex/Session.modulevalidation -Xcc -fmodules-prune-interval\=86400 -Xcc -fmodules-prune-after\=345600 -package-name spi_builder_workspace -emit-const-values -const-gather-protocols-list /Users/admin/builder/spi-builder-workspace/.derivedData/Build/Intermediates.noindex/Nefertiti.build/Debug-watchos/Nefertiti-t.build/Objects-normal/arm64_32/Nefertiti_const_extract_protocols.json -Xcc -I/Users/admin/builder/spi-builder-workspace/.derivedData/Build/Products/Debug-watchos/include -Xcc -I/Users/admin/builder/spi-builder-workspace/.derivedData/Build/Intermediates.noindex/Nefertiti.build/Debug-watchos/Nefertiti-t.build/DerivedSources-normal/arm64_32 -Xcc -I/Users/admin/builder/spi-builder-workspace/.derivedData/Build/Intermediates.noindex/Nefertiti.build/Debug-watchos/Nefertiti-t.build/DerivedSources/arm64_32 -Xcc -I/Users/admin/builder/spi-builder-workspace/.derivedData/Build/Intermediates.noindex/Nefertiti.build/Debug-watchos/Nefertiti-t.build/DerivedSources -Xcc -DSWIFT_PACKAGE -Xcc -DDEBUG\=1 -emit-objc-header -emit-objc-header-path /Users/admin/builder/spi-builder-workspace/.derivedData/Build/Intermediates.noindex/Nefertiti.build/Debug-watchos/Nefertiti-t.build/Objects-normal/arm64_32/Nefertiti-Swift.h -working-directory /Users/admin/builder/spi-builder-workspace/.swiftpm/xcode -experimental-emit-module-separately -disable-cmo
SwiftDriver Nefertiti normal arm64 com.apple.xcode.tools.swift.compiler (in target 'Nefertiti' from project 'Nefertiti')
cd /Users/admin/builder/spi-builder-workspace/.swiftpm/xcode
builtin-SwiftDriver -- /Applications/Xcode-27.0.0-Release.Candidate.app/Contents/Developer/Toolchains/XcodeDefault.xctoolchain/usr/bin/swiftc -parse-as-library -module-name Nefertiti -Onone @/Users/admin/builder/spi-builder-workspace/.derivedData/Build/Intermediates.noindex/Nefertiti.build/Debug-watchos/Nefertiti-t.build/Objects-normal/arm64/Nefertiti.SwiftFileList -DSWIFT_PACKAGE -DDEBUG -DSWIFT_MODULE_RESOURCE_BUNDLE_UNAVAILABLE -DXcode -plugin-path /Applications/Xcode-27.0.0-Release.Candidate.app/Contents/Developer/Toolchains/XcodeDefault.xctoolchain/usr/lib/swift/host/plugins/testing -enable-experimental-feature DebugDescriptionMacro -sdk /Applications/Xcode-27.0.0-Release.Candidate.app/Contents/Developer/Platforms/WatchOS.platform/Developer/SDKs/WatchOS27.0.sdk -target arm64-apple-watchos10.0 -g -module-cache-path /Users/admin/builder/spi-builder-workspace/.derivedData/ModuleCache.noindex -Xfrontend -serialize-debugging-options -profile-coverage-mapping -profile-generate -enable-testing -index-store-path /Users/admin/builder/spi-builder-workspace/.derivedData/Index.noindex/DataStore -Xcc -D_LIBCPP_HARDENING_MODE\=_LIBCPP_HARDENING_MODE_DEBUG -swift-version 5 -I /Users/admin/builder/spi-builder-workspace/.derivedData/Build/Products/Debug-watchos -Isystem /Applications/Xcode-27.0.0-Release.Candidate.app/Contents/Developer/Platforms/WatchOS.platform/Developer/usr/lib -F /Users/admin/builder/spi-builder-workspace/.derivedData/Build/Products/Debug-watchos/PackageFrameworks -F /Users/admin/builder/spi-builder-workspace/.derivedData/Build/Products/Debug-watchos -F /Applications/Xcode-27.0.0-Release.Candidate.app/Contents/Developer/Platforms/WatchOS.platform/Developer/Library/Frameworks -F /Applications/Xcode-27.0.0-Release.Candidate.app/Contents/Developer/Platforms/WatchOS.platform/Developer/SDKs/WatchOS27.0.sdk/Developer/Library/Frameworks -c -j10 -enable-batch-mode -incremental -Xcc -ivfsstatcache -Xcc /Users/admin/builder/spi-builder-workspace/.derivedData/SDKStatCaches.noindex/watchos27.0-24R360-e829b21a6f8c9b70876ba0858053c04477534ef55a1706bf4c1112bbb242f0a2.sdkstatcache -output-file-map /Users/admin/builder/spi-builder-workspace/.derivedData/Build/Intermediates.noindex/Nefertiti.build/Debug-watchos/Nefertiti-t.build/Objects-normal/arm64/Nefertiti-OutputFileMap.json -save-temps -no-color-diagnostics -explicit-module-build -module-cache-path /Users/admin/builder/spi-builder-workspace/.derivedData/Build/Intermediates.noindex/SwiftExplicitPrecompiledModules -clang-scanner-module-cache-path /Users/admin/builder/spi-builder-workspace/.derivedData/ModuleCache.noindex -sdk-module-cache-path /Users/admin/builder/spi-builder-workspace/.derivedData/SDKExplicitPrecompiledModules -emit-dependencies -emit-module -emit-module-path /Users/admin/builder/spi-builder-workspace/.derivedData/Build/Intermediates.noindex/Nefertiti.build/Debug-watchos/Nefertiti-t.build/Objects-normal/arm64/Nefertiti.swiftmodule -serialize-diagnostics -dependency-scan-serialize-diagnostics-path /Users/admin/builder/spi-builder-workspace/.derivedData/Build/Intermediates.noindex/Nefertiti.build/Debug-watchos/Nefertiti-t.build/Objects-normal/arm64/Nefertiti-dependency-scan.dia -validate-clang-modules-once -clang-build-session-file /Users/admin/builder/spi-builder-workspace/.derivedData/ModuleCache.noindex/Session.modulevalidation -Xcc -fmodules-prune-interval\=86400 -Xcc -fmodules-prune-after\=345600 -package-name spi_builder_workspace -emit-const-values -const-gather-protocols-list /Users/admin/builder/spi-builder-workspace/.derivedData/Build/Intermediates.noindex/Nefertiti.build/Debug-watchos/Nefertiti-t.build/Objects-normal/arm64/Nefertiti_const_extract_protocols.json -Xcc -I/Users/admin/builder/spi-builder-workspace/.derivedData/Build/Products/Debug-watchos/include -Xcc -I/Users/admin/builder/spi-builder-workspace/.derivedData/Build/Intermediates.noindex/Nefertiti.build/Debug-watchos/Nefertiti-t.build/DerivedSources-normal/arm64 -Xcc -I/Users/admin/builder/spi-builder-workspace/.derivedData/Build/Intermediates.noindex/Nefertiti.build/Debug-watchos/Nefertiti-t.build/DerivedSources/arm64 -Xcc -I/Users/admin/builder/spi-builder-workspace/.derivedData/Build/Intermediates.noindex/Nefertiti.build/Debug-watchos/Nefertiti-t.build/DerivedSources -Xcc -DSWIFT_PACKAGE -Xcc -DDEBUG\=1 -emit-objc-header -emit-objc-header-path /Users/admin/builder/spi-builder-workspace/.derivedData/Build/Intermediates.noindex/Nefertiti.build/Debug-watchos/Nefertiti-t.build/Objects-normal/arm64/Nefertiti-Swift.h -working-directory /Users/admin/builder/spi-builder-workspace/.swiftpm/xcode -experimental-emit-module-separately -disable-cmo
SwiftDriverJobDiscovery normal arm64_32 Compiling BinarySearchFitState.swift (in target 'NefertitiFontSizeCalculator' from project 'NefertitiFontSizeCalculator')
CreateUniversalBinary /Users/admin/builder/spi-builder-workspace/.derivedData/Build/Products/Debug-watchos/NefertitiFile.o normal arm64\ arm64_32 (in target 'NefertitiFile' from project 'NefertitiFile')
cd /Users/admin/builder/spi-builder-workspace/.dependencies/checkouts/NefertitiFile
/Applications/Xcode-27.0.0-Release.Candidate.app/Contents/Developer/Toolchains/XcodeDefault.xctoolchain/usr/bin/lipo -create /Users/admin/builder/spi-builder-workspace/.derivedData/Build/Intermediates.noindex/NefertitiFile.build/Debug-watchos/NefertitiFile-t.build/Objects-normal/arm64/Binary/NefertitiFile.o /Users/admin/builder/spi-builder-workspace/.derivedData/Build/Intermediates.noindex/NefertitiFile.build/Debug-watchos/NefertitiFile-t.build/Objects-normal/arm64_32/Binary/NefertitiFile.o -output /Users/admin/builder/spi-builder-workspace/.derivedData/Build/Products/Debug-watchos/NefertitiFile.o
ExtractAppIntentsMetadata (in target 'NefertitiFile' from project 'NefertitiFile')
cd /Users/admin/builder/spi-builder-workspace/.dependencies/checkouts/NefertitiFile
/Applications/Xcode-27.0.0-Release.Candidate.app/Contents/Developer/Toolchains/XcodeDefault.xctoolchain/usr/bin/appintentsmetadataprocessor --toolchain-dir /var/run/com.apple.security.cryptexd/mnt/com.apple.MobileAsset.MetalToolchain-v27.1.266.1.wx2HJc/Metal.xctoolchain --module-name NefertitiFile --sdk-root /Applications/Xcode-27.0.0-Release.Candidate.app/Contents/Developer/Platforms/WatchOS.platform/Developer/SDKs/WatchOS27.0.sdk --xcode-version 27A266a --platform-family watchOS --deployment-target 9.0 --bundle-identifier nefertitifile.NefertitiFile --output /Users/admin/builder/spi-builder-workspace/.derivedData/Build/Products/Debug-watchos/NefertitiFile.appintents --target-triple arm64-apple-watchos9.0 --target-triple arm64_32-apple-watchos9.0 --binary-file /Users/admin/builder/spi-builder-workspace/.derivedData/Build/Products/Debug-watchos/NefertitiFile.o --dependency-file /Users/admin/builder/spi-builder-workspace/.derivedData/Build/Intermediates.noindex/NefertitiFile.build/Debug-watchos/NefertitiFile-t.build/Objects-normal/arm64/NefertitiFile_dependency_info.dat --dependency-file /Users/admin/builder/spi-builder-workspace/.derivedData/Build/Intermediates.noindex/NefertitiFile.build/Debug-watchos/NefertitiFile-t.build/Objects-normal/arm64_32/NefertitiFile_dependency_info.dat --stringsdata-file /Users/admin/builder/spi-builder-workspace/.derivedData/Build/Intermediates.noindex/NefertitiFile.build/Debug-watchos/NefertitiFile-t.build/Objects-normal/arm64/ExtractedAppShortcutsMetadata.stringsdata --stringsdata-file /Users/admin/builder/spi-builder-workspace/.derivedData/Build/Intermediates.noindex/NefertitiFile.build/Debug-watchos/NefertitiFile-t.build/Objects-normal/arm64_32/ExtractedAppShortcutsMetadata.stringsdata --source-file-list /Users/admin/builder/spi-builder-workspace/.derivedData/Build/Intermediates.noindex/NefertitiFile.build/Debug-watchos/NefertitiFile-t.build/Objects-normal/arm64/NefertitiFile.SwiftFileList --source-file-list /Users/admin/builder/spi-builder-workspace/.derivedData/Build/Intermediates.noindex/NefertitiFile.build/Debug-watchos/NefertitiFile-t.build/Objects-normal/arm64_32/NefertitiFile.SwiftFileList --metadata-file-list /Users/admin/builder/spi-builder-workspace/.derivedData/Build/Intermediates.noindex/NefertitiFile.build/Debug-watchos/NefertitiFile-t.build/NefertitiFile.DependencyMetadataFileList --static-metadata-file-list /Users/admin/builder/spi-builder-workspace/.derivedData/Build/Intermediates.noindex/NefertitiFile.build/Debug-watchos/NefertitiFile-t.build/NefertitiFile.DependencyStaticMetadataFileList --swift-const-vals-list /Users/admin/builder/spi-builder-workspace/.derivedData/Build/Intermediates.noindex/NefertitiFile.build/Debug-watchos/NefertitiFile-t.build/Objects-normal/arm64/NefertitiFile.SwiftConstValuesFileList --swift-const-vals-list /Users/admin/builder/spi-builder-workspace/.derivedData/Build/Intermediates.noindex/NefertitiFile.build/Debug-watchos/NefertitiFile-t.build/Objects-normal/arm64_32/NefertitiFile.SwiftConstValuesFileList --force --compile-time-extraction --deployment-aware-processing --no-app-shortcuts-localization
2026-09-21 14:13:46.861 appintentsmetadataprocessor[918:5103] Starting appintentsmetadataprocessor export
2026-09-21 14:13:46.987 appintentsmetadataprocessor[918:5103] Extracted no relevant App Intents symbols, skipping writing output
SwiftDriverJobDiscovery normal arm64 Compiling NefertitiFontSizeRangeProtocol.swift (in target 'NefertitiFontSizeCalculator' from project 'NefertitiFontSizeCalculator')
SwiftDriverJobDiscovery normal arm64_32 Compiling NefertitiFontSizeRange.swift (in target 'NefertitiFontSizeCalculator' from project 'NefertitiFontSizeCalculator')
SwiftDriverJobDiscovery normal arm64_32 Compiling NefertitiFontSizeCalculatorSource.swift (in target 'NefertitiFontSizeCalculator' from project 'NefertitiFontSizeCalculator')
SwiftDriverJobDiscovery normal arm64_32 Compiling NefertitiFontSizeRangeProtocol.swift (in target 'NefertitiFontSizeCalculator' from project 'NefertitiFontSizeCalculator')
SwiftExplicitDependencyGeneratePcm arm64 /Users/admin/builder/spi-builder-workspace/.derivedData/SDKExplicitPrecompiledModules/Vision-5XANX6AK1V549XHH4AWW17PDJ.pcm
SwiftExplicitDependencyGeneratePcm arm64 /Users/admin/builder/spi-builder-workspace/.derivedData/SDKExplicitPrecompiledModules/CoreAudioTypes-A9MF7N5LT63G21HNFVM6BT14B.pcm
SwiftExplicitDependencyGeneratePcm arm64 /Users/admin/builder/spi-builder-workspace/.derivedData/SDKExplicitPrecompiledModules/Accelerate-28ES2UAMDN4QG4BXE6ZO309NT.pcm
SwiftExplicitDependencyGeneratePcm arm64 /Users/admin/builder/spi-builder-workspace/.derivedData/SDKExplicitPrecompiledModules/CoreMIDI-DMNFPOXYVF7STUO5GNB3DF2BQ.pcm
SwiftExplicitDependencyGeneratePcm arm64 /Users/admin/builder/spi-builder-workspace/.derivedData/SDKExplicitPrecompiledModules/ImageIO-208F4GO13XRG67XXLAMH07N4X.pcm
SwiftExplicitDependencyGeneratePcm arm64 /Users/admin/builder/spi-builder-workspace/.derivedData/SDKExplicitPrecompiledModules/Compression-5JXFQ7U2IJ2UHA3THHV3AF2C6.pcm
SwiftExplicitDependencyGeneratePcm arm64_32 /Users/admin/builder/spi-builder-workspace/.derivedData/SDKExplicitPrecompiledModules/CoreMIDI-8Q3SSIDM9J726670QKKYTPP3W.pcm
SwiftExplicitDependencyGeneratePcm arm64_32 /Users/admin/builder/spi-builder-workspace/.derivedData/SDKExplicitPrecompiledModules/ImageIO-2Y4S05VUFWLNTRW92S35BUMG8.pcm
SwiftExplicitDependencyGeneratePcm arm64_32 /Users/admin/builder/spi-builder-workspace/.derivedData/SDKExplicitPrecompiledModules/Compression-4LI7BWTMW76ZLLSQKT5AJYQVL.pcm
SwiftExplicitDependencyGeneratePcm arm64_32 /Users/admin/builder/spi-builder-workspace/.derivedData/SDKExplicitPrecompiledModules/CoreAudioTypes-9GVB1DHA32M46R4A9NWSI3I2K.pcm
SwiftExplicitDependencyGeneratePcm arm64_32 /Users/admin/builder/spi-builder-workspace/.derivedData/SDKExplicitPrecompiledModules/Accelerate-34RID1ZBY3BK39CTD4WYM062U.pcm
SwiftExplicitDependencyGeneratePcm arm64 /Users/admin/builder/spi-builder-workspace/.derivedData/SDKExplicitPrecompiledModules/CoreAudio-1B79RJJTP71GE6UY9WLESAN3C.pcm
SwiftExplicitDependencyGeneratePcm arm64_32 /Users/admin/builder/spi-builder-workspace/.derivedData/SDKExplicitPrecompiledModules/CoreML-BTANJPQOKEJF4X1ID6TTJCWEW.pcm
SwiftExplicitDependencyGeneratePcm arm64 /Users/admin/builder/spi-builder-workspace/.derivedData/SDKExplicitPrecompiledModules/CoreML-9IMR58NS6CRUNQL5H60RIBDD8.pcm
SwiftExplicitDependencyGeneratePcm arm64_32 /Users/admin/builder/spi-builder-workspace/.derivedData/SDKExplicitPrecompiledModules/Vision-8JD7U36QVYV7P9WXB6ULCJITK.pcm
SwiftExplicitDependencyGeneratePcm arm64_32 /Users/admin/builder/spi-builder-workspace/.derivedData/SDKExplicitPrecompiledModules/CoreAudio-5W6MX6OUPWBMUR8VD5LHT1PZF.pcm
SwiftExplicitDependencyGeneratePcm arm64 /Users/admin/builder/spi-builder-workspace/.derivedData/SDKExplicitPrecompiledModules/CoreMedia-1AJVCUZNAO74KIKMFVFUUHWDI.pcm
SwiftExplicitDependencyGeneratePcm arm64_32 /Users/admin/builder/spi-builder-workspace/.derivedData/SDKExplicitPrecompiledModules/CoreMedia-AO387T8CHWTTZODD1DGT0UAFA.pcm
SwiftExplicitDependencyGeneratePcm arm64 /Users/admin/builder/spi-builder-workspace/.derivedData/SDKExplicitPrecompiledModules/AVFAudio-6A028BJEJQTO3623H6QZ4E26C.pcm
SwiftExplicitDependencyGeneratePcm arm64_32 /Users/admin/builder/spi-builder-workspace/.derivedData/SDKExplicitPrecompiledModules/AVFAudio-E592LPPEJNCSUD5VBNV0IP3RS.pcm
SwiftDriverJobDiscovery normal arm64_32 Compiling NefertitiFontSizeCalculator.swift (in target 'NefertitiFontSizeCalculator' from project 'NefertitiFontSizeCalculator')
SwiftDriver\ Compilation NefertitiFontSizeCalculator normal arm64_32 com.apple.xcode.tools.swift.compiler (in target 'NefertitiFontSizeCalculator' from project 'NefertitiFontSizeCalculator')
cd /Users/admin/builder/spi-builder-workspace/.swiftpm/xcode
builtin-Swift-Compilation -- /Applications/Xcode-27.0.0-Release.Candidate.app/Contents/Developer/Toolchains/XcodeDefault.xctoolchain/usr/bin/swiftc -parse-as-library -module-name NefertitiFontSizeCalculator -Onone @/Users/admin/builder/spi-builder-workspace/.derivedData/Build/Intermediates.noindex/NefertitiFontSizeCalculator.build/Debug-watchos/NefertitiFontSizeCalculator-t.build/Objects-normal/arm64_32/NefertitiFontSizeCalculator.SwiftFileList -DSWIFT_PACKAGE -DDEBUG -DSWIFT_MODULE_RESOURCE_BUNDLE_UNAVAILABLE -DXcode -plugin-path /Applications/Xcode-27.0.0-Release.Candidate.app/Contents/Developer/Toolchains/XcodeDefault.xctoolchain/usr/lib/swift/host/plugins/testing -enable-experimental-feature DebugDescriptionMacro -sdk /Applications/Xcode-27.0.0-Release.Candidate.app/Contents/Developer/Platforms/WatchOS.platform/Developer/SDKs/WatchOS27.0.sdk -target arm64_32-apple-watchos9.0 -g -module-cache-path /Users/admin/builder/spi-builder-workspace/.derivedData/ModuleCache.noindex -Xfrontend -serialize-debugging-options -profile-coverage-mapping -profile-generate -enable-testing -suppress-warnings -index-store-path /Users/admin/builder/spi-builder-workspace/.derivedData/Index.noindex/DataStore -Xcc -D_LIBCPP_HARDENING_MODE\=_LIBCPP_HARDENING_MODE_DEBUG -swift-version 5 -I /Users/admin/builder/spi-builder-workspace/.derivedData/Build/Products/Debug-watchos -Isystem /Applications/Xcode-27.0.0-Release.Candidate.app/Contents/Developer/Platforms/WatchOS.platform/Developer/usr/lib -F /Users/admin/builder/spi-builder-workspace/.derivedData/Build/Products/Debug-watchos -F /Applications/Xcode-27.0.0-Release.Candidate.app/Contents/Developer/Platforms/WatchOS.platform/Developer/Library/Frameworks -F /Applications/Xcode-27.0.0-Release.Candidate.app/Contents/Developer/Platforms/WatchOS.platform/Developer/SDKs/WatchOS27.0.sdk/Developer/Library/Frameworks -c -j10 -enable-batch-mode -incremental -Xcc -ivfsstatcache -Xcc /Users/admin/builder/spi-builder-workspace/.derivedData/SDKStatCaches.noindex/watchos27.0-24R360-e829b21a6f8c9b70876ba0858053c04477534ef55a1706bf4c1112bbb242f0a2.sdkstatcache -output-file-map /Users/admin/builder/spi-builder-workspace/.derivedData/Build/Intermediates.noindex/NefertitiFontSizeCalculator.build/Debug-watchos/NefertitiFontSizeCalculator-t.build/Objects-normal/arm64_32/NefertitiFontSizeCalculator-OutputFileMap.json -save-temps -no-color-diagnostics -explicit-module-build -module-cache-path /Users/admin/builder/spi-builder-workspace/.derivedData/Build/Intermediates.noindex/SwiftExplicitPrecompiledModules -clang-scanner-module-cache-path /Users/admin/builder/spi-builder-workspace/.derivedData/ModuleCache.noindex -sdk-module-cache-path /Users/admin/builder/spi-builder-workspace/.derivedData/SDKExplicitPrecompiledModules -emit-dependencies -emit-module -emit-module-path /Users/admin/builder/spi-builder-workspace/.derivedData/Build/Intermediates.noindex/NefertitiFontSizeCalculator.build/Debug-watchos/NefertitiFontSizeCalculator-t.build/Objects-normal/arm64_32/NefertitiFontSizeCalculator.swiftmodule -serialize-diagnostics -dependency-scan-serialize-diagnostics-path /Users/admin/builder/spi-builder-workspace/.derivedData/Build/Intermediates.noindex/NefertitiFontSizeCalculator.build/Debug-watchos/NefertitiFontSizeCalculator-t.build/Objects-normal/arm64_32/NefertitiFontSizeCalculator-dependency-scan.dia -validate-clang-modules-once -clang-build-session-file /Users/admin/builder/spi-builder-workspace/.derivedData/ModuleCache.noindex/Session.modulevalidation -Xcc -fmodules-prune-interval\=86400 -Xcc -fmodules-prune-after\=345600 -package-name nefertitifontsizecalculator -emit-const-values -const-gather-protocols-list /Users/admin/builder/spi-builder-workspace/.derivedData/Build/Intermediates.noindex/NefertitiFontSizeCalculator.build/Debug-watchos/NefertitiFontSizeCalculator-t.build/Objects-normal/arm64_32/NefertitiFontSizeCalculator_const_extract_protocols.json -Xcc -I/Users/admin/builder/spi-builder-workspace/.derivedData/Build/Products/Debug-watchos/include -Xcc -I/Users/admin/builder/spi-builder-workspace/.derivedData/Build/Intermediates.noindex/NefertitiFontSizeCalculator.build/Debug-watchos/NefertitiFontSizeCalculator-t.build/DerivedSources-normal/arm64_32 -Xcc -I/Users/admin/builder/spi-builder-workspace/.derivedData/Build/Intermediates.noindex/NefertitiFontSizeCalculator.build/Debug-watchos/NefertitiFontSizeCalculator-t.build/DerivedSources/arm64_32 -Xcc -I/Users/admin/builder/spi-builder-workspace/.derivedData/Build/Intermediates.noindex/NefertitiFontSizeCalculator.build/Debug-watchos/NefertitiFontSizeCalculator-t.build/DerivedSources -Xcc -DSWIFT_PACKAGE -Xcc -DDEBUG\=1 -emit-objc-header -emit-objc-header-path /Users/admin/builder/spi-builder-workspace/.derivedData/Build/Intermediates.noindex/NefertitiFontSizeCalculator.build/Debug-watchos/NefertitiFontSizeCalculator-t.build/Objects-normal/arm64_32/NefertitiFontSizeCalculator-Swift.h -working-directory /Users/admin/builder/spi-builder-workspace/.swiftpm/xcode -experimental-emit-module-separately -disable-cmo
Ld /Users/admin/builder/spi-builder-workspace/.derivedData/Build/Intermediates.noindex/NefertitiFontSizeCalculator.build/Debug-watchos/NefertitiFontSizeCalculator-t.build/Objects-normal/arm64_32/Binary/NefertitiFontSizeCalculator.o normal arm64_32 (in target 'NefertitiFontSizeCalculator' from project 'NefertitiFontSizeCalculator')
cd /Users/admin/builder/spi-builder-workspace/.dependencies/checkouts/NefertitiFontSizeCalculator
/Applications/Xcode-27.0.0-Release.Candidate.app/Contents/Developer/Toolchains/XcodeDefault.xctoolchain/usr/bin/clang -Xlinker -reproducible -target arm64_32-apple-watchos9.0 -r -isysroot /Applications/Xcode-27.0.0-Release.Candidate.app/Contents/Developer/Platforms/WatchOS.platform/Developer/SDKs/WatchOS27.0.sdk -O0 -w -Xlinker -no_warn_duplicate_libraries -F/Users/admin/builder/spi-builder-workspace/.derivedData/Build/Intermediates.noindex/EagerLinkingTBDs/Debug-watchos -F/Users/admin/builder/spi-builder-workspace/.derivedData/Build/Products/Debug-watchos -iframework /Applications/Xcode-27.0.0-Release.Candidate.app/Contents/Developer/Platforms/WatchOS.platform/Developer/Library/Frameworks -iframework /Applications/Xcode-27.0.0-Release.Candidate.app/Contents/Developer/Platforms/WatchOS.platform/Developer/SDKs/WatchOS27.0.sdk/Developer/Library/Frameworks -filelist /Users/admin/builder/spi-builder-workspace/.derivedData/Build/Intermediates.noindex/NefertitiFontSizeCalculator.build/Debug-watchos/NefertitiFontSizeCalculator-t.build/Objects-normal/arm64_32/NefertitiFontSizeCalculator.LinkFileList -nostdlib -Xlinker -object_path_lto -Xlinker /Users/admin/builder/spi-builder-workspace/.derivedData/Build/Intermediates.noindex/NefertitiFontSizeCalculator.build/Debug-watchos/NefertitiFontSizeCalculator-t.build/Objects-normal/arm64_32/NefertitiFontSizeCalculator_lto.o -Xlinker -no_deduplicate -Xlinker -debug_variant -Xlinker -dependency_info -Xlinker /Users/admin/builder/spi-builder-workspace/.derivedData/Build/Intermediates.noindex/NefertitiFontSizeCalculator.build/Debug-watchos/NefertitiFontSizeCalculator-t.build/Objects-normal/arm64_32/NefertitiFontSizeCalculator_dependency_info.dat -fobjc-link-runtime -L/Applications/Xcode-27.0.0-Release.Candidate.app/Contents/Developer/Toolchains/XcodeDefault.xctoolchain/usr/lib/swift/watchos -L/usr/lib/swift -Xlinker -add_ast_path -Xlinker /Users/admin/builder/spi-builder-workspace/.derivedData/Build/Intermediates.noindex/NefertitiFontSizeCalculator.build/Debug-watchos/NefertitiFontSizeCalculator-t.build/Objects-normal/arm64_32/NefertitiFontSizeCalculator.swiftmodule -o /Users/admin/builder/spi-builder-workspace/.derivedData/Build/Intermediates.noindex/NefertitiFontSizeCalculator.build/Debug-watchos/NefertitiFontSizeCalculator-t.build/Objects-normal/arm64_32/Binary/NefertitiFontSizeCalculator.o
SwiftDriverJobDiscovery normal arm64 Compiling NefertitiFontSizeCalculator.swift (in target 'NefertitiFontSizeCalculator' from project 'NefertitiFontSizeCalculator')
SwiftDriver\ Compilation NefertitiFontSizeCalculator normal arm64 com.apple.xcode.tools.swift.compiler (in target 'NefertitiFontSizeCalculator' from project 'NefertitiFontSizeCalculator')
cd /Users/admin/builder/spi-builder-workspace/.swiftpm/xcode
builtin-Swift-Compilation -- /Applications/Xcode-27.0.0-Release.Candidate.app/Contents/Developer/Toolchains/XcodeDefault.xctoolchain/usr/bin/swiftc -parse-as-library -module-name NefertitiFontSizeCalculator -Onone @/Users/admin/builder/spi-builder-workspace/.derivedData/Build/Intermediates.noindex/NefertitiFontSizeCalculator.build/Debug-watchos/NefertitiFontSizeCalculator-t.build/Objects-normal/arm64/NefertitiFontSizeCalculator.SwiftFileList -DSWIFT_PACKAGE -DDEBUG -DSWIFT_MODULE_RESOURCE_BUNDLE_UNAVAILABLE -DXcode -plugin-path /Applications/Xcode-27.0.0-Release.Candidate.app/Contents/Developer/Toolchains/XcodeDefault.xctoolchain/usr/lib/swift/host/plugins/testing -enable-experimental-feature DebugDescriptionMacro -sdk /Applications/Xcode-27.0.0-Release.Candidate.app/Contents/Developer/Platforms/WatchOS.platform/Developer/SDKs/WatchOS27.0.sdk -target arm64-apple-watchos9.0 -g -module-cache-path /Users/admin/builder/spi-builder-workspace/.derivedData/ModuleCache.noindex -Xfrontend -serialize-debugging-options -profile-coverage-mapping -profile-generate -enable-testing -suppress-warnings -index-store-path /Users/admin/builder/spi-builder-workspace/.derivedData/Index.noindex/DataStore -Xcc -D_LIBCPP_HARDENING_MODE\=_LIBCPP_HARDENING_MODE_DEBUG -swift-version 5 -I /Users/admin/builder/spi-builder-workspace/.derivedData/Build/Products/Debug-watchos -Isystem /Applications/Xcode-27.0.0-Release.Candidate.app/Contents/Developer/Platforms/WatchOS.platform/Developer/usr/lib -F /Users/admin/builder/spi-builder-workspace/.derivedData/Build/Products/Debug-watchos -F /Applications/Xcode-27.0.0-Release.Candidate.app/Contents/Developer/Platforms/WatchOS.platform/Developer/Library/Frameworks -F /Applications/Xcode-27.0.0-Release.Candidate.app/Contents/Developer/Platforms/WatchOS.platform/Developer/SDKs/WatchOS27.0.sdk/Developer/Library/Frameworks -c -j10 -enable-batch-mode -incremental -Xcc -ivfsstatcache -Xcc /Users/admin/builder/spi-builder-workspace/.derivedData/SDKStatCaches.noindex/watchos27.0-24R360-e829b21a6f8c9b70876ba0858053c04477534ef55a1706bf4c1112bbb242f0a2.sdkstatcache -output-file-map /Users/admin/builder/spi-builder-workspace/.derivedData/Build/Intermediates.noindex/NefertitiFontSizeCalculator.build/Debug-watchos/NefertitiFontSizeCalculator-t.build/Objects-normal/arm64/NefertitiFontSizeCalculator-OutputFileMap.json -save-temps -no-color-diagnostics -explicit-module-build -module-cache-path /Users/admin/builder/spi-builder-workspace/.derivedData/Build/Intermediates.noindex/SwiftExplicitPrecompiledModules -clang-scanner-module-cache-path /Users/admin/builder/spi-builder-workspace/.derivedData/ModuleCache.noindex -sdk-module-cache-path /Users/admin/builder/spi-builder-workspace/.derivedData/SDKExplicitPrecompiledModules -emit-dependencies -emit-module -emit-module-path /Users/admin/builder/spi-builder-workspace/.derivedData/Build/Intermediates.noindex/NefertitiFontSizeCalculator.build/Debug-watchos/NefertitiFontSizeCalculator-t.build/Objects-normal/arm64/NefertitiFontSizeCalculator.swiftmodule -serialize-diagnostics -dependency-scan-serialize-diagnostics-path /Users/admin/builder/spi-builder-workspace/.derivedData/Build/Intermediates.noindex/NefertitiFontSizeCalculator.build/Debug-watchos/NefertitiFontSizeCalculator-t.build/Objects-normal/arm64/NefertitiFontSizeCalculator-dependency-scan.dia -validate-clang-modules-once -clang-build-session-file /Users/admin/builder/spi-builder-workspace/.derivedData/ModuleCache.noindex/Session.modulevalidation -Xcc -fmodules-prune-interval\=86400 -Xcc -fmodules-prune-after\=345600 -package-name nefertitifontsizecalculator -emit-const-values -const-gather-protocols-list /Users/admin/builder/spi-builder-workspace/.derivedData/Build/Intermediates.noindex/NefertitiFontSizeCalculator.build/Debug-watchos/NefertitiFontSizeCalculator-t.build/Objects-normal/arm64/NefertitiFontSizeCalculator_const_extract_protocols.json -Xcc -I/Users/admin/builder/spi-builder-workspace/.derivedData/Build/Products/Debug-watchos/include -Xcc -I/Users/admin/builder/spi-builder-workspace/.derivedData/Build/Intermediates.noindex/NefertitiFontSizeCalculator.build/Debug-watchos/NefertitiFontSizeCalculator-t.build/DerivedSources-normal/arm64 -Xcc -I/Users/admin/builder/spi-builder-workspace/.derivedData/Build/Intermediates.noindex/NefertitiFontSizeCalculator.build/Debug-watchos/NefertitiFontSizeCalculator-t.build/DerivedSources/arm64 -Xcc -I/Users/admin/builder/spi-builder-workspace/.derivedData/Build/Intermediates.noindex/NefertitiFontSizeCalculator.build/Debug-watchos/NefertitiFontSizeCalculator-t.build/DerivedSources -Xcc -DSWIFT_PACKAGE -Xcc -DDEBUG\=1 -emit-objc-header -emit-objc-header-path /Users/admin/builder/spi-builder-workspace/.derivedData/Build/Intermediates.noindex/NefertitiFontSizeCalculator.build/Debug-watchos/NefertitiFontSizeCalculator-t.build/Objects-normal/arm64/NefertitiFontSizeCalculator-Swift.h -working-directory /Users/admin/builder/spi-builder-workspace/.swiftpm/xcode -experimental-emit-module-separately -disable-cmo
Ld /Users/admin/builder/spi-builder-workspace/.derivedData/Build/Intermediates.noindex/NefertitiFontSizeCalculator.build/Debug-watchos/NefertitiFontSizeCalculator-t.build/Objects-normal/arm64/Binary/NefertitiFontSizeCalculator.o normal arm64 (in target 'NefertitiFontSizeCalculator' from project 'NefertitiFontSizeCalculator')
cd /Users/admin/builder/spi-builder-workspace/.dependencies/checkouts/NefertitiFontSizeCalculator
/Applications/Xcode-27.0.0-Release.Candidate.app/Contents/Developer/Toolchains/XcodeDefault.xctoolchain/usr/bin/clang -Xlinker -reproducible -target arm64-apple-watchos9.0 -r -isysroot /Applications/Xcode-27.0.0-Release.Candidate.app/Contents/Developer/Platforms/WatchOS.platform/Developer/SDKs/WatchOS27.0.sdk -O0 -w -Xlinker -no_warn_duplicate_libraries -F/Users/admin/builder/spi-builder-workspace/.derivedData/Build/Intermediates.noindex/EagerLinkingTBDs/Debug-watchos -F/Users/admin/builder/spi-builder-workspace/.derivedData/Build/Products/Debug-watchos -iframework /Applications/Xcode-27.0.0-Release.Candidate.app/Contents/Developer/Platforms/WatchOS.platform/Developer/Library/Frameworks -iframework /Applications/Xcode-27.0.0-Release.Candidate.app/Contents/Developer/Platforms/WatchOS.platform/Developer/SDKs/WatchOS27.0.sdk/Developer/Library/Frameworks -filelist /Users/admin/builder/spi-builder-workspace/.derivedData/Build/Intermediates.noindex/NefertitiFontSizeCalculator.build/Debug-watchos/NefertitiFontSizeCalculator-t.build/Objects-normal/arm64/NefertitiFontSizeCalculator.LinkFileList -nostdlib -Xlinker -object_path_lto -Xlinker /Users/admin/builder/spi-builder-workspace/.derivedData/Build/Intermediates.noindex/NefertitiFontSizeCalculator.build/Debug-watchos/NefertitiFontSizeCalculator-t.build/Objects-normal/arm64/NefertitiFontSizeCalculator_lto.o -Xlinker -no_deduplicate -Xlinker -debug_variant -Xlinker -dependency_info -Xlinker /Users/admin/builder/spi-builder-workspace/.derivedData/Build/Intermediates.noindex/NefertitiFontSizeCalculator.build/Debug-watchos/NefertitiFontSizeCalculator-t.build/Objects-normal/arm64/NefertitiFontSizeCalculator_dependency_info.dat -fobjc-link-runtime -L/Applications/Xcode-27.0.0-Release.Candidate.app/Contents/Developer/Toolchains/XcodeDefault.xctoolchain/usr/lib/swift/watchos -L/usr/lib/swift -Xlinker -add_ast_path -Xlinker /Users/admin/builder/spi-builder-workspace/.derivedData/Build/Intermediates.noindex/NefertitiFontSizeCalculator.build/Debug-watchos/NefertitiFontSizeCalculator-t.build/Objects-normal/arm64/NefertitiFontSizeCalculator.swiftmodule -o /Users/admin/builder/spi-builder-workspace/.derivedData/Build/Intermediates.noindex/NefertitiFontSizeCalculator.build/Debug-watchos/NefertitiFontSizeCalculator-t.build/Objects-normal/arm64/Binary/NefertitiFontSizeCalculator.o
SwiftExplicitDependencyGeneratePcm arm64 /Users/admin/builder/spi-builder-workspace/.derivedData/SDKExplicitPrecompiledModules/AVFoundation-78VW43DHMXH57E9M5JLISD2E9.pcm
CreateUniversalBinary /Users/admin/builder/spi-builder-workspace/.derivedData/Build/Products/Debug-watchos/NefertitiFontSizeCalculator.o normal arm64\ arm64_32 (in target 'NefertitiFontSizeCalculator' from project 'NefertitiFontSizeCalculator')
cd /Users/admin/builder/spi-builder-workspace/.dependencies/checkouts/NefertitiFontSizeCalculator
/Applications/Xcode-27.0.0-Release.Candidate.app/Contents/Developer/Toolchains/XcodeDefault.xctoolchain/usr/bin/lipo -create /Users/admin/builder/spi-builder-workspace/.derivedData/Build/Intermediates.noindex/NefertitiFontSizeCalculator.build/Debug-watchos/NefertitiFontSizeCalculator-t.build/Objects-normal/arm64/Binary/NefertitiFontSizeCalculator.o /Users/admin/builder/spi-builder-workspace/.derivedData/Build/Intermediates.noindex/NefertitiFontSizeCalculator.build/Debug-watchos/NefertitiFontSizeCalculator-t.build/Objects-normal/arm64_32/Binary/NefertitiFontSizeCalculator.o -output /Users/admin/builder/spi-builder-workspace/.derivedData/Build/Products/Debug-watchos/NefertitiFontSizeCalculator.o
ExtractAppIntentsMetadata (in target 'NefertitiFontSizeCalculator' from project 'NefertitiFontSizeCalculator')
cd /Users/admin/builder/spi-builder-workspace/.dependencies/checkouts/NefertitiFontSizeCalculator
/Applications/Xcode-27.0.0-Release.Candidate.app/Contents/Developer/Toolchains/XcodeDefault.xctoolchain/usr/bin/appintentsmetadataprocessor --toolchain-dir /var/run/com.apple.security.cryptexd/mnt/com.apple.MobileAsset.MetalToolchain-v27.1.266.1.wx2HJc/Metal.xctoolchain --module-name NefertitiFontSizeCalculator --sdk-root /Applications/Xcode-27.0.0-Release.Candidate.app/Contents/Developer/Platforms/WatchOS.platform/Developer/SDKs/WatchOS27.0.sdk --xcode-version 27A266a --platform-family watchOS --deployment-target 9.0 --bundle-identifier nefertitifontsizecalculator.NefertitiFontSizeCalculator --output /Users/admin/builder/spi-builder-workspace/.derivedData/Build/Products/Debug-watchos/NefertitiFontSizeCalculator.appintents --target-triple arm64-apple-watchos9.0 --target-triple arm64_32-apple-watchos9.0 --binary-file /Users/admin/builder/spi-builder-workspace/.derivedData/Build/Products/Debug-watchos/NefertitiFontSizeCalculator.o --dependency-file /Users/admin/builder/spi-builder-workspace/.derivedData/Build/Intermediates.noindex/NefertitiFontSizeCalculator.build/Debug-watchos/NefertitiFontSizeCalculator-t.build/Objects-normal/arm64/NefertitiFontSizeCalculator_dependency_info.dat --dependency-file /Users/admin/builder/spi-builder-workspace/.derivedData/Build/Intermediates.noindex/NefertitiFontSizeCalculator.build/Debug-watchos/NefertitiFontSizeCalculator-t.build/Objects-normal/arm64_32/NefertitiFontSizeCalculator_dependency_info.dat --stringsdata-file /Users/admin/builder/spi-builder-workspace/.derivedData/Build/Intermediates.noindex/NefertitiFontSizeCalculator.build/Debug-watchos/NefertitiFontSizeCalculator-t.build/Objects-normal/arm64/ExtractedAppShortcutsMetadata.stringsdata --stringsdata-file /Users/admin/builder/spi-builder-workspace/.derivedData/Build/Intermediates.noindex/NefertitiFontSizeCalculator.build/Debug-watchos/NefertitiFontSizeCalculator-t.build/Objects-normal/arm64_32/ExtractedAppShortcutsMetadata.stringsdata --source-file-list /Users/admin/builder/spi-builder-workspace/.derivedData/Build/Intermediates.noindex/NefertitiFontSizeCalculator.build/Debug-watchos/NefertitiFontSizeCalculator-t.build/Objects-normal/arm64/NefertitiFontSizeCalculator.SwiftFileList --source-file-list /Users/admin/builder/spi-builder-workspace/.derivedData/Build/Intermediates.noindex/NefertitiFontSizeCalculator.build/Debug-watchos/NefertitiFontSizeCalculator-t.build/Objects-normal/arm64_32/NefertitiFontSizeCalculator.SwiftFileList --metadata-file-list /Users/admin/builder/spi-builder-workspace/.derivedData/Build/Intermediates.noindex/NefertitiFontSizeCalculator.build/Debug-watchos/NefertitiFontSizeCalculator-t.build/NefertitiFontSizeCalculator.DependencyMetadataFileList --static-metadata-file-list /Users/admin/builder/spi-builder-workspace/.derivedData/Build/Intermediates.noindex/NefertitiFontSizeCalculator.build/Debug-watchos/NefertitiFontSizeCalculator-t.build/NefertitiFontSizeCalculator.DependencyStaticMetadataFileList --swift-const-vals-list /Users/admin/builder/spi-builder-workspace/.derivedData/Build/Intermediates.noindex/NefertitiFontSizeCalculator.build/Debug-watchos/NefertitiFontSizeCalculator-t.build/Objects-normal/arm64/NefertitiFontSizeCalculator.SwiftConstValuesFileList --swift-const-vals-list /Users/admin/builder/spi-builder-workspace/.derivedData/Build/Intermediates.noindex/NefertitiFontSizeCalculator.build/Debug-watchos/NefertitiFontSizeCalculator-t.build/Objects-normal/arm64_32/NefertitiFontSizeCalculator.SwiftConstValuesFileList --force --compile-time-extraction --deployment-aware-processing --no-app-shortcuts-localization
2026-09-21 14:13:47.811 appintentsmetadataprocessor[945:5317] Starting appintentsmetadataprocessor export
2026-09-21 14:13:47.877 appintentsmetadataprocessor[945:5317] Extracted no relevant App Intents symbols, skipping writing output
SwiftExplicitDependencyGeneratePcm arm64_32 /Users/admin/builder/spi-builder-workspace/.derivedData/SDKExplicitPrecompiledModules/AVFoundation-EPE1OBOP1126QTAL5QEGZFKYT.pcm
SwiftEmitModule normal arm64 Emitting\ module\ for\ Nefertiti (in target 'Nefertiti' from project 'Nefertiti')
/Users/admin/builder/spi-builder-workspace/Sources/Nefertiti/PublicInterface/NefertitiSearchablePDFMaker.swift:116:112: error: cannot find type 'VNRecognizeTextRequest' in scope
114 |
115 | private func recognizeTextRequest(for pageNumber: Int,
116 | completionHandler: @escaping (RecognizedTextProtocol?, Error?) -> ()) -> VNRecognizeTextRequest {
| `- error: cannot find type 'VNRecognizeTextRequest' in scope
117 | let request = VNRecognizeTextRequest { request, error in
118 | guard error == nil else {
/Users/admin/builder/spi-builder-workspace/Sources/Nefertiti/PublicInterface/NefertitiSearchablePDFMaker.swift:154:52: error: 'UIGraphicsPDFRendererContext' is unavailable in watchOS
152 |
153 | private func fillPdfDocumentLayers(with scanResult: PDFMakerScanResultPage,
154 | on context: UIGraphicsPDFRendererContext) {
| `- error: 'UIGraphicsPDFRendererContext' is unavailable in watchOS
155 | let pageRect = self.pdfPageSize(for: scanResult.sourcePage)
156 |
/Applications/Xcode-27.0.0-Release.Candidate.app/Contents/Developer/Platforms/WatchOS.platform/Developer/SDKs/WatchOS27.0.sdk/System/Library/Frameworks/UIKit.framework/Headers/UIGraphicsPDFRenderer.h:24:12: note: 'UIGraphicsPDFRendererContext' has been explicitly marked unavailable here
22 |
23 | UIKIT_EXTERN API_AVAILABLE(ios(10.0)) API_UNAVAILABLE(watchos)
24 | @interface UIGraphicsPDFRendererContext : UIGraphicsRendererContext
| `- note: 'UIGraphicsPDFRendererContext' has been explicitly marked unavailable here
25 | @property (nonatomic, readonly) CGRect pdfContextBounds;
26 |
/Users/admin/builder/spi-builder-workspace/Sources/Nefertiti/PublicInterface/NefertitiSearchablePDFMaker.swift:172:53: error: cannot find type 'VNRecognizedText' in scope
170 | }
171 |
172 | private func fillTextLayer(with recognizedText: VNRecognizedText,
| `- error: cannot find type 'VNRecognizedText' in scope
173 | in rect: CGRect) {
174 | let text = recognizedText.string
/Users/admin/builder/spi-builder-workspace/Sources/Nefertiti/RecognizedText/VisionRecognizedText.swift:13:45: error: cannot find type 'VNRecognizedText' in scope
11 | struct VisionRecognizedText: RecognizedTextProtocol {
12 | public private(set) var pageNumber: Int
13 | public private(set) var recognizedText: VNRecognizedText
| `- error: cannot find type 'VNRecognizedText' in scope
14 | }
15 |
Failed frontend command:
SwiftCompile normal arm64 (in target 'Nefertiti' from project 'Nefertiti')
cd /Users/admin/builder/spi-builder-workspace/.swiftpm/xcode
/Applications/Xcode-27.0.0-Release.Candidate.app/Contents/Developer/Toolchains/XcodeDefault.xctoolchain/usr/bin/swift-frontend -frontend -emit-module -experimental-skip-non-inlinable-function-bodies-without-types /Users/admin/builder/spi-builder-workspace/Sources/Nefertiti/ErrorHandling/PDFMakerError.swift /Users/admin/builder/spi-builder-workspace/Sources/Nefertiti/PDFMaker/PDFMakerScanResultPage.swift /Users/admin/builder/spi-builder-workspace/Sources/Nefertiti/PDFMaker/PDFMakerSourcePage.swift /Users/admin/builder/spi-builder-workspace/Sources/Nefertiti/PDFMaker/Protocols/PDFMakerScanResultPageProtocol.swift /Users/admin/builder/spi-builder-workspace/Sources/Nefertiti/PDFMaker/Protocols/PDFMakerSourcePageProtocol.swift /Users/admin/builder/spi-builder-workspace/Sources/Nefertiti/PublicInterface/NefertitiSearchablePDFMaker.swift /Users/admin/builder/spi-builder-workspace/Sources/Nefertiti/PublicInterface/Protocols/NefertitiPDFMakerProtocol.swift /Users/admin/builder/spi-builder-workspace/Sources/Nefertiti/RecognizedText/Protocols/RecognizedTextProtocol.swift /Users/admin/builder/spi-builder-workspace/Sources/Nefertiti/RecognizedText/VisionRecognizedText.swift -target arm64-apple-watchos10.0 -disable-cross-import-overlay-search -swift-module-cross-import Vision /Applications/Xcode-27.0.0-Release.Candidate.app/Contents/Developer/Platforms/WatchOS.platform/Developer/SDKs/WatchOS.sdk/System/Library/Frameworks/Vision.framework/Modules/Vision.swiftcrossimport/FoundationModels.swiftoverlay -swift-module-cross-import Vision /Applications/Xcode-27.0.0-Release.Candidate.app/Contents/Developer/Platforms/WatchOS.platform/Developer/SDKs/WatchOS27.0.sdk/System/Library/Frameworks/Vision.framework/Modules/Vision.swiftcrossimport/FoundationModels.swiftoverlay -load-resolved-plugin /Applications/Xcode-27.0.0-Release.Candidate.app/Contents/Developer/Platforms/WatchOS.platform/Developer/usr/lib/swift/host/plugins/libFoundationMacros.dylib\#/Applications/Xcode-27.0.0-Release.Candidate.app/Contents/Developer/Platforms/WatchOS.platform/Developer/usr/bin/swift-plugin-server\#FoundationMacros -load-resolved-plugin /Applications/Xcode-27.0.0-Release.Candidate.app/Contents/Developer/Platforms/WatchOS.platform/Developer/usr/lib/swift/host/plugins/libObservationMacros.dylib\#/Applications/Xcode-27.0.0-Release.Candidate.app/Contents/Developer/Platforms/WatchOS.platform/Developer/usr/bin/swift-plugin-server\#ObservationMacros -load-resolved-plugin /Applications/Xcode-27.0.0-Release.Candidate.app/Contents/Developer/Platforms/WatchOS.platform/Developer/usr/lib/swift/host/plugins/libSwiftMacros.dylib\#/Applications/Xcode-27.0.0-Release.Candidate.app/Contents/Developer/Platforms/WatchOS.platform/Developer/usr/bin/swift-plugin-server\#SwiftMacros -load-resolved-plugin /Applications/Xcode-27.0.0-Release.Candidate.app/Contents/Developer/Platforms/WatchOS.platform/Developer/usr/lib/swift/host/plugins/libSwiftUIMacros.dylib\#/Applications/Xcode-27.0.0-Release.Candidate.app/Contents/Developer/Platforms/WatchOS.platform/Developer/usr/bin/swift-plugin-server\#SwiftUIMacros -disable-implicit-swift-modules -Xcc -fno-implicit-modules -Xcc -fno-implicit-module-maps -explicit-swift-module-map-file /Users/admin/builder/spi-builder-workspace/.derivedData/Build/Intermediates.noindex/Nefertiti.build/Debug-watchos/Nefertiti-t.build/Objects-normal/arm64/Nefertiti-dependencies-1.json -Xllvm -aarch64-use-tbi -enable-objc-interop -stack-check -sdk /Applications/Xcode-27.0.0-Release.Candidate.app/Contents/Developer/Platforms/WatchOS.platform/Developer/SDKs/WatchOS27.0.sdk -I /Users/admin/builder/spi-builder-workspace/.derivedData/Build/Products/Debug-watchos -Isystem /Applications/Xcode-27.0.0-Release.Candidate.app/Contents/Developer/Platforms/WatchOS.platform/Developer/usr/lib -F /Users/admin/builder/spi-builder-workspace/.derivedData/Build/Products/Debug-watchos/PackageFrameworks -F /Users/admin/builder/spi-builder-workspace/.derivedData/Build/Products/Debug-watchos -F /Applications/Xcode-27.0.0-Release.Candidate.app/Contents/Developer/Platforms/WatchOS.platform/Developer/Library/Frameworks -F /Applications/Xcode-27.0.0-Release.Candidate.app/Contents/Developer/Platforms/WatchOS.platform/Developer/SDKs/WatchOS27.0.sdk/Developer/Library/Frameworks -module-cache-path /Users/admin/builder/spi-builder-workspace/.derivedData/Build/Intermediates.noindex/SwiftExplicitPrecompiledModules -no-color-diagnostics -Xcc -fno-color-diagnostics -enable-testing -g -debug-info-format\=dwarf -dwarf-version\=4 -profile-generate -profile-coverage-mapping -swift-version 5 -Onone -D SWIFT_PACKAGE -D DEBUG -D SWIFT_MODULE_RESOURCE_BUNDLE_UNAVAILABLE -D Xcode -serialize-debugging-options -enable-experimental-feature DebugDescriptionMacro -empty-abi-descriptor -validate-clang-modules-once -clang-build-session-file /Users/admin/builder/spi-builder-workspace/.derivedData/ModuleCache.noindex/Session.modulevalidation -Xcc -working-directory -Xcc /Users/admin/builder/spi-builder-workspace/.swiftpm/xcode -enable-anonymous-context-mangled-names -file-compilation-dir /Users/admin/builder/spi-builder-workspace/.swiftpm/xcode -Xcc -D_LIBCPP_HARDENING_MODE\=_LIBCPP_HARDENING_MODE_DEBUG -Xcc -ivfsstatcache -Xcc /Users/admin/builder/spi-builder-workspace/.derivedData/SDKStatCaches.noindex/watchos27.0-24R360-e829b21a6f8c9b70876ba0858053c04477534ef55a1706bf4c1112bbb242f0a2.sdkstatcache -Xcc -fmodules-prune-interval\=86400 -Xcc -fmodules-prune-after\=345600 -Xcc -I/Users/admin/builder/spi-builder-workspace/.derivedData/Build/Products/Debug-watchos/include -Xcc -I/Users/admin/builder/spi-builder-workspace/.derivedData/Build/Intermediates.noindex/Nefertiti.build/Debug-watchos/Nefertiti-t.build/DerivedSources-normal/arm64 -Xcc -I/Users/admin/builder/spi-builder-workspace/.derivedData/Build/Intermediates.noindex/Nefertiti.build/Debug-watchos/Nefertiti-t.build/DerivedSources/arm64 -Xcc -I/Users/admin/builder/spi-builder-workspace/.derivedData/Build/Intermediates.noindex/Nefertiti.build/Debug-watchos/Nefertiti-t.build/DerivedSources -Xcc -DSWIFT_PACKAGE -Xcc -DDEBUG\=1 -no-auto-bridging-header-chaining -module-name Nefertiti -package-name spi_builder_workspace -const-gather-protocols-file /Users/admin/builder/spi-builder-workspace/.derivedData/Build/Intermediates.noindex/Nefertiti.build/Debug-watchos/Nefertiti-t.build/Objects-normal/arm64/Nefertiti_const_extract_protocols.json -disable-clang-spi -clang-target arm64-apple-watchos27.0 -target-sdk-version 27.0 -target-sdk-name watchos27.0 -in-process-plugin-server-path /Applications/Xcode-27.0.0-Release.Candidate.app/Contents/Developer/Toolchains/XcodeDefault.xctoolchain/usr/lib/swift/host/libSwiftInProcPluginServer.dylib -emit-module-doc-path /Users/admin/builder/spi-builder-workspace/.derivedData/Build/Intermediates.noindex/Nefertiti.build/Debug-watchos/Nefertiti-t.build/Objects-normal/arm64/Nefertiti.swiftdoc -emit-module-source-info-path /Users/admin/builder/spi-builder-workspace/.derivedData/Build/Intermediates.noindex/Nefertiti.build/Debug-watchos/Nefertiti-t.build/Objects-normal/arm64/Nefertiti.swiftsourceinfo -emit-objc-header-path /Users/admin/builder/spi-builder-workspace/.derivedData/Build/Intermediates.noindex/Nefertiti.build/Debug-watchos/Nefertiti-t.build/Objects-normal/arm64/Nefertiti-Swift.h -serialize-diagnostics-path /Users/admin/builder/spi-builder-workspace/.derivedData/Build/Intermediates.noindex/Nefertiti.build/Debug-watchos/Nefertiti-t.build/Objects-normal/arm64/Nefertiti-primary-emit-module.dia -emit-dependencies-path /Users/admin/builder/spi-builder-workspace/.derivedData/Build/Intermediates.noindex/Nefertiti.build/Debug-watchos/Nefertiti-t.build/Objects-normal/arm64/Nefertiti-primary-emit-module.d -parse-as-library -o /Users/admin/builder/spi-builder-workspace/.derivedData/Build/Intermediates.noindex/Nefertiti.build/Debug-watchos/Nefertiti-t.build/Objects-normal/arm64/Nefertiti.swiftmodule -emit-abi-descriptor-path /Users/admin/builder/spi-builder-workspace/.derivedData/Build/Intermediates.noindex/Nefertiti.build/Debug-watchos/Nefertiti-t.build/Objects-normal/arm64/Nefertiti.abi.json
SwiftCompile normal arm64 Compiling\ PDFMakerSourcePageProtocol.swift /Users/admin/builder/spi-builder-workspace/Sources/Nefertiti/PDFMaker/Protocols/PDFMakerSourcePageProtocol.swift (in target 'Nefertiti' from project 'Nefertiti')
SwiftCompile normal arm64 /Users/admin/builder/spi-builder-workspace/Sources/Nefertiti/PDFMaker/Protocols/PDFMakerSourcePageProtocol.swift (in target 'Nefertiti' from project 'Nefertiti')
cd /Users/admin/builder/spi-builder-workspace/.swiftpm/xcode
builtin-SwiftPerFileCompile PDFMakerSourcePageProtocol.swift
SwiftCompile normal arm64 Compiling\ RecognizedTextProtocol.swift /Users/admin/builder/spi-builder-workspace/Sources/Nefertiti/RecognizedText/Protocols/RecognizedTextProtocol.swift (in target 'Nefertiti' from project 'Nefertiti')
SwiftCompile normal arm64 /Users/admin/builder/spi-builder-workspace/Sources/Nefertiti/RecognizedText/Protocols/RecognizedTextProtocol.swift (in target 'Nefertiti' from project 'Nefertiti')
cd /Users/admin/builder/spi-builder-workspace/.swiftpm/xcode
builtin-SwiftPerFileCompile RecognizedTextProtocol.swift
SwiftCompile normal arm64 Compiling\ VisionRecognizedText.swift /Users/admin/builder/spi-builder-workspace/Sources/Nefertiti/RecognizedText/VisionRecognizedText.swift (in target 'Nefertiti' from project 'Nefertiti')
SwiftCompile normal arm64 /Users/admin/builder/spi-builder-workspace/Sources/Nefertiti/RecognizedText/VisionRecognizedText.swift (in target 'Nefertiti' from project 'Nefertiti')
cd /Users/admin/builder/spi-builder-workspace/.swiftpm/xcode
builtin-SwiftPerFileCompile VisionRecognizedText.swift
SwiftCompile normal arm64 Compiling\ NefertitiPDFMakerProtocol.swift /Users/admin/builder/spi-builder-workspace/Sources/Nefertiti/PublicInterface/Protocols/NefertitiPDFMakerProtocol.swift (in target 'Nefertiti' from project 'Nefertiti')
SwiftCompile normal arm64 /Users/admin/builder/spi-builder-workspace/Sources/Nefertiti/PublicInterface/Protocols/NefertitiPDFMakerProtocol.swift (in target 'Nefertiti' from project 'Nefertiti')
cd /Users/admin/builder/spi-builder-workspace/.swiftpm/xcode
builtin-SwiftPerFileCompile NefertitiPDFMakerProtocol.swift
SwiftCompile normal arm64 Compiling\ NefertitiSearchablePDFMaker.swift /Users/admin/builder/spi-builder-workspace/Sources/Nefertiti/PublicInterface/NefertitiSearchablePDFMaker.swift (in target 'Nefertiti' from project 'Nefertiti')
SwiftCompile normal arm64 /Users/admin/builder/spi-builder-workspace/Sources/Nefertiti/PublicInterface/NefertitiSearchablePDFMaker.swift (in target 'Nefertiti' from project 'Nefertiti')
cd /Users/admin/builder/spi-builder-workspace/.swiftpm/xcode
builtin-SwiftPerFileCompile NefertitiSearchablePDFMaker.swift
/Users/admin/builder/spi-builder-workspace/Sources/Nefertiti/PublicInterface/NefertitiSearchablePDFMaker.swift:116:112: error: cannot find type 'VNRecognizeTextRequest' in scope
114 |
115 | private func recognizeTextRequest(for pageNumber: Int,
116 | completionHandler: @escaping (RecognizedTextProtocol?, Error?) -> ()) -> VNRecognizeTextRequest {
| `- error: cannot find type 'VNRecognizeTextRequest' in scope
117 | let request = VNRecognizeTextRequest { request, error in
118 | guard error == nil else {
/Users/admin/builder/spi-builder-workspace/Sources/Nefertiti/PublicInterface/NefertitiSearchablePDFMaker.swift:154:52: error: 'UIGraphicsPDFRendererContext' is unavailable in watchOS
152 |
153 | private func fillPdfDocumentLayers(with scanResult: PDFMakerScanResultPage,
154 | on context: UIGraphicsPDFRendererContext) {
| `- error: 'UIGraphicsPDFRendererContext' is unavailable in watchOS
155 | let pageRect = self.pdfPageSize(for: scanResult.sourcePage)
156 |
/Applications/Xcode-27.0.0-Release.Candidate.app/Contents/Developer/Platforms/WatchOS.platform/Developer/SDKs/WatchOS27.0.sdk/System/Library/Frameworks/UIKit.framework/Headers/UIGraphicsPDFRenderer.h:24:12: note: 'UIGraphicsPDFRendererContext' has been explicitly marked unavailable here
22 |
23 | UIKIT_EXTERN API_AVAILABLE(ios(10.0)) API_UNAVAILABLE(watchos)
24 | @interface UIGraphicsPDFRendererContext : UIGraphicsRendererContext
| `- note: 'UIGraphicsPDFRendererContext' has been explicitly marked unavailable here
25 | @property (nonatomic, readonly) CGRect pdfContextBounds;
26 |
/Users/admin/builder/spi-builder-workspace/Sources/Nefertiti/PublicInterface/NefertitiSearchablePDFMaker.swift:172:53: error: cannot find type 'VNRecognizedText' in scope
170 | }
171 |
172 | private func fillTextLayer(with recognizedText: VNRecognizedText,
| `- error: cannot find type 'VNRecognizedText' in scope
173 | in rect: CGRect) {
174 | let text = recognizedText.string
/Users/admin/builder/spi-builder-workspace/Sources/Nefertiti/PublicInterface/NefertitiSearchablePDFMaker.swift:58:24: error: 'UIGraphicsPDFRenderer' is unavailable in watchOS
56 | }
57 |
58 | let data = UIGraphicsPDFRenderer().pdfData { [weak self] context in
| `- error: 'UIGraphicsPDFRenderer' is unavailable in watchOS
59 | for scanResult in sortedScanResults {
60 | self?.fillPdfDocumentLayers(with: scanResult,
/Applications/Xcode-27.0.0-Release.Candidate.app/Contents/Developer/Platforms/WatchOS.platform/Developer/SDKs/WatchOS27.0.sdk/System/Library/Frameworks/UIKit.framework/Headers/UIGraphicsPDFRenderer.h:36:12: note: 'UIGraphicsPDFRenderer' has been explicitly marked unavailable here
34 |
35 | UIKIT_EXTERN API_AVAILABLE(ios(10.0)) API_UNAVAILABLE(watchos)
36 | @interface UIGraphicsPDFRenderer : UIGraphicsRenderer
| `- note: 'UIGraphicsPDFRenderer' has been explicitly marked unavailable here
37 | - (instancetype)initWithBounds:(CGRect)bounds format:(UIGraphicsPDFRendererFormat *)format NS_DESIGNATED_INITIALIZER;
38 |
SwiftCompile normal arm64 Compiling\ PDFMakerScanResultPage.swift /Users/admin/builder/spi-builder-workspace/Sources/Nefertiti/PDFMaker/PDFMakerScanResultPage.swift (in target 'Nefertiti' from project 'Nefertiti')
SwiftCompile normal arm64 /Users/admin/builder/spi-builder-workspace/Sources/Nefertiti/PDFMaker/PDFMakerScanResultPage.swift (in target 'Nefertiti' from project 'Nefertiti')
cd /Users/admin/builder/spi-builder-workspace/.swiftpm/xcode
builtin-SwiftPerFileCompile PDFMakerScanResultPage.swift
SwiftCompile normal arm64 Compiling\ PDFMakerSourcePage.swift /Users/admin/builder/spi-builder-workspace/Sources/Nefertiti/PDFMaker/PDFMakerSourcePage.swift (in target 'Nefertiti' from project 'Nefertiti')
SwiftCompile normal arm64 /Users/admin/builder/spi-builder-workspace/Sources/Nefertiti/PDFMaker/PDFMakerSourcePage.swift (in target 'Nefertiti' from project 'Nefertiti')
cd /Users/admin/builder/spi-builder-workspace/.swiftpm/xcode
builtin-SwiftPerFileCompile PDFMakerSourcePage.swift
SwiftCompile normal arm64 Compiling\ PDFMakerError.swift /Users/admin/builder/spi-builder-workspace/Sources/Nefertiti/ErrorHandling/PDFMakerError.swift (in target 'Nefertiti' from project 'Nefertiti')
SwiftCompile normal arm64 /Users/admin/builder/spi-builder-workspace/Sources/Nefertiti/ErrorHandling/PDFMakerError.swift (in target 'Nefertiti' from project 'Nefertiti')
cd /Users/admin/builder/spi-builder-workspace/.swiftpm/xcode
builtin-SwiftPerFileCompile PDFMakerError.swift
SwiftCompile normal arm64 Compiling\ PDFMakerScanResultPageProtocol.swift /Users/admin/builder/spi-builder-workspace/Sources/Nefertiti/PDFMaker/Protocols/PDFMakerScanResultPageProtocol.swift (in target 'Nefertiti' from project 'Nefertiti')
SwiftCompile normal arm64 /Users/admin/builder/spi-builder-workspace/Sources/Nefertiti/PDFMaker/Protocols/PDFMakerScanResultPageProtocol.swift (in target 'Nefertiti' from project 'Nefertiti')
cd /Users/admin/builder/spi-builder-workspace/.swiftpm/xcode
builtin-SwiftPerFileCompile PDFMakerScanResultPageProtocol.swift
SwiftEmitModule normal arm64_32 Emitting\ module\ for\ Nefertiti (in target 'Nefertiti' from project 'Nefertiti')
SwiftCompile normal arm64_32 (in target 'Nefertiti' from project 'Nefertiti')
cd /Users/admin/builder/spi-builder-workspace/.swiftpm/xcode
SwiftDriverJobDiscovery normal arm64 Compiling RecognizedTextProtocol.swift (in target 'Nefertiti' from project 'Nefertiti')
SwiftCompile normal arm64_32 Compiling\ PDFMakerSourcePage.swift /Users/admin/builder/spi-builder-workspace/Sources/Nefertiti/PDFMaker/PDFMakerSourcePage.swift (in target 'Nefertiti' from project 'Nefertiti')
SwiftCompile normal arm64_32 /Users/admin/builder/spi-builder-workspace/Sources/Nefertiti/PDFMaker/PDFMakerSourcePage.swift (in target 'Nefertiti' from project 'Nefertiti')
cd /Users/admin/builder/spi-builder-workspace/.swiftpm/xcode
builtin-SwiftPerFileCompile PDFMakerSourcePage.swift
SwiftDriverJobDiscovery normal arm64 Compiling PDFMakerSourcePageProtocol.swift (in target 'Nefertiti' from project 'Nefertiti')
SwiftCompile normal arm64_32 Compiling\ PDFMakerError.swift /Users/admin/builder/spi-builder-workspace/Sources/Nefertiti/ErrorHandling/PDFMakerError.swift (in target 'Nefertiti' from project 'Nefertiti')
SwiftCompile normal arm64_32 /Users/admin/builder/spi-builder-workspace/Sources/Nefertiti/ErrorHandling/PDFMakerError.swift (in target 'Nefertiti' from project 'Nefertiti')
cd /Users/admin/builder/spi-builder-workspace/.swiftpm/xcode
builtin-SwiftPerFileCompile PDFMakerError.swift
SwiftDriverJobDiscovery normal arm64 Compiling NefertitiPDFMakerProtocol.swift (in target 'Nefertiti' from project 'Nefertiti')
SwiftCompile normal arm64_32 Compiling\ VisionRecognizedText.swift /Users/admin/builder/spi-builder-workspace/Sources/Nefertiti/RecognizedText/VisionRecognizedText.swift (in target 'Nefertiti' from project 'Nefertiti')
SwiftCompile normal arm64_32 /Users/admin/builder/spi-builder-workspace/Sources/Nefertiti/RecognizedText/VisionRecognizedText.swift (in target 'Nefertiti' from project 'Nefertiti')
cd /Users/admin/builder/spi-builder-workspace/.swiftpm/xcode
builtin-SwiftPerFileCompile VisionRecognizedText.swift
SwiftDriverJobDiscovery normal arm64 Compiling PDFMakerSourcePage.swift (in target 'Nefertiti' from project 'Nefertiti')
SwiftCompile normal arm64_32 Compiling\ PDFMakerScanResultPage.swift /Users/admin/builder/spi-builder-workspace/Sources/Nefertiti/PDFMaker/PDFMakerScanResultPage.swift (in target 'Nefertiti' from project 'Nefertiti')
SwiftCompile normal arm64_32 /Users/admin/builder/spi-builder-workspace/Sources/Nefertiti/PDFMaker/PDFMakerScanResultPage.swift (in target 'Nefertiti' from project 'Nefertiti')
cd /Users/admin/builder/spi-builder-workspace/.swiftpm/xcode
builtin-SwiftPerFileCompile PDFMakerScanResultPage.swift
SwiftDriverJobDiscovery normal arm64 Compiling PDFMakerScanResultPage.swift (in target 'Nefertiti' from project 'Nefertiti')
SwiftCompile normal arm64_32 Compiling\ RecognizedTextProtocol.swift /Users/admin/builder/spi-builder-workspace/Sources/Nefertiti/RecognizedText/Protocols/RecognizedTextProtocol.swift (in target 'Nefertiti' from project 'Nefertiti')
SwiftCompile normal arm64_32 /Users/admin/builder/spi-builder-workspace/Sources/Nefertiti/RecognizedText/Protocols/RecognizedTextProtocol.swift (in target 'Nefertiti' from project 'Nefertiti')
cd /Users/admin/builder/spi-builder-workspace/.swiftpm/xcode
builtin-SwiftPerFileCompile RecognizedTextProtocol.swift
SwiftDriverJobDiscovery normal arm64 Compiling PDFMakerScanResultPageProtocol.swift (in target 'Nefertiti' from project 'Nefertiti')
SwiftCompile normal arm64_32 Compiling\ PDFMakerScanResultPageProtocol.swift /Users/admin/builder/spi-builder-workspace/Sources/Nefertiti/PDFMaker/Protocols/PDFMakerScanResultPageProtocol.swift (in target 'Nefertiti' from project 'Nefertiti')
SwiftCompile normal arm64_32 /Users/admin/builder/spi-builder-workspace/Sources/Nefertiti/PDFMaker/Protocols/PDFMakerScanResultPageProtocol.swift (in target 'Nefertiti' from project 'Nefertiti')
cd /Users/admin/builder/spi-builder-workspace/.swiftpm/xcode
builtin-SwiftPerFileCompile PDFMakerScanResultPageProtocol.swift
PruneExplicitPrecompiledModules /Users/admin/builder/spi-builder-workspace/.derivedData/Build/Intermediates.noindex/ExplicitPrecompiledModules
PruneExplicitPrecompiledModules /Users/admin/builder/spi-builder-workspace/.derivedData/Build/Intermediates.noindex/SwiftExplicitPrecompiledModules
PruneExplicitPrecompiledModules /Users/admin/builder/spi-builder-workspace/.derivedData/SDKExplicitPrecompiledModules
2026-09-21 14:13:41.094 xcodebuild[736:4263] [MT] IDERunDestination: Supported platforms for the buildables in the current scheme is empty.
** BUILD FAILED **
The following build commands failed:
SwiftCompile normal arm64 (in target 'Nefertiti' from project 'Nefertiti')
SwiftEmitModule normal arm64 Emitting\ module\ for\ Nefertiti (in target 'Nefertiti' from project 'Nefertiti')
Building workspace Nefertiti with scheme Nefertiti
(3 failures)
Command line invocation:
/Applications/Xcode-27.0.0-Release.Candidate.app/Contents/Developer/usr/bin/xcodebuild -IDEClonedSourcePackagesDirPathOverride=/Users/admin/builder/spi-builder-workspace/.dependencies -resolvePackageDependencies
Resolve Package Graph
Resolved source packages:
NefertitiFile: https://github.com/D-Integral/NefertitiFile @ 1.0.4
NefertitiFontSizeCalculator: https://github.com/D-Integral/NefertitiFontSizeCalculator @ 1.0.1
Nefertiti: /Users/admin/builder/spi-builder-workspace
resolved source packages: NefertitiFile, NefertitiFontSizeCalculator, Nefertiti
2026-09-21 14:13:49.405 xcodebuild[963:5394] [MT] IDERunDestination: Supported platforms for the buildables in the current scheme is empty.
{
"dependencies" : [
{
"identity" : "nefertitifile",
"requirement" : {
"range" : [
{
"lower_bound" : "1.0.4",
"upper_bound" : "2.0.0"
}
]
},
"type" : "sourceControl",
"url" : "https://github.com/D-Integral/NefertitiFile"
},
{
"identity" : "nefertitifontsizecalculator",
"requirement" : {
"range" : [
{
"lower_bound" : "1.0.1",
"upper_bound" : "2.0.0"
}
]
},
"type" : "sourceControl",
"url" : "https://github.com/D-Integral/NefertitiFontSizeCalculator"
}
],
"manifest_display_name" : "Nefertiti",
"name" : "Nefertiti",
"path" : "/Users/admin/builder/spi-builder-workspace",
"platforms" : [
{
"name" : "ios",
"version" : "17.0"
}
],
"products" : [
{
"name" : "Nefertiti",
"targets" : [
"Nefertiti"
],
"type" : {
"library" : [
"automatic"
]
}
}
],
"targets" : [
{
"c99name" : "NefertitiTests",
"module_type" : "SwiftTarget",
"name" : "NefertitiTests",
"path" : "Tests/NefertitiTests",
"sources" : [
"NefertitiTests.swift"
],
"target_dependencies" : [
"Nefertiti"
],
"type" : "test"
},
{
"c99name" : "Nefertiti",
"module_type" : "SwiftTarget",
"name" : "Nefertiti",
"path" : "Sources/Nefertiti",
"product_dependencies" : [
"NefertitiFile",
"NefertitiFontSizeCalculator"
],
"product_memberships" : [
"Nefertiti"
],
"sources" : [
"ErrorHandling/PDFMakerError.swift",
"PDFMaker/PDFMakerScanResultPage.swift",
"PDFMaker/PDFMakerSourcePage.swift",
"PDFMaker/Protocols/PDFMakerScanResultPageProtocol.swift",
"PDFMaker/Protocols/PDFMakerSourcePageProtocol.swift",
"PublicInterface/NefertitiSearchablePDFMaker.swift",
"PublicInterface/Protocols/NefertitiPDFMakerProtocol.swift",
"RecognizedText/Protocols/RecognizedTextProtocol.swift",
"RecognizedText/VisionRecognizedText.swift"
],
"type" : "library"
}
],
"tools_version" : "5.9"
}
{
"workspace" : {
"name" : "Nefertiti",
"schemes" : [
"Nefertiti"
]
}
}
2026-09-21 14:13:50.653 xcodebuild[971:5468] [MT] IDERunDestination: Supported platforms for the buildables in the current scheme is empty.
Running build ...
env DEVELOPER_DIR=/Applications/Xcode-27.0.0-Release.Candidate.app xcrun xcodebuild -IDEClonedSourcePackagesDirPathOverride=$PWD/.dependencies -skipMacroValidation -skipPackagePluginValidation -derivedDataPath $PWD/.derivedData build -scheme Nefertiti -destination generic/platform=watchOS
Command line invocation:
/Applications/Xcode-27.0.0-Release.Candidate.app/Contents/Developer/usr/bin/xcodebuild -IDEClonedSourcePackagesDirPathOverride=/Users/admin/builder/spi-builder-workspace/.dependencies -skipMacroValidation -skipPackagePluginValidation -derivedDataPath /Users/admin/builder/spi-builder-workspace/.derivedData build -scheme Nefertiti -destination generic/platform=watchOS
Resolve Package Graph
Resolved source packages:
NefertitiFontSizeCalculator: https://github.com/D-Integral/NefertitiFontSizeCalculator @ 1.0.1
Nefertiti: /Users/admin/builder/spi-builder-workspace
NefertitiFile: https://github.com/D-Integral/NefertitiFile @ 1.0.4
ComputePackagePrebuildTargetDependencyGraph
Prepare packages
CreateBuildRequest
SendProjectDescription
CreateBuildOperation
ComputeTargetDependencyGraph
note: Building targets in dependency order
note: Target dependency graph (6 targets)
Target 'Nefertiti-product' in project 'Nefertiti'
➜ Explicit dependency on target 'Nefertiti' in project 'Nefertiti'
➜ Explicit dependency on target 'NefertitiFile-product' in project 'NefertitiFile'
➜ Explicit dependency on target 'NefertitiFontSizeCalculator-product' in project 'NefertitiFontSizeCalculator'
Target 'Nefertiti' in project 'Nefertiti'
➜ Explicit dependency on target 'NefertitiFile-product' in project 'NefertitiFile'
➜ Explicit dependency on target 'NefertitiFontSizeCalculator-product' in project 'NefertitiFontSizeCalculator'
Target 'NefertitiFontSizeCalculator-product' in project 'NefertitiFontSizeCalculator'
➜ Explicit dependency on target 'NefertitiFontSizeCalculator' in project 'NefertitiFontSizeCalculator'
Target 'NefertitiFontSizeCalculator' in project 'NefertitiFontSizeCalculator' (no dependencies)
Target 'NefertitiFile-product' in project 'NefertitiFile'
➜ Explicit dependency on target 'NefertitiFile' in project 'NefertitiFile'
Target 'NefertitiFile' in project 'NefertitiFile' (no dependencies)
GatherProvisioningInputs
CreateBuildDescription
ClangStatCache /Applications/Xcode-27.0.0-Release.Candidate.app/Contents/Developer/Toolchains/XcodeDefault.xctoolchain/usr/bin/clang-stat-cache /Applications/Xcode-27.0.0-Release.Candidate.app/Contents/Developer/Platforms/WatchOS.platform/Developer/SDKs/WatchOS27.0.sdk /Users/admin/builder/spi-builder-workspace/.derivedData/SDKStatCaches.noindex/watchos27.0-24R360-e829b21a6f8c9b70876ba0858053c04477534ef55a1706bf4c1112bbb242f0a2.sdkstatcache
cd /Users/admin/builder/spi-builder-workspace/.swiftpm/xcode
/Applications/Xcode-27.0.0-Release.Candidate.app/Contents/Developer/Toolchains/XcodeDefault.xctoolchain/usr/bin/clang-stat-cache /Applications/Xcode-27.0.0-Release.Candidate.app/Contents/Developer/Platforms/WatchOS.platform/Developer/SDKs/WatchOS27.0.sdk -o /Users/admin/builder/spi-builder-workspace/.derivedData/SDKStatCaches.noindex/watchos27.0-24R360-e829b21a6f8c9b70876ba0858053c04477534ef55a1706bf4c1112bbb242f0a2.sdkstatcache
SwiftDriver Nefertiti normal arm64_32 com.apple.xcode.tools.swift.compiler (in target 'Nefertiti' from project 'Nefertiti')
cd /Users/admin/builder/spi-builder-workspace/.swiftpm/xcode
builtin-SwiftDriver -- /Applications/Xcode-27.0.0-Release.Candidate.app/Contents/Developer/Toolchains/XcodeDefault.xctoolchain/usr/bin/swiftc -parse-as-library -module-name Nefertiti -Onone @/Users/admin/builder/spi-builder-workspace/.derivedData/Build/Intermediates.noindex/Nefertiti.build/Debug-watchos/Nefertiti-t.build/Objects-normal/arm64_32/Nefertiti.SwiftFileList -DSWIFT_PACKAGE -DDEBUG -DSWIFT_MODULE_RESOURCE_BUNDLE_UNAVAILABLE -DXcode -plugin-path /Applications/Xcode-27.0.0-Release.Candidate.app/Contents/Developer/Toolchains/XcodeDefault.xctoolchain/usr/lib/swift/host/plugins/testing -enable-experimental-feature DebugDescriptionMacro -sdk /Applications/Xcode-27.0.0-Release.Candidate.app/Contents/Developer/Platforms/WatchOS.platform/Developer/SDKs/WatchOS27.0.sdk -target arm64_32-apple-watchos10.0 -g -module-cache-path /Users/admin/builder/spi-builder-workspace/.derivedData/ModuleCache.noindex -Xfrontend -serialize-debugging-options -profile-coverage-mapping -profile-generate -enable-testing -index-store-path /Users/admin/builder/spi-builder-workspace/.derivedData/Index.noindex/DataStore -Xcc -D_LIBCPP_HARDENING_MODE\=_LIBCPP_HARDENING_MODE_DEBUG -swift-version 5 -I /Users/admin/builder/spi-builder-workspace/.derivedData/Build/Products/Debug-watchos -Isystem /Applications/Xcode-27.0.0-Release.Candidate.app/Contents/Developer/Platforms/WatchOS.platform/Developer/usr/lib -F /Users/admin/builder/spi-builder-workspace/.derivedData/Build/Products/Debug-watchos/PackageFrameworks -F /Users/admin/builder/spi-builder-workspace/.derivedData/Build/Products/Debug-watchos -F /Applications/Xcode-27.0.0-Release.Candidate.app/Contents/Developer/Platforms/WatchOS.platform/Developer/Library/Frameworks -F /Applications/Xcode-27.0.0-Release.Candidate.app/Contents/Developer/Platforms/WatchOS.platform/Developer/SDKs/WatchOS27.0.sdk/Developer/Library/Frameworks -c -j10 -enable-batch-mode -incremental -Xcc -ivfsstatcache -Xcc /Users/admin/builder/spi-builder-workspace/.derivedData/SDKStatCaches.noindex/watchos27.0-24R360-e829b21a6f8c9b70876ba0858053c04477534ef55a1706bf4c1112bbb242f0a2.sdkstatcache -output-file-map /Users/admin/builder/spi-builder-workspace/.derivedData/Build/Intermediates.noindex/Nefertiti.build/Debug-watchos/Nefertiti-t.build/Objects-normal/arm64_32/Nefertiti-OutputFileMap.json -save-temps -no-color-diagnostics -explicit-module-build -module-cache-path /Users/admin/builder/spi-builder-workspace/.derivedData/Build/Intermediates.noindex/SwiftExplicitPrecompiledModules -clang-scanner-module-cache-path /Users/admin/builder/spi-builder-workspace/.derivedData/ModuleCache.noindex -sdk-module-cache-path /Users/admin/builder/spi-builder-workspace/.derivedData/SDKExplicitPrecompiledModules -emit-dependencies -emit-module -emit-module-path /Users/admin/builder/spi-builder-workspace/.derivedData/Build/Intermediates.noindex/Nefertiti.build/Debug-watchos/Nefertiti-t.build/Objects-normal/arm64_32/Nefertiti.swiftmodule -serialize-diagnostics -dependency-scan-serialize-diagnostics-path /Users/admin/builder/spi-builder-workspace/.derivedData/Build/Intermediates.noindex/Nefertiti.build/Debug-watchos/Nefertiti-t.build/Objects-normal/arm64_32/Nefertiti-dependency-scan.dia -validate-clang-modules-once -clang-build-session-file /Users/admin/builder/spi-builder-workspace/.derivedData/ModuleCache.noindex/Session.modulevalidation -Xcc -fmodules-prune-interval\=86400 -Xcc -fmodules-prune-after\=345600 -package-name spi_builder_workspace -emit-const-values -const-gather-protocols-list /Users/admin/builder/spi-builder-workspace/.derivedData/Build/Intermediates.noindex/Nefertiti.build/Debug-watchos/Nefertiti-t.build/Objects-normal/arm64_32/Nefertiti_const_extract_protocols.json -Xcc -I/Users/admin/builder/spi-builder-workspace/.derivedData/Build/Products/Debug-watchos/include -Xcc -I/Users/admin/builder/spi-builder-workspace/.derivedData/Build/Intermediates.noindex/Nefertiti.build/Debug-watchos/Nefertiti-t.build/DerivedSources-normal/arm64_32 -Xcc -I/Users/admin/builder/spi-builder-workspace/.derivedData/Build/Intermediates.noindex/Nefertiti.build/Debug-watchos/Nefertiti-t.build/DerivedSources/arm64_32 -Xcc -I/Users/admin/builder/spi-builder-workspace/.derivedData/Build/Intermediates.noindex/Nefertiti.build/Debug-watchos/Nefertiti-t.build/DerivedSources -Xcc -DSWIFT_PACKAGE -Xcc -DDEBUG\=1 -emit-objc-header -emit-objc-header-path /Users/admin/builder/spi-builder-workspace/.derivedData/Build/Intermediates.noindex/Nefertiti.build/Debug-watchos/Nefertiti-t.build/Objects-normal/arm64_32/Nefertiti-Swift.h -working-directory /Users/admin/builder/spi-builder-workspace/.swiftpm/xcode -experimental-emit-module-separately -disable-cmo
SwiftDriver Nefertiti normal arm64 com.apple.xcode.tools.swift.compiler (in target 'Nefertiti' from project 'Nefertiti')
cd /Users/admin/builder/spi-builder-workspace/.swiftpm/xcode
builtin-SwiftDriver -- /Applications/Xcode-27.0.0-Release.Candidate.app/Contents/Developer/Toolchains/XcodeDefault.xctoolchain/usr/bin/swiftc -parse-as-library -module-name Nefertiti -Onone @/Users/admin/builder/spi-builder-workspace/.derivedData/Build/Intermediates.noindex/Nefertiti.build/Debug-watchos/Nefertiti-t.build/Objects-normal/arm64/Nefertiti.SwiftFileList -DSWIFT_PACKAGE -DDEBUG -DSWIFT_MODULE_RESOURCE_BUNDLE_UNAVAILABLE -DXcode -plugin-path /Applications/Xcode-27.0.0-Release.Candidate.app/Contents/Developer/Toolchains/XcodeDefault.xctoolchain/usr/lib/swift/host/plugins/testing -enable-experimental-feature DebugDescriptionMacro -sdk /Applications/Xcode-27.0.0-Release.Candidate.app/Contents/Developer/Platforms/WatchOS.platform/Developer/SDKs/WatchOS27.0.sdk -target arm64-apple-watchos10.0 -g -module-cache-path /Users/admin/builder/spi-builder-workspace/.derivedData/ModuleCache.noindex -Xfrontend -serialize-debugging-options -profile-coverage-mapping -profile-generate -enable-testing -index-store-path /Users/admin/builder/spi-builder-workspace/.derivedData/Index.noindex/DataStore -Xcc -D_LIBCPP_HARDENING_MODE\=_LIBCPP_HARDENING_MODE_DEBUG -swift-version 5 -I /Users/admin/builder/spi-builder-workspace/.derivedData/Build/Products/Debug-watchos -Isystem /Applications/Xcode-27.0.0-Release.Candidate.app/Contents/Developer/Platforms/WatchOS.platform/Developer/usr/lib -F /Users/admin/builder/spi-builder-workspace/.derivedData/Build/Products/Debug-watchos/PackageFrameworks -F /Users/admin/builder/spi-builder-workspace/.derivedData/Build/Products/Debug-watchos -F /Applications/Xcode-27.0.0-Release.Candidate.app/Contents/Developer/Platforms/WatchOS.platform/Developer/Library/Frameworks -F /Applications/Xcode-27.0.0-Release.Candidate.app/Contents/Developer/Platforms/WatchOS.platform/Developer/SDKs/WatchOS27.0.sdk/Developer/Library/Frameworks -c -j10 -enable-batch-mode -incremental -Xcc -ivfsstatcache -Xcc /Users/admin/builder/spi-builder-workspace/.derivedData/SDKStatCaches.noindex/watchos27.0-24R360-e829b21a6f8c9b70876ba0858053c04477534ef55a1706bf4c1112bbb242f0a2.sdkstatcache -output-file-map /Users/admin/builder/spi-builder-workspace/.derivedData/Build/Intermediates.noindex/Nefertiti.build/Debug-watchos/Nefertiti-t.build/Objects-normal/arm64/Nefertiti-OutputFileMap.json -save-temps -no-color-diagnostics -explicit-module-build -module-cache-path /Users/admin/builder/spi-builder-workspace/.derivedData/Build/Intermediates.noindex/SwiftExplicitPrecompiledModules -clang-scanner-module-cache-path /Users/admin/builder/spi-builder-workspace/.derivedData/ModuleCache.noindex -sdk-module-cache-path /Users/admin/builder/spi-builder-workspace/.derivedData/SDKExplicitPrecompiledModules -emit-dependencies -emit-module -emit-module-path /Users/admin/builder/spi-builder-workspace/.derivedData/Build/Intermediates.noindex/Nefertiti.build/Debug-watchos/Nefertiti-t.build/Objects-normal/arm64/Nefertiti.swiftmodule -serialize-diagnostics -dependency-scan-serialize-diagnostics-path /Users/admin/builder/spi-builder-workspace/.derivedData/Build/Intermediates.noindex/Nefertiti.build/Debug-watchos/Nefertiti-t.build/Objects-normal/arm64/Nefertiti-dependency-scan.dia -validate-clang-modules-once -clang-build-session-file /Users/admin/builder/spi-builder-workspace/.derivedData/ModuleCache.noindex/Session.modulevalidation -Xcc -fmodules-prune-interval\=86400 -Xcc -fmodules-prune-after\=345600 -package-name spi_builder_workspace -emit-const-values -const-gather-protocols-list /Users/admin/builder/spi-builder-workspace/.derivedData/Build/Intermediates.noindex/Nefertiti.build/Debug-watchos/Nefertiti-t.build/Objects-normal/arm64/Nefertiti_const_extract_protocols.json -Xcc -I/Users/admin/builder/spi-builder-workspace/.derivedData/Build/Products/Debug-watchos/include -Xcc -I/Users/admin/builder/spi-builder-workspace/.derivedData/Build/Intermediates.noindex/Nefertiti.build/Debug-watchos/Nefertiti-t.build/DerivedSources-normal/arm64 -Xcc -I/Users/admin/builder/spi-builder-workspace/.derivedData/Build/Intermediates.noindex/Nefertiti.build/Debug-watchos/Nefertiti-t.build/DerivedSources/arm64 -Xcc -I/Users/admin/builder/spi-builder-workspace/.derivedData/Build/Intermediates.noindex/Nefertiti.build/Debug-watchos/Nefertiti-t.build/DerivedSources -Xcc -DSWIFT_PACKAGE -Xcc -DDEBUG\=1 -emit-objc-header -emit-objc-header-path /Users/admin/builder/spi-builder-workspace/.derivedData/Build/Intermediates.noindex/Nefertiti.build/Debug-watchos/Nefertiti-t.build/Objects-normal/arm64/Nefertiti-Swift.h -working-directory /Users/admin/builder/spi-builder-workspace/.swiftpm/xcode -experimental-emit-module-separately -disable-cmo
SwiftCompile normal arm64 Compiling\ VisionRecognizedText.swift /Users/admin/builder/spi-builder-workspace/Sources/Nefertiti/RecognizedText/VisionRecognizedText.swift (in target 'Nefertiti' from project 'Nefertiti')
SwiftCompile normal arm64 /Users/admin/builder/spi-builder-workspace/Sources/Nefertiti/RecognizedText/VisionRecognizedText.swift (in target 'Nefertiti' from project 'Nefertiti')
cd /Users/admin/builder/spi-builder-workspace/.swiftpm/xcode
builtin-SwiftPerFileCompile VisionRecognizedText.swift
SwiftEmitModule normal arm64 Emitting\ module\ for\ Nefertiti (in target 'Nefertiti' from project 'Nefertiti')
/Users/admin/builder/spi-builder-workspace/Sources/Nefertiti/PublicInterface/NefertitiSearchablePDFMaker.swift:116:112: error: cannot find type 'VNRecognizeTextRequest' in scope
114 |
115 | private func recognizeTextRequest(for pageNumber: Int,
116 | completionHandler: @escaping (RecognizedTextProtocol?, Error?) -> ()) -> VNRecognizeTextRequest {
| `- error: cannot find type 'VNRecognizeTextRequest' in scope
117 | let request = VNRecognizeTextRequest { request, error in
118 | guard error == nil else {
/Users/admin/builder/spi-builder-workspace/Sources/Nefertiti/PublicInterface/NefertitiSearchablePDFMaker.swift:154:52: error: 'UIGraphicsPDFRendererContext' is unavailable in watchOS
152 |
153 | private func fillPdfDocumentLayers(with scanResult: PDFMakerScanResultPage,
154 | on context: UIGraphicsPDFRendererContext) {
| `- error: 'UIGraphicsPDFRendererContext' is unavailable in watchOS
155 | let pageRect = self.pdfPageSize(for: scanResult.sourcePage)
156 |
/Applications/Xcode-27.0.0-Release.Candidate.app/Contents/Developer/Platforms/WatchOS.platform/Developer/SDKs/WatchOS27.0.sdk/System/Library/Frameworks/UIKit.framework/Headers/UIGraphicsPDFRenderer.h:24:12: note: 'UIGraphicsPDFRendererContext' has been explicitly marked unavailable here
22 |
23 | UIKIT_EXTERN API_AVAILABLE(ios(10.0)) API_UNAVAILABLE(watchos)
24 | @interface UIGraphicsPDFRendererContext : UIGraphicsRendererContext
| `- note: 'UIGraphicsPDFRendererContext' has been explicitly marked unavailable here
25 | @property (nonatomic, readonly) CGRect pdfContextBounds;
26 |
/Users/admin/builder/spi-builder-workspace/Sources/Nefertiti/PublicInterface/NefertitiSearchablePDFMaker.swift:172:53: error: cannot find type 'VNRecognizedText' in scope
170 | }
171 |
172 | private func fillTextLayer(with recognizedText: VNRecognizedText,
| `- error: cannot find type 'VNRecognizedText' in scope
173 | in rect: CGRect) {
174 | let text = recognizedText.string
/Users/admin/builder/spi-builder-workspace/Sources/Nefertiti/RecognizedText/VisionRecognizedText.swift:13:45: error: cannot find type 'VNRecognizedText' in scope
11 | struct VisionRecognizedText: RecognizedTextProtocol {
12 | public private(set) var pageNumber: Int
13 | public private(set) var recognizedText: VNRecognizedText
| `- error: cannot find type 'VNRecognizedText' in scope
14 | }
15 |
Failed frontend command:
/Applications/Xcode-27.0.0-Release.Candidate.app/Contents/Developer/Toolchains/XcodeDefault.xctoolchain/usr/bin/swift-frontend -frontend -emit-module -experimental-skip-non-inlinable-function-bodies-without-types /Users/admin/builder/spi-builder-workspace/Sources/Nefertiti/ErrorHandling/PDFMakerError.swift /Users/admin/builder/spi-builder-workspace/Sources/Nefertiti/PDFMaker/PDFMakerScanResultPage.swift /Users/admin/builder/spi-builder-workspace/Sources/Nefertiti/PDFMaker/PDFMakerSourcePage.swift /Users/admin/builder/spi-builder-workspace/Sources/Nefertiti/PDFMaker/Protocols/PDFMakerScanResultPageProtocol.swift /Users/admin/builder/spi-builder-workspace/Sources/Nefertiti/PDFMaker/Protocols/PDFMakerSourcePageProtocol.swift /Users/admin/builder/spi-builder-workspace/Sources/Nefertiti/PublicInterface/NefertitiSearchablePDFMaker.swift /Users/admin/builder/spi-builder-workspace/Sources/Nefertiti/PublicInterface/Protocols/NefertitiPDFMakerProtocol.swift /Users/admin/builder/spi-builder-workspace/Sources/Nefertiti/RecognizedText/Protocols/RecognizedTextProtocol.swift /Users/admin/builder/spi-builder-workspace/Sources/Nefertiti/RecognizedText/VisionRecognizedText.swift -target arm64-apple-watchos10.0 -disable-cross-import-overlay-search -swift-module-cross-import Vision /Applications/Xcode-27.0.0-Release.Candidate.app/Contents/Developer/Platforms/WatchOS.platform/Developer/SDKs/WatchOS.sdk/System/Library/Frameworks/Vision.framework/Modules/Vision.swiftcrossimport/FoundationModels.swiftoverlay -swift-module-cross-import Vision /Applications/Xcode-27.0.0-Release.Candidate.app/Contents/Developer/Platforms/WatchOS.platform/Developer/SDKs/WatchOS27.0.sdk/System/Library/Frameworks/Vision.framework/Modules/Vision.swiftcrossimport/FoundationModels.swiftoverlay -load-resolved-plugin /Applications/Xcode-27.0.0-Release.Candidate.app/Contents/Developer/Platforms/WatchOS.platform/Developer/usr/lib/swift/host/plugins/libFoundationMacros.dylib\#/Applications/Xcode-27.0.0-Release.Candidate.app/Contents/Developer/Platforms/WatchOS.platform/Developer/usr/bin/swift-plugin-server\#FoundationMacros -load-resolved-plugin /Applications/Xcode-27.0.0-Release.Candidate.app/Contents/Developer/Platforms/WatchOS.platform/Developer/usr/lib/swift/host/plugins/libObservationMacros.dylib\#/Applications/Xcode-27.0.0-Release.Candidate.app/Contents/Developer/Platforms/WatchOS.platform/Developer/usr/bin/swift-plugin-server\#ObservationMacros -load-resolved-plugin /Applications/Xcode-27.0.0-Release.Candidate.app/Contents/Developer/Platforms/WatchOS.platform/Developer/usr/lib/swift/host/plugins/libSwiftMacros.dylib\#/Applications/Xcode-27.0.0-Release.Candidate.app/Contents/Developer/Platforms/WatchOS.platform/Developer/usr/bin/swift-plugin-server\#SwiftMacros -load-resolved-plugin /Applications/Xcode-27.0.0-Release.Candidate.app/Contents/Developer/Platforms/WatchOS.platform/Developer/usr/lib/swift/host/plugins/libSwiftUIMacros.dylib\#/Applications/Xcode-27.0.0-Release.Candidate.app/Contents/Developer/Platforms/WatchOS.platform/Developer/usr/bin/swift-plugin-server\#SwiftUIMacros -disable-implicit-swift-modules -Xcc -fno-implicit-modules -Xcc -fno-implicit-module-maps -explicit-swift-module-map-file /Users/admin/builder/spi-builder-workspace/.derivedData/Build/Intermediates.noindex/Nefertiti.build/Debug-watchos/Nefertiti-t.build/Objects-normal/arm64/Nefertiti-dependencies-2.json -Xllvm -aarch64-use-tbi -enable-objc-interop -stack-check -sdk /Applications/Xcode-27.0.0-Release.Candidate.app/Contents/Developer/Platforms/WatchOS.platform/Developer/SDKs/WatchOS27.0.sdk -I /Users/admin/builder/spi-builder-workspace/.derivedData/Build/Products/Debug-watchos -Isystem /Applications/Xcode-27.0.0-Release.Candidate.app/Contents/Developer/Platforms/WatchOS.platform/Developer/usr/lib -F /Users/admin/builder/spi-builder-workspace/.derivedData/Build/Products/Debug-watchos/PackageFrameworks -F /Users/admin/builder/spi-builder-workspace/.derivedData/Build/Products/Debug-watchos -F /Applications/Xcode-27.0.0-Release.Candidate.app/Contents/Developer/Platforms/WatchOS.platform/Developer/Library/Frameworks -F /Applications/Xcode-27.0.0-Release.Candidate.app/Contents/Developer/Platforms/WatchOS.platform/Developer/SDKs/WatchOS27.0.sdk/Developer/Library/Frameworks -module-cache-path /Users/admin/builder/spi-builder-workspace/.derivedData/Build/Intermediates.noindex/SwiftExplicitPrecompiledModules -no-color-diagnostics -Xcc -fno-color-diagnostics -enable-testing -g -debug-info-format\=dwarf -dwarf-version\=4 -profile-generate -profile-coverage-mapping -swift-version 5 -Onone -D SWIFT_PACKAGE -D DEBUG -D SWIFT_MODULE_RESOURCE_BUNDLE_UNAVAILABLE -D Xcode -serialize-debugging-options -enable-experimental-feature DebugDescriptionMacro -empty-abi-descriptor -validate-clang-modules-once -clang-build-session-file /Users/admin/builder/spi-builder-workspace/.derivedData/ModuleCache.noindex/Session.modulevalidation -Xcc -working-directory -Xcc /Users/admin/builder/spi-builder-workspace/.swiftpm/xcode -enable-anonymous-context-mangled-names -file-compilation-dir /Users/admin/builder/spi-builder-workspace/.swiftpm/xcode -Xcc -D_LIBCPP_HARDENING_MODE\=_LIBCPP_HARDENING_MODE_DEBUG -Xcc -ivfsstatcache -Xcc /Users/admin/builder/spi-builder-workspace/.derivedData/SDKStatCaches.noindex/watchos27.0-24R360-e829b21a6f8c9b70876ba0858053c04477534ef55a1706bf4c1112bbb242f0a2.sdkstatcache -Xcc -fmodules-prune-interval\=86400 -Xcc -fmodules-prune-after\=345600 -Xcc -I/Users/admin/builder/spi-builder-workspace/.derivedData/Build/Products/Debug-watchos/include -Xcc -I/Users/admin/builder/spi-builder-workspace/.derivedData/Build/Intermediates.noindex/Nefertiti.build/Debug-watchos/Nefertiti-t.build/DerivedSources-normal/arm64 -Xcc -I/Users/admin/builder/spi-builder-workspace/.derivedData/Build/Intermediates.noindex/Nefertiti.build/Debug-watchos/Nefertiti-t.build/DerivedSources/arm64 -Xcc -I/Users/admin/builder/spi-builder-workspace/.derivedData/Build/Intermediates.noindex/Nefertiti.build/Debug-watchos/Nefertiti-t.build/DerivedSources -Xcc -DSWIFT_PACKAGE -Xcc -DDEBUG\=1 -no-auto-bridging-header-chaining -module-name Nefertiti -package-name spi_builder_workspace -const-gather-protocols-file /Users/admin/builder/spi-builder-workspace/.derivedData/Build/Intermediates.noindex/Nefertiti.build/Debug-watchos/Nefertiti-t.build/Objects-normal/arm64/Nefertiti_const_extract_protocols.json -disable-clang-spi -clang-target arm64-apple-watchos27.0 -target-sdk-version 27.0 -target-sdk-name watchos27.0 -in-process-plugin-server-path /Applications/Xcode-27.0.0-Release.Candidate.app/Contents/Developer/Toolchains/XcodeDefault.xctoolchain/usr/lib/swift/host/libSwiftInProcPluginServer.dylib -emit-module-doc-path /Users/admin/builder/spi-builder-workspace/.derivedData/Build/Intermediates.noindex/Nefertiti.build/Debug-watchos/Nefertiti-t.build/Objects-normal/arm64/Nefertiti.swiftdoc -emit-module-source-info-path /Users/admin/builder/spi-builder-workspace/.derivedData/Build/Intermediates.noindex/Nefertiti.build/Debug-watchos/Nefertiti-t.build/Objects-normal/arm64/Nefertiti.swiftsourceinfo -emit-objc-header-path /Users/admin/builder/spi-builder-workspace/.derivedData/Build/Intermediates.noindex/Nefertiti.build/Debug-watchos/Nefertiti-t.build/Objects-normal/arm64/Nefertiti-Swift.h -serialize-diagnostics-path /Users/admin/builder/spi-builder-workspace/.derivedData/Build/Intermediates.noindex/Nefertiti.build/Debug-watchos/Nefertiti-t.build/Objects-normal/arm64/Nefertiti-primary-emit-module.dia -emit-dependencies-path /Users/admin/builder/spi-builder-workspace/.derivedData/Build/Intermediates.noindex/Nefertiti.build/Debug-watchos/Nefertiti-t.build/Objects-normal/arm64/Nefertiti-primary-emit-module.d -parse-as-library -o /Users/admin/builder/spi-builder-workspace/.derivedData/Build/Intermediates.noindex/Nefertiti.build/Debug-watchos/Nefertiti-t.build/Objects-normal/arm64/Nefertiti.swiftmodule -emit-abi-descriptor-path /Users/admin/builder/spi-builder-workspace/.derivedData/Build/Intermediates.noindex/Nefertiti.build/Debug-watchos/Nefertiti-t.build/Objects-normal/arm64/Nefertiti.abi.json
SwiftCompile normal arm64 (in target 'Nefertiti' from project 'Nefertiti')
cd /Users/admin/builder/spi-builder-workspace/.swiftpm/xcode
SwiftEmitModule normal arm64_32 Emitting\ module\ for\ Nefertiti (in target 'Nefertiti' from project 'Nefertiti')
/Users/admin/builder/spi-builder-workspace/Sources/Nefertiti/PublicInterface/NefertitiSearchablePDFMaker.swift:116:112: error: cannot find type 'VNRecognizeTextRequest' in scope
114 |
115 | private func recognizeTextRequest(for pageNumber: Int,
116 | completionHandler: @escaping (RecognizedTextProtocol?, Error?) -> ()) -> VNRecognizeTextRequest {
| `- error: cannot find type 'VNRecognizeTextRequest' in scope
117 | let request = VNRecognizeTextRequest { request, error in
118 | guard error == nil else {
/Users/admin/builder/spi-builder-workspace/Sources/Nefertiti/PublicInterface/NefertitiSearchablePDFMaker.swift:154:52: error: 'UIGraphicsPDFRendererContext' is unavailable in watchOS
152 |
153 | private func fillPdfDocumentLayers(with scanResult: PDFMakerScanResultPage,
154 | on context: UIGraphicsPDFRendererContext) {
| `- error: 'UIGraphicsPDFRendererContext' is unavailable in watchOS
155 | let pageRect = self.pdfPageSize(for: scanResult.sourcePage)
156 |
/Applications/Xcode-27.0.0-Release.Candidate.app/Contents/Developer/Platforms/WatchOS.platform/Developer/SDKs/WatchOS27.0.sdk/System/Library/Frameworks/UIKit.framework/Headers/UIGraphicsPDFRenderer.h:24:12: note: 'UIGraphicsPDFRendererContext' has been explicitly marked unavailable here
22 |
23 | UIKIT_EXTERN API_AVAILABLE(ios(10.0)) API_UNAVAILABLE(watchos)
24 | @interface UIGraphicsPDFRendererContext : UIGraphicsRendererContext
| `- note: 'UIGraphicsPDFRendererContext' has been explicitly marked unavailable here
25 | @property (nonatomic, readonly) CGRect pdfContextBounds;
26 |
/Users/admin/builder/spi-builder-workspace/Sources/Nefertiti/PublicInterface/NefertitiSearchablePDFMaker.swift:172:53: error: cannot find type 'VNRecognizedText' in scope
170 | }
171 |
172 | private func fillTextLayer(with recognizedText: VNRecognizedText,
| `- error: cannot find type 'VNRecognizedText' in scope
173 | in rect: CGRect) {
174 | let text = recognizedText.string
/Users/admin/builder/spi-builder-workspace/Sources/Nefertiti/RecognizedText/VisionRecognizedText.swift:13:45: error: cannot find type 'VNRecognizedText' in scope
11 | struct VisionRecognizedText: RecognizedTextProtocol {
12 | public private(set) var pageNumber: Int
13 | public private(set) var recognizedText: VNRecognizedText
| `- error: cannot find type 'VNRecognizedText' in scope
14 | }
15 |
Failed frontend command:
/Applications/Xcode-27.0.0-Release.Candidate.app/Contents/Developer/Toolchains/XcodeDefault.xctoolchain/usr/bin/swift-frontend -frontend -emit-module -experimental-skip-non-inlinable-function-bodies-without-types /Users/admin/builder/spi-builder-workspace/Sources/Nefertiti/ErrorHandling/PDFMakerError.swift /Users/admin/builder/spi-builder-workspace/Sources/Nefertiti/PDFMaker/PDFMakerScanResultPage.swift /Users/admin/builder/spi-builder-workspace/Sources/Nefertiti/PDFMaker/PDFMakerSourcePage.swift /Users/admin/builder/spi-builder-workspace/Sources/Nefertiti/PDFMaker/Protocols/PDFMakerScanResultPageProtocol.swift /Users/admin/builder/spi-builder-workspace/Sources/Nefertiti/PDFMaker/Protocols/PDFMakerSourcePageProtocol.swift /Users/admin/builder/spi-builder-workspace/Sources/Nefertiti/PublicInterface/NefertitiSearchablePDFMaker.swift /Users/admin/builder/spi-builder-workspace/Sources/Nefertiti/PublicInterface/Protocols/NefertitiPDFMakerProtocol.swift /Users/admin/builder/spi-builder-workspace/Sources/Nefertiti/RecognizedText/Protocols/RecognizedTextProtocol.swift /Users/admin/builder/spi-builder-workspace/Sources/Nefertiti/RecognizedText/VisionRecognizedText.swift -target arm64_32-apple-watchos10.0 -disable-cross-import-overlay-search -swift-module-cross-import Vision /Applications/Xcode-27.0.0-Release.Candidate.app/Contents/Developer/Platforms/WatchOS.platform/Developer/SDKs/WatchOS.sdk/System/Library/Frameworks/Vision.framework/Modules/Vision.swiftcrossimport/FoundationModels.swiftoverlay -swift-module-cross-import Vision /Applications/Xcode-27.0.0-Release.Candidate.app/Contents/Developer/Platforms/WatchOS.platform/Developer/SDKs/WatchOS27.0.sdk/System/Library/Frameworks/Vision.framework/Modules/Vision.swiftcrossimport/FoundationModels.swiftoverlay -load-resolved-plugin /Applications/Xcode-27.0.0-Release.Candidate.app/Contents/Developer/Platforms/WatchOS.platform/Developer/usr/lib/swift/host/plugins/libFoundationMacros.dylib\#/Applications/Xcode-27.0.0-Release.Candidate.app/Contents/Developer/Platforms/WatchOS.platform/Developer/usr/bin/swift-plugin-server\#FoundationMacros -load-resolved-plugin /Applications/Xcode-27.0.0-Release.Candidate.app/Contents/Developer/Platforms/WatchOS.platform/Developer/usr/lib/swift/host/plugins/libObservationMacros.dylib\#/Applications/Xcode-27.0.0-Release.Candidate.app/Contents/Developer/Platforms/WatchOS.platform/Developer/usr/bin/swift-plugin-server\#ObservationMacros -load-resolved-plugin /Applications/Xcode-27.0.0-Release.Candidate.app/Contents/Developer/Platforms/WatchOS.platform/Developer/usr/lib/swift/host/plugins/libSwiftMacros.dylib\#/Applications/Xcode-27.0.0-Release.Candidate.app/Contents/Developer/Platforms/WatchOS.platform/Developer/usr/bin/swift-plugin-server\#SwiftMacros -load-resolved-plugin /Applications/Xcode-27.0.0-Release.Candidate.app/Contents/Developer/Platforms/WatchOS.platform/Developer/usr/lib/swift/host/plugins/libSwiftUIMacros.dylib\#/Applications/Xcode-27.0.0-Release.Candidate.app/Contents/Developer/Platforms/WatchOS.platform/Developer/usr/bin/swift-plugin-server\#SwiftUIMacros -disable-implicit-swift-modules -Xcc -fno-implicit-modules -Xcc -fno-implicit-module-maps -explicit-swift-module-map-file /Users/admin/builder/spi-builder-workspace/.derivedData/Build/Intermediates.noindex/Nefertiti.build/Debug-watchos/Nefertiti-t.build/Objects-normal/arm64_32/Nefertiti-dependencies-1.json -enable-objc-interop -sdk /Applications/Xcode-27.0.0-Release.Candidate.app/Contents/Developer/Platforms/WatchOS.platform/Developer/SDKs/WatchOS27.0.sdk -I /Users/admin/builder/spi-builder-workspace/.derivedData/Build/Products/Debug-watchos -Isystem /Applications/Xcode-27.0.0-Release.Candidate.app/Contents/Developer/Platforms/WatchOS.platform/Developer/usr/lib -F /Users/admin/builder/spi-builder-workspace/.derivedData/Build/Products/Debug-watchos/PackageFrameworks -F /Users/admin/builder/spi-builder-workspace/.derivedData/Build/Products/Debug-watchos -F /Applications/Xcode-27.0.0-Release.Candidate.app/Contents/Developer/Platforms/WatchOS.platform/Developer/Library/Frameworks -F /Applications/Xcode-27.0.0-Release.Candidate.app/Contents/Developer/Platforms/WatchOS.platform/Developer/SDKs/WatchOS27.0.sdk/Developer/Library/Frameworks -module-cache-path /Users/admin/builder/spi-builder-workspace/.derivedData/Build/Intermediates.noindex/SwiftExplicitPrecompiledModules -no-color-diagnostics -Xcc -fno-color-diagnostics -enable-testing -g -debug-info-format\=dwarf -dwarf-version\=4 -profile-generate -profile-coverage-mapping -swift-version 5 -Onone -D SWIFT_PACKAGE -D DEBUG -D SWIFT_MODULE_RESOURCE_BUNDLE_UNAVAILABLE -D Xcode -serialize-debugging-options -enable-experimental-feature DebugDescriptionMacro -empty-abi-descriptor -validate-clang-modules-once -clang-build-session-file /Users/admin/builder/spi-builder-workspace/.derivedData/ModuleCache.noindex/Session.modulevalidation -Xcc -working-directory -Xcc /Users/admin/builder/spi-builder-workspace/.swiftpm/xcode -enable-anonymous-context-mangled-names -file-compilation-dir /Users/admin/builder/spi-builder-workspace/.swiftpm/xcode -Xcc -D_LIBCPP_HARDENING_MODE\=_LIBCPP_HARDENING_MODE_DEBUG -Xcc -ivfsstatcache -Xcc /Users/admin/builder/spi-builder-workspace/.derivedData/SDKStatCaches.noindex/watchos27.0-24R360-e829b21a6f8c9b70876ba0858053c04477534ef55a1706bf4c1112bbb242f0a2.sdkstatcache -Xcc -fmodules-prune-interval\=86400 -Xcc -fmodules-prune-after\=345600 -Xcc -I/Users/admin/builder/spi-builder-workspace/.derivedData/Build/Products/Debug-watchos/include -Xcc -I/Users/admin/builder/spi-builder-workspace/.derivedData/Build/Intermediates.noindex/Nefertiti.build/Debug-watchos/Nefertiti-t.build/DerivedSources-normal/arm64_32 -Xcc -I/Users/admin/builder/spi-builder-workspace/.derivedData/Build/Intermediates.noindex/Nefertiti.build/Debug-watchos/Nefertiti-t.build/DerivedSources/arm64_32 -Xcc -I/Users/admin/builder/spi-builder-workspace/.derivedData/Build/Intermediates.noindex/Nefertiti.build/Debug-watchos/Nefertiti-t.build/DerivedSources -Xcc -DSWIFT_PACKAGE -Xcc -DDEBUG\=1 -no-auto-bridging-header-chaining -module-name Nefertiti -package-name spi_builder_workspace -const-gather-protocols-file /Users/admin/builder/spi-builder-workspace/.derivedData/Build/Intermediates.noindex/Nefertiti.build/Debug-watchos/Nefertiti-t.build/Objects-normal/arm64_32/Nefertiti_const_extract_protocols.json -disable-clang-spi -clang-target arm64_32-apple-watchos27.0 -target-sdk-version 27.0 -target-sdk-name watchos27.0 -in-process-plugin-server-path /Applications/Xcode-27.0.0-Release.Candidate.app/Contents/Developer/Toolchains/XcodeDefault.xctoolchain/usr/lib/swift/host/libSwiftInProcPluginServer.dylib -emit-module-doc-path /Users/admin/builder/spi-builder-workspace/.derivedData/Build/Intermediates.noindex/Nefertiti.build/Debug-watchos/Nefertiti-t.build/Objects-normal/arm64_32/Nefertiti.swiftdoc -emit-module-source-info-path /Users/admin/builder/spi-builder-workspace/.derivedData/Build/Intermediates.noindex/Nefertiti.build/Debug-watchos/Nefertiti-t.build/Objects-normal/arm64_32/Nefertiti.swiftsourceinfo -emit-objc-header-path /Users/admin/builder/spi-builder-workspace/.derivedData/Build/Intermediates.noindex/Nefertiti.build/Debug-watchos/Nefertiti-t.build/Objects-normal/arm64_32/Nefertiti-Swift.h -serialize-diagnostics-path /Users/admin/builder/spi-builder-workspace/.derivedData/Build/Intermediates.noindex/Nefertiti.build/Debug-watchos/Nefertiti-t.build/Objects-normal/arm64_32/Nefertiti-primary-emit-module.dia -emit-dependencies-path /Users/admin/builder/spi-builder-workspace/.derivedData/Build/Intermediates.noindex/Nefertiti.build/Debug-watchos/Nefertiti-t.build/Objects-normal/arm64_32/Nefertiti-primary-emit-module.d -parse-as-library -o /Users/admin/builder/spi-builder-workspace/.derivedData/Build/Intermediates.noindex/Nefertiti.build/Debug-watchos/Nefertiti-t.build/Objects-normal/arm64_32/Nefertiti.swiftmodule -emit-abi-descriptor-path /Users/admin/builder/spi-builder-workspace/.derivedData/Build/Intermediates.noindex/Nefertiti.build/Debug-watchos/Nefertiti-t.build/Objects-normal/arm64_32/Nefertiti.abi.json
SwiftCompile normal arm64_32 (in target 'Nefertiti' from project 'Nefertiti')
cd /Users/admin/builder/spi-builder-workspace/.swiftpm/xcode
SwiftCompile normal arm64_32 Compiling\ PDFMakerSourcePageProtocol.swift /Users/admin/builder/spi-builder-workspace/Sources/Nefertiti/PDFMaker/Protocols/PDFMakerSourcePageProtocol.swift (in target 'Nefertiti' from project 'Nefertiti')
SwiftCompile normal arm64_32 /Users/admin/builder/spi-builder-workspace/Sources/Nefertiti/PDFMaker/Protocols/PDFMakerSourcePageProtocol.swift (in target 'Nefertiti' from project 'Nefertiti')
cd /Users/admin/builder/spi-builder-workspace/.swiftpm/xcode
builtin-SwiftPerFileCompile PDFMakerSourcePageProtocol.swift
SwiftCompile normal arm64 Compiling\ NefertitiSearchablePDFMaker.swift /Users/admin/builder/spi-builder-workspace/Sources/Nefertiti/PublicInterface/NefertitiSearchablePDFMaker.swift (in target 'Nefertiti' from project 'Nefertiti')
SwiftCompile normal arm64 /Users/admin/builder/spi-builder-workspace/Sources/Nefertiti/PublicInterface/NefertitiSearchablePDFMaker.swift (in target 'Nefertiti' from project 'Nefertiti')
cd /Users/admin/builder/spi-builder-workspace/.swiftpm/xcode
builtin-SwiftPerFileCompile NefertitiSearchablePDFMaker.swift
/Users/admin/builder/spi-builder-workspace/Sources/Nefertiti/PublicInterface/NefertitiSearchablePDFMaker.swift:116:112: error: cannot find type 'VNRecognizeTextRequest' in scope
114 |
115 | private func recognizeTextRequest(for pageNumber: Int,
116 | completionHandler: @escaping (RecognizedTextProtocol?, Error?) -> ()) -> VNRecognizeTextRequest {
| `- error: cannot find type 'VNRecognizeTextRequest' in scope
117 | let request = VNRecognizeTextRequest { request, error in
118 | guard error == nil else {
/Users/admin/builder/spi-builder-workspace/Sources/Nefertiti/PublicInterface/NefertitiSearchablePDFMaker.swift:154:52: error: 'UIGraphicsPDFRendererContext' is unavailable in watchOS
152 |
153 | private func fillPdfDocumentLayers(with scanResult: PDFMakerScanResultPage,
154 | on context: UIGraphicsPDFRendererContext) {
| `- error: 'UIGraphicsPDFRendererContext' is unavailable in watchOS
155 | let pageRect = self.pdfPageSize(for: scanResult.sourcePage)
156 |
/Applications/Xcode-27.0.0-Release.Candidate.app/Contents/Developer/Platforms/WatchOS.platform/Developer/SDKs/WatchOS27.0.sdk/System/Library/Frameworks/UIKit.framework/Headers/UIGraphicsPDFRenderer.h:24:12: note: 'UIGraphicsPDFRendererContext' has been explicitly marked unavailable here
22 |
23 | UIKIT_EXTERN API_AVAILABLE(ios(10.0)) API_UNAVAILABLE(watchos)
24 | @interface UIGraphicsPDFRendererContext : UIGraphicsRendererContext
| `- note: 'UIGraphicsPDFRendererContext' has been explicitly marked unavailable here
25 | @property (nonatomic, readonly) CGRect pdfContextBounds;
26 |
/Users/admin/builder/spi-builder-workspace/Sources/Nefertiti/PublicInterface/NefertitiSearchablePDFMaker.swift:172:53: error: cannot find type 'VNRecognizedText' in scope
170 | }
171 |
172 | private func fillTextLayer(with recognizedText: VNRecognizedText,
| `- error: cannot find type 'VNRecognizedText' in scope
173 | in rect: CGRect) {
174 | let text = recognizedText.string
/Users/admin/builder/spi-builder-workspace/Sources/Nefertiti/PublicInterface/NefertitiSearchablePDFMaker.swift:58:24: error: 'UIGraphicsPDFRenderer' is unavailable in watchOS
56 | }
57 |
58 | let data = UIGraphicsPDFRenderer().pdfData { [weak self] context in
| `- error: 'UIGraphicsPDFRenderer' is unavailable in watchOS
59 | for scanResult in sortedScanResults {
60 | self?.fillPdfDocumentLayers(with: scanResult,
/Applications/Xcode-27.0.0-Release.Candidate.app/Contents/Developer/Platforms/WatchOS.platform/Developer/SDKs/WatchOS27.0.sdk/System/Library/Frameworks/UIKit.framework/Headers/UIGraphicsPDFRenderer.h:36:12: note: 'UIGraphicsPDFRenderer' has been explicitly marked unavailable here
34 |
35 | UIKIT_EXTERN API_AVAILABLE(ios(10.0)) API_UNAVAILABLE(watchos)
36 | @interface UIGraphicsPDFRenderer : UIGraphicsRenderer
| `- note: 'UIGraphicsPDFRenderer' has been explicitly marked unavailable here
37 | - (instancetype)initWithBounds:(CGRect)bounds format:(UIGraphicsPDFRendererFormat *)format NS_DESIGNATED_INITIALIZER;
38 |
/Users/admin/builder/spi-builder-workspace/Sources/Nefertiti/PublicInterface/NefertitiSearchablePDFMaker.swift:102:30: error: cannot find 'VNImageRequestHandler' in scope
100 | }
101 |
102 | let requestHandler = VNImageRequestHandler(cgImage: cgImage,
| `- error: cannot find 'VNImageRequestHandler' in scope
103 | options: [:])
104 |
SwiftCompile normal arm64_32 Compiling\ PDFMakerSourcePage.swift /Users/admin/builder/spi-builder-workspace/Sources/Nefertiti/PDFMaker/PDFMakerSourcePage.swift (in target 'Nefertiti' from project 'Nefertiti')
SwiftCompile normal arm64_32 /Users/admin/builder/spi-builder-workspace/Sources/Nefertiti/PDFMaker/PDFMakerSourcePage.swift (in target 'Nefertiti' from project 'Nefertiti')
cd /Users/admin/builder/spi-builder-workspace/.swiftpm/xcode
builtin-SwiftPerFileCompile PDFMakerSourcePage.swift
SwiftCompile normal arm64_32 Compiling\ NefertitiSearchablePDFMaker.swift /Users/admin/builder/spi-builder-workspace/Sources/Nefertiti/PublicInterface/NefertitiSearchablePDFMaker.swift (in target 'Nefertiti' from project 'Nefertiti')
SwiftCompile normal arm64_32 /Users/admin/builder/spi-builder-workspace/Sources/Nefertiti/PublicInterface/NefertitiSearchablePDFMaker.swift (in target 'Nefertiti' from project 'Nefertiti')
cd /Users/admin/builder/spi-builder-workspace/.swiftpm/xcode
builtin-SwiftPerFileCompile NefertitiSearchablePDFMaker.swift
/Users/admin/builder/spi-builder-workspace/Sources/Nefertiti/PublicInterface/NefertitiSearchablePDFMaker.swift:116:112: error: cannot find type 'VNRecognizeTextRequest' in scope
114 |
115 | private func recognizeTextRequest(for pageNumber: Int,
116 | completionHandler: @escaping (RecognizedTextProtocol?, Error?) -> ()) -> VNRecognizeTextRequest {
| `- error: cannot find type 'VNRecognizeTextRequest' in scope
117 | let request = VNRecognizeTextRequest { request, error in
118 | guard error == nil else {
/Users/admin/builder/spi-builder-workspace/Sources/Nefertiti/PublicInterface/NefertitiSearchablePDFMaker.swift:154:52: error: 'UIGraphicsPDFRendererContext' is unavailable in watchOS
152 |
153 | private func fillPdfDocumentLayers(with scanResult: PDFMakerScanResultPage,
154 | on context: UIGraphicsPDFRendererContext) {
| `- error: 'UIGraphicsPDFRendererContext' is unavailable in watchOS
155 | let pageRect = self.pdfPageSize(for: scanResult.sourcePage)
156 |
/Applications/Xcode-27.0.0-Release.Candidate.app/Contents/Developer/Platforms/WatchOS.platform/Developer/SDKs/WatchOS27.0.sdk/System/Library/Frameworks/UIKit.framework/Headers/UIGraphicsPDFRenderer.h:24:12: note: 'UIGraphicsPDFRendererContext' has been explicitly marked unavailable here
22 |
23 | UIKIT_EXTERN API_AVAILABLE(ios(10.0)) API_UNAVAILABLE(watchos)
24 | @interface UIGraphicsPDFRendererContext : UIGraphicsRendererContext
| `- note: 'UIGraphicsPDFRendererContext' has been explicitly marked unavailable here
25 | @property (nonatomic, readonly) CGRect pdfContextBounds;
26 |
SwiftCompile normal arm64_32 Compiling\ PDFMakerScanResultPageProtocol.swift /Users/admin/builder/spi-builder-workspace/Sources/Nefertiti/PDFMaker/Protocols/PDFMakerScanResultPageProtocol.swift (in target 'Nefertiti' from project 'Nefertiti')
SwiftCompile normal arm64_32 /Users/admin/builder/spi-builder-workspace/Sources/Nefertiti/PDFMaker/Protocols/PDFMakerScanResultPageProtocol.swift (in target 'Nefertiti' from project 'Nefertiti')
cd /Users/admin/builder/spi-builder-workspace/.swiftpm/xcode
builtin-SwiftPerFileCompile PDFMakerScanResultPageProtocol.swift
SwiftCompile normal arm64_32 Compiling\ PDFMakerScanResultPage.swift /Users/admin/builder/spi-builder-workspace/Sources/Nefertiti/PDFMaker/PDFMakerScanResultPage.swift (in target 'Nefertiti' from project 'Nefertiti')
SwiftCompile normal arm64_32 /Users/admin/builder/spi-builder-workspace/Sources/Nefertiti/PDFMaker/PDFMakerScanResultPage.swift (in target 'Nefertiti' from project 'Nefertiti')
cd /Users/admin/builder/spi-builder-workspace/.swiftpm/xcode
builtin-SwiftPerFileCompile PDFMakerScanResultPage.swift
SwiftCompile normal arm64 Compiling\ PDFMakerError.swift /Users/admin/builder/spi-builder-workspace/Sources/Nefertiti/ErrorHandling/PDFMakerError.swift (in target 'Nefertiti' from project 'Nefertiti')
SwiftCompile normal arm64 /Users/admin/builder/spi-builder-workspace/Sources/Nefertiti/ErrorHandling/PDFMakerError.swift (in target 'Nefertiti' from project 'Nefertiti')
cd /Users/admin/builder/spi-builder-workspace/.swiftpm/xcode
builtin-SwiftPerFileCompile PDFMakerError.swift
SwiftCompile normal arm64_32 Compiling\ RecognizedTextProtocol.swift /Users/admin/builder/spi-builder-workspace/Sources/Nefertiti/RecognizedText/Protocols/RecognizedTextProtocol.swift (in target 'Nefertiti' from project 'Nefertiti')
SwiftCompile normal arm64_32 /Users/admin/builder/spi-builder-workspace/Sources/Nefertiti/RecognizedText/Protocols/RecognizedTextProtocol.swift (in target 'Nefertiti' from project 'Nefertiti')
cd /Users/admin/builder/spi-builder-workspace/.swiftpm/xcode
builtin-SwiftPerFileCompile RecognizedTextProtocol.swift
SwiftDriverJobDiscovery normal arm64_32 Compiling PDFMakerSourcePageProtocol.swift (in target 'Nefertiti' from project 'Nefertiti')
SwiftCompile normal arm64_32 Compiling\ VisionRecognizedText.swift /Users/admin/builder/spi-builder-workspace/Sources/Nefertiti/RecognizedText/VisionRecognizedText.swift (in target 'Nefertiti' from project 'Nefertiti')
SwiftCompile normal arm64_32 /Users/admin/builder/spi-builder-workspace/Sources/Nefertiti/RecognizedText/VisionRecognizedText.swift (in target 'Nefertiti' from project 'Nefertiti')
cd /Users/admin/builder/spi-builder-workspace/.swiftpm/xcode
builtin-SwiftPerFileCompile VisionRecognizedText.swift
SwiftDriverJobDiscovery normal arm64_32 Compiling PDFMakerScanResultPageProtocol.swift (in target 'Nefertiti' from project 'Nefertiti')
SwiftCompile normal arm64_32 Compiling\ PDFMakerError.swift /Users/admin/builder/spi-builder-workspace/Sources/Nefertiti/ErrorHandling/PDFMakerError.swift (in target 'Nefertiti' from project 'Nefertiti')
SwiftCompile normal arm64_32 /Users/admin/builder/spi-builder-workspace/Sources/Nefertiti/ErrorHandling/PDFMakerError.swift (in target 'Nefertiti' from project 'Nefertiti')
cd /Users/admin/builder/spi-builder-workspace/.swiftpm/xcode
builtin-SwiftPerFileCompile PDFMakerError.swift
SwiftDriverJobDiscovery normal arm64_32 Compiling PDFMakerSourcePage.swift (in target 'Nefertiti' from project 'Nefertiti')
SwiftCompile normal arm64_32 Compiling\ NefertitiPDFMakerProtocol.swift /Users/admin/builder/spi-builder-workspace/Sources/Nefertiti/PublicInterface/Protocols/NefertitiPDFMakerProtocol.swift (in target 'Nefertiti' from project 'Nefertiti')
SwiftCompile normal arm64_32 /Users/admin/builder/spi-builder-workspace/Sources/Nefertiti/PublicInterface/Protocols/NefertitiPDFMakerProtocol.swift (in target 'Nefertiti' from project 'Nefertiti')
cd /Users/admin/builder/spi-builder-workspace/.swiftpm/xcode
builtin-SwiftPerFileCompile NefertitiPDFMakerProtocol.swift
SwiftDriverJobDiscovery normal arm64_32 Compiling PDFMakerScanResultPage.swift (in target 'Nefertiti' from project 'Nefertiti')
PruneExplicitPrecompiledModules /Users/admin/builder/spi-builder-workspace/.derivedData/Build/Intermediates.noindex/ExplicitPrecompiledModules
PruneExplicitPrecompiledModules /Users/admin/builder/spi-builder-workspace/.derivedData/SDKExplicitPrecompiledModules
PruneExplicitPrecompiledModules /Users/admin/builder/spi-builder-workspace/.derivedData/Build/Intermediates.noindex/SwiftExplicitPrecompiledModules
2026-09-21 14:13:51.634 xcodebuild[972:5495] [MT] IDERunDestination: Supported platforms for the buildables in the current scheme is empty.
** BUILD FAILED **
The following build commands failed:
SwiftEmitModule normal arm64 Emitting\ module\ for\ Nefertiti (in target 'Nefertiti' from project 'Nefertiti')
SwiftCompile normal arm64 (in target 'Nefertiti' from project 'Nefertiti')
SwiftEmitModule normal arm64_32 Emitting\ module\ for\ Nefertiti (in target 'Nefertiti' from project 'Nefertiti')
SwiftCompile normal arm64_32 (in target 'Nefertiti' from project 'Nefertiti')
Building workspace Nefertiti with scheme Nefertiti
(5 failures)
BUILD FAILURE 6.4 watchOS