Build Information
Failed to build Purpl, reference main (7803af), with Swift 6.2 for Wasm on 29 Sep 2026 07:34:44 UTC.
Build Command
bash -c docker run --pull=always --rm -v "checkouts-54344844-2":/host -w "$PWD" -e JAVA_HOME="/root/.sdkman/candidates/java/current" -e SPI_BUILD="1" -e SPI_PROCESSING="1" registry.gitlab.com/saguaro1/spi-images:wasm-6.2-latest swift build --swift-sdk swift-6.2-RELEASE_wasm 2>&1Build Log
========================================
RunAll
========================================
Builder version: 5.1.0
Interrupt handler set up.
========================================
Checkout
========================================
Clone URL: https://github.com/ineedtoint/Purpl-Swift.git
Reference: main
Initialized empty Git repository in /host/spi-builder-workspace/.git/
hint: Using 'master' as the name for the initial branch. This default branch name
hint: is subject to change. To configure the initial branch name to use in all
hint: of your new repositories, which will suppress this warning, call:
hint:
hint: git config --global init.defaultBranch <name>
hint:
hint: Names commonly chosen instead of 'master' are 'main', 'trunk' and
hint: 'development'. The just-created branch can be renamed via this command:
hint:
hint: git branch -m <name>
From https://github.com/ineedtoint/Purpl-Swift
* branch main -> FETCH_HEAD
* [new branch] main -> origin/main
HEAD is now at 7803af4 [20260928] 자동 갱신 안내 문자열 통일
Cloned https://github.com/ineedtoint/Purpl-Swift.git
Revision (git rev-parse @):
7803af4908fe327b4573b72c0b7ddf1ee5bf717d
SUCCESS checkout https://github.com/ineedtoint/Purpl-Swift.git at main
========================================
Build
========================================
Selected platform: wasm
Swift version: 6.2
Building package at path: $PWD
https://github.com/ineedtoint/Purpl-Swift.git
Running build ...
bash -c docker run --pull=always --rm -v "checkouts-54344844-2":/host -w "$PWD" -e JAVA_HOME="/root/.sdkman/candidates/java/current" -e SPI_BUILD="1" -e SPI_PROCESSING="1" registry.gitlab.com/saguaro1/spi-images:wasm-6.2-latest swift build --swift-sdk swift-6.2-RELEASE_wasm 2>&1
wasm-6.2-latest: Pulling from saguaro1/spi-images
Digest: sha256:ff44196b45f83e5a0a99a627b185f548850d9bc1242e3dee2178fb1570812fe8
Status: Image is up to date for registry.gitlab.com/saguaro1/spi-images:wasm-6.2-latest
Building for debugging...
[0/7] Write sources
[2/7] Copying Localizable.xcstrings
[2/7] Copying Info.plist
[5/7] Copying Localizable.xcstrings
[6/7] Write swift-version-24593BA9C3E375BF.txt
[8/29] Compiling Purpl StoreKitService.swift
/host/spi-builder-workspace/Sources/Purpl/Purchase/Purchases.swift:17:8: error: no such module 'StoreKit'
15 |
16 | import Foundation
17 | import StoreKit
| `- error: no such module 'StoreKit'
18 | import Synchronization
19 |
[9/29] Compiling Purpl StoreKitServiceProtocol.swift
/host/spi-builder-workspace/Sources/Purpl/Purchase/Purchases.swift:17:8: error: no such module 'StoreKit'
15 |
16 | import Foundation
17 | import StoreKit
| `- error: no such module 'StoreKit'
18 | import Synchronization
19 |
[10/29] Compiling Purpl VerifiedAppTransaction.swift
/host/spi-builder-workspace/Sources/Purpl/Purchase/Purchases.swift:17:8: error: no such module 'StoreKit'
15 |
16 | import Foundation
17 | import StoreKit
| `- error: no such module 'StoreKit'
18 | import Synchronization
19 |
[11/29] Compiling Purpl PurchasesNetworkTransport.swift
/host/spi-builder-workspace/Sources/Purpl/Purchase/Purchases.swift:17:8: error: no such module 'StoreKit'
15 |
16 | import Foundation
17 | import StoreKit
| `- error: no such module 'StoreKit'
18 | import Synchronization
19 |
[12/29] Compiling Purpl PurchasesServerClient.swift
/host/spi-builder-workspace/Sources/Purpl/Purchase/Purchases.swift:17:8: error: no such module 'StoreKit'
15 |
16 | import Foundation
17 | import StoreKit
| `- error: no such module 'StoreKit'
18 | import Synchronization
19 |
[13/29] Compiling Purpl RemotePaywallCache.swift
/host/spi-builder-workspace/Sources/Purpl/Purchase/Purchases.swift:17:8: error: no such module 'StoreKit'
15 |
16 | import Foundation
17 | import StoreKit
| `- error: no such module 'StoreKit'
18 | import Synchronization
19 |
[14/32] Compiling Purpl PurchasesCoordinator.swift
/host/spi-builder-workspace/Sources/Purpl/Purchase/Purchases.swift:17:8: error: no such module 'StoreKit'
15 |
16 | import Foundation
17 | import StoreKit
| `- error: no such module 'StoreKit'
18 | import Synchronization
19 |
[15/32] Compiling Purpl PurchasesError.swift
/host/spi-builder-workspace/Sources/Purpl/Purchase/Purchases.swift:17:8: error: no such module 'StoreKit'
15 |
16 | import Foundation
17 | import StoreKit
| `- error: no such module 'StoreKit'
18 | import Synchronization
19 |
[16/32] Compiling Purpl ResolvedPaywallConfiguration.swift
/host/spi-builder-workspace/Sources/Purpl/Purchase/Purchases.swift:17:8: error: no such module 'StoreKit'
15 |
16 | import Foundation
17 | import StoreKit
| `- error: no such module 'StoreKit'
18 | import Synchronization
19 |
[17/32] Compiling Purpl VerifiedStoreTransaction.swift
/host/spi-builder-workspace/Sources/Purpl/Purchase/Purchases.swift:17:8: error: no such module 'StoreKit'
15 |
16 | import Foundation
17 | import StoreKit
| `- error: no such module 'StoreKit'
18 | import Synchronization
19 |
[18/32] Compiling Purpl CustomerInfoTask.swift
/host/spi-builder-workspace/Sources/Purpl/Purchase/Purchases.swift:17:8: error: no such module 'StoreKit'
15 |
16 | import Foundation
17 | import StoreKit
| `- error: no such module 'StoreKit'
18 | import Synchronization
19 |
[19/32] Compiling Purpl resource_bundle_accessor.swift
/host/spi-builder-workspace/Sources/Purpl/Purchase/Purchases.swift:17:8: error: no such module 'StoreKit'
15 |
16 | import Foundation
17 | import StoreKit
| `- error: no such module 'StoreKit'
18 | import Synchronization
19 |
error: emit-module command failed with exit code 1 (use -v to see invocation)
[20/32] Emitting module Purpl
/host/spi-builder-workspace/Sources/Purpl/Purchase/Purchases.swift:17:8: error: no such module 'StoreKit'
15 |
16 | import Foundation
17 | import StoreKit
| `- error: no such module 'StoreKit'
18 | import Synchronization
19 |
[21/32] Compiling Purpl CustomerInfo.swift
/host/spi-builder-workspace/Sources/Purpl/Purchase/Purchases.swift:17:8: error: no such module 'StoreKit'
15 |
16 | import Foundation
17 | import StoreKit
| `- error: no such module 'StoreKit'
18 | import Synchronization
19 |
[22/32] Compiling Purpl CustomerInfoStreamPublisher.swift
/host/spi-builder-workspace/Sources/Purpl/Purchase/Purchases.swift:17:8: error: no such module 'StoreKit'
15 |
16 | import Foundation
17 | import StoreKit
| `- error: no such module 'StoreKit'
18 | import Synchronization
19 |
[23/32] Compiling Purpl PurchaseConfiguration.swift
/host/spi-builder-workspace/Sources/Purpl/Purchase/Purchases.swift:17:8: error: no such module 'StoreKit'
15 |
16 | import Foundation
17 | import StoreKit
| `- error: no such module 'StoreKit'
18 | import Synchronization
19 |
[24/32] Compiling Purpl PurchaseCatalog.swift
/host/spi-builder-workspace/Sources/Purpl/Purchase/Purchases.swift:17:8: error: no such module 'StoreKit'
15 |
16 | import Foundation
17 | import StoreKit
| `- error: no such module 'StoreKit'
18 | import Synchronization
19 |
[25/32] Compiling Purpl PurchaseEntitlement.swift
/host/spi-builder-workspace/Sources/Purpl/Purchase/Purchases.swift:17:8: error: no such module 'StoreKit'
15 |
16 | import Foundation
17 | import StoreKit
| `- error: no such module 'StoreKit'
18 | import Synchronization
19 |
[26/32] Compiling Purpl PurchaseProduct.swift
/host/spi-builder-workspace/Sources/Purpl/Purchase/Purchases.swift:17:8: error: no such module 'StoreKit'
15 |
16 | import Foundation
17 | import StoreKit
| `- error: no such module 'StoreKit'
18 | import Synchronization
19 |
[27/32] Compiling Purpl PurchaseResult.swift
/host/spi-builder-workspace/Sources/Purpl/Purchase/Purchases.swift:17:8: error: no such module 'StoreKit'
15 |
16 | import Foundation
17 | import StoreKit
| `- error: no such module 'StoreKit'
18 | import Synchronization
19 |
[28/32] Compiling Purpl Purchases.swift
/host/spi-builder-workspace/Sources/Purpl/Purchase/Purchases.swift:17:8: error: no such module 'StoreKit'
15 |
16 | import Foundation
17 | import StoreKit
| `- error: no such module 'StoreKit'
18 | import Synchronization
19 |
[29/32] Compiling Purpl PurchasesConfiguration.swift
/host/spi-builder-workspace/Sources/Purpl/Purchase/Purchases.swift:17:8: error: no such module 'StoreKit'
15 |
16 | import Foundation
17 | import StoreKit
| `- error: no such module 'StoreKit'
18 | import Synchronization
19 |
[30/32] Compiling Purpl RemotePaywallResponse.swift
/host/spi-builder-workspace/Sources/Purpl/Purchase/Purchases.swift:17:8: error: no such module 'StoreKit'
15 |
16 | import Foundation
17 | import StoreKit
| `- error: no such module 'StoreKit'
18 | import Synchronization
19 |
[31/32] Compiling Purpl SignedPurchasesPayload.swift
/host/spi-builder-workspace/Sources/Purpl/Purchase/Purchases.swift:17:8: error: no such module 'StoreKit'
15 |
16 | import Foundation
17 | import StoreKit
| `- error: no such module 'StoreKit'
18 | import Synchronization
19 |
[32/32] Compiling Purpl StoreKitPurchaseResult.swift
/host/spi-builder-workspace/Sources/Purpl/Purchase/Purchases.swift:17:8: error: no such module 'StoreKit'
15 |
16 | import Foundation
17 | import StoreKit
| `- error: no such module 'StoreKit'
18 | import Synchronization
19 |
BUILD FAILURE 6.2 wasm