Build Information
Failed to build KippleTools, reference main (d250ed), with Swift 6.4 for watchOS using Xcode 27.0 on 20 Sep 2026 18:15:19 UTC.
Build Command
env DEVELOPER_DIR=/Applications/Xcode-27.0.0-Release.Candidate.app xcrun xcodebuild -IDEClonedSourcePackagesDirPathOverride=$PWD/.dependencies -skipMacroValidation -skipPackagePluginValidation -derivedDataPath $PWD/.derivedData build -scheme KippleTools-Package -destination generic/platform=watchOSBuild Log
SwiftCompile normal arm64_32 /Users/admin/builder/spi-builder-workspace/.dependencies/checkouts/SwiftFormat/Sources/Rules/RedundantReturn.swift (in target 'SwiftFormat' from project 'SwiftFormat')
cd /Users/admin/builder/spi-builder-workspace/.swiftpm/xcode
builtin-SwiftPerFileCompile RedundantReturn.swift
SwiftCompile normal arm64_32 /Users/admin/builder/spi-builder-workspace/.dependencies/checkouts/SwiftFormat/Sources/Rules/RedundantSelf.swift (in target 'SwiftFormat' from project 'SwiftFormat')
cd /Users/admin/builder/spi-builder-workspace/.swiftpm/xcode
builtin-SwiftPerFileCompile RedundantSelf.swift
SwiftCompile normal arm64_32 /Users/admin/builder/spi-builder-workspace/.dependencies/checkouts/SwiftFormat/Sources/Rules/RedundantSendable.swift (in target 'SwiftFormat' from project 'SwiftFormat')
cd /Users/admin/builder/spi-builder-workspace/.swiftpm/xcode
builtin-SwiftPerFileCompile RedundantSendable.swift
SwiftCompile normal arm64_32 /Users/admin/builder/spi-builder-workspace/.dependencies/checkouts/SwiftFormat/Sources/Rules/RedundantStaticSelf.swift (in target 'SwiftFormat' from project 'SwiftFormat')
cd /Users/admin/builder/spi-builder-workspace/.swiftpm/xcode
builtin-SwiftPerFileCompile RedundantStaticSelf.swift
SwiftCompile normal arm64_32 /Users/admin/builder/spi-builder-workspace/.dependencies/checkouts/SwiftFormat/Sources/Rules/RedundantSwiftTestingSuite.swift (in target 'SwiftFormat' from project 'SwiftFormat')
cd /Users/admin/builder/spi-builder-workspace/.swiftpm/xcode
builtin-SwiftPerFileCompile RedundantSwiftTestingSuite.swift
SwiftCompile normal arm64_32 /Users/admin/builder/spi-builder-workspace/.dependencies/checkouts/SwiftFormat/Sources/Rules/RedundantSwiftUIGroup.swift (in target 'SwiftFormat' from project 'SwiftFormat')
cd /Users/admin/builder/spi-builder-workspace/.swiftpm/xcode
builtin-SwiftPerFileCompile RedundantSwiftUIGroup.swift
SwiftCompile normal arm64_32 /Users/admin/builder/spi-builder-workspace/.dependencies/checkouts/SwiftFormat/Sources/Rules/RedundantThrows.swift (in target 'SwiftFormat' from project 'SwiftFormat')
cd /Users/admin/builder/spi-builder-workspace/.swiftpm/xcode
builtin-SwiftPerFileCompile RedundantThrows.swift
SwiftCompile normal arm64_32 /Users/admin/builder/spi-builder-workspace/.dependencies/checkouts/SwiftFormat/Sources/Rules/RedundantType.swift (in target 'SwiftFormat' from project 'SwiftFormat')
cd /Users/admin/builder/spi-builder-workspace/.swiftpm/xcode
builtin-SwiftPerFileCompile RedundantType.swift
SwiftCompile normal arm64_32 /Users/admin/builder/spi-builder-workspace/.dependencies/checkouts/SwiftFormat/Sources/Rules/RedundantTypedThrows.swift (in target 'SwiftFormat' from project 'SwiftFormat')
cd /Users/admin/builder/spi-builder-workspace/.swiftpm/xcode
builtin-SwiftPerFileCompile RedundantTypedThrows.swift
SwiftCompile normal arm64_32 /Users/admin/builder/spi-builder-workspace/.dependencies/checkouts/SwiftFormat/Sources/Rules/RedundantVariable.swift (in target 'SwiftFormat' from project 'SwiftFormat')
cd /Users/admin/builder/spi-builder-workspace/.swiftpm/xcode
builtin-SwiftPerFileCompile RedundantVariable.swift
SwiftCompile normal arm64_32 /Users/admin/builder/spi-builder-workspace/.dependencies/checkouts/SwiftFormat/Sources/Rules/RedundantViewBuilder.swift (in target 'SwiftFormat' from project 'SwiftFormat')
cd /Users/admin/builder/spi-builder-workspace/.swiftpm/xcode
builtin-SwiftPerFileCompile RedundantViewBuilder.swift
SwiftCompile normal arm64_32 /Users/admin/builder/spi-builder-workspace/.dependencies/checkouts/SwiftFormat/Sources/Rules/RedundantVoidReturnType.swift (in target 'SwiftFormat' from project 'SwiftFormat')
cd /Users/admin/builder/spi-builder-workspace/.swiftpm/xcode
builtin-SwiftPerFileCompile RedundantVoidReturnType.swift
SwiftCompile normal arm64_32 /Users/admin/builder/spi-builder-workspace/.dependencies/checkouts/SwiftFormat/Sources/Rules/Semicolons.swift (in target 'SwiftFormat' from project 'SwiftFormat')
cd /Users/admin/builder/spi-builder-workspace/.swiftpm/xcode
builtin-SwiftPerFileCompile Semicolons.swift
SwiftCompile normal arm64_32 /Users/admin/builder/spi-builder-workspace/.dependencies/checkouts/SwiftFormat/Sources/Rules/SimplifyGenericConstraints.swift (in target 'SwiftFormat' from project 'SwiftFormat')
cd /Users/admin/builder/spi-builder-workspace/.swiftpm/xcode
builtin-SwiftPerFileCompile SimplifyGenericConstraints.swift
SwiftCompile normal arm64_32 /Users/admin/builder/spi-builder-workspace/.dependencies/checkouts/SwiftFormat/Sources/Rules/SinglePropertyPerLine.swift (in target 'SwiftFormat' from project 'SwiftFormat')
cd /Users/admin/builder/spi-builder-workspace/.swiftpm/xcode
builtin-SwiftPerFileCompile SinglePropertyPerLine.swift
SwiftCompile normal arm64_32 /Users/admin/builder/spi-builder-workspace/.dependencies/checkouts/SwiftFormat/Sources/Rules/SortDeclarations.swift (in target 'SwiftFormat' from project 'SwiftFormat')
cd /Users/admin/builder/spi-builder-workspace/.swiftpm/xcode
builtin-SwiftPerFileCompile SortDeclarations.swift
SwiftCompile normal arm64_32 /Users/admin/builder/spi-builder-workspace/.dependencies/checkouts/SwiftFormat/Sources/Rules/SortImports.swift (in target 'SwiftFormat' from project 'SwiftFormat')
cd /Users/admin/builder/spi-builder-workspace/.swiftpm/xcode
builtin-SwiftPerFileCompile SortImports.swift
SwiftCompile normal arm64_32 /Users/admin/builder/spi-builder-workspace/.dependencies/checkouts/SwiftFormat/Sources/Rules/SortSwitchCases.swift (in target 'SwiftFormat' from project 'SwiftFormat')
cd /Users/admin/builder/spi-builder-workspace/.swiftpm/xcode
builtin-SwiftPerFileCompile SortSwitchCases.swift
SwiftDriverJobDiscovery normal arm64_32 Compiling IfExpressions.swift, Indent.swift, InitCoderUnavailable.swift, IsEmpty.swift, LeadingDelimiters.swift, LinebreakAtEndOfFile.swift, Linebreaks.swift, MarkTypes.swift, ModifierOrder.swift, ModifiersOnSameLine.swift, NoExplicitOwnership.swift, NoForceTryInTests.swift, NoForceUnwrapInTests.swift, NoGuardInTests.swift, NumberFormatting.swift, OpaqueGenericParameters.swift, OrganizeDeclarations.swift, PreferContains.swift (in target 'SwiftFormat' from project 'SwiftFormat')
SwiftCompile normal arm64 Compiling\ WrapFunctionBodies.swift,\ WrapGuardStatementBodies.swift,\ WrapIfExpressionBodies.swift,\ WrapIfStatementBodies.swift,\ WrapLoopBodies.swift,\ WrapMultilineConditionalAssignment.swift,\ WrapMultilineFunctionChains.swift,\ WrapMultilineStatementBraces.swift,\ WrapPropertyBodies.swift,\ WrapSingleLineComments.swift,\ WrapSwitchCases.swift,\ YodaConditions.swift,\ SARIFReporter.swift,\ Singularize.swift,\ SwiftFormat.swift,\ Tokenizer.swift,\ TypeName.swift,\ XMLReporter.swift /Users/admin/builder/spi-builder-workspace/.dependencies/checkouts/SwiftFormat/Sources/Rules/WrapFunctionBodies.swift /Users/admin/builder/spi-builder-workspace/.dependencies/checkouts/SwiftFormat/Sources/Rules/WrapGuardStatementBodies.swift /Users/admin/builder/spi-builder-workspace/.dependencies/checkouts/SwiftFormat/Sources/Rules/WrapIfExpressionBodies.swift /Users/admin/builder/spi-builder-workspace/.dependencies/checkouts/SwiftFormat/Sources/Rules/WrapIfStatementBodies.swift /Users/admin/builder/spi-builder-workspace/.dependencies/checkouts/SwiftFormat/Sources/Rules/WrapLoopBodies.swift /Users/admin/builder/spi-builder-workspace/.dependencies/checkouts/SwiftFormat/Sources/Rules/WrapMultilineConditionalAssignment.swift /Users/admin/builder/spi-builder-workspace/.dependencies/checkouts/SwiftFormat/Sources/Rules/WrapMultilineFunctionChains.swift /Users/admin/builder/spi-builder-workspace/.dependencies/checkouts/SwiftFormat/Sources/Rules/WrapMultilineStatementBraces.swift /Users/admin/builder/spi-builder-workspace/.dependencies/checkouts/SwiftFormat/Sources/Rules/WrapPropertyBodies.swift /Users/admin/builder/spi-builder-workspace/.dependencies/checkouts/SwiftFormat/Sources/Rules/WrapSingleLineComments.swift /Users/admin/builder/spi-builder-workspace/.dependencies/checkouts/SwiftFormat/Sources/Rules/WrapSwitchCases.swift /Users/admin/builder/spi-builder-workspace/.dependencies/checkouts/SwiftFormat/Sources/Rules/YodaConditions.swift /Users/admin/builder/spi-builder-workspace/.dependencies/checkouts/SwiftFormat/Sources/SARIFReporter.swift /Users/admin/builder/spi-builder-workspace/.dependencies/checkouts/SwiftFormat/Sources/Singularize.swift /Users/admin/builder/spi-builder-workspace/.dependencies/checkouts/SwiftFormat/Sources/SwiftFormat.swift /Users/admin/builder/spi-builder-workspace/.dependencies/checkouts/SwiftFormat/Sources/Tokenizer.swift /Users/admin/builder/spi-builder-workspace/.dependencies/checkouts/SwiftFormat/Sources/TypeName.swift /Users/admin/builder/spi-builder-workspace/.dependencies/checkouts/SwiftFormat/Sources/XMLReporter.swift (in target 'SwiftFormat' from project 'SwiftFormat')
SwiftCompile normal arm64 /Users/admin/builder/spi-builder-workspace/.dependencies/checkouts/SwiftFormat/Sources/Rules/WrapFunctionBodies.swift (in target 'SwiftFormat' from project 'SwiftFormat')
cd /Users/admin/builder/spi-builder-workspace/.swiftpm/xcode
builtin-SwiftPerFileCompile WrapFunctionBodies.swift
SwiftCompile normal arm64 /Users/admin/builder/spi-builder-workspace/.dependencies/checkouts/SwiftFormat/Sources/Rules/WrapGuardStatementBodies.swift (in target 'SwiftFormat' from project 'SwiftFormat')
cd /Users/admin/builder/spi-builder-workspace/.swiftpm/xcode
builtin-SwiftPerFileCompile WrapGuardStatementBodies.swift
SwiftCompile normal arm64 /Users/admin/builder/spi-builder-workspace/.dependencies/checkouts/SwiftFormat/Sources/Rules/WrapIfExpressionBodies.swift (in target 'SwiftFormat' from project 'SwiftFormat')
cd /Users/admin/builder/spi-builder-workspace/.swiftpm/xcode
builtin-SwiftPerFileCompile WrapIfExpressionBodies.swift
SwiftCompile normal arm64 /Users/admin/builder/spi-builder-workspace/.dependencies/checkouts/SwiftFormat/Sources/Rules/WrapIfStatementBodies.swift (in target 'SwiftFormat' from project 'SwiftFormat')
cd /Users/admin/builder/spi-builder-workspace/.swiftpm/xcode
builtin-SwiftPerFileCompile WrapIfStatementBodies.swift
SwiftCompile normal arm64 /Users/admin/builder/spi-builder-workspace/.dependencies/checkouts/SwiftFormat/Sources/Rules/WrapLoopBodies.swift (in target 'SwiftFormat' from project 'SwiftFormat')
cd /Users/admin/builder/spi-builder-workspace/.swiftpm/xcode
builtin-SwiftPerFileCompile WrapLoopBodies.swift
SwiftCompile normal arm64 /Users/admin/builder/spi-builder-workspace/.dependencies/checkouts/SwiftFormat/Sources/Rules/WrapMultilineConditionalAssignment.swift (in target 'SwiftFormat' from project 'SwiftFormat')
cd /Users/admin/builder/spi-builder-workspace/.swiftpm/xcode
builtin-SwiftPerFileCompile WrapMultilineConditionalAssignment.swift
SwiftCompile normal arm64 /Users/admin/builder/spi-builder-workspace/.dependencies/checkouts/SwiftFormat/Sources/Rules/WrapMultilineFunctionChains.swift (in target 'SwiftFormat' from project 'SwiftFormat')
cd /Users/admin/builder/spi-builder-workspace/.swiftpm/xcode
builtin-SwiftPerFileCompile WrapMultilineFunctionChains.swift
SwiftCompile normal arm64 /Users/admin/builder/spi-builder-workspace/.dependencies/checkouts/SwiftFormat/Sources/Rules/WrapMultilineStatementBraces.swift (in target 'SwiftFormat' from project 'SwiftFormat')
cd /Users/admin/builder/spi-builder-workspace/.swiftpm/xcode
builtin-SwiftPerFileCompile WrapMultilineStatementBraces.swift
SwiftCompile normal arm64 /Users/admin/builder/spi-builder-workspace/.dependencies/checkouts/SwiftFormat/Sources/Rules/WrapPropertyBodies.swift (in target 'SwiftFormat' from project 'SwiftFormat')
cd /Users/admin/builder/spi-builder-workspace/.swiftpm/xcode
builtin-SwiftPerFileCompile WrapPropertyBodies.swift
SwiftCompile normal arm64 /Users/admin/builder/spi-builder-workspace/.dependencies/checkouts/SwiftFormat/Sources/Rules/WrapSingleLineComments.swift (in target 'SwiftFormat' from project 'SwiftFormat')
cd /Users/admin/builder/spi-builder-workspace/.swiftpm/xcode
builtin-SwiftPerFileCompile WrapSingleLineComments.swift
SwiftCompile normal arm64 /Users/admin/builder/spi-builder-workspace/.dependencies/checkouts/SwiftFormat/Sources/Rules/WrapSwitchCases.swift (in target 'SwiftFormat' from project 'SwiftFormat')
cd /Users/admin/builder/spi-builder-workspace/.swiftpm/xcode
builtin-SwiftPerFileCompile WrapSwitchCases.swift
SwiftCompile normal arm64 /Users/admin/builder/spi-builder-workspace/.dependencies/checkouts/SwiftFormat/Sources/Rules/YodaConditions.swift (in target 'SwiftFormat' from project 'SwiftFormat')
cd /Users/admin/builder/spi-builder-workspace/.swiftpm/xcode
builtin-SwiftPerFileCompile YodaConditions.swift
SwiftCompile normal arm64 /Users/admin/builder/spi-builder-workspace/.dependencies/checkouts/SwiftFormat/Sources/SARIFReporter.swift (in target 'SwiftFormat' from project 'SwiftFormat')
cd /Users/admin/builder/spi-builder-workspace/.swiftpm/xcode
builtin-SwiftPerFileCompile SARIFReporter.swift
SwiftCompile normal arm64 /Users/admin/builder/spi-builder-workspace/.dependencies/checkouts/SwiftFormat/Sources/Singularize.swift (in target 'SwiftFormat' from project 'SwiftFormat')
cd /Users/admin/builder/spi-builder-workspace/.swiftpm/xcode
builtin-SwiftPerFileCompile Singularize.swift
SwiftCompile normal arm64 /Users/admin/builder/spi-builder-workspace/.dependencies/checkouts/SwiftFormat/Sources/SwiftFormat.swift (in target 'SwiftFormat' from project 'SwiftFormat')
cd /Users/admin/builder/spi-builder-workspace/.swiftpm/xcode
builtin-SwiftPerFileCompile SwiftFormat.swift
SwiftCompile normal arm64 /Users/admin/builder/spi-builder-workspace/.dependencies/checkouts/SwiftFormat/Sources/Tokenizer.swift (in target 'SwiftFormat' from project 'SwiftFormat')
cd /Users/admin/builder/spi-builder-workspace/.swiftpm/xcode
builtin-SwiftPerFileCompile Tokenizer.swift
SwiftCompile normal arm64 /Users/admin/builder/spi-builder-workspace/.dependencies/checkouts/SwiftFormat/Sources/TypeName.swift (in target 'SwiftFormat' from project 'SwiftFormat')
cd /Users/admin/builder/spi-builder-workspace/.swiftpm/xcode
builtin-SwiftPerFileCompile TypeName.swift
SwiftCompile normal arm64 /Users/admin/builder/spi-builder-workspace/.dependencies/checkouts/SwiftFormat/Sources/XMLReporter.swift (in target 'SwiftFormat' from project 'SwiftFormat')
cd /Users/admin/builder/spi-builder-workspace/.swiftpm/xcode
builtin-SwiftPerFileCompile XMLReporter.swift
SwiftDriverJobDiscovery normal arm64 Compiling TestSuiteAccessControl.swift, ThrowingTests.swift, Todos.swift, TrailingClosures.swift, TrailingCommas.swift, TrailingSpace.swift, TypeSugar.swift, URLMacro.swift, UnusedArguments.swift, UnusedPrivateDeclarations.swift, ValidateTestCases.swift, Void.swift, Wrap.swift, WrapArguments.swift, WrapAttributes.swift, WrapCaseBodies.swift, WrapConditionalBodies.swift, WrapEnumCases.swift (in target 'SwiftFormat' from project 'SwiftFormat')
SwiftCompile normal arm64_32 Compiling\ Acronyms.swift,\ AndOperator.swift,\ AnyObjectProtocol.swift,\ ApplicationMain.swift,\ AssertionFailures.swift,\ BlankLineAfterImports.swift,\ BlankLineAfterSwitchCase.swift,\ BlankLinesAfterGuardStatements.swift,\ BlankLinesAroundMark.swift,\ BlankLinesAtEndOfScope.swift,\ BlankLinesAtStartOfScope.swift,\ BlankLinesBetweenChainedFunctions.swift,\ BlankLinesBetweenImports.swift,\ BlankLinesBetweenScopes.swift,\ BlockComments.swift,\ Braces.swift,\ ConditionalAssignment.swift,\ ConsecutiveBlankLines.swift /Users/admin/builder/spi-builder-workspace/.dependencies/checkouts/SwiftFormat/Sources/Rules/Acronyms.swift /Users/admin/builder/spi-builder-workspace/.dependencies/checkouts/SwiftFormat/Sources/Rules/AndOperator.swift /Users/admin/builder/spi-builder-workspace/.dependencies/checkouts/SwiftFormat/Sources/Rules/AnyObjectProtocol.swift /Users/admin/builder/spi-builder-workspace/.dependencies/checkouts/SwiftFormat/Sources/Rules/ApplicationMain.swift /Users/admin/builder/spi-builder-workspace/.dependencies/checkouts/SwiftFormat/Sources/Rules/AssertionFailures.swift /Users/admin/builder/spi-builder-workspace/.dependencies/checkouts/SwiftFormat/Sources/Rules/BlankLineAfterImports.swift /Users/admin/builder/spi-builder-workspace/.dependencies/checkouts/SwiftFormat/Sources/Rules/BlankLineAfterSwitchCase.swift /Users/admin/builder/spi-builder-workspace/.dependencies/checkouts/SwiftFormat/Sources/Rules/BlankLinesAfterGuardStatements.swift /Users/admin/builder/spi-builder-workspace/.dependencies/checkouts/SwiftFormat/Sources/Rules/BlankLinesAroundMark.swift /Users/admin/builder/spi-builder-workspace/.dependencies/checkouts/SwiftFormat/Sources/Rules/BlankLinesAtEndOfScope.swift /Users/admin/builder/spi-builder-workspace/.dependencies/checkouts/SwiftFormat/Sources/Rules/BlankLinesAtStartOfScope.swift /Users/admin/builder/spi-builder-workspace/.dependencies/checkouts/SwiftFormat/Sources/Rules/BlankLinesBetweenChainedFunctions.swift /Users/admin/builder/spi-builder-workspace/.dependencies/checkouts/SwiftFormat/Sources/Rules/BlankLinesBetweenImports.swift /Users/admin/builder/spi-builder-workspace/.dependencies/checkouts/SwiftFormat/Sources/Rules/BlankLinesBetweenScopes.swift /Users/admin/builder/spi-builder-workspace/.dependencies/checkouts/SwiftFormat/Sources/Rules/BlockComments.swift /Users/admin/builder/spi-builder-workspace/.dependencies/checkouts/SwiftFormat/Sources/Rules/Braces.swift /Users/admin/builder/spi-builder-workspace/.dependencies/checkouts/SwiftFormat/Sources/Rules/ConditionalAssignment.swift /Users/admin/builder/spi-builder-workspace/.dependencies/checkouts/SwiftFormat/Sources/Rules/ConsecutiveBlankLines.swift (in target 'SwiftFormat' from project 'SwiftFormat')
SwiftCompile normal arm64_32 /Users/admin/builder/spi-builder-workspace/.dependencies/checkouts/SwiftFormat/Sources/Rules/Acronyms.swift (in target 'SwiftFormat' from project 'SwiftFormat')
cd /Users/admin/builder/spi-builder-workspace/.swiftpm/xcode
builtin-SwiftPerFileCompile Acronyms.swift
SwiftCompile normal arm64_32 /Users/admin/builder/spi-builder-workspace/.dependencies/checkouts/SwiftFormat/Sources/Rules/AndOperator.swift (in target 'SwiftFormat' from project 'SwiftFormat')
cd /Users/admin/builder/spi-builder-workspace/.swiftpm/xcode
builtin-SwiftPerFileCompile AndOperator.swift
SwiftCompile normal arm64_32 /Users/admin/builder/spi-builder-workspace/.dependencies/checkouts/SwiftFormat/Sources/Rules/AnyObjectProtocol.swift (in target 'SwiftFormat' from project 'SwiftFormat')
cd /Users/admin/builder/spi-builder-workspace/.swiftpm/xcode
builtin-SwiftPerFileCompile AnyObjectProtocol.swift
SwiftCompile normal arm64_32 /Users/admin/builder/spi-builder-workspace/.dependencies/checkouts/SwiftFormat/Sources/Rules/ApplicationMain.swift (in target 'SwiftFormat' from project 'SwiftFormat')
cd /Users/admin/builder/spi-builder-workspace/.swiftpm/xcode
builtin-SwiftPerFileCompile ApplicationMain.swift
SwiftCompile normal arm64_32 /Users/admin/builder/spi-builder-workspace/.dependencies/checkouts/SwiftFormat/Sources/Rules/AssertionFailures.swift (in target 'SwiftFormat' from project 'SwiftFormat')
cd /Users/admin/builder/spi-builder-workspace/.swiftpm/xcode
builtin-SwiftPerFileCompile AssertionFailures.swift
SwiftCompile normal arm64_32 /Users/admin/builder/spi-builder-workspace/.dependencies/checkouts/SwiftFormat/Sources/Rules/BlankLineAfterImports.swift (in target 'SwiftFormat' from project 'SwiftFormat')
cd /Users/admin/builder/spi-builder-workspace/.swiftpm/xcode
builtin-SwiftPerFileCompile BlankLineAfterImports.swift
SwiftCompile normal arm64_32 /Users/admin/builder/spi-builder-workspace/.dependencies/checkouts/SwiftFormat/Sources/Rules/BlankLineAfterSwitchCase.swift (in target 'SwiftFormat' from project 'SwiftFormat')
cd /Users/admin/builder/spi-builder-workspace/.swiftpm/xcode
builtin-SwiftPerFileCompile BlankLineAfterSwitchCase.swift
SwiftCompile normal arm64_32 /Users/admin/builder/spi-builder-workspace/.dependencies/checkouts/SwiftFormat/Sources/Rules/BlankLinesAfterGuardStatements.swift (in target 'SwiftFormat' from project 'SwiftFormat')
cd /Users/admin/builder/spi-builder-workspace/.swiftpm/xcode
builtin-SwiftPerFileCompile BlankLinesAfterGuardStatements.swift
SwiftCompile normal arm64_32 /Users/admin/builder/spi-builder-workspace/.dependencies/checkouts/SwiftFormat/Sources/Rules/BlankLinesAroundMark.swift (in target 'SwiftFormat' from project 'SwiftFormat')
cd /Users/admin/builder/spi-builder-workspace/.swiftpm/xcode
builtin-SwiftPerFileCompile BlankLinesAroundMark.swift
SwiftCompile normal arm64_32 /Users/admin/builder/spi-builder-workspace/.dependencies/checkouts/SwiftFormat/Sources/Rules/BlankLinesAtEndOfScope.swift (in target 'SwiftFormat' from project 'SwiftFormat')
cd /Users/admin/builder/spi-builder-workspace/.swiftpm/xcode
builtin-SwiftPerFileCompile BlankLinesAtEndOfScope.swift
SwiftCompile normal arm64_32 /Users/admin/builder/spi-builder-workspace/.dependencies/checkouts/SwiftFormat/Sources/Rules/BlankLinesAtStartOfScope.swift (in target 'SwiftFormat' from project 'SwiftFormat')
cd /Users/admin/builder/spi-builder-workspace/.swiftpm/xcode
builtin-SwiftPerFileCompile BlankLinesAtStartOfScope.swift
SwiftCompile normal arm64_32 /Users/admin/builder/spi-builder-workspace/.dependencies/checkouts/SwiftFormat/Sources/Rules/BlankLinesBetweenChainedFunctions.swift (in target 'SwiftFormat' from project 'SwiftFormat')
cd /Users/admin/builder/spi-builder-workspace/.swiftpm/xcode
builtin-SwiftPerFileCompile BlankLinesBetweenChainedFunctions.swift
SwiftCompile normal arm64_32 /Users/admin/builder/spi-builder-workspace/.dependencies/checkouts/SwiftFormat/Sources/Rules/BlankLinesBetweenImports.swift (in target 'SwiftFormat' from project 'SwiftFormat')
cd /Users/admin/builder/spi-builder-workspace/.swiftpm/xcode
builtin-SwiftPerFileCompile BlankLinesBetweenImports.swift
SwiftCompile normal arm64_32 /Users/admin/builder/spi-builder-workspace/.dependencies/checkouts/SwiftFormat/Sources/Rules/BlankLinesBetweenScopes.swift (in target 'SwiftFormat' from project 'SwiftFormat')
cd /Users/admin/builder/spi-builder-workspace/.swiftpm/xcode
builtin-SwiftPerFileCompile BlankLinesBetweenScopes.swift
SwiftCompile normal arm64_32 /Users/admin/builder/spi-builder-workspace/.dependencies/checkouts/SwiftFormat/Sources/Rules/BlockComments.swift (in target 'SwiftFormat' from project 'SwiftFormat')
cd /Users/admin/builder/spi-builder-workspace/.swiftpm/xcode
builtin-SwiftPerFileCompile BlockComments.swift
SwiftCompile normal arm64_32 /Users/admin/builder/spi-builder-workspace/.dependencies/checkouts/SwiftFormat/Sources/Rules/Braces.swift (in target 'SwiftFormat' from project 'SwiftFormat')
cd /Users/admin/builder/spi-builder-workspace/.swiftpm/xcode
builtin-SwiftPerFileCompile Braces.swift
SwiftCompile normal arm64_32 /Users/admin/builder/spi-builder-workspace/.dependencies/checkouts/SwiftFormat/Sources/Rules/ConditionalAssignment.swift (in target 'SwiftFormat' from project 'SwiftFormat')
cd /Users/admin/builder/spi-builder-workspace/.swiftpm/xcode
builtin-SwiftPerFileCompile ConditionalAssignment.swift
SwiftCompile normal arm64_32 /Users/admin/builder/spi-builder-workspace/.dependencies/checkouts/SwiftFormat/Sources/Rules/ConsecutiveBlankLines.swift (in target 'SwiftFormat' from project 'SwiftFormat')
cd /Users/admin/builder/spi-builder-workspace/.swiftpm/xcode
builtin-SwiftPerFileCompile ConsecutiveBlankLines.swift
SwiftDriverJobDiscovery normal arm64_32 Compiling ConsecutiveSpaces.swift, ConsistentSwitchCaseSpacing.swift, DocComments.swift, DocCommentsBeforeModifiers.swift, DuplicateImports.swift, ElseOnSameLine.swift, EmptyBraces.swift, EmptyExtensions.swift, EnumNamespaces.swift, EnvironmentEntry.swift, ExtensionAccessControl.swift, FileHeader.swift, FileMacro.swift, GenericExtensions.swift, HeaderFileName.swift, HoistAwait.swift, HoistPatternLet.swift, HoistTry.swift (in target 'SwiftFormat' from project 'SwiftFormat')
SwiftCompile normal arm64 Compiling\ RedundantEquatable.swift,\ RedundantExtendedLifetime.swift,\ RedundantExtensionACL.swift,\ RedundantFileprivate.swift,\ RedundantGet.swift,\ RedundantInit.swift,\ RedundantInternal.swift,\ RedundantLet.swift,\ RedundantLetError.swift,\ RedundantMemberwiseInit.swift,\ RedundantNilInit.swift,\ RedundantObjc.swift,\ RedundantOptionalBinding.swift,\ RedundantParens.swift,\ RedundantPattern.swift,\ RedundantProperty.swift,\ RedundantPublic.swift,\ RedundantRawValues.swift /Users/admin/builder/spi-builder-workspace/.dependencies/checkouts/SwiftFormat/Sources/Rules/RedundantEquatable.swift /Users/admin/builder/spi-builder-workspace/.dependencies/checkouts/SwiftFormat/Sources/Rules/RedundantExtendedLifetime.swift /Users/admin/builder/spi-builder-workspace/.dependencies/checkouts/SwiftFormat/Sources/Rules/RedundantExtensionACL.swift /Users/admin/builder/spi-builder-workspace/.dependencies/checkouts/SwiftFormat/Sources/Rules/RedundantFileprivate.swift /Users/admin/builder/spi-builder-workspace/.dependencies/checkouts/SwiftFormat/Sources/Rules/RedundantGet.swift /Users/admin/builder/spi-builder-workspace/.dependencies/checkouts/SwiftFormat/Sources/Rules/RedundantInit.swift /Users/admin/builder/spi-builder-workspace/.dependencies/checkouts/SwiftFormat/Sources/Rules/RedundantInternal.swift /Users/admin/builder/spi-builder-workspace/.dependencies/checkouts/SwiftFormat/Sources/Rules/RedundantLet.swift /Users/admin/builder/spi-builder-workspace/.dependencies/checkouts/SwiftFormat/Sources/Rules/RedundantLetError.swift /Users/admin/builder/spi-builder-workspace/.dependencies/checkouts/SwiftFormat/Sources/Rules/RedundantMemberwiseInit.swift /Users/admin/builder/spi-builder-workspace/.dependencies/checkouts/SwiftFormat/Sources/Rules/RedundantNilInit.swift /Users/admin/builder/spi-builder-workspace/.dependencies/checkouts/SwiftFormat/Sources/Rules/RedundantObjc.swift /Users/admin/builder/spi-builder-workspace/.dependencies/checkouts/SwiftFormat/Sources/Rules/RedundantOptionalBinding.swift /Users/admin/builder/spi-builder-workspace/.dependencies/checkouts/SwiftFormat/Sources/Rules/RedundantParens.swift /Users/admin/builder/spi-builder-workspace/.dependencies/checkouts/SwiftFormat/Sources/Rules/RedundantPattern.swift /Users/admin/builder/spi-builder-workspace/.dependencies/checkouts/SwiftFormat/Sources/Rules/RedundantProperty.swift /Users/admin/builder/spi-builder-workspace/.dependencies/checkouts/SwiftFormat/Sources/Rules/RedundantPublic.swift /Users/admin/builder/spi-builder-workspace/.dependencies/checkouts/SwiftFormat/Sources/Rules/RedundantRawValues.swift (in target 'SwiftFormat' from project 'SwiftFormat')
SwiftCompile normal arm64 /Users/admin/builder/spi-builder-workspace/.dependencies/checkouts/SwiftFormat/Sources/Rules/RedundantEquatable.swift (in target 'SwiftFormat' from project 'SwiftFormat')
cd /Users/admin/builder/spi-builder-workspace/.swiftpm/xcode
builtin-SwiftPerFileCompile RedundantEquatable.swift
SwiftCompile normal arm64 /Users/admin/builder/spi-builder-workspace/.dependencies/checkouts/SwiftFormat/Sources/Rules/RedundantExtendedLifetime.swift (in target 'SwiftFormat' from project 'SwiftFormat')
cd /Users/admin/builder/spi-builder-workspace/.swiftpm/xcode
builtin-SwiftPerFileCompile RedundantExtendedLifetime.swift
SwiftCompile normal arm64 /Users/admin/builder/spi-builder-workspace/.dependencies/checkouts/SwiftFormat/Sources/Rules/RedundantExtensionACL.swift (in target 'SwiftFormat' from project 'SwiftFormat')
cd /Users/admin/builder/spi-builder-workspace/.swiftpm/xcode
builtin-SwiftPerFileCompile RedundantExtensionACL.swift
SwiftCompile normal arm64 /Users/admin/builder/spi-builder-workspace/.dependencies/checkouts/SwiftFormat/Sources/Rules/RedundantFileprivate.swift (in target 'SwiftFormat' from project 'SwiftFormat')
cd /Users/admin/builder/spi-builder-workspace/.swiftpm/xcode
builtin-SwiftPerFileCompile RedundantFileprivate.swift
SwiftCompile normal arm64 /Users/admin/builder/spi-builder-workspace/.dependencies/checkouts/SwiftFormat/Sources/Rules/RedundantGet.swift (in target 'SwiftFormat' from project 'SwiftFormat')
cd /Users/admin/builder/spi-builder-workspace/.swiftpm/xcode
builtin-SwiftPerFileCompile RedundantGet.swift
SwiftCompile normal arm64 /Users/admin/builder/spi-builder-workspace/.dependencies/checkouts/SwiftFormat/Sources/Rules/RedundantInit.swift (in target 'SwiftFormat' from project 'SwiftFormat')
cd /Users/admin/builder/spi-builder-workspace/.swiftpm/xcode
builtin-SwiftPerFileCompile RedundantInit.swift
SwiftCompile normal arm64 /Users/admin/builder/spi-builder-workspace/.dependencies/checkouts/SwiftFormat/Sources/Rules/RedundantInternal.swift (in target 'SwiftFormat' from project 'SwiftFormat')
cd /Users/admin/builder/spi-builder-workspace/.swiftpm/xcode
builtin-SwiftPerFileCompile RedundantInternal.swift
SwiftCompile normal arm64 /Users/admin/builder/spi-builder-workspace/.dependencies/checkouts/SwiftFormat/Sources/Rules/RedundantLet.swift (in target 'SwiftFormat' from project 'SwiftFormat')
cd /Users/admin/builder/spi-builder-workspace/.swiftpm/xcode
builtin-SwiftPerFileCompile RedundantLet.swift
SwiftCompile normal arm64 /Users/admin/builder/spi-builder-workspace/.dependencies/checkouts/SwiftFormat/Sources/Rules/RedundantLetError.swift (in target 'SwiftFormat' from project 'SwiftFormat')
cd /Users/admin/builder/spi-builder-workspace/.swiftpm/xcode
builtin-SwiftPerFileCompile RedundantLetError.swift
SwiftCompile normal arm64 /Users/admin/builder/spi-builder-workspace/.dependencies/checkouts/SwiftFormat/Sources/Rules/RedundantMemberwiseInit.swift (in target 'SwiftFormat' from project 'SwiftFormat')
cd /Users/admin/builder/spi-builder-workspace/.swiftpm/xcode
builtin-SwiftPerFileCompile RedundantMemberwiseInit.swift
SwiftCompile normal arm64 /Users/admin/builder/spi-builder-workspace/.dependencies/checkouts/SwiftFormat/Sources/Rules/RedundantNilInit.swift (in target 'SwiftFormat' from project 'SwiftFormat')
cd /Users/admin/builder/spi-builder-workspace/.swiftpm/xcode
builtin-SwiftPerFileCompile RedundantNilInit.swift
SwiftCompile normal arm64 /Users/admin/builder/spi-builder-workspace/.dependencies/checkouts/SwiftFormat/Sources/Rules/RedundantObjc.swift (in target 'SwiftFormat' from project 'SwiftFormat')
cd /Users/admin/builder/spi-builder-workspace/.swiftpm/xcode
builtin-SwiftPerFileCompile RedundantObjc.swift
SwiftCompile normal arm64 /Users/admin/builder/spi-builder-workspace/.dependencies/checkouts/SwiftFormat/Sources/Rules/RedundantOptionalBinding.swift (in target 'SwiftFormat' from project 'SwiftFormat')
cd /Users/admin/builder/spi-builder-workspace/.swiftpm/xcode
builtin-SwiftPerFileCompile RedundantOptionalBinding.swift
SwiftCompile normal arm64 /Users/admin/builder/spi-builder-workspace/.dependencies/checkouts/SwiftFormat/Sources/Rules/RedundantParens.swift (in target 'SwiftFormat' from project 'SwiftFormat')
cd /Users/admin/builder/spi-builder-workspace/.swiftpm/xcode
builtin-SwiftPerFileCompile RedundantParens.swift
SwiftCompile normal arm64 /Users/admin/builder/spi-builder-workspace/.dependencies/checkouts/SwiftFormat/Sources/Rules/RedundantPattern.swift (in target 'SwiftFormat' from project 'SwiftFormat')
cd /Users/admin/builder/spi-builder-workspace/.swiftpm/xcode
builtin-SwiftPerFileCompile RedundantPattern.swift
SwiftCompile normal arm64 /Users/admin/builder/spi-builder-workspace/.dependencies/checkouts/SwiftFormat/Sources/Rules/RedundantProperty.swift (in target 'SwiftFormat' from project 'SwiftFormat')
cd /Users/admin/builder/spi-builder-workspace/.swiftpm/xcode
builtin-SwiftPerFileCompile RedundantProperty.swift
SwiftCompile normal arm64 /Users/admin/builder/spi-builder-workspace/.dependencies/checkouts/SwiftFormat/Sources/Rules/RedundantPublic.swift (in target 'SwiftFormat' from project 'SwiftFormat')
cd /Users/admin/builder/spi-builder-workspace/.swiftpm/xcode
builtin-SwiftPerFileCompile RedundantPublic.swift
SwiftCompile normal arm64 /Users/admin/builder/spi-builder-workspace/.dependencies/checkouts/SwiftFormat/Sources/Rules/RedundantRawValues.swift (in target 'SwiftFormat' from project 'SwiftFormat')
cd /Users/admin/builder/spi-builder-workspace/.swiftpm/xcode
builtin-SwiftPerFileCompile RedundantRawValues.swift
SwiftDriverJobDiscovery normal arm64_32 Emitting module for SwiftFormat (in target 'SwiftFormat' from project 'SwiftFormat')
SwiftDriver\ Compilation\ Requirements SwiftFormat normal arm64_32 com.apple.xcode.tools.swift.compiler (in target 'SwiftFormat' from project 'SwiftFormat')
cd /Users/admin/builder/spi-builder-workspace/.swiftpm/xcode
builtin-Swift-Compilation-Requirements -- /Applications/Xcode-27.0.0-Release.Candidate.app/Contents/Developer/Toolchains/XcodeDefault.xctoolchain/usr/bin/swiftc -parse-as-library -module-name SwiftFormat -Onone @/Users/admin/builder/spi-builder-workspace/.derivedData/Build/Intermediates.noindex/SwiftFormat.build/Debug-watchos/SwiftFormat-t.build/Objects-normal/arm64_32/SwiftFormat.SwiftFileList -DSWIFT_PACKAGE -DDEBUG -DSWIFT_MODULE_RESOURCE_BUNDLE_UNAVAILABLE -DXcode -plugin-path /Applications/Xcode-27.0.0-Release.Candidate.app/Contents/Developer/Toolchains/XcodeDefault.xctoolchain/usr/lib/swift/host/plugins/testing -enable-experimental-feature DebugDescriptionMacro -sdk /Applications/Xcode-27.0.0-Release.Candidate.app/Contents/Developer/Platforms/WatchOS.platform/Developer/SDKs/WatchOS27.0.sdk -target arm64_32-apple-watchos9.0 -g -module-cache-path /Users/admin/builder/spi-builder-workspace/.derivedData/ModuleCache.noindex -Xfrontend -serialize-debugging-options -profile-coverage-mapping -profile-generate -enable-testing -suppress-warnings -index-store-path /Users/admin/builder/spi-builder-workspace/.derivedData/Index.noindex/DataStore -Xcc -D_LIBCPP_HARDENING_MODE\=_LIBCPP_HARDENING_MODE_DEBUG -swift-version 5 -I /Users/admin/builder/spi-builder-workspace/.derivedData/Build/Products/Debug-watchos -Isystem /Applications/Xcode-27.0.0-Release.Candidate.app/Contents/Developer/Platforms/WatchOS.platform/Developer/usr/lib -F /Users/admin/builder/spi-builder-workspace/.derivedData/Build/Products/Debug-watchos -F /Applications/Xcode-27.0.0-Release.Candidate.app/Contents/Developer/Platforms/WatchOS.platform/Developer/Library/Frameworks -F /Applications/Xcode-27.0.0-Release.Candidate.app/Contents/Developer/Platforms/WatchOS.platform/Developer/SDKs/WatchOS27.0.sdk/Developer/Library/Frameworks -c -j10 -enable-batch-mode -incremental -Xcc -ivfsstatcache -Xcc /Users/admin/builder/spi-builder-workspace/.derivedData/SDKStatCaches.noindex/watchos27.0-24R360-e829b21a6f8c9b70876ba0858053c04477534ef55a1706bf4c1112bbb242f0a2.sdkstatcache -output-file-map /Users/admin/builder/spi-builder-workspace/.derivedData/Build/Intermediates.noindex/SwiftFormat.build/Debug-watchos/SwiftFormat-t.build/Objects-normal/arm64_32/SwiftFormat-OutputFileMap.json -save-temps -no-color-diagnostics -explicit-module-build -module-cache-path /Users/admin/builder/spi-builder-workspace/.derivedData/Build/Intermediates.noindex/SwiftExplicitPrecompiledModules -clang-scanner-module-cache-path /Users/admin/builder/spi-builder-workspace/.derivedData/ModuleCache.noindex -sdk-module-cache-path /Users/admin/builder/spi-builder-workspace/.derivedData/SDKExplicitPrecompiledModules -emit-dependencies -emit-module -emit-module-path /Users/admin/builder/spi-builder-workspace/.derivedData/Build/Intermediates.noindex/SwiftFormat.build/Debug-watchos/SwiftFormat-t.build/Objects-normal/arm64_32/SwiftFormat.swiftmodule -serialize-diagnostics -dependency-scan-serialize-diagnostics-path /Users/admin/builder/spi-builder-workspace/.derivedData/Build/Intermediates.noindex/SwiftFormat.build/Debug-watchos/SwiftFormat-t.build/Objects-normal/arm64_32/SwiftFormat-dependency-scan.dia -validate-clang-modules-once -clang-build-session-file /Users/admin/builder/spi-builder-workspace/.derivedData/ModuleCache.noindex/Session.modulevalidation -Xcc -fmodules-prune-interval\=86400 -Xcc -fmodules-prune-after\=345600 -emit-const-values -const-gather-protocols-list /Users/admin/builder/spi-builder-workspace/.derivedData/Build/Intermediates.noindex/SwiftFormat.build/Debug-watchos/SwiftFormat-t.build/Objects-normal/arm64_32/SwiftFormat_const_extract_protocols.json -Xcc -I/Users/admin/builder/spi-builder-workspace/.derivedData/Build/Products/Debug-watchos/include -Xcc -I/Users/admin/builder/spi-builder-workspace/.derivedData/Build/Intermediates.noindex/SwiftFormat.build/Debug-watchos/SwiftFormat-t.build/DerivedSources-normal/arm64_32 -Xcc -I/Users/admin/builder/spi-builder-workspace/.derivedData/Build/Intermediates.noindex/SwiftFormat.build/Debug-watchos/SwiftFormat-t.build/DerivedSources/arm64_32 -Xcc -I/Users/admin/builder/spi-builder-workspace/.derivedData/Build/Intermediates.noindex/SwiftFormat.build/Debug-watchos/SwiftFormat-t.build/DerivedSources -Xcc -DSWIFT_PACKAGE -Xcc -DDEBUG\=1 -emit-objc-header -emit-objc-header-path /Users/admin/builder/spi-builder-workspace/.derivedData/Build/Intermediates.noindex/SwiftFormat.build/Debug-watchos/SwiftFormat-t.build/Objects-normal/arm64_32/SwiftFormat-Swift.h -working-directory /Users/admin/builder/spi-builder-workspace/.swiftpm/xcode -experimental-emit-module-separately -disable-cmo
SwiftDriverJobDiscovery normal arm64 Emitting module for SwiftFormat (in target 'SwiftFormat' from project 'SwiftFormat')
SwiftDriver\ Compilation\ Requirements SwiftFormat normal arm64 com.apple.xcode.tools.swift.compiler (in target 'SwiftFormat' from project 'SwiftFormat')
cd /Users/admin/builder/spi-builder-workspace/.swiftpm/xcode
builtin-Swift-Compilation-Requirements -- /Applications/Xcode-27.0.0-Release.Candidate.app/Contents/Developer/Toolchains/XcodeDefault.xctoolchain/usr/bin/swiftc -parse-as-library -module-name SwiftFormat -Onone @/Users/admin/builder/spi-builder-workspace/.derivedData/Build/Intermediates.noindex/SwiftFormat.build/Debug-watchos/SwiftFormat-t.build/Objects-normal/arm64/SwiftFormat.SwiftFileList -DSWIFT_PACKAGE -DDEBUG -DSWIFT_MODULE_RESOURCE_BUNDLE_UNAVAILABLE -DXcode -plugin-path /Applications/Xcode-27.0.0-Release.Candidate.app/Contents/Developer/Toolchains/XcodeDefault.xctoolchain/usr/lib/swift/host/plugins/testing -enable-experimental-feature DebugDescriptionMacro -sdk /Applications/Xcode-27.0.0-Release.Candidate.app/Contents/Developer/Platforms/WatchOS.platform/Developer/SDKs/WatchOS27.0.sdk -target arm64-apple-watchos9.0 -g -module-cache-path /Users/admin/builder/spi-builder-workspace/.derivedData/ModuleCache.noindex -Xfrontend -serialize-debugging-options -profile-coverage-mapping -profile-generate -enable-testing -suppress-warnings -index-store-path /Users/admin/builder/spi-builder-workspace/.derivedData/Index.noindex/DataStore -Xcc -D_LIBCPP_HARDENING_MODE\=_LIBCPP_HARDENING_MODE_DEBUG -swift-version 5 -I /Users/admin/builder/spi-builder-workspace/.derivedData/Build/Products/Debug-watchos -Isystem /Applications/Xcode-27.0.0-Release.Candidate.app/Contents/Developer/Platforms/WatchOS.platform/Developer/usr/lib -F /Users/admin/builder/spi-builder-workspace/.derivedData/Build/Products/Debug-watchos -F /Applications/Xcode-27.0.0-Release.Candidate.app/Contents/Developer/Platforms/WatchOS.platform/Developer/Library/Frameworks -F /Applications/Xcode-27.0.0-Release.Candidate.app/Contents/Developer/Platforms/WatchOS.platform/Developer/SDKs/WatchOS27.0.sdk/Developer/Library/Frameworks -c -j10 -enable-batch-mode -incremental -Xcc -ivfsstatcache -Xcc /Users/admin/builder/spi-builder-workspace/.derivedData/SDKStatCaches.noindex/watchos27.0-24R360-e829b21a6f8c9b70876ba0858053c04477534ef55a1706bf4c1112bbb242f0a2.sdkstatcache -output-file-map /Users/admin/builder/spi-builder-workspace/.derivedData/Build/Intermediates.noindex/SwiftFormat.build/Debug-watchos/SwiftFormat-t.build/Objects-normal/arm64/SwiftFormat-OutputFileMap.json -save-temps -no-color-diagnostics -explicit-module-build -module-cache-path /Users/admin/builder/spi-builder-workspace/.derivedData/Build/Intermediates.noindex/SwiftExplicitPrecompiledModules -clang-scanner-module-cache-path /Users/admin/builder/spi-builder-workspace/.derivedData/ModuleCache.noindex -sdk-module-cache-path /Users/admin/builder/spi-builder-workspace/.derivedData/SDKExplicitPrecompiledModules -emit-dependencies -emit-module -emit-module-path /Users/admin/builder/spi-builder-workspace/.derivedData/Build/Intermediates.noindex/SwiftFormat.build/Debug-watchos/SwiftFormat-t.build/Objects-normal/arm64/SwiftFormat.swiftmodule -serialize-diagnostics -dependency-scan-serialize-diagnostics-path /Users/admin/builder/spi-builder-workspace/.derivedData/Build/Intermediates.noindex/SwiftFormat.build/Debug-watchos/SwiftFormat-t.build/Objects-normal/arm64/SwiftFormat-dependency-scan.dia -validate-clang-modules-once -clang-build-session-file /Users/admin/builder/spi-builder-workspace/.derivedData/ModuleCache.noindex/Session.modulevalidation -Xcc -fmodules-prune-interval\=86400 -Xcc -fmodules-prune-after\=345600 -emit-const-values -const-gather-protocols-list /Users/admin/builder/spi-builder-workspace/.derivedData/Build/Intermediates.noindex/SwiftFormat.build/Debug-watchos/SwiftFormat-t.build/Objects-normal/arm64/SwiftFormat_const_extract_protocols.json -Xcc -I/Users/admin/builder/spi-builder-workspace/.derivedData/Build/Products/Debug-watchos/include -Xcc -I/Users/admin/builder/spi-builder-workspace/.derivedData/Build/Intermediates.noindex/SwiftFormat.build/Debug-watchos/SwiftFormat-t.build/DerivedSources-normal/arm64 -Xcc -I/Users/admin/builder/spi-builder-workspace/.derivedData/Build/Intermediates.noindex/SwiftFormat.build/Debug-watchos/SwiftFormat-t.build/DerivedSources/arm64 -Xcc -I/Users/admin/builder/spi-builder-workspace/.derivedData/Build/Intermediates.noindex/SwiftFormat.build/Debug-watchos/SwiftFormat-t.build/DerivedSources -Xcc -DSWIFT_PACKAGE -Xcc -DDEBUG\=1 -emit-objc-header -emit-objc-header-path /Users/admin/builder/spi-builder-workspace/.derivedData/Build/Intermediates.noindex/SwiftFormat.build/Debug-watchos/SwiftFormat-t.build/Objects-normal/arm64/SwiftFormat-Swift.h -working-directory /Users/admin/builder/spi-builder-workspace/.swiftpm/xcode -experimental-emit-module-separately -disable-cmo
Copy /Users/admin/builder/spi-builder-workspace/.derivedData/Build/Products/Debug-watchos/SwiftFormat.swiftmodule/arm64_32-apple-watchos.swiftmodule /Users/admin/builder/spi-builder-workspace/.derivedData/Build/Intermediates.noindex/SwiftFormat.build/Debug-watchos/SwiftFormat-t.build/Objects-normal/arm64_32/SwiftFormat.swiftmodule (in target 'SwiftFormat' from project 'SwiftFormat')
cd /Users/admin/builder/spi-builder-workspace/.dependencies/checkouts/SwiftFormat
builtin-copy -exclude .DS_Store -exclude CVS -exclude .svn -exclude .git -exclude .hg -resolve-src-symlinks -rename /Users/admin/builder/spi-builder-workspace/.derivedData/Build/Intermediates.noindex/SwiftFormat.build/Debug-watchos/SwiftFormat-t.build/Objects-normal/arm64_32/SwiftFormat.swiftmodule /Users/admin/builder/spi-builder-workspace/.derivedData/Build/Products/Debug-watchos/SwiftFormat.swiftmodule/arm64_32-apple-watchos.swiftmodule
SwiftMergeGeneratedHeaders /Users/admin/builder/spi-builder-workspace/.derivedData/Build/Intermediates.noindex/GeneratedModuleMaps-watchos/SwiftFormat-Swift.h /Users/admin/builder/spi-builder-workspace/.derivedData/Build/Intermediates.noindex/SwiftFormat.build/Debug-watchos/SwiftFormat-t.build/Objects-normal/arm64/SwiftFormat-Swift.h /Users/admin/builder/spi-builder-workspace/.derivedData/Build/Intermediates.noindex/SwiftFormat.build/Debug-watchos/SwiftFormat-t.build/Objects-normal/arm64_32/SwiftFormat-Swift.h (in target 'SwiftFormat' from project 'SwiftFormat')
cd /Users/admin/builder/spi-builder-workspace/.dependencies/checkouts/SwiftFormat
builtin-swiftHeaderTool -arch arm64 /Users/admin/builder/spi-builder-workspace/.derivedData/Build/Intermediates.noindex/SwiftFormat.build/Debug-watchos/SwiftFormat-t.build/Objects-normal/arm64/SwiftFormat-Swift.h -arch arm64_32 /Users/admin/builder/spi-builder-workspace/.derivedData/Build/Intermediates.noindex/SwiftFormat.build/Debug-watchos/SwiftFormat-t.build/Objects-normal/arm64_32/SwiftFormat-Swift.h -o /Users/admin/builder/spi-builder-workspace/.derivedData/Build/Intermediates.noindex/GeneratedModuleMaps-watchos/SwiftFormat-Swift.h
Copy /Users/admin/builder/spi-builder-workspace/.derivedData/Build/Products/Debug-watchos/SwiftFormat.swiftmodule/arm64_32-apple-watchos.swiftdoc /Users/admin/builder/spi-builder-workspace/.derivedData/Build/Intermediates.noindex/SwiftFormat.build/Debug-watchos/SwiftFormat-t.build/Objects-normal/arm64_32/SwiftFormat.swiftdoc (in target 'SwiftFormat' from project 'SwiftFormat')
cd /Users/admin/builder/spi-builder-workspace/.dependencies/checkouts/SwiftFormat
builtin-copy -exclude .DS_Store -exclude CVS -exclude .svn -exclude .git -exclude .hg -resolve-src-symlinks -rename /Users/admin/builder/spi-builder-workspace/.derivedData/Build/Intermediates.noindex/SwiftFormat.build/Debug-watchos/SwiftFormat-t.build/Objects-normal/arm64_32/SwiftFormat.swiftdoc /Users/admin/builder/spi-builder-workspace/.derivedData/Build/Products/Debug-watchos/SwiftFormat.swiftmodule/arm64_32-apple-watchos.swiftdoc
Copy /Users/admin/builder/spi-builder-workspace/.derivedData/Build/Products/Debug-watchos/SwiftFormat.swiftmodule/arm64_32-apple-watchos.abi.json /Users/admin/builder/spi-builder-workspace/.derivedData/Build/Intermediates.noindex/SwiftFormat.build/Debug-watchos/SwiftFormat-t.build/Objects-normal/arm64_32/SwiftFormat.abi.json (in target 'SwiftFormat' from project 'SwiftFormat')
cd /Users/admin/builder/spi-builder-workspace/.dependencies/checkouts/SwiftFormat
builtin-copy -exclude .DS_Store -exclude CVS -exclude .svn -exclude .git -exclude .hg -resolve-src-symlinks -rename /Users/admin/builder/spi-builder-workspace/.derivedData/Build/Intermediates.noindex/SwiftFormat.build/Debug-watchos/SwiftFormat-t.build/Objects-normal/arm64_32/SwiftFormat.abi.json /Users/admin/builder/spi-builder-workspace/.derivedData/Build/Products/Debug-watchos/SwiftFormat.swiftmodule/arm64_32-apple-watchos.abi.json
Copy /Users/admin/builder/spi-builder-workspace/.derivedData/Build/Products/Debug-watchos/SwiftFormat.swiftmodule/arm64-apple-watchos.swiftmodule /Users/admin/builder/spi-builder-workspace/.derivedData/Build/Intermediates.noindex/SwiftFormat.build/Debug-watchos/SwiftFormat-t.build/Objects-normal/arm64/SwiftFormat.swiftmodule (in target 'SwiftFormat' from project 'SwiftFormat')
cd /Users/admin/builder/spi-builder-workspace/.dependencies/checkouts/SwiftFormat
builtin-copy -exclude .DS_Store -exclude CVS -exclude .svn -exclude .git -exclude .hg -resolve-src-symlinks -rename /Users/admin/builder/spi-builder-workspace/.derivedData/Build/Intermediates.noindex/SwiftFormat.build/Debug-watchos/SwiftFormat-t.build/Objects-normal/arm64/SwiftFormat.swiftmodule /Users/admin/builder/spi-builder-workspace/.derivedData/Build/Products/Debug-watchos/SwiftFormat.swiftmodule/arm64-apple-watchos.swiftmodule
Copy /Users/admin/builder/spi-builder-workspace/.derivedData/Build/Products/Debug-watchos/SwiftFormat.swiftmodule/arm64-apple-watchos.swiftdoc /Users/admin/builder/spi-builder-workspace/.derivedData/Build/Intermediates.noindex/SwiftFormat.build/Debug-watchos/SwiftFormat-t.build/Objects-normal/arm64/SwiftFormat.swiftdoc (in target 'SwiftFormat' from project 'SwiftFormat')
cd /Users/admin/builder/spi-builder-workspace/.dependencies/checkouts/SwiftFormat
builtin-copy -exclude .DS_Store -exclude CVS -exclude .svn -exclude .git -exclude .hg -resolve-src-symlinks -rename /Users/admin/builder/spi-builder-workspace/.derivedData/Build/Intermediates.noindex/SwiftFormat.build/Debug-watchos/SwiftFormat-t.build/Objects-normal/arm64/SwiftFormat.swiftdoc /Users/admin/builder/spi-builder-workspace/.derivedData/Build/Products/Debug-watchos/SwiftFormat.swiftmodule/arm64-apple-watchos.swiftdoc
Copy /Users/admin/builder/spi-builder-workspace/.derivedData/Build/Products/Debug-watchos/SwiftFormat.swiftmodule/arm64-apple-watchos.abi.json /Users/admin/builder/spi-builder-workspace/.derivedData/Build/Intermediates.noindex/SwiftFormat.build/Debug-watchos/SwiftFormat-t.build/Objects-normal/arm64/SwiftFormat.abi.json (in target 'SwiftFormat' from project 'SwiftFormat')
cd /Users/admin/builder/spi-builder-workspace/.dependencies/checkouts/SwiftFormat
builtin-copy -exclude .DS_Store -exclude CVS -exclude .svn -exclude .git -exclude .hg -resolve-src-symlinks -rename /Users/admin/builder/spi-builder-workspace/.derivedData/Build/Intermediates.noindex/SwiftFormat.build/Debug-watchos/SwiftFormat-t.build/Objects-normal/arm64/SwiftFormat.abi.json /Users/admin/builder/spi-builder-workspace/.derivedData/Build/Products/Debug-watchos/SwiftFormat.swiftmodule/arm64-apple-watchos.abi.json
Copy /Users/admin/builder/spi-builder-workspace/.derivedData/Build/Products/Debug-watchos/SwiftFormat.swiftmodule/Project/arm64_32-apple-watchos.swiftsourceinfo /Users/admin/builder/spi-builder-workspace/.derivedData/Build/Intermediates.noindex/SwiftFormat.build/Debug-watchos/SwiftFormat-t.build/Objects-normal/arm64_32/SwiftFormat.swiftsourceinfo (in target 'SwiftFormat' from project 'SwiftFormat')
cd /Users/admin/builder/spi-builder-workspace/.dependencies/checkouts/SwiftFormat
builtin-copy -exclude .DS_Store -exclude CVS -exclude .svn -exclude .git -exclude .hg -resolve-src-symlinks -rename /Users/admin/builder/spi-builder-workspace/.derivedData/Build/Intermediates.noindex/SwiftFormat.build/Debug-watchos/SwiftFormat-t.build/Objects-normal/arm64_32/SwiftFormat.swiftsourceinfo /Users/admin/builder/spi-builder-workspace/.derivedData/Build/Products/Debug-watchos/SwiftFormat.swiftmodule/Project/arm64_32-apple-watchos.swiftsourceinfo
Copy /Users/admin/builder/spi-builder-workspace/.derivedData/Build/Products/Debug-watchos/SwiftFormat.swiftmodule/Project/arm64-apple-watchos.swiftsourceinfo /Users/admin/builder/spi-builder-workspace/.derivedData/Build/Intermediates.noindex/SwiftFormat.build/Debug-watchos/SwiftFormat-t.build/Objects-normal/arm64/SwiftFormat.swiftsourceinfo (in target 'SwiftFormat' from project 'SwiftFormat')
cd /Users/admin/builder/spi-builder-workspace/.dependencies/checkouts/SwiftFormat
builtin-copy -exclude .DS_Store -exclude CVS -exclude .svn -exclude .git -exclude .hg -resolve-src-symlinks -rename /Users/admin/builder/spi-builder-workspace/.derivedData/Build/Intermediates.noindex/SwiftFormat.build/Debug-watchos/SwiftFormat-t.build/Objects-normal/arm64/SwiftFormat.swiftsourceinfo /Users/admin/builder/spi-builder-workspace/.derivedData/Build/Products/Debug-watchos/SwiftFormat.swiftmodule/Project/arm64-apple-watchos.swiftsourceinfo
SwiftDriverJobDiscovery normal arm64 Compiling PreferCountWhere.swift, PreferExplicitFalse.swift, PreferFinalClasses.swift, PreferFirstWhere.swift, PreferFlatMap.swift, PreferForLoop.swift, PreferKeyPath.swift, PreferLazyMap.swift, PreferMinOverSorted.swift, PreferSwiftStringAPI.swift, PreferSwiftTesting.swift, PrivateStateVariables.swift, PropertyTypes.swift, RedundantAsync.swift, RedundantBackticks.swift, RedundantBreak.swift, RedundantClosure.swift, RedundantEmptyView.swift (in target 'SwiftFormat' from project 'SwiftFormat')
SwiftCompile normal arm64 Compiling\ IfExpressions.swift,\ Indent.swift,\ InitCoderUnavailable.swift,\ IsEmpty.swift,\ LeadingDelimiters.swift,\ LinebreakAtEndOfFile.swift,\ Linebreaks.swift,\ MarkTypes.swift,\ ModifierOrder.swift,\ ModifiersOnSameLine.swift,\ NoExplicitOwnership.swift,\ NoForceTryInTests.swift,\ NoForceUnwrapInTests.swift,\ NoGuardInTests.swift,\ NumberFormatting.swift,\ OpaqueGenericParameters.swift,\ OrganizeDeclarations.swift,\ PreferContains.swift /Users/admin/builder/spi-builder-workspace/.dependencies/checkouts/SwiftFormat/Sources/Rules/IfExpressions.swift /Users/admin/builder/spi-builder-workspace/.dependencies/checkouts/SwiftFormat/Sources/Rules/Indent.swift /Users/admin/builder/spi-builder-workspace/.dependencies/checkouts/SwiftFormat/Sources/Rules/InitCoderUnavailable.swift /Users/admin/builder/spi-builder-workspace/.dependencies/checkouts/SwiftFormat/Sources/Rules/IsEmpty.swift /Users/admin/builder/spi-builder-workspace/.dependencies/checkouts/SwiftFormat/Sources/Rules/LeadingDelimiters.swift /Users/admin/builder/spi-builder-workspace/.dependencies/checkouts/SwiftFormat/Sources/Rules/LinebreakAtEndOfFile.swift /Users/admin/builder/spi-builder-workspace/.dependencies/checkouts/SwiftFormat/Sources/Rules/Linebreaks.swift /Users/admin/builder/spi-builder-workspace/.dependencies/checkouts/SwiftFormat/Sources/Rules/MarkTypes.swift /Users/admin/builder/spi-builder-workspace/.dependencies/checkouts/SwiftFormat/Sources/Rules/ModifierOrder.swift /Users/admin/builder/spi-builder-workspace/.dependencies/checkouts/SwiftFormat/Sources/Rules/ModifiersOnSameLine.swift /Users/admin/builder/spi-builder-workspace/.dependencies/checkouts/SwiftFormat/Sources/Rules/NoExplicitOwnership.swift /Users/admin/builder/spi-builder-workspace/.dependencies/checkouts/SwiftFormat/Sources/Rules/NoForceTryInTests.swift /Users/admin/builder/spi-builder-workspace/.dependencies/checkouts/SwiftFormat/Sources/Rules/NoForceUnwrapInTests.swift /Users/admin/builder/spi-builder-workspace/.dependencies/checkouts/SwiftFormat/Sources/Rules/NoGuardInTests.swift /Users/admin/builder/spi-builder-workspace/.dependencies/checkouts/SwiftFormat/Sources/Rules/NumberFormatting.swift /Users/admin/builder/spi-builder-workspace/.dependencies/checkouts/SwiftFormat/Sources/Rules/OpaqueGenericParameters.swift /Users/admin/builder/spi-builder-workspace/.dependencies/checkouts/SwiftFormat/Sources/Rules/OrganizeDeclarations.swift /Users/admin/builder/spi-builder-workspace/.dependencies/checkouts/SwiftFormat/Sources/Rules/PreferContains.swift (in target 'SwiftFormat' from project 'SwiftFormat')
SwiftCompile normal arm64 /Users/admin/builder/spi-builder-workspace/.dependencies/checkouts/SwiftFormat/Sources/Rules/IfExpressions.swift (in target 'SwiftFormat' from project 'SwiftFormat')
cd /Users/admin/builder/spi-builder-workspace/.swiftpm/xcode
builtin-SwiftPerFileCompile IfExpressions.swift
SwiftCompile normal arm64 /Users/admin/builder/spi-builder-workspace/.dependencies/checkouts/SwiftFormat/Sources/Rules/Indent.swift (in target 'SwiftFormat' from project 'SwiftFormat')
cd /Users/admin/builder/spi-builder-workspace/.swiftpm/xcode
builtin-SwiftPerFileCompile Indent.swift
SwiftCompile normal arm64 /Users/admin/builder/spi-builder-workspace/.dependencies/checkouts/SwiftFormat/Sources/Rules/InitCoderUnavailable.swift (in target 'SwiftFormat' from project 'SwiftFormat')
cd /Users/admin/builder/spi-builder-workspace/.swiftpm/xcode
builtin-SwiftPerFileCompile InitCoderUnavailable.swift
SwiftCompile normal arm64 /Users/admin/builder/spi-builder-workspace/.dependencies/checkouts/SwiftFormat/Sources/Rules/IsEmpty.swift (in target 'SwiftFormat' from project 'SwiftFormat')
cd /Users/admin/builder/spi-builder-workspace/.swiftpm/xcode
builtin-SwiftPerFileCompile IsEmpty.swift
SwiftCompile normal arm64 /Users/admin/builder/spi-builder-workspace/.dependencies/checkouts/SwiftFormat/Sources/Rules/LeadingDelimiters.swift (in target 'SwiftFormat' from project 'SwiftFormat')
cd /Users/admin/builder/spi-builder-workspace/.swiftpm/xcode
builtin-SwiftPerFileCompile LeadingDelimiters.swift
SwiftCompile normal arm64 /Users/admin/builder/spi-builder-workspace/.dependencies/checkouts/SwiftFormat/Sources/Rules/LinebreakAtEndOfFile.swift (in target 'SwiftFormat' from project 'SwiftFormat')
cd /Users/admin/builder/spi-builder-workspace/.swiftpm/xcode
builtin-SwiftPerFileCompile LinebreakAtEndOfFile.swift
SwiftCompile normal arm64 /Users/admin/builder/spi-builder-workspace/.dependencies/checkouts/SwiftFormat/Sources/Rules/Linebreaks.swift (in target 'SwiftFormat' from project 'SwiftFormat')
cd /Users/admin/builder/spi-builder-workspace/.swiftpm/xcode
builtin-SwiftPerFileCompile Linebreaks.swift
SwiftCompile normal arm64 /Users/admin/builder/spi-builder-workspace/.dependencies/checkouts/SwiftFormat/Sources/Rules/MarkTypes.swift (in target 'SwiftFormat' from project 'SwiftFormat')
cd /Users/admin/builder/spi-builder-workspace/.swiftpm/xcode
builtin-SwiftPerFileCompile MarkTypes.swift
SwiftCompile normal arm64 /Users/admin/builder/spi-builder-workspace/.dependencies/checkouts/SwiftFormat/Sources/Rules/ModifierOrder.swift (in target 'SwiftFormat' from project 'SwiftFormat')
cd /Users/admin/builder/spi-builder-workspace/.swiftpm/xcode
builtin-SwiftPerFileCompile ModifierOrder.swift
SwiftCompile normal arm64 /Users/admin/builder/spi-builder-workspace/.dependencies/checkouts/SwiftFormat/Sources/Rules/ModifiersOnSameLine.swift (in target 'SwiftFormat' from project 'SwiftFormat')
cd /Users/admin/builder/spi-builder-workspace/.swiftpm/xcode
builtin-SwiftPerFileCompile ModifiersOnSameLine.swift
SwiftCompile normal arm64 /Users/admin/builder/spi-builder-workspace/.dependencies/checkouts/SwiftFormat/Sources/Rules/NoExplicitOwnership.swift (in target 'SwiftFormat' from project 'SwiftFormat')
cd /Users/admin/builder/spi-builder-workspace/.swiftpm/xcode
builtin-SwiftPerFileCompile NoExplicitOwnership.swift
SwiftCompile normal arm64 /Users/admin/builder/spi-builder-workspace/.dependencies/checkouts/SwiftFormat/Sources/Rules/NoForceTryInTests.swift (in target 'SwiftFormat' from project 'SwiftFormat')
cd /Users/admin/builder/spi-builder-workspace/.swiftpm/xcode
builtin-SwiftPerFileCompile NoForceTryInTests.swift
SwiftCompile normal arm64 /Users/admin/builder/spi-builder-workspace/.dependencies/checkouts/SwiftFormat/Sources/Rules/NoForceUnwrapInTests.swift (in target 'SwiftFormat' from project 'SwiftFormat')
cd /Users/admin/builder/spi-builder-workspace/.swiftpm/xcode
builtin-SwiftPerFileCompile NoForceUnwrapInTests.swift
SwiftCompile normal arm64 /Users/admin/builder/spi-builder-workspace/.dependencies/checkouts/SwiftFormat/Sources/Rules/NoGuardInTests.swift (in target 'SwiftFormat' from project 'SwiftFormat')
cd /Users/admin/builder/spi-builder-workspace/.swiftpm/xcode
builtin-SwiftPerFileCompile NoGuardInTests.swift
SwiftCompile normal arm64 /Users/admin/builder/spi-builder-workspace/.dependencies/checkouts/SwiftFormat/Sources/Rules/NumberFormatting.swift (in target 'SwiftFormat' from project 'SwiftFormat')
cd /Users/admin/builder/spi-builder-workspace/.swiftpm/xcode
builtin-SwiftPerFileCompile NumberFormatting.swift
SwiftCompile normal arm64 /Users/admin/builder/spi-builder-workspace/.dependencies/checkouts/SwiftFormat/Sources/Rules/OpaqueGenericParameters.swift (in target 'SwiftFormat' from project 'SwiftFormat')
cd /Users/admin/builder/spi-builder-workspace/.swiftpm/xcode
builtin-SwiftPerFileCompile OpaqueGenericParameters.swift
SwiftCompile normal arm64 /Users/admin/builder/spi-builder-workspace/.dependencies/checkouts/SwiftFormat/Sources/Rules/OrganizeDeclarations.swift (in target 'SwiftFormat' from project 'SwiftFormat')
cd /Users/admin/builder/spi-builder-workspace/.swiftpm/xcode
builtin-SwiftPerFileCompile OrganizeDeclarations.swift
SwiftCompile normal arm64 /Users/admin/builder/spi-builder-workspace/.dependencies/checkouts/SwiftFormat/Sources/Rules/PreferContains.swift (in target 'SwiftFormat' from project 'SwiftFormat')
cd /Users/admin/builder/spi-builder-workspace/.swiftpm/xcode
builtin-SwiftPerFileCompile PreferContains.swift
SwiftCompile normal arm64_32 Compiling\ PreferCountWhere.swift,\ PreferExplicitFalse.swift,\ PreferFinalClasses.swift,\ PreferFirstWhere.swift,\ PreferFlatMap.swift,\ PreferForLoop.swift,\ PreferKeyPath.swift,\ PreferLazyMap.swift,\ PreferMinOverSorted.swift,\ PreferSwiftStringAPI.swift,\ PreferSwiftTesting.swift,\ PrivateStateVariables.swift,\ PropertyTypes.swift,\ RedundantAsync.swift,\ RedundantBackticks.swift,\ RedundantBreak.swift,\ RedundantClosure.swift,\ RedundantEmptyView.swift /Users/admin/builder/spi-builder-workspace/.dependencies/checkouts/SwiftFormat/Sources/Rules/PreferCountWhere.swift /Users/admin/builder/spi-builder-workspace/.dependencies/checkouts/SwiftFormat/Sources/Rules/PreferExplicitFalse.swift /Users/admin/builder/spi-builder-workspace/.dependencies/checkouts/SwiftFormat/Sources/Rules/PreferFinalClasses.swift /Users/admin/builder/spi-builder-workspace/.dependencies/checkouts/SwiftFormat/Sources/Rules/PreferFirstWhere.swift /Users/admin/builder/spi-builder-workspace/.dependencies/checkouts/SwiftFormat/Sources/Rules/PreferFlatMap.swift /Users/admin/builder/spi-builder-workspace/.dependencies/checkouts/SwiftFormat/Sources/Rules/PreferForLoop.swift /Users/admin/builder/spi-builder-workspace/.dependencies/checkouts/SwiftFormat/Sources/Rules/PreferKeyPath.swift /Users/admin/builder/spi-builder-workspace/.dependencies/checkouts/SwiftFormat/Sources/Rules/PreferLazyMap.swift /Users/admin/builder/spi-builder-workspace/.dependencies/checkouts/SwiftFormat/Sources/Rules/PreferMinOverSorted.swift /Users/admin/builder/spi-builder-workspace/.dependencies/checkouts/SwiftFormat/Sources/Rules/PreferSwiftStringAPI.swift /Users/admin/builder/spi-builder-workspace/.dependencies/checkouts/SwiftFormat/Sources/Rules/PreferSwiftTesting.swift /Users/admin/builder/spi-builder-workspace/.dependencies/checkouts/SwiftFormat/Sources/Rules/PrivateStateVariables.swift /Users/admin/builder/spi-builder-workspace/.dependencies/checkouts/SwiftFormat/Sources/Rules/PropertyTypes.swift /Users/admin/builder/spi-builder-workspace/.dependencies/checkouts/SwiftFormat/Sources/Rules/RedundantAsync.swift /Users/admin/builder/spi-builder-workspace/.dependencies/checkouts/SwiftFormat/Sources/Rules/RedundantBackticks.swift /Users/admin/builder/spi-builder-workspace/.dependencies/checkouts/SwiftFormat/Sources/Rules/RedundantBreak.swift /Users/admin/builder/spi-builder-workspace/.dependencies/checkouts/SwiftFormat/Sources/Rules/RedundantClosure.swift /Users/admin/builder/spi-builder-workspace/.dependencies/checkouts/SwiftFormat/Sources/Rules/RedundantEmptyView.swift (in target 'SwiftFormat' from project 'SwiftFormat')
SwiftCompile normal arm64_32 /Users/admin/builder/spi-builder-workspace/.dependencies/checkouts/SwiftFormat/Sources/Rules/PreferCountWhere.swift (in target 'SwiftFormat' from project 'SwiftFormat')
cd /Users/admin/builder/spi-builder-workspace/.swiftpm/xcode
builtin-SwiftPerFileCompile PreferCountWhere.swift
SwiftCompile normal arm64_32 /Users/admin/builder/spi-builder-workspace/.dependencies/checkouts/SwiftFormat/Sources/Rules/PreferExplicitFalse.swift (in target 'SwiftFormat' from project 'SwiftFormat')
cd /Users/admin/builder/spi-builder-workspace/.swiftpm/xcode
builtin-SwiftPerFileCompile PreferExplicitFalse.swift
SwiftCompile normal arm64_32 /Users/admin/builder/spi-builder-workspace/.dependencies/checkouts/SwiftFormat/Sources/Rules/PreferFinalClasses.swift (in target 'SwiftFormat' from project 'SwiftFormat')
cd /Users/admin/builder/spi-builder-workspace/.swiftpm/xcode
builtin-SwiftPerFileCompile PreferFinalClasses.swift
SwiftCompile normal arm64_32 /Users/admin/builder/spi-builder-workspace/.dependencies/checkouts/SwiftFormat/Sources/Rules/PreferFirstWhere.swift (in target 'SwiftFormat' from project 'SwiftFormat')
cd /Users/admin/builder/spi-builder-workspace/.swiftpm/xcode
builtin-SwiftPerFileCompile PreferFirstWhere.swift
SwiftCompile normal arm64_32 /Users/admin/builder/spi-builder-workspace/.dependencies/checkouts/SwiftFormat/Sources/Rules/PreferFlatMap.swift (in target 'SwiftFormat' from project 'SwiftFormat')
cd /Users/admin/builder/spi-builder-workspace/.swiftpm/xcode
builtin-SwiftPerFileCompile PreferFlatMap.swift
SwiftCompile normal arm64_32 /Users/admin/builder/spi-builder-workspace/.dependencies/checkouts/SwiftFormat/Sources/Rules/PreferForLoop.swift (in target 'SwiftFormat' from project 'SwiftFormat')
cd /Users/admin/builder/spi-builder-workspace/.swiftpm/xcode
builtin-SwiftPerFileCompile PreferForLoop.swift
SwiftCompile normal arm64_32 /Users/admin/builder/spi-builder-workspace/.dependencies/checkouts/SwiftFormat/Sources/Rules/PreferKeyPath.swift (in target 'SwiftFormat' from project 'SwiftFormat')
cd /Users/admin/builder/spi-builder-workspace/.swiftpm/xcode
builtin-SwiftPerFileCompile PreferKeyPath.swift
SwiftCompile normal arm64_32 /Users/admin/builder/spi-builder-workspace/.dependencies/checkouts/SwiftFormat/Sources/Rules/PreferLazyMap.swift (in target 'SwiftFormat' from project 'SwiftFormat')
cd /Users/admin/builder/spi-builder-workspace/.swiftpm/xcode
builtin-SwiftPerFileCompile PreferLazyMap.swift
SwiftCompile normal arm64_32 /Users/admin/builder/spi-builder-workspace/.dependencies/checkouts/SwiftFormat/Sources/Rules/PreferMinOverSorted.swift (in target 'SwiftFormat' from project 'SwiftFormat')
cd /Users/admin/builder/spi-builder-workspace/.swiftpm/xcode
builtin-SwiftPerFileCompile PreferMinOverSorted.swift
SwiftCompile normal arm64_32 /Users/admin/builder/spi-builder-workspace/.dependencies/checkouts/SwiftFormat/Sources/Rules/PreferSwiftStringAPI.swift (in target 'SwiftFormat' from project 'SwiftFormat')
cd /Users/admin/builder/spi-builder-workspace/.swiftpm/xcode
builtin-SwiftPerFileCompile PreferSwiftStringAPI.swift
SwiftCompile normal arm64_32 /Users/admin/builder/spi-builder-workspace/.dependencies/checkouts/SwiftFormat/Sources/Rules/PreferSwiftTesting.swift (in target 'SwiftFormat' from project 'SwiftFormat')
cd /Users/admin/builder/spi-builder-workspace/.swiftpm/xcode
builtin-SwiftPerFileCompile PreferSwiftTesting.swift
SwiftCompile normal arm64_32 /Users/admin/builder/spi-builder-workspace/.dependencies/checkouts/SwiftFormat/Sources/Rules/PrivateStateVariables.swift (in target 'SwiftFormat' from project 'SwiftFormat')
cd /Users/admin/builder/spi-builder-workspace/.swiftpm/xcode
builtin-SwiftPerFileCompile PrivateStateVariables.swift
SwiftCompile normal arm64_32 /Users/admin/builder/spi-builder-workspace/.dependencies/checkouts/SwiftFormat/Sources/Rules/PropertyTypes.swift (in target 'SwiftFormat' from project 'SwiftFormat')
cd /Users/admin/builder/spi-builder-workspace/.swiftpm/xcode
builtin-SwiftPerFileCompile PropertyTypes.swift
SwiftCompile normal arm64_32 /Users/admin/builder/spi-builder-workspace/.dependencies/checkouts/SwiftFormat/Sources/Rules/RedundantAsync.swift (in target 'SwiftFormat' from project 'SwiftFormat')
cd /Users/admin/builder/spi-builder-workspace/.swiftpm/xcode
builtin-SwiftPerFileCompile RedundantAsync.swift
SwiftCompile normal arm64_32 /Users/admin/builder/spi-builder-workspace/.dependencies/checkouts/SwiftFormat/Sources/Rules/RedundantBackticks.swift (in target 'SwiftFormat' from project 'SwiftFormat')
cd /Users/admin/builder/spi-builder-workspace/.swiftpm/xcode
builtin-SwiftPerFileCompile RedundantBackticks.swift
SwiftCompile normal arm64_32 /Users/admin/builder/spi-builder-workspace/.dependencies/checkouts/SwiftFormat/Sources/Rules/RedundantBreak.swift (in target 'SwiftFormat' from project 'SwiftFormat')
cd /Users/admin/builder/spi-builder-workspace/.swiftpm/xcode
builtin-SwiftPerFileCompile RedundantBreak.swift
SwiftCompile normal arm64_32 /Users/admin/builder/spi-builder-workspace/.dependencies/checkouts/SwiftFormat/Sources/Rules/RedundantClosure.swift (in target 'SwiftFormat' from project 'SwiftFormat')
cd /Users/admin/builder/spi-builder-workspace/.swiftpm/xcode
builtin-SwiftPerFileCompile RedundantClosure.swift
SwiftCompile normal arm64_32 /Users/admin/builder/spi-builder-workspace/.dependencies/checkouts/SwiftFormat/Sources/Rules/RedundantEmptyView.swift (in target 'SwiftFormat' from project 'SwiftFormat')
cd /Users/admin/builder/spi-builder-workspace/.swiftpm/xcode
builtin-SwiftPerFileCompile RedundantEmptyView.swift
SwiftDriverJobDiscovery normal arm64 Compiling RedundantReturn.swift, RedundantSelf.swift, RedundantSendable.swift, RedundantStaticSelf.swift, RedundantSwiftTestingSuite.swift, RedundantSwiftUIGroup.swift, RedundantThrows.swift, RedundantType.swift, RedundantTypedThrows.swift, RedundantVariable.swift, RedundantViewBuilder.swift, RedundantVoidReturnType.swift, Semicolons.swift, SimplifyGenericConstraints.swift, SinglePropertyPerLine.swift, SortDeclarations.swift, SortImports.swift, SortSwitchCases.swift (in target 'SwiftFormat' from project 'SwiftFormat')
SwiftCompile normal arm64_32 Compiling\ TestSuiteAccessControl.swift,\ ThrowingTests.swift,\ Todos.swift,\ TrailingClosures.swift,\ TrailingCommas.swift,\ TrailingSpace.swift,\ TypeSugar.swift,\ URLMacro.swift,\ UnusedArguments.swift,\ UnusedPrivateDeclarations.swift,\ ValidateTestCases.swift,\ Void.swift,\ Wrap.swift,\ WrapArguments.swift,\ WrapAttributes.swift,\ WrapCaseBodies.swift,\ WrapConditionalBodies.swift,\ WrapEnumCases.swift /Users/admin/builder/spi-builder-workspace/.dependencies/checkouts/SwiftFormat/Sources/Rules/TestSuiteAccessControl.swift /Users/admin/builder/spi-builder-workspace/.dependencies/checkouts/SwiftFormat/Sources/Rules/ThrowingTests.swift /Users/admin/builder/spi-builder-workspace/.dependencies/checkouts/SwiftFormat/Sources/Rules/Todos.swift /Users/admin/builder/spi-builder-workspace/.dependencies/checkouts/SwiftFormat/Sources/Rules/TrailingClosures.swift /Users/admin/builder/spi-builder-workspace/.dependencies/checkouts/SwiftFormat/Sources/Rules/TrailingCommas.swift /Users/admin/builder/spi-builder-workspace/.dependencies/checkouts/SwiftFormat/Sources/Rules/TrailingSpace.swift /Users/admin/builder/spi-builder-workspace/.dependencies/checkouts/SwiftFormat/Sources/Rules/TypeSugar.swift /Users/admin/builder/spi-builder-workspace/.dependencies/checkouts/SwiftFormat/Sources/Rules/URLMacro.swift /Users/admin/builder/spi-builder-workspace/.dependencies/checkouts/SwiftFormat/Sources/Rules/UnusedArguments.swift /Users/admin/builder/spi-builder-workspace/.dependencies/checkouts/SwiftFormat/Sources/Rules/UnusedPrivateDeclarations.swift /Users/admin/builder/spi-builder-workspace/.dependencies/checkouts/SwiftFormat/Sources/Rules/ValidateTestCases.swift /Users/admin/builder/spi-builder-workspace/.dependencies/checkouts/SwiftFormat/Sources/Rules/Void.swift /Users/admin/builder/spi-builder-workspace/.dependencies/checkouts/SwiftFormat/Sources/Rules/Wrap.swift /Users/admin/builder/spi-builder-workspace/.dependencies/checkouts/SwiftFormat/Sources/Rules/WrapArguments.swift /Users/admin/builder/spi-builder-workspace/.dependencies/checkouts/SwiftFormat/Sources/Rules/WrapAttributes.swift /Users/admin/builder/spi-builder-workspace/.dependencies/checkouts/SwiftFormat/Sources/Rules/WrapCaseBodies.swift /Users/admin/builder/spi-builder-workspace/.dependencies/checkouts/SwiftFormat/Sources/Rules/WrapConditionalBodies.swift /Users/admin/builder/spi-builder-workspace/.dependencies/checkouts/SwiftFormat/Sources/Rules/WrapEnumCases.swift (in target 'SwiftFormat' from project 'SwiftFormat')
SwiftCompile normal arm64_32 /Users/admin/builder/spi-builder-workspace/.dependencies/checkouts/SwiftFormat/Sources/Rules/TestSuiteAccessControl.swift (in target 'SwiftFormat' from project 'SwiftFormat')
cd /Users/admin/builder/spi-builder-workspace/.swiftpm/xcode
builtin-SwiftPerFileCompile TestSuiteAccessControl.swift
SwiftCompile normal arm64_32 /Users/admin/builder/spi-builder-workspace/.dependencies/checkouts/SwiftFormat/Sources/Rules/ThrowingTests.swift (in target 'SwiftFormat' from project 'SwiftFormat')
cd /Users/admin/builder/spi-builder-workspace/.swiftpm/xcode
builtin-SwiftPerFileCompile ThrowingTests.swift
SwiftCompile normal arm64_32 /Users/admin/builder/spi-builder-workspace/.dependencies/checkouts/SwiftFormat/Sources/Rules/Todos.swift (in target 'SwiftFormat' from project 'SwiftFormat')
cd /Users/admin/builder/spi-builder-workspace/.swiftpm/xcode
builtin-SwiftPerFileCompile Todos.swift
SwiftCompile normal arm64_32 /Users/admin/builder/spi-builder-workspace/.dependencies/checkouts/SwiftFormat/Sources/Rules/TrailingClosures.swift (in target 'SwiftFormat' from project 'SwiftFormat')
cd /Users/admin/builder/spi-builder-workspace/.swiftpm/xcode
builtin-SwiftPerFileCompile TrailingClosures.swift
SwiftCompile normal arm64_32 /Users/admin/builder/spi-builder-workspace/.dependencies/checkouts/SwiftFormat/Sources/Rules/TrailingCommas.swift (in target 'SwiftFormat' from project 'SwiftFormat')
cd /Users/admin/builder/spi-builder-workspace/.swiftpm/xcode
builtin-SwiftPerFileCompile TrailingCommas.swift
SwiftCompile normal arm64_32 /Users/admin/builder/spi-builder-workspace/.dependencies/checkouts/SwiftFormat/Sources/Rules/TrailingSpace.swift (in target 'SwiftFormat' from project 'SwiftFormat')
cd /Users/admin/builder/spi-builder-workspace/.swiftpm/xcode
builtin-SwiftPerFileCompile TrailingSpace.swift
SwiftCompile normal arm64_32 /Users/admin/builder/spi-builder-workspace/.dependencies/checkouts/SwiftFormat/Sources/Rules/TypeSugar.swift (in target 'SwiftFormat' from project 'SwiftFormat')
cd /Users/admin/builder/spi-builder-workspace/.swiftpm/xcode
builtin-SwiftPerFileCompile TypeSugar.swift
SwiftCompile normal arm64_32 /Users/admin/builder/spi-builder-workspace/.dependencies/checkouts/SwiftFormat/Sources/Rules/URLMacro.swift (in target 'SwiftFormat' from project 'SwiftFormat')
cd /Users/admin/builder/spi-builder-workspace/.swiftpm/xcode
builtin-SwiftPerFileCompile URLMacro.swift
SwiftCompile normal arm64_32 /Users/admin/builder/spi-builder-workspace/.dependencies/checkouts/SwiftFormat/Sources/Rules/UnusedArguments.swift (in target 'SwiftFormat' from project 'SwiftFormat')
cd /Users/admin/builder/spi-builder-workspace/.swiftpm/xcode
builtin-SwiftPerFileCompile UnusedArguments.swift
SwiftCompile normal arm64_32 /Users/admin/builder/spi-builder-workspace/.dependencies/checkouts/SwiftFormat/Sources/Rules/UnusedPrivateDeclarations.swift (in target 'SwiftFormat' from project 'SwiftFormat')
cd /Users/admin/builder/spi-builder-workspace/.swiftpm/xcode
builtin-SwiftPerFileCompile UnusedPrivateDeclarations.swift
SwiftCompile normal arm64_32 /Users/admin/builder/spi-builder-workspace/.dependencies/checkouts/SwiftFormat/Sources/Rules/ValidateTestCases.swift (in target 'SwiftFormat' from project 'SwiftFormat')
cd /Users/admin/builder/spi-builder-workspace/.swiftpm/xcode
builtin-SwiftPerFileCompile ValidateTestCases.swift
SwiftCompile normal arm64_32 /Users/admin/builder/spi-builder-workspace/.dependencies/checkouts/SwiftFormat/Sources/Rules/Void.swift (in target 'SwiftFormat' from project 'SwiftFormat')
cd /Users/admin/builder/spi-builder-workspace/.swiftpm/xcode
builtin-SwiftPerFileCompile Void.swift
SwiftCompile normal arm64_32 /Users/admin/builder/spi-builder-workspace/.dependencies/checkouts/SwiftFormat/Sources/Rules/Wrap.swift (in target 'SwiftFormat' from project 'SwiftFormat')
cd /Users/admin/builder/spi-builder-workspace/.swiftpm/xcode
builtin-SwiftPerFileCompile Wrap.swift
SwiftCompile normal arm64_32 /Users/admin/builder/spi-builder-workspace/.dependencies/checkouts/SwiftFormat/Sources/Rules/WrapArguments.swift (in target 'SwiftFormat' from project 'SwiftFormat')
cd /Users/admin/builder/spi-builder-workspace/.swiftpm/xcode
builtin-SwiftPerFileCompile WrapArguments.swift
SwiftCompile normal arm64_32 /Users/admin/builder/spi-builder-workspace/.dependencies/checkouts/SwiftFormat/Sources/Rules/WrapAttributes.swift (in target 'SwiftFormat' from project 'SwiftFormat')
cd /Users/admin/builder/spi-builder-workspace/.swiftpm/xcode
builtin-SwiftPerFileCompile WrapAttributes.swift
SwiftCompile normal arm64_32 /Users/admin/builder/spi-builder-workspace/.dependencies/checkouts/SwiftFormat/Sources/Rules/WrapCaseBodies.swift (in target 'SwiftFormat' from project 'SwiftFormat')
cd /Users/admin/builder/spi-builder-workspace/.swiftpm/xcode
builtin-SwiftPerFileCompile WrapCaseBodies.swift
SwiftCompile normal arm64_32 /Users/admin/builder/spi-builder-workspace/.dependencies/checkouts/SwiftFormat/Sources/Rules/WrapConditionalBodies.swift (in target 'SwiftFormat' from project 'SwiftFormat')
cd /Users/admin/builder/spi-builder-workspace/.swiftpm/xcode
builtin-SwiftPerFileCompile WrapConditionalBodies.swift
SwiftCompile normal arm64_32 /Users/admin/builder/spi-builder-workspace/.dependencies/checkouts/SwiftFormat/Sources/Rules/WrapEnumCases.swift (in target 'SwiftFormat' from project 'SwiftFormat')
cd /Users/admin/builder/spi-builder-workspace/.swiftpm/xcode
builtin-SwiftPerFileCompile WrapEnumCases.swift
SwiftDriverJobDiscovery normal arm64_32 Compiling Acronyms.swift, AndOperator.swift, AnyObjectProtocol.swift, ApplicationMain.swift, AssertionFailures.swift, BlankLineAfterImports.swift, BlankLineAfterSwitchCase.swift, BlankLinesAfterGuardStatements.swift, BlankLinesAroundMark.swift, BlankLinesAtEndOfScope.swift, BlankLinesAtStartOfScope.swift, BlankLinesBetweenChainedFunctions.swift, BlankLinesBetweenImports.swift, BlankLinesBetweenScopes.swift, BlockComments.swift, Braces.swift, ConditionalAssignment.swift, ConsecutiveBlankLines.swift (in target 'SwiftFormat' from project 'SwiftFormat')
SwiftCompile normal arm64 Compiling\ CodingKeyValidator.swift,\ NonsenseFlagsValidator.swift,\ ParsableArgumentsValidation.swift,\ PositionalArgumentsValidator.swift,\ UniqueNamesValidator.swift /Users/admin/builder/spi-builder-workspace/.dependencies/checkouts/swift-argument-parser/Sources/ArgumentParser/Validators/CodingKeyValidator.swift /Users/admin/builder/spi-builder-workspace/.dependencies/checkouts/swift-argument-parser/Sources/ArgumentParser/Validators/NonsenseFlagsValidator.swift /Users/admin/builder/spi-builder-workspace/.dependencies/checkouts/swift-argument-parser/Sources/ArgumentParser/Validators/ParsableArgumentsValidation.swift /Users/admin/builder/spi-builder-workspace/.dependencies/checkouts/swift-argument-parser/Sources/ArgumentParser/Validators/PositionalArgumentsValidator.swift /Users/admin/builder/spi-builder-workspace/.dependencies/checkouts/swift-argument-parser/Sources/ArgumentParser/Validators/UniqueNamesValidator.swift (in target 'ArgumentParser' from project 'swift-argument-parser')
SwiftCompile normal arm64 /Users/admin/builder/spi-builder-workspace/.dependencies/checkouts/swift-argument-parser/Sources/ArgumentParser/Validators/CodingKeyValidator.swift (in target 'ArgumentParser' from project 'swift-argument-parser')
cd /Users/admin/builder/spi-builder-workspace/.swiftpm/xcode
builtin-SwiftPerFileCompile CodingKeyValidator.swift
SwiftCompile normal arm64 /Users/admin/builder/spi-builder-workspace/.dependencies/checkouts/swift-argument-parser/Sources/ArgumentParser/Validators/NonsenseFlagsValidator.swift (in target 'ArgumentParser' from project 'swift-argument-parser')
cd /Users/admin/builder/spi-builder-workspace/.swiftpm/xcode
builtin-SwiftPerFileCompile NonsenseFlagsValidator.swift
SwiftCompile normal arm64 /Users/admin/builder/spi-builder-workspace/.dependencies/checkouts/swift-argument-parser/Sources/ArgumentParser/Validators/ParsableArgumentsValidation.swift (in target 'ArgumentParser' from project 'swift-argument-parser')
cd /Users/admin/builder/spi-builder-workspace/.swiftpm/xcode
builtin-SwiftPerFileCompile ParsableArgumentsValidation.swift
SwiftCompile normal arm64 /Users/admin/builder/spi-builder-workspace/.dependencies/checkouts/swift-argument-parser/Sources/ArgumentParser/Validators/PositionalArgumentsValidator.swift (in target 'ArgumentParser' from project 'swift-argument-parser')
cd /Users/admin/builder/spi-builder-workspace/.swiftpm/xcode
builtin-SwiftPerFileCompile PositionalArgumentsValidator.swift
SwiftCompile normal arm64 /Users/admin/builder/spi-builder-workspace/.dependencies/checkouts/swift-argument-parser/Sources/ArgumentParser/Validators/UniqueNamesValidator.swift (in target 'ArgumentParser' from project 'swift-argument-parser')
cd /Users/admin/builder/spi-builder-workspace/.swiftpm/xcode
builtin-SwiftPerFileCompile UniqueNamesValidator.swift
SwiftDriverJobDiscovery normal arm64_32 Compiling WrapFunctionBodies.swift, WrapGuardStatementBodies.swift, WrapIfExpressionBodies.swift, WrapIfStatementBodies.swift, WrapLoopBodies.swift, WrapMultilineConditionalAssignment.swift, WrapMultilineFunctionChains.swift, WrapMultilineStatementBraces.swift, WrapPropertyBodies.swift, WrapSingleLineComments.swift, WrapSwitchCases.swift, YodaConditions.swift, SARIFReporter.swift, Singularize.swift, SwiftFormat.swift, Tokenizer.swift, TypeName.swift, XMLReporter.swift (in target 'SwiftFormat' from project 'SwiftFormat')
SwiftCompile normal arm64 Compiling\ SplitArguments.swift,\ DumpHelpGenerator.swift,\ HelpCommand.swift,\ HelpGenerator.swift,\ MessageInfo.swift /Users/admin/builder/spi-builder-workspace/.dependencies/checkouts/swift-argument-parser/Sources/ArgumentParser/Parsing/SplitArguments.swift /Users/admin/builder/spi-builder-workspace/.dependencies/checkouts/swift-argument-parser/Sources/ArgumentParser/Usage/DumpHelpGenerator.swift /Users/admin/builder/spi-builder-workspace/.dependencies/checkouts/swift-argument-parser/Sources/ArgumentParser/Usage/HelpCommand.swift /Users/admin/builder/spi-builder-workspace/.dependencies/checkouts/swift-argument-parser/Sources/ArgumentParser/Usage/HelpGenerator.swift /Users/admin/builder/spi-builder-workspace/.dependencies/checkouts/swift-argument-parser/Sources/ArgumentParser/Usage/MessageInfo.swift (in target 'ArgumentParser' from project 'swift-argument-parser')
SwiftCompile normal arm64 /Users/admin/builder/spi-builder-workspace/.dependencies/checkouts/swift-argument-parser/Sources/ArgumentParser/Parsing/SplitArguments.swift (in target 'ArgumentParser' from project 'swift-argument-parser')
cd /Users/admin/builder/spi-builder-workspace/.swiftpm/xcode
builtin-SwiftPerFileCompile SplitArguments.swift
SwiftCompile normal arm64 /Users/admin/builder/spi-builder-workspace/.dependencies/checkouts/swift-argument-parser/Sources/ArgumentParser/Usage/DumpHelpGenerator.swift (in target 'ArgumentParser' from project 'swift-argument-parser')
cd /Users/admin/builder/spi-builder-workspace/.swiftpm/xcode
builtin-SwiftPerFileCompile DumpHelpGenerator.swift
SwiftCompile normal arm64 /Users/admin/builder/spi-builder-workspace/.dependencies/checkouts/swift-argument-parser/Sources/ArgumentParser/Usage/HelpCommand.swift (in target 'ArgumentParser' from project 'swift-argument-parser')
cd /Users/admin/builder/spi-builder-workspace/.swiftpm/xcode
builtin-SwiftPerFileCompile HelpCommand.swift
SwiftCompile normal arm64 /Users/admin/builder/spi-builder-workspace/.dependencies/checkouts/swift-argument-parser/Sources/ArgumentParser/Usage/HelpGenerator.swift (in target 'ArgumentParser' from project 'swift-argument-parser')
cd /Users/admin/builder/spi-builder-workspace/.swiftpm/xcode
builtin-SwiftPerFileCompile HelpGenerator.swift
SwiftCompile normal arm64 /Users/admin/builder/spi-builder-workspace/.dependencies/checkouts/swift-argument-parser/Sources/ArgumentParser/Usage/MessageInfo.swift (in target 'ArgumentParser' from project 'swift-argument-parser')
cd /Users/admin/builder/spi-builder-workspace/.swiftpm/xcode
builtin-SwiftPerFileCompile MessageInfo.swift
SwiftCompile normal arm64 Compiling\ SequenceExtensions.swift,\ StringExtensions.swift,\ SwiftExtensions.swift,\ Tree.swift,\ AsyncCompletionsValidator.swift /Users/admin/builder/spi-builder-workspace/.dependencies/checkouts/swift-argument-parser/Sources/ArgumentParser/Utilities/SequenceExtensions.swift /Users/admin/builder/spi-builder-workspace/.dependencies/checkouts/swift-argument-parser/Sources/ArgumentParser/Utilities/StringExtensions.swift /Users/admin/builder/spi-builder-workspace/.dependencies/checkouts/swift-argument-parser/Sources/ArgumentParser/Utilities/SwiftExtensions.swift /Users/admin/builder/spi-builder-workspace/.dependencies/checkouts/swift-argument-parser/Sources/ArgumentParser/Utilities/Tree.swift /Users/admin/builder/spi-builder-workspace/.dependencies/checkouts/swift-argument-parser/Sources/ArgumentParser/Validators/AsyncCompletionsValidator.swift (in target 'ArgumentParser' from project 'swift-argument-parser')
SwiftCompile normal arm64 /Users/admin/builder/spi-builder-workspace/.dependencies/checkouts/swift-argument-parser/Sources/ArgumentParser/Utilities/SequenceExtensions.swift (in target 'ArgumentParser' from project 'swift-argument-parser')
cd /Users/admin/builder/spi-builder-workspace/.swiftpm/xcode
builtin-SwiftPerFileCompile SequenceExtensions.swift
SwiftCompile normal arm64 /Users/admin/builder/spi-builder-workspace/.dependencies/checkouts/swift-argument-parser/Sources/ArgumentParser/Utilities/StringExtensions.swift (in target 'ArgumentParser' from project 'swift-argument-parser')
cd /Users/admin/builder/spi-builder-workspace/.swiftpm/xcode
builtin-SwiftPerFileCompile StringExtensions.swift
SwiftCompile normal arm64 /Users/admin/builder/spi-builder-workspace/.dependencies/checkouts/swift-argument-parser/Sources/ArgumentParser/Utilities/SwiftExtensions.swift (in target 'ArgumentParser' from project 'swift-argument-parser')
cd /Users/admin/builder/spi-builder-workspace/.swiftpm/xcode
builtin-SwiftPerFileCompile SwiftExtensions.swift
SwiftCompile normal arm64 /Users/admin/builder/spi-builder-workspace/.dependencies/checkouts/swift-argument-parser/Sources/ArgumentParser/Utilities/Tree.swift (in target 'ArgumentParser' from project 'swift-argument-parser')
cd /Users/admin/builder/spi-builder-workspace/.swiftpm/xcode
builtin-SwiftPerFileCompile Tree.swift
SwiftCompile normal arm64 /Users/admin/builder/spi-builder-workspace/.dependencies/checkouts/swift-argument-parser/Sources/ArgumentParser/Validators/AsyncCompletionsValidator.swift (in target 'ArgumentParser' from project 'swift-argument-parser')
cd /Users/admin/builder/spi-builder-workspace/.swiftpm/xcode
builtin-SwiftPerFileCompile AsyncCompletionsValidator.swift
SwiftCompile normal arm64 Compiling\ Option.swift,\ OptionGroup.swift,\ ParentCommand.swift,\ AsyncParsableCommand.swift,\ CommandConfiguration.swift /Users/admin/builder/spi-builder-workspace/.dependencies/checkouts/swift-argument-parser/Sources/ArgumentParser/Parsable\ Properties/Option.swift /Users/admin/builder/spi-builder-workspace/.dependencies/checkouts/swift-argument-parser/Sources/ArgumentParser/Parsable\ Properties/OptionGroup.swift /Users/admin/builder/spi-builder-workspace/.dependencies/checkouts/swift-argument-parser/Sources/ArgumentParser/Parsable\ Properties/ParentCommand.swift /Users/admin/builder/spi-builder-workspace/.dependencies/checkouts/swift-argument-parser/Sources/ArgumentParser/Parsable\ Types/AsyncParsableCommand.swift /Users/admin/builder/spi-builder-workspace/.dependencies/checkouts/swift-argument-parser/Sources/ArgumentParser/Parsable\ Types/CommandConfiguration.swift (in target 'ArgumentParser' from project 'swift-argument-parser')
SwiftCompile normal arm64 /Users/admin/builder/spi-builder-workspace/.dependencies/checkouts/swift-argument-parser/Sources/ArgumentParser/Parsable\ Properties/Option.swift (in target 'ArgumentParser' from project 'swift-argument-parser')
cd /Users/admin/builder/spi-builder-workspace/.swiftpm/xcode
builtin-SwiftPerFileCompile Option.swift
SwiftCompile normal arm64 /Users/admin/builder/spi-builder-workspace/.dependencies/checkouts/swift-argument-parser/Sources/ArgumentParser/Parsable\ Properties/OptionGroup.swift (in target 'ArgumentParser' from project 'swift-argument-parser')
cd /Users/admin/builder/spi-builder-workspace/.swiftpm/xcode
builtin-SwiftPerFileCompile OptionGroup.swift
SwiftCompile normal arm64 /Users/admin/builder/spi-builder-workspace/.dependencies/checkouts/swift-argument-parser/Sources/ArgumentParser/Parsable\ Properties/ParentCommand.swift (in target 'ArgumentParser' from project 'swift-argument-parser')
cd /Users/admin/builder/spi-builder-workspace/.swiftpm/xcode
builtin-SwiftPerFileCompile ParentCommand.swift
SwiftCompile normal arm64 /Users/admin/builder/spi-builder-workspace/.dependencies/checkouts/swift-argument-parser/Sources/ArgumentParser/Parsable\ Types/AsyncParsableCommand.swift (in target 'ArgumentParser' from project 'swift-argument-parser')
cd /Users/admin/builder/spi-builder-workspace/.swiftpm/xcode
builtin-SwiftPerFileCompile AsyncParsableCommand.swift
SwiftCompile normal arm64 /Users/admin/builder/spi-builder-workspace/.dependencies/checkouts/swift-argument-parser/Sources/ArgumentParser/Parsable\ Types/CommandConfiguration.swift (in target 'ArgumentParser' from project 'swift-argument-parser')
cd /Users/admin/builder/spi-builder-workspace/.swiftpm/xcode
builtin-SwiftPerFileCompile CommandConfiguration.swift
SwiftDriverJobDiscovery normal arm64 Compiling CodingKeyValidator.swift, NonsenseFlagsValidator.swift, ParsableArgumentsValidation.swift, PositionalArgumentsValidator.swift, UniqueNamesValidator.swift (in target 'ArgumentParser' from project 'swift-argument-parser')
SwiftDriverJobDiscovery normal arm64_32 Compiling RedundantReturn.swift, RedundantSelf.swift, RedundantSendable.swift, RedundantStaticSelf.swift, RedundantSwiftTestingSuite.swift, RedundantSwiftUIGroup.swift, RedundantThrows.swift, RedundantType.swift, RedundantTypedThrows.swift, RedundantVariable.swift, RedundantViewBuilder.swift, RedundantVoidReturnType.swift, Semicolons.swift, SimplifyGenericConstraints.swift, SinglePropertyPerLine.swift, SortDeclarations.swift, SortImports.swift, SortSwitchCases.swift (in target 'SwiftFormat' from project 'SwiftFormat')
SwiftDriverJobDiscovery normal arm64 Compiling SequenceExtensions.swift, StringExtensions.swift, SwiftExtensions.swift, Tree.swift, AsyncCompletionsValidator.swift (in target 'ArgumentParser' from project 'swift-argument-parser')
SwiftCompile normal arm64 Compiling\ BashCompletionsGenerator.swift,\ CompletionsGenerator.swift,\ FishCompletionsGenerator.swift,\ ZshCompletionsGenerator.swift,\ Argument.swift,\ ArgumentDiscussion.swift /Users/admin/builder/spi-builder-workspace/.dependencies/checkouts/swift-argument-parser/Sources/ArgumentParser/Completions/BashCompletionsGenerator.swift /Users/admin/builder/spi-builder-workspace/.dependencies/checkouts/swift-argument-parser/Sources/ArgumentParser/Completions/CompletionsGenerator.swift /Users/admin/builder/spi-builder-workspace/.dependencies/checkouts/swift-argument-parser/Sources/ArgumentParser/Completions/FishCompletionsGenerator.swift /Users/admin/builder/spi-builder-workspace/.dependencies/checkouts/swift-argument-parser/Sources/ArgumentParser/Completions/ZshCompletionsGenerator.swift /Users/admin/builder/spi-builder-workspace/.dependencies/checkouts/swift-argument-parser/Sources/ArgumentParser/Parsable\ Properties/Argument.swift /Users/admin/builder/spi-builder-workspace/.dependencies/checkouts/swift-argument-parser/Sources/ArgumentParser/Parsable\ Properties/ArgumentDiscussion.swift (in target 'ArgumentParser' from project 'swift-argument-parser')
SwiftCompile normal arm64 /Users/admin/builder/spi-builder-workspace/.dependencies/checkouts/swift-argument-parser/Sources/ArgumentParser/Completions/BashCompletionsGenerator.swift (in target 'ArgumentParser' from project 'swift-argument-parser')
cd /Users/admin/builder/spi-builder-workspace/.swiftpm/xcode
builtin-SwiftPerFileCompile BashCompletionsGenerator.swift
SwiftCompile normal arm64 /Users/admin/builder/spi-builder-workspace/.dependencies/checkouts/swift-argument-parser/Sources/ArgumentParser/Completions/CompletionsGenerator.swift (in target 'ArgumentParser' from project 'swift-argument-parser')
cd /Users/admin/builder/spi-builder-workspace/.swiftpm/xcode
builtin-SwiftPerFileCompile CompletionsGenerator.swift
SwiftCompile normal arm64 /Users/admin/builder/spi-builder-workspace/.dependencies/checkouts/swift-argument-parser/Sources/ArgumentParser/Completions/FishCompletionsGenerator.swift (in target 'ArgumentParser' from project 'swift-argument-parser')
cd /Users/admin/builder/spi-builder-workspace/.swiftpm/xcode
builtin-SwiftPerFileCompile FishCompletionsGenerator.swift
SwiftCompile normal arm64 /Users/admin/builder/spi-builder-workspace/.dependencies/checkouts/swift-argument-parser/Sources/ArgumentParser/Completions/ZshCompletionsGenerator.swift (in target 'ArgumentParser' from project 'swift-argument-parser')
cd /Users/admin/builder/spi-builder-workspace/.swiftpm/xcode
builtin-SwiftPerFileCompile ZshCompletionsGenerator.swift
SwiftCompile normal arm64 /Users/admin/builder/spi-builder-workspace/.dependencies/checkouts/swift-argument-parser/Sources/ArgumentParser/Parsable\ Properties/Argument.swift (in target 'ArgumentParser' from project 'swift-argument-parser')
cd /Users/admin/builder/spi-builder-workspace/.swiftpm/xcode
builtin-SwiftPerFileCompile Argument.swift
SwiftCompile normal arm64 /Users/admin/builder/spi-builder-workspace/.dependencies/checkouts/swift-argument-parser/Sources/ArgumentParser/Parsable\ Properties/ArgumentDiscussion.swift (in target 'ArgumentParser' from project 'swift-argument-parser')
cd /Users/admin/builder/spi-builder-workspace/.swiftpm/xcode
builtin-SwiftPerFileCompile ArgumentDiscussion.swift
SwiftDriverJobDiscovery normal arm64 Compiling RedundantEquatable.swift, RedundantExtendedLifetime.swift, RedundantExtensionACL.swift, RedundantFileprivate.swift, RedundantGet.swift, RedundantInit.swift, RedundantInternal.swift, RedundantLet.swift, RedundantLetError.swift, RedundantMemberwiseInit.swift, RedundantNilInit.swift, RedundantObjc.swift, RedundantOptionalBinding.swift, RedundantParens.swift, RedundantPattern.swift, RedundantProperty.swift, RedundantPublic.swift, RedundantRawValues.swift (in target 'SwiftFormat' from project 'SwiftFormat')
SwiftCompile normal arm64 Compiling\ UsageGenerator.swift,\ CollectionExtensions.swift,\ Foundation.swift,\ Mutex.swift,\ Platform.swift /Users/admin/builder/spi-builder-workspace/.dependencies/checkouts/swift-argument-parser/Sources/ArgumentParser/Usage/UsageGenerator.swift /Users/admin/builder/spi-builder-workspace/.dependencies/checkouts/swift-argument-parser/Sources/ArgumentParser/Utilities/CollectionExtensions.swift /Users/admin/builder/spi-builder-workspace/.dependencies/checkouts/swift-argument-parser/Sources/ArgumentParser/Utilities/Foundation.swift /Users/admin/builder/spi-builder-workspace/.dependencies/checkouts/swift-argument-parser/Sources/ArgumentParser/Utilities/Mutex.swift /Users/admin/builder/spi-builder-workspace/.dependencies/checkouts/swift-argument-parser/Sources/ArgumentParser/Utilities/Platform.swift (in target 'ArgumentParser' from project 'swift-argument-parser')
SwiftCompile normal arm64 /Users/admin/builder/spi-builder-workspace/.dependencies/checkouts/swift-argument-parser/Sources/ArgumentParser/Usage/UsageGenerator.swift (in target 'ArgumentParser' from project 'swift-argument-parser')
cd /Users/admin/builder/spi-builder-workspace/.swiftpm/xcode
builtin-SwiftPerFileCompile UsageGenerator.swift
SwiftCompile normal arm64 /Users/admin/builder/spi-builder-workspace/.dependencies/checkouts/swift-argument-parser/Sources/ArgumentParser/Utilities/CollectionExtensions.swift (in target 'ArgumentParser' from project 'swift-argument-parser')
cd /Users/admin/builder/spi-builder-workspace/.swiftpm/xcode
builtin-SwiftPerFileCompile CollectionExtensions.swift
SwiftCompile normal arm64 /Users/admin/builder/spi-builder-workspace/.dependencies/checkouts/swift-argument-parser/Sources/ArgumentParser/Utilities/Foundation.swift (in target 'ArgumentParser' from project 'swift-argument-parser')
cd /Users/admin/builder/spi-builder-workspace/.swiftpm/xcode
builtin-SwiftPerFileCompile Foundation.swift
SwiftCompile normal arm64 /Users/admin/builder/spi-builder-workspace/.dependencies/checkouts/swift-argument-parser/Sources/ArgumentParser/Utilities/Mutex.swift (in target 'ArgumentParser' from project 'swift-argument-parser')
cd /Users/admin/builder/spi-builder-workspace/.swiftpm/xcode
builtin-SwiftPerFileCompile Mutex.swift
SwiftCompile normal arm64 /Users/admin/builder/spi-builder-workspace/.dependencies/checkouts/swift-argument-parser/Sources/ArgumentParser/Utilities/Platform.swift (in target 'ArgumentParser' from project 'swift-argument-parser')
cd /Users/admin/builder/spi-builder-workspace/.swiftpm/xcode
builtin-SwiftPerFileCompile Platform.swift
SwiftCompile normal arm64 Compiling\ InputOrigin.swift,\ Name.swift,\ Parsed.swift,\ ParsedValues.swift,\ ParserError.swift /Users/admin/builder/spi-builder-workspace/.dependencies/checkouts/swift-argument-parser/Sources/ArgumentParser/Parsing/InputOrigin.swift /Users/admin/builder/spi-builder-workspace/.dependencies/checkouts/swift-argument-parser/Sources/ArgumentParser/Parsing/Name.swift /Users/admin/builder/spi-builder-workspace/.dependencies/checkouts/swift-argument-parser/Sources/ArgumentParser/Parsing/Parsed.swift /Users/admin/builder/spi-builder-workspace/.dependencies/checkouts/swift-argument-parser/Sources/ArgumentParser/Parsing/ParsedValues.swift /Users/admin/builder/spi-builder-workspace/.dependencies/checkouts/swift-argument-parser/Sources/ArgumentParser/Parsing/ParserError.swift (in target 'ArgumentParser' from project 'swift-argument-parser')
SwiftCompile normal arm64 /Users/admin/builder/spi-builder-workspace/.dependencies/checkouts/swift-argument-parser/Sources/ArgumentParser/Parsing/InputOrigin.swift (in target 'ArgumentParser' from project 'swift-argument-parser')
cd /Users/admin/builder/spi-builder-workspace/.swiftpm/xcode
builtin-SwiftPerFileCompile InputOrigin.swift
SwiftCompile normal arm64 /Users/admin/builder/spi-builder-workspace/.dependencies/checkouts/swift-argument-parser/Sources/ArgumentParser/Parsing/Name.swift (in target 'ArgumentParser' from project 'swift-argument-parser')
cd /Users/admin/builder/spi-builder-workspace/.swiftpm/xcode
builtin-SwiftPerFileCompile Name.swift
SwiftCompile normal arm64 /Users/admin/builder/spi-builder-workspace/.dependencies/checkouts/swift-argument-parser/Sources/ArgumentParser/Parsing/Parsed.swift (in target 'ArgumentParser' from project 'swift-argument-parser')
cd /Users/admin/builder/spi-builder-workspace/.swiftpm/xcode
builtin-SwiftPerFileCompile Parsed.swift
SwiftCompile normal arm64 /Users/admin/builder/spi-builder-workspace/.dependencies/checkouts/swift-argument-parser/Sources/ArgumentParser/Parsing/ParsedValues.swift (in target 'ArgumentParser' from project 'swift-argument-parser')
cd /Users/admin/builder/spi-builder-workspace/.swiftpm/xcode
builtin-SwiftPerFileCompile ParsedValues.swift
SwiftCompile normal arm64 /Users/admin/builder/spi-builder-workspace/.dependencies/checkouts/swift-argument-parser/Sources/ArgumentParser/Parsing/ParserError.swift (in target 'ArgumentParser' from project 'swift-argument-parser')
cd /Users/admin/builder/spi-builder-workspace/.swiftpm/xcode
builtin-SwiftPerFileCompile ParserError.swift
SwiftCompile normal arm64 Compiling\ ArgumentDecoder.swift,\ ArgumentDefinition.swift,\ ArgumentSet.swift,\ CommandParser.swift,\ InputKey.swift /Users/admin/builder/spi-builder-workspace/.dependencies/checkouts/swift-argument-parser/Sources/ArgumentParser/Parsing/ArgumentDecoder.swift /Users/admin/builder/spi-builder-workspace/.dependencies/checkouts/swift-argument-parser/Sources/ArgumentParser/Parsing/ArgumentDefinition.swift /Users/admin/builder/spi-builder-workspace/.dependencies/checkouts/swift-argument-parser/Sources/ArgumentParser/Parsing/ArgumentSet.swift /Users/admin/builder/spi-builder-workspace/.dependencies/checkouts/swift-argument-parser/Sources/ArgumentParser/Parsing/CommandParser.swift /Users/admin/builder/spi-builder-workspace/.dependencies/checkouts/swift-argument-parser/Sources/ArgumentParser/Parsing/InputKey.swift (in target 'ArgumentParser' from project 'swift-argument-parser')
SwiftCompile normal arm64 /Users/admin/builder/spi-builder-workspace/.dependencies/checkouts/swift-argument-parser/Sources/ArgumentParser/Parsing/ArgumentDecoder.swift (in target 'ArgumentParser' from project 'swift-argument-parser')
cd /Users/admin/builder/spi-builder-workspace/.swiftpm/xcode
builtin-SwiftPerFileCompile ArgumentDecoder.swift
SwiftCompile normal arm64 /Users/admin/builder/spi-builder-workspace/.dependencies/checkouts/swift-argument-parser/Sources/ArgumentParser/Parsing/ArgumentDefinition.swift (in target 'ArgumentParser' from project 'swift-argument-parser')
cd /Users/admin/builder/spi-builder-workspace/.swiftpm/xcode
builtin-SwiftPerFileCompile ArgumentDefinition.swift
SwiftCompile normal arm64 /Users/admin/builder/spi-builder-workspace/.dependencies/checkouts/swift-argument-parser/Sources/ArgumentParser/Parsing/ArgumentSet.swift (in target 'ArgumentParser' from project 'swift-argument-parser')
cd /Users/admin/builder/spi-builder-workspace/.swiftpm/xcode
builtin-SwiftPerFileCompile ArgumentSet.swift
SwiftCompile normal arm64 /Users/admin/builder/spi-builder-workspace/.dependencies/checkouts/swift-argument-parser/Sources/ArgumentParser/Parsing/CommandParser.swift (in target 'ArgumentParser' from project 'swift-argument-parser')
cd /Users/admin/builder/spi-builder-workspace/.swiftpm/xcode
builtin-SwiftPerFileCompile CommandParser.swift
SwiftCompile normal arm64 /Users/admin/builder/spi-builder-workspace/.dependencies/checkouts/swift-argument-parser/Sources/ArgumentParser/Parsing/InputKey.swift (in target 'ArgumentParser' from project 'swift-argument-parser')
cd /Users/admin/builder/spi-builder-workspace/.swiftpm/xcode
builtin-SwiftPerFileCompile InputKey.swift
SwiftDriverJobDiscovery normal arm64 Compiling Option.swift, OptionGroup.swift, ParentCommand.swift, AsyncParsableCommand.swift, CommandConfiguration.swift (in target 'ArgumentParser' from project 'swift-argument-parser')
SwiftDriverJobDiscovery normal arm64_32 Compiling PreferCountWhere.swift, PreferExplicitFalse.swift, PreferFinalClasses.swift, PreferFirstWhere.swift, PreferFlatMap.swift, PreferForLoop.swift, PreferKeyPath.swift, PreferLazyMap.swift, PreferMinOverSorted.swift, PreferSwiftStringAPI.swift, PreferSwiftTesting.swift, PrivateStateVariables.swift, PropertyTypes.swift, RedundantAsync.swift, RedundantBackticks.swift, RedundantBreak.swift, RedundantClosure.swift, RedundantEmptyView.swift (in target 'SwiftFormat' from project 'SwiftFormat')
SwiftDriverJobDiscovery normal arm64 Compiling InputOrigin.swift, Name.swift, Parsed.swift, ParsedValues.swift, ParserError.swift (in target 'ArgumentParser' from project 'swift-argument-parser')
SwiftCompile normal arm64_32 Compiling\ Option.swift,\ OptionGroup.swift,\ ParentCommand.swift,\ AsyncParsableCommand.swift,\ CommandConfiguration.swift /Users/admin/builder/spi-builder-workspace/.dependencies/checkouts/swift-argument-parser/Sources/ArgumentParser/Parsable\ Properties/Option.swift /Users/admin/builder/spi-builder-workspace/.dependencies/checkouts/swift-argument-parser/Sources/ArgumentParser/Parsable\ Properties/OptionGroup.swift /Users/admin/builder/spi-builder-workspace/.dependencies/checkouts/swift-argument-parser/Sources/ArgumentParser/Parsable\ Properties/ParentCommand.swift /Users/admin/builder/spi-builder-workspace/.dependencies/checkouts/swift-argument-parser/Sources/ArgumentParser/Parsable\ Types/AsyncParsableCommand.swift /Users/admin/builder/spi-builder-workspace/.dependencies/checkouts/swift-argument-parser/Sources/ArgumentParser/Parsable\ Types/CommandConfiguration.swift (in target 'ArgumentParser' from project 'swift-argument-parser')
SwiftCompile normal arm64_32 /Users/admin/builder/spi-builder-workspace/.dependencies/checkouts/swift-argument-parser/Sources/ArgumentParser/Parsable\ Properties/Option.swift (in target 'ArgumentParser' from project 'swift-argument-parser')
cd /Users/admin/builder/spi-builder-workspace/.swiftpm/xcode
builtin-SwiftPerFileCompile Option.swift
SwiftCompile normal arm64_32 /Users/admin/builder/spi-builder-workspace/.dependencies/checkouts/swift-argument-parser/Sources/ArgumentParser/Parsable\ Properties/OptionGroup.swift (in target 'ArgumentParser' from project 'swift-argument-parser')
cd /Users/admin/builder/spi-builder-workspace/.swiftpm/xcode
builtin-SwiftPerFileCompile OptionGroup.swift
SwiftCompile normal arm64_32 /Users/admin/builder/spi-builder-workspace/.dependencies/checkouts/swift-argument-parser/Sources/ArgumentParser/Parsable\ Properties/ParentCommand.swift (in target 'ArgumentParser' from project 'swift-argument-parser')
cd /Users/admin/builder/spi-builder-workspace/.swiftpm/xcode
builtin-SwiftPerFileCompile ParentCommand.swift
SwiftCompile normal arm64_32 /Users/admin/builder/spi-builder-workspace/.dependencies/checkouts/swift-argument-parser/Sources/ArgumentParser/Parsable\ Types/AsyncParsableCommand.swift (in target 'ArgumentParser' from project 'swift-argument-parser')
cd /Users/admin/builder/spi-builder-workspace/.swiftpm/xcode
builtin-SwiftPerFileCompile AsyncParsableCommand.swift
SwiftCompile normal arm64_32 /Users/admin/builder/spi-builder-workspace/.dependencies/checkouts/swift-argument-parser/Sources/ArgumentParser/Parsable\ Types/CommandConfiguration.swift (in target 'ArgumentParser' from project 'swift-argument-parser')
cd /Users/admin/builder/spi-builder-workspace/.swiftpm/xcode
builtin-SwiftPerFileCompile CommandConfiguration.swift
SwiftDriverJobDiscovery normal arm64 Compiling SplitArguments.swift, DumpHelpGenerator.swift, HelpCommand.swift, HelpGenerator.swift, MessageInfo.swift (in target 'ArgumentParser' from project 'swift-argument-parser')
SwiftCompile normal arm64_32 Compiling\ InputOrigin.swift,\ Name.swift,\ Parsed.swift,\ ParsedValues.swift,\ ParserError.swift /Users/admin/builder/spi-builder-workspace/.dependencies/checkouts/swift-argument-parser/Sources/ArgumentParser/Parsing/InputOrigin.swift /Users/admin/builder/spi-builder-workspace/.dependencies/checkouts/swift-argument-parser/Sources/ArgumentParser/Parsing/Name.swift /Users/admin/builder/spi-builder-workspace/.dependencies/checkouts/swift-argument-parser/Sources/ArgumentParser/Parsing/Parsed.swift /Users/admin/builder/spi-builder-workspace/.dependencies/checkouts/swift-argument-parser/Sources/ArgumentParser/Parsing/ParsedValues.swift /Users/admin/builder/spi-builder-workspace/.dependencies/checkouts/swift-argument-parser/Sources/ArgumentParser/Parsing/ParserError.swift (in target 'ArgumentParser' from project 'swift-argument-parser')
SwiftCompile normal arm64_32 /Users/admin/builder/spi-builder-workspace/.dependencies/checkouts/swift-argument-parser/Sources/ArgumentParser/Parsing/InputOrigin.swift (in target 'ArgumentParser' from project 'swift-argument-parser')
cd /Users/admin/builder/spi-builder-workspace/.swiftpm/xcode
builtin-SwiftPerFileCompile InputOrigin.swift
SwiftCompile normal arm64_32 /Users/admin/builder/spi-builder-workspace/.dependencies/checkouts/swift-argument-parser/Sources/ArgumentParser/Parsing/Name.swift (in target 'ArgumentParser' from project 'swift-argument-parser')
cd /Users/admin/builder/spi-builder-workspace/.swiftpm/xcode
builtin-SwiftPerFileCompile Name.swift
SwiftCompile normal arm64_32 /Users/admin/builder/spi-builder-workspace/.dependencies/checkouts/swift-argument-parser/Sources/ArgumentParser/Parsing/Parsed.swift (in target 'ArgumentParser' from project 'swift-argument-parser')
cd /Users/admin/builder/spi-builder-workspace/.swiftpm/xcode
builtin-SwiftPerFileCompile Parsed.swift
SwiftCompile normal arm64_32 /Users/admin/builder/spi-builder-workspace/.dependencies/checkouts/swift-argument-parser/Sources/ArgumentParser/Parsing/ParsedValues.swift (in target 'ArgumentParser' from project 'swift-argument-parser')
cd /Users/admin/builder/spi-builder-workspace/.swiftpm/xcode
builtin-SwiftPerFileCompile ParsedValues.swift
SwiftCompile normal arm64_32 /Users/admin/builder/spi-builder-workspace/.dependencies/checkouts/swift-argument-parser/Sources/ArgumentParser/Parsing/ParserError.swift (in target 'ArgumentParser' from project 'swift-argument-parser')
cd /Users/admin/builder/spi-builder-workspace/.swiftpm/xcode
builtin-SwiftPerFileCompile ParserError.swift
SwiftDriverJobDiscovery normal arm64 Compiling UsageGenerator.swift, CollectionExtensions.swift, Foundation.swift, Mutex.swift, Platform.swift (in target 'ArgumentParser' from project 'swift-argument-parser')
SwiftCompile normal arm64 Compiling\ ArgumentHelp.swift,\ ArgumentVisibility.swift,\ CompletionKind.swift,\ Errors.swift,\ Flag.swift,\ NameSpecification.swift /Users/admin/builder/spi-builder-workspace/.dependencies/checkouts/swift-argument-parser/Sources/ArgumentParser/Parsable\ Properties/ArgumentHelp.swift /Users/admin/builder/spi-builder-workspace/.dependencies/checkouts/swift-argument-parser/Sources/ArgumentParser/Parsable\ Properties/ArgumentVisibility.swift /Users/admin/builder/spi-builder-workspace/.dependencies/checkouts/swift-argument-parser/Sources/ArgumentParser/Parsable\ Properties/CompletionKind.swift /Users/admin/builder/spi-builder-workspace/.dependencies/checkouts/swift-argument-parser/Sources/ArgumentParser/Parsable\ Properties/Errors.swift /Users/admin/builder/spi-builder-workspace/.dependencies/checkouts/swift-argument-parser/Sources/ArgumentParser/Parsable\ Properties/Flag.swift /Users/admin/builder/spi-builder-workspace/.dependencies/checkouts/swift-argument-parser/Sources/ArgumentParser/Parsable\ Properties/NameSpecification.swift (in target 'ArgumentParser' from project 'swift-argument-parser')
SwiftCompile normal arm64 /Users/admin/builder/spi-builder-workspace/.dependencies/checkouts/swift-argument-parser/Sources/ArgumentParser/Parsable\ Properties/ArgumentHelp.swift (in target 'ArgumentParser' from project 'swift-argument-parser')
cd /Users/admin/builder/spi-builder-workspace/.swiftpm/xcode
builtin-SwiftPerFileCompile ArgumentHelp.swift
SwiftCompile normal arm64 /Users/admin/builder/spi-builder-workspace/.dependencies/checkouts/swift-argument-parser/Sources/ArgumentParser/Parsable\ Properties/ArgumentVisibility.swift (in target 'ArgumentParser' from project 'swift-argument-parser')
cd /Users/admin/builder/spi-builder-workspace/.swiftpm/xcode
builtin-SwiftPerFileCompile ArgumentVisibility.swift
SwiftCompile normal arm64 /Users/admin/builder/spi-builder-workspace/.dependencies/checkouts/swift-argument-parser/Sources/ArgumentParser/Parsable\ Properties/CompletionKind.swift (in target 'ArgumentParser' from project 'swift-argument-parser')
cd /Users/admin/builder/spi-builder-workspace/.swiftpm/xcode
builtin-SwiftPerFileCompile CompletionKind.swift
SwiftCompile normal arm64 /Users/admin/builder/spi-builder-workspace/.dependencies/checkouts/swift-argument-parser/Sources/ArgumentParser/Parsable\ Properties/Errors.swift (in target 'ArgumentParser' from project 'swift-argument-parser')
cd /Users/admin/builder/spi-builder-workspace/.swiftpm/xcode
builtin-SwiftPerFileCompile Errors.swift
SwiftCompile normal arm64 /Users/admin/builder/spi-builder-workspace/.dependencies/checkouts/swift-argument-parser/Sources/ArgumentParser/Parsable\ Properties/Flag.swift (in target 'ArgumentParser' from project 'swift-argument-parser')
cd /Users/admin/builder/spi-builder-workspace/.swiftpm/xcode
builtin-SwiftPerFileCompile Flag.swift
SwiftCompile normal arm64 /Users/admin/builder/spi-builder-workspace/.dependencies/checkouts/swift-argument-parser/Sources/ArgumentParser/Parsable\ Properties/NameSpecification.swift (in target 'ArgumentParser' from project 'swift-argument-parser')
cd /Users/admin/builder/spi-builder-workspace/.swiftpm/xcode
builtin-SwiftPerFileCompile NameSpecification.swift
SwiftDriverJobDiscovery normal arm64 Compiling BashCompletionsGenerator.swift, CompletionsGenerator.swift, FishCompletionsGenerator.swift, ZshCompletionsGenerator.swift, Argument.swift, ArgumentDiscussion.swift (in target 'ArgumentParser' from project 'swift-argument-parser')
SwiftCompile normal arm64_32 Compiling\ ArgumentHelp.swift,\ ArgumentVisibility.swift,\ CompletionKind.swift,\ Errors.swift,\ Flag.swift,\ NameSpecification.swift /Users/admin/builder/spi-builder-workspace/.dependencies/checkouts/swift-argument-parser/Sources/ArgumentParser/Parsable\ Properties/ArgumentHelp.swift /Users/admin/builder/spi-builder-workspace/.dependencies/checkouts/swift-argument-parser/Sources/ArgumentParser/Parsable\ Properties/ArgumentVisibility.swift /Users/admin/builder/spi-builder-workspace/.dependencies/checkouts/swift-argument-parser/Sources/ArgumentParser/Parsable\ Properties/CompletionKind.swift /Users/admin/builder/spi-builder-workspace/.dependencies/checkouts/swift-argument-parser/Sources/ArgumentParser/Parsable\ Properties/Errors.swift /Users/admin/builder/spi-builder-workspace/.dependencies/checkouts/swift-argument-parser/Sources/ArgumentParser/Parsable\ Properties/Flag.swift /Users/admin/builder/spi-builder-workspace/.dependencies/checkouts/swift-argument-parser/Sources/ArgumentParser/Parsable\ Properties/NameSpecification.swift (in target 'ArgumentParser' from project 'swift-argument-parser')
SwiftCompile normal arm64_32 /Users/admin/builder/spi-builder-workspace/.dependencies/checkouts/swift-argument-parser/Sources/ArgumentParser/Parsable\ Properties/ArgumentHelp.swift (in target 'ArgumentParser' from project 'swift-argument-parser')
cd /Users/admin/builder/spi-builder-workspace/.swiftpm/xcode
builtin-SwiftPerFileCompile ArgumentHelp.swift
SwiftCompile normal arm64_32 /Users/admin/builder/spi-builder-workspace/.dependencies/checkouts/swift-argument-parser/Sources/ArgumentParser/Parsable\ Properties/ArgumentVisibility.swift (in target 'ArgumentParser' from project 'swift-argument-parser')
cd /Users/admin/builder/spi-builder-workspace/.swiftpm/xcode
builtin-SwiftPerFileCompile ArgumentVisibility.swift
SwiftCompile normal arm64_32 /Users/admin/builder/spi-builder-workspace/.dependencies/checkouts/swift-argument-parser/Sources/ArgumentParser/Parsable\ Properties/CompletionKind.swift (in target 'ArgumentParser' from project 'swift-argument-parser')
cd /Users/admin/builder/spi-builder-workspace/.swiftpm/xcode
builtin-SwiftPerFileCompile CompletionKind.swift
SwiftCompile normal arm64_32 /Users/admin/builder/spi-builder-workspace/.dependencies/checkouts/swift-argument-parser/Sources/ArgumentParser/Parsable\ Properties/Errors.swift (in target 'ArgumentParser' from project 'swift-argument-parser')
cd /Users/admin/builder/spi-builder-workspace/.swiftpm/xcode
builtin-SwiftPerFileCompile Errors.swift
SwiftCompile normal arm64_32 /Users/admin/builder/spi-builder-workspace/.dependencies/checkouts/swift-argument-parser/Sources/ArgumentParser/Parsable\ Properties/Flag.swift (in target 'ArgumentParser' from project 'swift-argument-parser')
cd /Users/admin/builder/spi-builder-workspace/.swiftpm/xcode
builtin-SwiftPerFileCompile Flag.swift
SwiftCompile normal arm64_32 /Users/admin/builder/spi-builder-workspace/.dependencies/checkouts/swift-argument-parser/Sources/ArgumentParser/Parsable\ Properties/NameSpecification.swift (in target 'ArgumentParser' from project 'swift-argument-parser')
cd /Users/admin/builder/spi-builder-workspace/.swiftpm/xcode
builtin-SwiftPerFileCompile NameSpecification.swift
SwiftCompile normal arm64 Compiling\ CommandGroup.swift,\ EnumerableFlag.swift,\ ExpressibleByArgument.swift,\ ParsableArguments.swift,\ ParsableCommand.swift /Users/admin/builder/spi-builder-workspace/.dependencies/checkouts/swift-argument-parser/Sources/ArgumentParser/Parsable\ Types/CommandGroup.swift /Users/admin/builder/spi-builder-workspace/.dependencies/checkouts/swift-argument-parser/Sources/ArgumentParser/Parsable\ Types/EnumerableFlag.swift /Users/admin/builder/spi-builder-workspace/.dependencies/checkouts/swift-argument-parser/Sources/ArgumentParser/Parsable\ Types/ExpressibleByArgument.swift /Users/admin/builder/spi-builder-workspace/.dependencies/checkouts/swift-argument-parser/Sources/ArgumentParser/Parsable\ Types/ParsableArguments.swift /Users/admin/builder/spi-builder-workspace/.dependencies/checkouts/swift-argument-parser/Sources/ArgumentParser/Parsable\ Types/ParsableCommand.swift (in target 'ArgumentParser' from project 'swift-argument-parser')
SwiftCompile normal arm64 /Users/admin/builder/spi-builder-workspace/.dependencies/checkouts/swift-argument-parser/Sources/ArgumentParser/Parsable\ Types/CommandGroup.swift (in target 'ArgumentParser' from project 'swift-argument-parser')
cd /Users/admin/builder/spi-builder-workspace/.swiftpm/xcode
builtin-SwiftPerFileCompile CommandGroup.swift
SwiftCompile normal arm64 /Users/admin/builder/spi-builder-workspace/.dependencies/checkouts/swift-argument-parser/Sources/ArgumentParser/Parsable\ Types/EnumerableFlag.swift (in target 'ArgumentParser' from project 'swift-argument-parser')
cd /Users/admin/builder/spi-builder-workspace/.swiftpm/xcode
builtin-SwiftPerFileCompile EnumerableFlag.swift
SwiftCompile normal arm64 /Users/admin/builder/spi-builder-workspace/.dependencies/checkouts/swift-argument-parser/Sources/ArgumentParser/Parsable\ Types/ExpressibleByArgument.swift (in target 'ArgumentParser' from project 'swift-argument-parser')
cd /Users/admin/builder/spi-builder-workspace/.swiftpm/xcode
builtin-SwiftPerFileCompile ExpressibleByArgument.swift
SwiftCompile normal arm64 /Users/admin/builder/spi-builder-workspace/.dependencies/checkouts/swift-argument-parser/Sources/ArgumentParser/Parsable\ Types/ParsableArguments.swift (in target 'ArgumentParser' from project 'swift-argument-parser')
cd /Users/admin/builder/spi-builder-workspace/.swiftpm/xcode
builtin-SwiftPerFileCompile ParsableArguments.swift
SwiftCompile normal arm64 /Users/admin/builder/spi-builder-workspace/.dependencies/checkouts/swift-argument-parser/Sources/ArgumentParser/Parsable\ Types/ParsableCommand.swift (in target 'ArgumentParser' from project 'swift-argument-parser')
cd /Users/admin/builder/spi-builder-workspace/.swiftpm/xcode
builtin-SwiftPerFileCompile ParsableCommand.swift
SwiftDriverJobDiscovery normal arm64_32 Compiling InputOrigin.swift, Name.swift, Parsed.swift, ParsedValues.swift, ParserError.swift (in target 'ArgumentParser' from project 'swift-argument-parser')
SwiftDriverJobDiscovery normal arm64_32 Compiling TestSuiteAccessControl.swift, ThrowingTests.swift, Todos.swift, TrailingClosures.swift, TrailingCommas.swift, TrailingSpace.swift, TypeSugar.swift, URLMacro.swift, UnusedArguments.swift, UnusedPrivateDeclarations.swift, ValidateTestCases.swift, Void.swift, Wrap.swift, WrapArguments.swift, WrapAttributes.swift, WrapCaseBodies.swift, WrapConditionalBodies.swift, WrapEnumCases.swift (in target 'SwiftFormat' from project 'SwiftFormat')
SwiftDriver KippleToolsCore normal arm64 com.apple.xcode.tools.swift.compiler (in target 'KippleToolsCore' from project 'KippleTools')
cd /Users/admin/builder/spi-builder-workspace/.swiftpm/xcode
builtin-SwiftDriver -- /Applications/Xcode-27.0.0-Release.Candidate.app/Contents/Developer/Toolchains/XcodeDefault.xctoolchain/usr/bin/swiftc -parse-as-library -module-name KippleToolsCore -Onone @/Users/admin/builder/spi-builder-workspace/.derivedData/Build/Intermediates.noindex/KippleTools.build/Debug-watchos/KippleToolsCore-t.build/Objects-normal/arm64/KippleToolsCore.SwiftFileList -DSWIFT_PACKAGE -DDEBUG -DSWIFT_MODULE_RESOURCE_BUNDLE_UNAVAILABLE -DXcode -plugin-path /Applications/Xcode-27.0.0-Release.Candidate.app/Contents/Developer/Toolchains/XcodeDefault.xctoolchain/usr/lib/swift/host/plugins/testing -enable-experimental-feature DebugDescriptionMacro -sdk /Applications/Xcode-27.0.0-Release.Candidate.app/Contents/Developer/Platforms/WatchOS.platform/Developer/SDKs/WatchOS27.0.sdk -target arm64-apple-watchos9.0 -g -module-cache-path /Users/admin/builder/spi-builder-workspace/.derivedData/ModuleCache.noindex -Xfrontend -serialize-debugging-options -profile-coverage-mapping -profile-generate -enable-testing -index-store-path /Users/admin/builder/spi-builder-workspace/.derivedData/Index.noindex/DataStore -Xcc -D_LIBCPP_HARDENING_MODE\=_LIBCPP_HARDENING_MODE_DEBUG -swift-version 5 -I /Users/admin/builder/spi-builder-workspace/.derivedData/Build/Products/Debug-watchos -Isystem /Applications/Xcode-27.0.0-Release.Candidate.app/Contents/Developer/Platforms/WatchOS.platform/Developer/usr/lib -F /Users/admin/builder/spi-builder-workspace/.derivedData/Build/Products/Debug-watchos/PackageFrameworks -F /Users/admin/builder/spi-builder-workspace/.derivedData/Build/Products/Debug-watchos -F /Applications/Xcode-27.0.0-Release.Candidate.app/Contents/Developer/Platforms/WatchOS.platform/Developer/Library/Frameworks -F /Applications/Xcode-27.0.0-Release.Candidate.app/Contents/Developer/Platforms/WatchOS.platform/Developer/SDKs/WatchOS27.0.sdk/Developer/Library/Frameworks -c -j10 -enable-batch-mode -incremental -Xcc -ivfsstatcache -Xcc /Users/admin/builder/spi-builder-workspace/.derivedData/SDKStatCaches.noindex/watchos27.0-24R360-e829b21a6f8c9b70876ba0858053c04477534ef55a1706bf4c1112bbb242f0a2.sdkstatcache -output-file-map /Users/admin/builder/spi-builder-workspace/.derivedData/Build/Intermediates.noindex/KippleTools.build/Debug-watchos/KippleToolsCore-t.build/Objects-normal/arm64/KippleToolsCore-OutputFileMap.json -save-temps -no-color-diagnostics -explicit-module-build -module-cache-path /Users/admin/builder/spi-builder-workspace/.derivedData/Build/Intermediates.noindex/SwiftExplicitPrecompiledModules -clang-scanner-module-cache-path /Users/admin/builder/spi-builder-workspace/.derivedData/ModuleCache.noindex -sdk-module-cache-path /Users/admin/builder/spi-builder-workspace/.derivedData/SDKExplicitPrecompiledModules -emit-dependencies -emit-module -emit-module-path /Users/admin/builder/spi-builder-workspace/.derivedData/Build/Intermediates.noindex/KippleTools.build/Debug-watchos/KippleToolsCore-t.build/Objects-normal/arm64/KippleToolsCore.swiftmodule -serialize-diagnostics -dependency-scan-serialize-diagnostics-path /Users/admin/builder/spi-builder-workspace/.derivedData/Build/Intermediates.noindex/KippleTools.build/Debug-watchos/KippleToolsCore-t.build/Objects-normal/arm64/KippleToolsCore-dependency-scan.dia -validate-clang-modules-once -clang-build-session-file /Users/admin/builder/spi-builder-workspace/.derivedData/ModuleCache.noindex/Session.modulevalidation -Xcc -fmodules-prune-interval\=86400 -Xcc -fmodules-prune-after\=345600 -emit-const-values -const-gather-protocols-list /Users/admin/builder/spi-builder-workspace/.derivedData/Build/Intermediates.noindex/KippleTools.build/Debug-watchos/KippleToolsCore-t.build/Objects-normal/arm64/KippleToolsCore_const_extract_protocols.json -Xcc -I/Users/admin/builder/spi-builder-workspace/.derivedData/Build/Products/Debug-watchos/include -Xcc -I/Users/admin/builder/spi-builder-workspace/.derivedData/Build/Intermediates.noindex/KippleTools.build/Debug-watchos/KippleToolsCore-t.build/DerivedSources-normal/arm64 -Xcc -I/Users/admin/builder/spi-builder-workspace/.derivedData/Build/Intermediates.noindex/KippleTools.build/Debug-watchos/KippleToolsCore-t.build/DerivedSources/arm64 -Xcc -I/Users/admin/builder/spi-builder-workspace/.derivedData/Build/Intermediates.noindex/KippleTools.build/Debug-watchos/KippleToolsCore-t.build/DerivedSources -Xcc -DSWIFT_PACKAGE -Xcc -DDEBUG\=1 -emit-objc-header -emit-objc-header-path /Users/admin/builder/spi-builder-workspace/.derivedData/Build/Intermediates.noindex/KippleTools.build/Debug-watchos/KippleToolsCore-t.build/Objects-normal/arm64/KippleToolsCore-Swift.h -working-directory /Users/admin/builder/spi-builder-workspace/.swiftpm/xcode -experimental-emit-module-separately -disable-cmo
SwiftDriver KippleToolsCore normal arm64_32 com.apple.xcode.tools.swift.compiler (in target 'KippleToolsCore' from project 'KippleTools')
cd /Users/admin/builder/spi-builder-workspace/.swiftpm/xcode
builtin-SwiftDriver -- /Applications/Xcode-27.0.0-Release.Candidate.app/Contents/Developer/Toolchains/XcodeDefault.xctoolchain/usr/bin/swiftc -parse-as-library -module-name KippleToolsCore -Onone @/Users/admin/builder/spi-builder-workspace/.derivedData/Build/Intermediates.noindex/KippleTools.build/Debug-watchos/KippleToolsCore-t.build/Objects-normal/arm64_32/KippleToolsCore.SwiftFileList -DSWIFT_PACKAGE -DDEBUG -DSWIFT_MODULE_RESOURCE_BUNDLE_UNAVAILABLE -DXcode -plugin-path /Applications/Xcode-27.0.0-Release.Candidate.app/Contents/Developer/Toolchains/XcodeDefault.xctoolchain/usr/lib/swift/host/plugins/testing -enable-experimental-feature DebugDescriptionMacro -sdk /Applications/Xcode-27.0.0-Release.Candidate.app/Contents/Developer/Platforms/WatchOS.platform/Developer/SDKs/WatchOS27.0.sdk -target arm64_32-apple-watchos9.0 -g -module-cache-path /Users/admin/builder/spi-builder-workspace/.derivedData/ModuleCache.noindex -Xfrontend -serialize-debugging-options -profile-coverage-mapping -profile-generate -enable-testing -index-store-path /Users/admin/builder/spi-builder-workspace/.derivedData/Index.noindex/DataStore -Xcc -D_LIBCPP_HARDENING_MODE\=_LIBCPP_HARDENING_MODE_DEBUG -swift-version 5 -I /Users/admin/builder/spi-builder-workspace/.derivedData/Build/Products/Debug-watchos -Isystem /Applications/Xcode-27.0.0-Release.Candidate.app/Contents/Developer/Platforms/WatchOS.platform/Developer/usr/lib -F /Users/admin/builder/spi-builder-workspace/.derivedData/Build/Products/Debug-watchos/PackageFrameworks -F /Users/admin/builder/spi-builder-workspace/.derivedData/Build/Products/Debug-watchos -F /Applications/Xcode-27.0.0-Release.Candidate.app/Contents/Developer/Platforms/WatchOS.platform/Developer/Library/Frameworks -F /Applications/Xcode-27.0.0-Release.Candidate.app/Contents/Developer/Platforms/WatchOS.platform/Developer/SDKs/WatchOS27.0.sdk/Developer/Library/Frameworks -c -j10 -enable-batch-mode -incremental -Xcc -ivfsstatcache -Xcc /Users/admin/builder/spi-builder-workspace/.derivedData/SDKStatCaches.noindex/watchos27.0-24R360-e829b21a6f8c9b70876ba0858053c04477534ef55a1706bf4c1112bbb242f0a2.sdkstatcache -output-file-map /Users/admin/builder/spi-builder-workspace/.derivedData/Build/Intermediates.noindex/KippleTools.build/Debug-watchos/KippleToolsCore-t.build/Objects-normal/arm64_32/KippleToolsCore-OutputFileMap.json -save-temps -no-color-diagnostics -explicit-module-build -module-cache-path /Users/admin/builder/spi-builder-workspace/.derivedData/Build/Intermediates.noindex/SwiftExplicitPrecompiledModules -clang-scanner-module-cache-path /Users/admin/builder/spi-builder-workspace/.derivedData/ModuleCache.noindex -sdk-module-cache-path /Users/admin/builder/spi-builder-workspace/.derivedData/SDKExplicitPrecompiledModules -emit-dependencies -emit-module -emit-module-path /Users/admin/builder/spi-builder-workspace/.derivedData/Build/Intermediates.noindex/KippleTools.build/Debug-watchos/KippleToolsCore-t.build/Objects-normal/arm64_32/KippleToolsCore.swiftmodule -serialize-diagnostics -dependency-scan-serialize-diagnostics-path /Users/admin/builder/spi-builder-workspace/.derivedData/Build/Intermediates.noindex/KippleTools.build/Debug-watchos/KippleToolsCore-t.build/Objects-normal/arm64_32/KippleToolsCore-dependency-scan.dia -validate-clang-modules-once -clang-build-session-file /Users/admin/builder/spi-builder-workspace/.derivedData/ModuleCache.noindex/Session.modulevalidation -Xcc -fmodules-prune-interval\=86400 -Xcc -fmodules-prune-after\=345600 -emit-const-values -const-gather-protocols-list /Users/admin/builder/spi-builder-workspace/.derivedData/Build/Intermediates.noindex/KippleTools.build/Debug-watchos/KippleToolsCore-t.build/Objects-normal/arm64_32/KippleToolsCore_const_extract_protocols.json -Xcc -I/Users/admin/builder/spi-builder-workspace/.derivedData/Build/Products/Debug-watchos/include -Xcc -I/Users/admin/builder/spi-builder-workspace/.derivedData/Build/Intermediates.noindex/KippleTools.build/Debug-watchos/KippleToolsCore-t.build/DerivedSources-normal/arm64_32 -Xcc -I/Users/admin/builder/spi-builder-workspace/.derivedData/Build/Intermediates.noindex/KippleTools.build/Debug-watchos/KippleToolsCore-t.build/DerivedSources/arm64_32 -Xcc -I/Users/admin/builder/spi-builder-workspace/.derivedData/Build/Intermediates.noindex/KippleTools.build/Debug-watchos/KippleToolsCore-t.build/DerivedSources -Xcc -DSWIFT_PACKAGE -Xcc -DDEBUG\=1 -emit-objc-header -emit-objc-header-path /Users/admin/builder/spi-builder-workspace/.derivedData/Build/Intermediates.noindex/KippleTools.build/Debug-watchos/KippleToolsCore-t.build/Objects-normal/arm64_32/KippleToolsCore-Swift.h -working-directory /Users/admin/builder/spi-builder-workspace/.swiftpm/xcode -experimental-emit-module-separately -disable-cmo
SwiftDriverJobDiscovery normal arm64_32 Compiling Option.swift, OptionGroup.swift, ParentCommand.swift, AsyncParsableCommand.swift, CommandConfiguration.swift (in target 'ArgumentParser' from project 'swift-argument-parser')
SwiftEmitModule normal arm64 Emitting\ module\ for\ KippleToolsCore (in target 'KippleToolsCore' from project 'KippleTools')
/Users/admin/builder/spi-builder-workspace/Sources/KippleToolsCore/Extensions/Process+Convenience.swift:5:18: error: cannot find type 'Process' in scope
3 | import Foundation
4 |
5 | public extension Process {
| `- error: cannot find type 'Process' in scope
6 | // MARK: Properties
7 |
Failed frontend command:
/Applications/Xcode-27.0.0-Release.Candidate.app/Contents/Developer/Toolchains/XcodeDefault.xctoolchain/usr/bin/swift-frontend -frontend -emit-module -experimental-skip-non-inlinable-function-bodies-without-types /Users/admin/builder/spi-builder-workspace/Sources/KippleToolsCore/Extensions/Data+ShellOutput.swift /Users/admin/builder/spi-builder-workspace/Sources/KippleToolsCore/Extensions/Process+Convenience.swift /Users/admin/builder/spi-builder-workspace/Sources/KippleToolsCore/Extensions/ShellCommand+FileSystem.swift /Users/admin/builder/spi-builder-workspace/Sources/KippleToolsCore/Extensions/ShellCommand+Git.swift /Users/admin/builder/spi-builder-workspace/Sources/KippleToolsCore/Extensions/ShellCommand+SwiftPackageManager.swift /Users/admin/builder/spi-builder-workspace/Sources/KippleToolsCore/Helpers/Shell.swift /Users/admin/builder/spi-builder-workspace/Sources/KippleToolsCore/Models/ShellCommand.swift /Users/admin/builder/spi-builder-workspace/Sources/KippleToolsCore/Models/ShellError.swift /Users/admin/builder/spi-builder-workspace/Sources/KippleToolsCore/Protocols/VerboseLogging.swift -target arm64-apple-watchos9.0 -disable-cross-import-overlay-search -load-resolved-plugin /Applications/Xcode-27.0.0-Release.Candidate.app/Contents/Developer/Platforms/WatchOS.platform/Developer/usr/lib/swift/host/plugins/libFoundationMacros.dylib\#/Applications/Xcode-27.0.0-Release.Candidate.app/Contents/Developer/Platforms/WatchOS.platform/Developer/usr/bin/swift-plugin-server\#FoundationMacros -load-resolved-plugin /Applications/Xcode-27.0.0-Release.Candidate.app/Contents/Developer/Platforms/WatchOS.platform/Developer/usr/lib/swift/host/plugins/libObservationMacros.dylib\#/Applications/Xcode-27.0.0-Release.Candidate.app/Contents/Developer/Platforms/WatchOS.platform/Developer/usr/bin/swift-plugin-server\#ObservationMacros -load-resolved-plugin /Applications/Xcode-27.0.0-Release.Candidate.app/Contents/Developer/Platforms/WatchOS.platform/Developer/usr/lib/swift/host/plugins/libSwiftMacros.dylib\#/Applications/Xcode-27.0.0-Release.Candidate.app/Contents/Developer/Platforms/WatchOS.platform/Developer/usr/bin/swift-plugin-server\#SwiftMacros -disable-implicit-swift-modules -Xcc -fno-implicit-modules -Xcc -fno-implicit-module-maps -explicit-swift-module-map-file /Users/admin/builder/spi-builder-workspace/.derivedData/Build/Intermediates.noindex/KippleTools.build/Debug-watchos/KippleToolsCore-t.build/Objects-normal/arm64/KippleToolsCore-dependencies-1.json -Xllvm -aarch64-use-tbi -enable-objc-interop -stack-check -sdk /Applications/Xcode-27.0.0-Release.Candidate.app/Contents/Developer/Platforms/WatchOS.platform/Developer/SDKs/WatchOS27.0.sdk -I /Users/admin/builder/spi-builder-workspace/.derivedData/Build/Products/Debug-watchos -Isystem /Applications/Xcode-27.0.0-Release.Candidate.app/Contents/Developer/Platforms/WatchOS.platform/Developer/usr/lib -F /Users/admin/builder/spi-builder-workspace/.derivedData/Build/Products/Debug-watchos/PackageFrameworks -F /Users/admin/builder/spi-builder-workspace/.derivedData/Build/Products/Debug-watchos -F /Applications/Xcode-27.0.0-Release.Candidate.app/Contents/Developer/Platforms/WatchOS.platform/Developer/Library/Frameworks -F /Applications/Xcode-27.0.0-Release.Candidate.app/Contents/Developer/Platforms/WatchOS.platform/Developer/SDKs/WatchOS27.0.sdk/Developer/Library/Frameworks -module-cache-path /Users/admin/builder/spi-builder-workspace/.derivedData/Build/Intermediates.noindex/SwiftExplicitPrecompiledModules -no-color-diagnostics -Xcc -fno-color-diagnostics -enable-testing -g -debug-info-format\=dwarf -dwarf-version\=4 -profile-generate -profile-coverage-mapping -swift-version 5 -Onone -D SWIFT_PACKAGE -D DEBUG -D SWIFT_MODULE_RESOURCE_BUNDLE_UNAVAILABLE -D Xcode -serialize-debugging-options -enable-experimental-feature DebugDescriptionMacro -empty-abi-descriptor -validate-clang-modules-once -clang-build-session-file /Users/admin/builder/spi-builder-workspace/.derivedData/ModuleCache.noindex/Session.modulevalidation -Xcc -working-directory -Xcc /Users/admin/builder/spi-builder-workspace/.swiftpm/xcode -enable-anonymous-context-mangled-names -file-compilation-dir /Users/admin/builder/spi-builder-workspace/.swiftpm/xcode -Xcc -D_LIBCPP_HARDENING_MODE\=_LIBCPP_HARDENING_MODE_DEBUG -Xcc -ivfsstatcache -Xcc /Users/admin/builder/spi-builder-workspace/.derivedData/SDKStatCaches.noindex/watchos27.0-24R360-e829b21a6f8c9b70876ba0858053c04477534ef55a1706bf4c1112bbb242f0a2.sdkstatcache -Xcc -fmodules-prune-interval\=86400 -Xcc -fmodules-prune-after\=345600 -Xcc -I/Users/admin/builder/spi-builder-workspace/.derivedData/Build/Products/Debug-watchos/include -Xcc -I/Users/admin/builder/spi-builder-workspace/.derivedData/Build/Intermediates.noindex/KippleTools.build/Debug-watchos/KippleToolsCore-t.build/DerivedSources-normal/arm64 -Xcc -I/Users/admin/builder/spi-builder-workspace/.derivedData/Build/Intermediates.noindex/KippleTools.build/Debug-watchos/KippleToolsCore-t.build/DerivedSources/arm64 -Xcc -I/Users/admin/builder/spi-builder-workspace/.derivedData/Build/Intermediates.noindex/KippleTools.build/Debug-watchos/KippleToolsCore-t.build/DerivedSources -Xcc -DSWIFT_PACKAGE -Xcc -DDEBUG\=1 -no-auto-bridging-header-chaining -module-name KippleToolsCore -const-gather-protocols-file /Users/admin/builder/spi-builder-workspace/.derivedData/Build/Intermediates.noindex/KippleTools.build/Debug-watchos/KippleToolsCore-t.build/Objects-normal/arm64/KippleToolsCore_const_extract_protocols.json -disable-clang-spi -clang-target arm64-apple-watchos27.0 -target-sdk-version 27.0 -target-sdk-name watchos27.0 -in-process-plugin-server-path /Applications/Xcode-27.0.0-Release.Candidate.app/Contents/Developer/Toolchains/XcodeDefault.xctoolchain/usr/lib/swift/host/libSwiftInProcPluginServer.dylib -emit-module-doc-path /Users/admin/builder/spi-builder-workspace/.derivedData/Build/Intermediates.noindex/KippleTools.build/Debug-watchos/KippleToolsCore-t.build/Objects-normal/arm64/KippleToolsCore.swiftdoc -emit-module-source-info-path /Users/admin/builder/spi-builder-workspace/.derivedData/Build/Intermediates.noindex/KippleTools.build/Debug-watchos/KippleToolsCore-t.build/Objects-normal/arm64/KippleToolsCore.swiftsourceinfo -emit-objc-header-path /Users/admin/builder/spi-builder-workspace/.derivedData/Build/Intermediates.noindex/KippleTools.build/Debug-watchos/KippleToolsCore-t.build/Objects-normal/arm64/KippleToolsCore-Swift.h -serialize-diagnostics-path /Users/admin/builder/spi-builder-workspace/.derivedData/Build/Intermediates.noindex/KippleTools.build/Debug-watchos/KippleToolsCore-t.build/Objects-normal/arm64/KippleToolsCore-primary-emit-module.dia -emit-dependencies-path /Users/admin/builder/spi-builder-workspace/.derivedData/Build/Intermediates.noindex/KippleTools.build/Debug-watchos/KippleToolsCore-t.build/Objects-normal/arm64/KippleToolsCore-primary-emit-module.d -parse-as-library -o /Users/admin/builder/spi-builder-workspace/.derivedData/Build/Intermediates.noindex/KippleTools.build/Debug-watchos/KippleToolsCore-t.build/Objects-normal/arm64/KippleToolsCore.swiftmodule -emit-abi-descriptor-path /Users/admin/builder/spi-builder-workspace/.derivedData/Build/Intermediates.noindex/KippleTools.build/Debug-watchos/KippleToolsCore-t.build/Objects-normal/arm64/KippleToolsCore.abi.json
SwiftCompile normal arm64 (in target 'KippleToolsCore' from project 'KippleTools')
cd /Users/admin/builder/spi-builder-workspace/.swiftpm/xcode
SwiftCompile normal arm64 Compiling\ ShellCommand.swift /Users/admin/builder/spi-builder-workspace/Sources/KippleToolsCore/Models/ShellCommand.swift (in target 'KippleToolsCore' from project 'KippleTools')
SwiftCompile normal arm64 /Users/admin/builder/spi-builder-workspace/Sources/KippleToolsCore/Models/ShellCommand.swift (in target 'KippleToolsCore' from project 'KippleTools')
cd /Users/admin/builder/spi-builder-workspace/.swiftpm/xcode
builtin-SwiftPerFileCompile ShellCommand.swift
PruneExplicitPrecompiledModules /Users/admin/builder/spi-builder-workspace/.derivedData/Build/Intermediates.noindex/SwiftExplicitPrecompiledModules
PruneExplicitPrecompiledModules /Users/admin/builder/spi-builder-workspace/.derivedData/SDKExplicitPrecompiledModules
PruneExplicitPrecompiledModules /Users/admin/builder/spi-builder-workspace/.derivedData/Build/Intermediates.noindex/ExplicitPrecompiledModules
2026-09-20 14:14:56.416 xcodebuild[761:4967] [MT] IDERunDestination: Supported platforms for the buildables in the current scheme is empty.
** BUILD FAILED **
The following build commands failed:
SwiftEmitModule normal arm64 Emitting\ module\ for\ KippleToolsCore (in target 'KippleToolsCore' from project 'KippleTools')
SwiftCompile normal arm64 (in target 'KippleToolsCore' from project 'KippleTools')
Building workspace KippleTools with scheme KippleTools-Package
(3 failures)
Command line invocation:
/Applications/Xcode-27.0.0-Release.Candidate.app/Contents/Developer/usr/bin/xcodebuild -IDEClonedSourcePackagesDirPathOverride=/Users/admin/builder/spi-builder-workspace/.dependencies -resolvePackageDependencies
Resolve Package Graph
Resolved source packages:
SwiftFormat: https://github.com/nicklockwood/SwiftFormat @ 0.63.0
KippleTools: /Users/admin/builder/spi-builder-workspace
swift-argument-parser: https://github.com/apple/swift-argument-parser @ 1.8.2
resolved source packages: SwiftFormat, KippleTools, swift-argument-parser
2026-09-20 14:15:12.665 xcodebuild[982:6363] [MT] IDERunDestination: Supported platforms for the buildables in the current scheme is empty.
{
"dependencies" : [
{
"identity" : "swift-argument-parser",
"requirement" : {
"range" : [
{
"lower_bound" : "1.3.0",
"upper_bound" : "2.0.0"
}
]
},
"type" : "sourceControl",
"url" : "https://github.com/apple/swift-argument-parser"
},
{
"identity" : "swiftformat",
"requirement" : {
"range" : [
{
"lower_bound" : "0.53.10",
"upper_bound" : "1.0.0"
}
]
},
"type" : "sourceControl",
"url" : "https://github.com/nicklockwood/SwiftFormat"
}
],
"manifest_display_name" : "KippleTools",
"name" : "KippleTools",
"path" : "/Users/admin/builder/spi-builder-workspace",
"platforms" : [
{
"name" : "macos",
"version" : "13.0"
}
],
"products" : [
{
"name" : "kipple",
"targets" : [
"kipple"
],
"type" : {
"executable" : null
}
},
{
"name" : "KippleToolsCore",
"targets" : [
"KippleToolsCore"
],
"type" : {
"library" : [
"automatic"
]
}
}
],
"targets" : [
{
"c99name" : "kipple",
"module_type" : "SwiftTarget",
"name" : "kipple",
"path" : "Sources/kipple",
"product_memberships" : [
"kipple"
],
"sources" : [
"main.swift"
],
"target_dependencies" : [
"KippleFramework"
],
"type" : "executable"
},
{
"c99name" : "KippleToolsCoreTests",
"module_type" : "SwiftTarget",
"name" : "KippleToolsCoreTests",
"path" : "Tests/KippleToolsCoreTests",
"sources" : [
"ShellCommandTests.swift",
"ShellTests.swift"
],
"target_dependencies" : [
"KippleToolsCore"
],
"type" : "test"
},
{
"c99name" : "KippleToolsCore",
"module_type" : "SwiftTarget",
"name" : "KippleToolsCore",
"path" : "Sources/KippleToolsCore",
"product_dependencies" : [
"ArgumentParser"
],
"product_memberships" : [
"kipple",
"KippleToolsCore"
],
"sources" : [
"Extensions/Data+ShellOutput.swift",
"Extensions/Process+Convenience.swift",
"Extensions/ShellCommand+FileSystem.swift",
"Extensions/ShellCommand+Git.swift",
"Extensions/ShellCommand+SwiftPackageManager.swift",
"Helpers/Shell.swift",
"Models/ShellCommand.swift",
"Models/ShellError.swift",
"Protocols/VerboseLogging.swift"
],
"type" : "library"
},
{
"c99name" : "KippleFrameworkTests",
"module_type" : "SwiftTarget",
"name" : "KippleFrameworkTests",
"path" : "Tests/KippleFrameworkTests",
"sources" : [
"PrintCommandTests.swift",
"ResourceTests.swift"
],
"target_dependencies" : [
"KippleFramework"
],
"type" : "test"
},
{
"c99name" : "KippleFramework",
"module_type" : "SwiftTarget",
"name" : "KippleFramework",
"path" : "Sources/KippleFramework",
"product_dependencies" : [
"SwiftFormat"
],
"product_memberships" : [
"kipple"
],
"resources" : [
{
"path" : "/Users/admin/builder/spi-builder-workspace/Sources/KippleFramework/Resources/git-hooks/pre-commit",
"rule" : {
"process" : {
}
}
},
{
"path" : "/Users/admin/builder/spi-builder-workspace/Sources/KippleFramework/Resources/gitignore/app.gitignore",
"rule" : {
"process" : {
}
}
},
{
"path" : "/Users/admin/builder/spi-builder-workspace/Sources/KippleFramework/Resources/gitignore/default.gitignore",
"rule" : {
"process" : {
}
}
},
{
"path" : "/Users/admin/builder/spi-builder-workspace/Sources/KippleFramework/Resources/swiftformat/default.swiftformat",
"rule" : {
"process" : {
}
}
},
{
"path" : "/Users/admin/builder/spi-builder-workspace/Sources/KippleFramework/Resources/swiftlint/default.swiftlint.yml",
"rule" : {
"process" : {
}
}
}
],
"sources" : [
"Core/Helpers/BuildEnvironment.swift",
"Core/Helpers/FileFormatter.swift",
"Core/Helpers/SwiftBuilder.swift",
"Core/Helpers/SwiftFormat.swift",
"Core/MainCommand.swift",
"Core/Models/Platform.swift",
"Core/Models/SwiftVersion.swift",
"Core/Subcommands/BuildCommand.swift",
"Core/Subcommands/FormatCommand.swift",
"Core/Subcommands/InstallCommand.swift",
"Core/Subcommands/SetupCommand.swift",
"Core/Subcommands/TestCommand.swift",
"Core/Subcommands/UninstallCommand.swift"
],
"target_dependencies" : [
"KippleToolsCore"
],
"type" : "library"
}
],
"tools_version" : "5.7"
}
{
"workspace" : {
"name" : "KippleTools",
"schemes" : [
"kipple",
"KippleTools-Package",
"KippleToolsCore"
]
}
}
2026-09-20 14:15:15.419 xcodebuild[1002:6511] [MT] IDERunDestination: Supported platforms for the buildables in the current scheme is empty.
Running build ...
env DEVELOPER_DIR=/Applications/Xcode-27.0.0-Release.Candidate.app xcrun xcodebuild -IDEClonedSourcePackagesDirPathOverride=$PWD/.dependencies -skipMacroValidation -skipPackagePluginValidation -derivedDataPath $PWD/.derivedData build -scheme KippleTools-Package -destination generic/platform=watchOS
Command line invocation:
/Applications/Xcode-27.0.0-Release.Candidate.app/Contents/Developer/usr/bin/xcodebuild -IDEClonedSourcePackagesDirPathOverride=/Users/admin/builder/spi-builder-workspace/.dependencies -skipMacroValidation -skipPackagePluginValidation -derivedDataPath /Users/admin/builder/spi-builder-workspace/.derivedData build -scheme KippleTools-Package -destination generic/platform=watchOS
Resolve Package Graph
Resolved source packages:
SwiftFormat: https://github.com/nicklockwood/SwiftFormat @ 0.63.0
swift-argument-parser: https://github.com/apple/swift-argument-parser @ 1.8.2
KippleTools: /Users/admin/builder/spi-builder-workspace
ComputePackagePrebuildTargetDependencyGraph
Prepare packages
CreateBuildRequest
SendProjectDescription
CreateBuildOperation
ComputeTargetDependencyGraph
note: Building targets in dependency order
note: Target dependency graph (10 targets)
Target 'kipple-product' in project 'KippleTools'
➜ Explicit dependency on target 'KippleToolsCore' in project 'KippleTools'
➜ Explicit dependency on target 'KippleFramework' in project 'KippleTools'
➜ Explicit dependency on target 'ArgumentParser-product' in project 'swift-argument-parser'
➜ Explicit dependency on target 'SwiftFormat-product' in project 'SwiftFormat'
Target 'KippleFramework' in project 'KippleTools'
➜ Explicit dependency on target 'KippleTools_KippleFramework' in project 'KippleTools'
➜ Explicit dependency on target 'KippleToolsCore' in project 'KippleTools'
➜ Explicit dependency on target 'ArgumentParser-product' in project 'swift-argument-parser'
➜ Explicit dependency on target 'SwiftFormat-product' in project 'SwiftFormat'
Target 'SwiftFormat-product' in project 'SwiftFormat'
➜ Explicit dependency on target 'SwiftFormat' in project 'SwiftFormat'
Target 'SwiftFormat' in project 'SwiftFormat' (no dependencies)
Target 'KippleTools_KippleFramework' in project 'KippleTools' (no dependencies)
Target 'KippleToolsCore-product' in project 'KippleTools'
➜ Explicit dependency on target 'KippleToolsCore' in project 'KippleTools'
➜ Explicit dependency on target 'ArgumentParser-product' in project 'swift-argument-parser'
Target 'KippleToolsCore' in project 'KippleTools'
➜ Explicit dependency on target 'ArgumentParser-product' in project 'swift-argument-parser'
Target 'ArgumentParser-product' in project 'swift-argument-parser'
➜ Explicit dependency on target 'ArgumentParser' in project 'swift-argument-parser'
➜ Explicit dependency on target 'ArgumentParserToolInfo' in project 'swift-argument-parser'
Target 'ArgumentParser' in project 'swift-argument-parser'
➜ Explicit dependency on target 'ArgumentParserToolInfo' in project 'swift-argument-parser'
Target 'ArgumentParserToolInfo' in project 'swift-argument-parser' (no dependencies)
GatherProvisioningInputs
CreateBuildDescription
ClangStatCache /Applications/Xcode-27.0.0-Release.Candidate.app/Contents/Developer/Toolchains/XcodeDefault.xctoolchain/usr/bin/clang-stat-cache /Applications/Xcode-27.0.0-Release.Candidate.app/Contents/Developer/Platforms/WatchOS.platform/Developer/SDKs/WatchOS27.0.sdk /Users/admin/builder/spi-builder-workspace/.derivedData/SDKStatCaches.noindex/watchos27.0-24R360-e829b21a6f8c9b70876ba0858053c04477534ef55a1706bf4c1112bbb242f0a2.sdkstatcache
cd /Users/admin/builder/spi-builder-workspace/.swiftpm/xcode
/Applications/Xcode-27.0.0-Release.Candidate.app/Contents/Developer/Toolchains/XcodeDefault.xctoolchain/usr/bin/clang-stat-cache /Applications/Xcode-27.0.0-Release.Candidate.app/Contents/Developer/Platforms/WatchOS.platform/Developer/SDKs/WatchOS27.0.sdk -o /Users/admin/builder/spi-builder-workspace/.derivedData/SDKStatCaches.noindex/watchos27.0-24R360-e829b21a6f8c9b70876ba0858053c04477534ef55a1706bf4c1112bbb242f0a2.sdkstatcache
SwiftDriver SwiftFormat normal arm64_32 com.apple.xcode.tools.swift.compiler (in target 'SwiftFormat' from project 'SwiftFormat')
cd /Users/admin/builder/spi-builder-workspace/.swiftpm/xcode
builtin-SwiftDriver -- /Applications/Xcode-27.0.0-Release.Candidate.app/Contents/Developer/Toolchains/XcodeDefault.xctoolchain/usr/bin/swiftc -parse-as-library -module-name SwiftFormat -Onone @/Users/admin/builder/spi-builder-workspace/.derivedData/Build/Intermediates.noindex/SwiftFormat.build/Debug-watchos/SwiftFormat-t.build/Objects-normal/arm64_32/SwiftFormat.SwiftFileList -DSWIFT_PACKAGE -DDEBUG -DSWIFT_MODULE_RESOURCE_BUNDLE_UNAVAILABLE -DXcode -plugin-path /Applications/Xcode-27.0.0-Release.Candidate.app/Contents/Developer/Toolchains/XcodeDefault.xctoolchain/usr/lib/swift/host/plugins/testing -enable-experimental-feature DebugDescriptionMacro -sdk /Applications/Xcode-27.0.0-Release.Candidate.app/Contents/Developer/Platforms/WatchOS.platform/Developer/SDKs/WatchOS27.0.sdk -target arm64_32-apple-watchos9.0 -g -module-cache-path /Users/admin/builder/spi-builder-workspace/.derivedData/ModuleCache.noindex -Xfrontend -serialize-debugging-options -profile-coverage-mapping -profile-generate -enable-testing -suppress-warnings -index-store-path /Users/admin/builder/spi-builder-workspace/.derivedData/Index.noindex/DataStore -Xcc -D_LIBCPP_HARDENING_MODE\=_LIBCPP_HARDENING_MODE_DEBUG -swift-version 5 -I /Users/admin/builder/spi-builder-workspace/.derivedData/Build/Products/Debug-watchos -Isystem /Applications/Xcode-27.0.0-Release.Candidate.app/Contents/Developer/Platforms/WatchOS.platform/Developer/usr/lib -F /Users/admin/builder/spi-builder-workspace/.derivedData/Build/Products/Debug-watchos -F /Applications/Xcode-27.0.0-Release.Candidate.app/Contents/Developer/Platforms/WatchOS.platform/Developer/Library/Frameworks -F /Applications/Xcode-27.0.0-Release.Candidate.app/Contents/Developer/Platforms/WatchOS.platform/Developer/SDKs/WatchOS27.0.sdk/Developer/Library/Frameworks -c -j10 -enable-batch-mode -incremental -Xcc -ivfsstatcache -Xcc /Users/admin/builder/spi-builder-workspace/.derivedData/SDKStatCaches.noindex/watchos27.0-24R360-e829b21a6f8c9b70876ba0858053c04477534ef55a1706bf4c1112bbb242f0a2.sdkstatcache -output-file-map /Users/admin/builder/spi-builder-workspace/.derivedData/Build/Intermediates.noindex/SwiftFormat.build/Debug-watchos/SwiftFormat-t.build/Objects-normal/arm64_32/SwiftFormat-OutputFileMap.json -save-temps -no-color-diagnostics -explicit-module-build -module-cache-path /Users/admin/builder/spi-builder-workspace/.derivedData/Build/Intermediates.noindex/SwiftExplicitPrecompiledModules -clang-scanner-module-cache-path /Users/admin/builder/spi-builder-workspace/.derivedData/ModuleCache.noindex -sdk-module-cache-path /Users/admin/builder/spi-builder-workspace/.derivedData/SDKExplicitPrecompiledModules -emit-dependencies -emit-module -emit-module-path /Users/admin/builder/spi-builder-workspace/.derivedData/Build/Intermediates.noindex/SwiftFormat.build/Debug-watchos/SwiftFormat-t.build/Objects-normal/arm64_32/SwiftFormat.swiftmodule -serialize-diagnostics -dependency-scan-serialize-diagnostics-path /Users/admin/builder/spi-builder-workspace/.derivedData/Build/Intermediates.noindex/SwiftFormat.build/Debug-watchos/SwiftFormat-t.build/Objects-normal/arm64_32/SwiftFormat-dependency-scan.dia -validate-clang-modules-once -clang-build-session-file /Users/admin/builder/spi-builder-workspace/.derivedData/ModuleCache.noindex/Session.modulevalidation -Xcc -fmodules-prune-interval\=86400 -Xcc -fmodules-prune-after\=345600 -emit-const-values -const-gather-protocols-list /Users/admin/builder/spi-builder-workspace/.derivedData/Build/Intermediates.noindex/SwiftFormat.build/Debug-watchos/SwiftFormat-t.build/Objects-normal/arm64_32/SwiftFormat_const_extract_protocols.json -Xcc -I/Users/admin/builder/spi-builder-workspace/.derivedData/Build/Products/Debug-watchos/include -Xcc -I/Users/admin/builder/spi-builder-workspace/.derivedData/Build/Intermediates.noindex/SwiftFormat.build/Debug-watchos/SwiftFormat-t.build/DerivedSources-normal/arm64_32 -Xcc -I/Users/admin/builder/spi-builder-workspace/.derivedData/Build/Intermediates.noindex/SwiftFormat.build/Debug-watchos/SwiftFormat-t.build/DerivedSources/arm64_32 -Xcc -I/Users/admin/builder/spi-builder-workspace/.derivedData/Build/Intermediates.noindex/SwiftFormat.build/Debug-watchos/SwiftFormat-t.build/DerivedSources -Xcc -DSWIFT_PACKAGE -Xcc -DDEBUG\=1 -emit-objc-header -emit-objc-header-path /Users/admin/builder/spi-builder-workspace/.derivedData/Build/Intermediates.noindex/SwiftFormat.build/Debug-watchos/SwiftFormat-t.build/Objects-normal/arm64_32/SwiftFormat-Swift.h -working-directory /Users/admin/builder/spi-builder-workspace/.swiftpm/xcode -experimental-emit-module-separately -disable-cmo
SwiftDriver KippleToolsCore normal arm64_32 com.apple.xcode.tools.swift.compiler (in target 'KippleToolsCore' from project 'KippleTools')
cd /Users/admin/builder/spi-builder-workspace/.swiftpm/xcode
builtin-SwiftDriver -- /Applications/Xcode-27.0.0-Release.Candidate.app/Contents/Developer/Toolchains/XcodeDefault.xctoolchain/usr/bin/swiftc -parse-as-library -module-name KippleToolsCore -Onone @/Users/admin/builder/spi-builder-workspace/.derivedData/Build/Intermediates.noindex/KippleTools.build/Debug-watchos/KippleToolsCore-t.build/Objects-normal/arm64_32/KippleToolsCore.SwiftFileList -DSWIFT_PACKAGE -DDEBUG -DSWIFT_MODULE_RESOURCE_BUNDLE_UNAVAILABLE -DXcode -plugin-path /Applications/Xcode-27.0.0-Release.Candidate.app/Contents/Developer/Toolchains/XcodeDefault.xctoolchain/usr/lib/swift/host/plugins/testing -enable-experimental-feature DebugDescriptionMacro -sdk /Applications/Xcode-27.0.0-Release.Candidate.app/Contents/Developer/Platforms/WatchOS.platform/Developer/SDKs/WatchOS27.0.sdk -target arm64_32-apple-watchos9.0 -g -module-cache-path /Users/admin/builder/spi-builder-workspace/.derivedData/ModuleCache.noindex -Xfrontend -serialize-debugging-options -profile-coverage-mapping -profile-generate -enable-testing -index-store-path /Users/admin/builder/spi-builder-workspace/.derivedData/Index.noindex/DataStore -Xcc -D_LIBCPP_HARDENING_MODE\=_LIBCPP_HARDENING_MODE_DEBUG -swift-version 5 -I /Users/admin/builder/spi-builder-workspace/.derivedData/Build/Products/Debug-watchos -Isystem /Applications/Xcode-27.0.0-Release.Candidate.app/Contents/Developer/Platforms/WatchOS.platform/Developer/usr/lib -F /Users/admin/builder/spi-builder-workspace/.derivedData/Build/Products/Debug-watchos/PackageFrameworks -F /Users/admin/builder/spi-builder-workspace/.derivedData/Build/Products/Debug-watchos -F /Applications/Xcode-27.0.0-Release.Candidate.app/Contents/Developer/Platforms/WatchOS.platform/Developer/Library/Frameworks -F /Applications/Xcode-27.0.0-Release.Candidate.app/Contents/Developer/Platforms/WatchOS.platform/Developer/SDKs/WatchOS27.0.sdk/Developer/Library/Frameworks -c -j10 -enable-batch-mode -incremental -Xcc -ivfsstatcache -Xcc /Users/admin/builder/spi-builder-workspace/.derivedData/SDKStatCaches.noindex/watchos27.0-24R360-e829b21a6f8c9b70876ba0858053c04477534ef55a1706bf4c1112bbb242f0a2.sdkstatcache -output-file-map /Users/admin/builder/spi-builder-workspace/.derivedData/Build/Intermediates.noindex/KippleTools.build/Debug-watchos/KippleToolsCore-t.build/Objects-normal/arm64_32/KippleToolsCore-OutputFileMap.json -save-temps -no-color-diagnostics -explicit-module-build -module-cache-path /Users/admin/builder/spi-builder-workspace/.derivedData/Build/Intermediates.noindex/SwiftExplicitPrecompiledModules -clang-scanner-module-cache-path /Users/admin/builder/spi-builder-workspace/.derivedData/ModuleCache.noindex -sdk-module-cache-path /Users/admin/builder/spi-builder-workspace/.derivedData/SDKExplicitPrecompiledModules -emit-dependencies -emit-module -emit-module-path /Users/admin/builder/spi-builder-workspace/.derivedData/Build/Intermediates.noindex/KippleTools.build/Debug-watchos/KippleToolsCore-t.build/Objects-normal/arm64_32/KippleToolsCore.swiftmodule -serialize-diagnostics -dependency-scan-serialize-diagnostics-path /Users/admin/builder/spi-builder-workspace/.derivedData/Build/Intermediates.noindex/KippleTools.build/Debug-watchos/KippleToolsCore-t.build/Objects-normal/arm64_32/KippleToolsCore-dependency-scan.dia -validate-clang-modules-once -clang-build-session-file /Users/admin/builder/spi-builder-workspace/.derivedData/ModuleCache.noindex/Session.modulevalidation -Xcc -fmodules-prune-interval\=86400 -Xcc -fmodules-prune-after\=345600 -emit-const-values -const-gather-protocols-list /Users/admin/builder/spi-builder-workspace/.derivedData/Build/Intermediates.noindex/KippleTools.build/Debug-watchos/KippleToolsCore-t.build/Objects-normal/arm64_32/KippleToolsCore_const_extract_protocols.json -Xcc -I/Users/admin/builder/spi-builder-workspace/.derivedData/Build/Products/Debug-watchos/include -Xcc -I/Users/admin/builder/spi-builder-workspace/.derivedData/Build/Intermediates.noindex/KippleTools.build/Debug-watchos/KippleToolsCore-t.build/DerivedSources-normal/arm64_32 -Xcc -I/Users/admin/builder/spi-builder-workspace/.derivedData/Build/Intermediates.noindex/KippleTools.build/Debug-watchos/KippleToolsCore-t.build/DerivedSources/arm64_32 -Xcc -I/Users/admin/builder/spi-builder-workspace/.derivedData/Build/Intermediates.noindex/KippleTools.build/Debug-watchos/KippleToolsCore-t.build/DerivedSources -Xcc -DSWIFT_PACKAGE -Xcc -DDEBUG\=1 -emit-objc-header -emit-objc-header-path /Users/admin/builder/spi-builder-workspace/.derivedData/Build/Intermediates.noindex/KippleTools.build/Debug-watchos/KippleToolsCore-t.build/Objects-normal/arm64_32/KippleToolsCore-Swift.h -working-directory /Users/admin/builder/spi-builder-workspace/.swiftpm/xcode -experimental-emit-module-separately -disable-cmo
SwiftDriver KippleToolsCore normal arm64 com.apple.xcode.tools.swift.compiler (in target 'KippleToolsCore' from project 'KippleTools')
cd /Users/admin/builder/spi-builder-workspace/.swiftpm/xcode
builtin-SwiftDriver -- /Applications/Xcode-27.0.0-Release.Candidate.app/Contents/Developer/Toolchains/XcodeDefault.xctoolchain/usr/bin/swiftc -parse-as-library -module-name KippleToolsCore -Onone @/Users/admin/builder/spi-builder-workspace/.derivedData/Build/Intermediates.noindex/KippleTools.build/Debug-watchos/KippleToolsCore-t.build/Objects-normal/arm64/KippleToolsCore.SwiftFileList -DSWIFT_PACKAGE -DDEBUG -DSWIFT_MODULE_RESOURCE_BUNDLE_UNAVAILABLE -DXcode -plugin-path /Applications/Xcode-27.0.0-Release.Candidate.app/Contents/Developer/Toolchains/XcodeDefault.xctoolchain/usr/lib/swift/host/plugins/testing -enable-experimental-feature DebugDescriptionMacro -sdk /Applications/Xcode-27.0.0-Release.Candidate.app/Contents/Developer/Platforms/WatchOS.platform/Developer/SDKs/WatchOS27.0.sdk -target arm64-apple-watchos9.0 -g -module-cache-path /Users/admin/builder/spi-builder-workspace/.derivedData/ModuleCache.noindex -Xfrontend -serialize-debugging-options -profile-coverage-mapping -profile-generate -enable-testing -index-store-path /Users/admin/builder/spi-builder-workspace/.derivedData/Index.noindex/DataStore -Xcc -D_LIBCPP_HARDENING_MODE\=_LIBCPP_HARDENING_MODE_DEBUG -swift-version 5 -I /Users/admin/builder/spi-builder-workspace/.derivedData/Build/Products/Debug-watchos -Isystem /Applications/Xcode-27.0.0-Release.Candidate.app/Contents/Developer/Platforms/WatchOS.platform/Developer/usr/lib -F /Users/admin/builder/spi-builder-workspace/.derivedData/Build/Products/Debug-watchos/PackageFrameworks -F /Users/admin/builder/spi-builder-workspace/.derivedData/Build/Products/Debug-watchos -F /Applications/Xcode-27.0.0-Release.Candidate.app/Contents/Developer/Platforms/WatchOS.platform/Developer/Library/Frameworks -F /Applications/Xcode-27.0.0-Release.Candidate.app/Contents/Developer/Platforms/WatchOS.platform/Developer/SDKs/WatchOS27.0.sdk/Developer/Library/Frameworks -c -j10 -enable-batch-mode -incremental -Xcc -ivfsstatcache -Xcc /Users/admin/builder/spi-builder-workspace/.derivedData/SDKStatCaches.noindex/watchos27.0-24R360-e829b21a6f8c9b70876ba0858053c04477534ef55a1706bf4c1112bbb242f0a2.sdkstatcache -output-file-map /Users/admin/builder/spi-builder-workspace/.derivedData/Build/Intermediates.noindex/KippleTools.build/Debug-watchos/KippleToolsCore-t.build/Objects-normal/arm64/KippleToolsCore-OutputFileMap.json -save-temps -no-color-diagnostics -explicit-module-build -module-cache-path /Users/admin/builder/spi-builder-workspace/.derivedData/Build/Intermediates.noindex/SwiftExplicitPrecompiledModules -clang-scanner-module-cache-path /Users/admin/builder/spi-builder-workspace/.derivedData/ModuleCache.noindex -sdk-module-cache-path /Users/admin/builder/spi-builder-workspace/.derivedData/SDKExplicitPrecompiledModules -emit-dependencies -emit-module -emit-module-path /Users/admin/builder/spi-builder-workspace/.derivedData/Build/Intermediates.noindex/KippleTools.build/Debug-watchos/KippleToolsCore-t.build/Objects-normal/arm64/KippleToolsCore.swiftmodule -serialize-diagnostics -dependency-scan-serialize-diagnostics-path /Users/admin/builder/spi-builder-workspace/.derivedData/Build/Intermediates.noindex/KippleTools.build/Debug-watchos/KippleToolsCore-t.build/Objects-normal/arm64/KippleToolsCore-dependency-scan.dia -validate-clang-modules-once -clang-build-session-file /Users/admin/builder/spi-builder-workspace/.derivedData/ModuleCache.noindex/Session.modulevalidation -Xcc -fmodules-prune-interval\=86400 -Xcc -fmodules-prune-after\=345600 -emit-const-values -const-gather-protocols-list /Users/admin/builder/spi-builder-workspace/.derivedData/Build/Intermediates.noindex/KippleTools.build/Debug-watchos/KippleToolsCore-t.build/Objects-normal/arm64/KippleToolsCore_const_extract_protocols.json -Xcc -I/Users/admin/builder/spi-builder-workspace/.derivedData/Build/Products/Debug-watchos/include -Xcc -I/Users/admin/builder/spi-builder-workspace/.derivedData/Build/Intermediates.noindex/KippleTools.build/Debug-watchos/KippleToolsCore-t.build/DerivedSources-normal/arm64 -Xcc -I/Users/admin/builder/spi-builder-workspace/.derivedData/Build/Intermediates.noindex/KippleTools.build/Debug-watchos/KippleToolsCore-t.build/DerivedSources/arm64 -Xcc -I/Users/admin/builder/spi-builder-workspace/.derivedData/Build/Intermediates.noindex/KippleTools.build/Debug-watchos/KippleToolsCore-t.build/DerivedSources -Xcc -DSWIFT_PACKAGE -Xcc -DDEBUG\=1 -emit-objc-header -emit-objc-header-path /Users/admin/builder/spi-builder-workspace/.derivedData/Build/Intermediates.noindex/KippleTools.build/Debug-watchos/KippleToolsCore-t.build/Objects-normal/arm64/KippleToolsCore-Swift.h -working-directory /Users/admin/builder/spi-builder-workspace/.swiftpm/xcode -experimental-emit-module-separately -disable-cmo
SwiftDriver ArgumentParser normal arm64_32 com.apple.xcode.tools.swift.compiler (in target 'ArgumentParser' from project 'swift-argument-parser')
cd /Users/admin/builder/spi-builder-workspace/.swiftpm/xcode
builtin-SwiftDriver -- /Applications/Xcode-27.0.0-Release.Candidate.app/Contents/Developer/Toolchains/XcodeDefault.xctoolchain/usr/bin/swiftc -parse-as-library -module-name ArgumentParser -Onone @/Users/admin/builder/spi-builder-workspace/.derivedData/Build/Intermediates.noindex/swift-argument-parser.build/Debug-watchos/ArgumentParser-t.build/Objects-normal/arm64_32/ArgumentParser.SwiftFileList -DSWIFT_PACKAGE -DDEBUG -DSWIFT_MODULE_RESOURCE_BUNDLE_UNAVAILABLE -DXcode -plugin-path /Applications/Xcode-27.0.0-Release.Candidate.app/Contents/Developer/Toolchains/XcodeDefault.xctoolchain/usr/lib/swift/host/plugins/testing -enable-experimental-feature DebugDescriptionMacro -sdk /Applications/Xcode-27.0.0-Release.Candidate.app/Contents/Developer/Platforms/WatchOS.platform/Developer/SDKs/WatchOS27.0.sdk -target arm64_32-apple-watchos9.0 -g -module-cache-path /Users/admin/builder/spi-builder-workspace/.derivedData/ModuleCache.noindex -Xfrontend -serialize-debugging-options -profile-coverage-mapping -profile-generate -enable-testing -suppress-warnings -index-store-path /Users/admin/builder/spi-builder-workspace/.derivedData/Index.noindex/DataStore -Xcc -D_LIBCPP_HARDENING_MODE\=_LIBCPP_HARDENING_MODE_DEBUG -swift-version 6 -I /Users/admin/builder/spi-builder-workspace/.derivedData/Build/Products/Debug-watchos -Isystem /Applications/Xcode-27.0.0-Release.Candidate.app/Contents/Developer/Platforms/WatchOS.platform/Developer/usr/lib -F /Users/admin/builder/spi-builder-workspace/.derivedData/Build/Products/Debug-watchos/PackageFrameworks -F /Users/admin/builder/spi-builder-workspace/.derivedData/Build/Products/Debug-watchos -F /Applications/Xcode-27.0.0-Release.Candidate.app/Contents/Developer/Platforms/WatchOS.platform/Developer/Library/Frameworks -F /Applications/Xcode-27.0.0-Release.Candidate.app/Contents/Developer/Platforms/WatchOS.platform/Developer/SDKs/WatchOS27.0.sdk/Developer/Library/Frameworks -c -j10 -enable-batch-mode -incremental -Xcc -ivfsstatcache -Xcc /Users/admin/builder/spi-builder-workspace/.derivedData/SDKStatCaches.noindex/watchos27.0-24R360-e829b21a6f8c9b70876ba0858053c04477534ef55a1706bf4c1112bbb242f0a2.sdkstatcache -output-file-map /Users/admin/builder/spi-builder-workspace/.derivedData/Build/Intermediates.noindex/swift-argument-parser.build/Debug-watchos/ArgumentParser-t.build/Objects-normal/arm64_32/ArgumentParser-OutputFileMap.json -save-temps -no-color-diagnostics -explicit-module-build -module-cache-path /Users/admin/builder/spi-builder-workspace/.derivedData/Build/Intermediates.noindex/SwiftExplicitPrecompiledModules -clang-scanner-module-cache-path /Users/admin/builder/spi-builder-workspace/.derivedData/ModuleCache.noindex -sdk-module-cache-path /Users/admin/builder/spi-builder-workspace/.derivedData/SDKExplicitPrecompiledModules -emit-dependencies -emit-module -emit-module-path /Users/admin/builder/spi-builder-workspace/.derivedData/Build/Intermediates.noindex/swift-argument-parser.build/Debug-watchos/ArgumentParser-t.build/Objects-normal/arm64_32/ArgumentParser.swiftmodule -serialize-diagnostics -dependency-scan-serialize-diagnostics-path /Users/admin/builder/spi-builder-workspace/.derivedData/Build/Intermediates.noindex/swift-argument-parser.build/Debug-watchos/ArgumentParser-t.build/Objects-normal/arm64_32/ArgumentParser-dependency-scan.dia -user-module-version 1.8.2 -validate-clang-modules-once -clang-build-session-file /Users/admin/builder/spi-builder-workspace/.derivedData/ModuleCache.noindex/Session.modulevalidation -Xcc -fmodules-prune-interval\=86400 -Xcc -fmodules-prune-after\=345600 -package-name swift_argument_parser -emit-const-values -const-gather-protocols-list /Users/admin/builder/spi-builder-workspace/.derivedData/Build/Intermediates.noindex/swift-argument-parser.build/Debug-watchos/ArgumentParser-t.build/Objects-normal/arm64_32/ArgumentParser_const_extract_protocols.json -Xcc -I/Users/admin/builder/spi-builder-workspace/.derivedData/Build/Products/Debug-watchos/include -Xcc -I/Users/admin/builder/spi-builder-workspace/.derivedData/Build/Intermediates.noindex/swift-argument-parser.build/Debug-watchos/ArgumentParser-t.build/DerivedSources-normal/arm64_32 -Xcc -I/Users/admin/builder/spi-builder-workspace/.derivedData/Build/Intermediates.noindex/swift-argument-parser.build/Debug-watchos/ArgumentParser-t.build/DerivedSources/arm64_32 -Xcc -I/Users/admin/builder/spi-builder-workspace/.derivedData/Build/Intermediates.noindex/swift-argument-parser.build/Debug-watchos/ArgumentParser-t.build/DerivedSources -Xcc -DSWIFT_PACKAGE -Xcc -DDEBUG\=1 -emit-objc-header -emit-objc-header-path /Users/admin/builder/spi-builder-workspace/.derivedData/Build/Intermediates.noindex/swift-argument-parser.build/Debug-watchos/ArgumentParser-t.build/Objects-normal/arm64_32/ArgumentParser-Swift.h -working-directory /Users/admin/builder/spi-builder-workspace/.swiftpm/xcode -experimental-emit-module-separately -disable-cmo
SwiftDriver ArgumentParser normal arm64 com.apple.xcode.tools.swift.compiler (in target 'ArgumentParser' from project 'swift-argument-parser')
cd /Users/admin/builder/spi-builder-workspace/.swiftpm/xcode
builtin-SwiftDriver -- /Applications/Xcode-27.0.0-Release.Candidate.app/Contents/Developer/Toolchains/XcodeDefault.xctoolchain/usr/bin/swiftc -parse-as-library -module-name ArgumentParser -Onone @/Users/admin/builder/spi-builder-workspace/.derivedData/Build/Intermediates.noindex/swift-argument-parser.build/Debug-watchos/ArgumentParser-t.build/Objects-normal/arm64/ArgumentParser.SwiftFileList -DSWIFT_PACKAGE -DDEBUG -DSWIFT_MODULE_RESOURCE_BUNDLE_UNAVAILABLE -DXcode -plugin-path /Applications/Xcode-27.0.0-Release.Candidate.app/Contents/Developer/Toolchains/XcodeDefault.xctoolchain/usr/lib/swift/host/plugins/testing -enable-experimental-feature DebugDescriptionMacro -sdk /Applications/Xcode-27.0.0-Release.Candidate.app/Contents/Developer/Platforms/WatchOS.platform/Developer/SDKs/WatchOS27.0.sdk -target arm64-apple-watchos9.0 -g -module-cache-path /Users/admin/builder/spi-builder-workspace/.derivedData/ModuleCache.noindex -Xfrontend -serialize-debugging-options -profile-coverage-mapping -profile-generate -enable-testing -suppress-warnings -index-store-path /Users/admin/builder/spi-builder-workspace/.derivedData/Index.noindex/DataStore -Xcc -D_LIBCPP_HARDENING_MODE\=_LIBCPP_HARDENING_MODE_DEBUG -swift-version 6 -I /Users/admin/builder/spi-builder-workspace/.derivedData/Build/Products/Debug-watchos -Isystem /Applications/Xcode-27.0.0-Release.Candidate.app/Contents/Developer/Platforms/WatchOS.platform/Developer/usr/lib -F /Users/admin/builder/spi-builder-workspace/.derivedData/Build/Products/Debug-watchos/PackageFrameworks -F /Users/admin/builder/spi-builder-workspace/.derivedData/Build/Products/Debug-watchos -F /Applications/Xcode-27.0.0-Release.Candidate.app/Contents/Developer/Platforms/WatchOS.platform/Developer/Library/Frameworks -F /Applications/Xcode-27.0.0-Release.Candidate.app/Contents/Developer/Platforms/WatchOS.platform/Developer/SDKs/WatchOS27.0.sdk/Developer/Library/Frameworks -c -j10 -enable-batch-mode -incremental -Xcc -ivfsstatcache -Xcc /Users/admin/builder/spi-builder-workspace/.derivedData/SDKStatCaches.noindex/watchos27.0-24R360-e829b21a6f8c9b70876ba0858053c04477534ef55a1706bf4c1112bbb242f0a2.sdkstatcache -output-file-map /Users/admin/builder/spi-builder-workspace/.derivedData/Build/Intermediates.noindex/swift-argument-parser.build/Debug-watchos/ArgumentParser-t.build/Objects-normal/arm64/ArgumentParser-OutputFileMap.json -save-temps -no-color-diagnostics -explicit-module-build -module-cache-path /Users/admin/builder/spi-builder-workspace/.derivedData/Build/Intermediates.noindex/SwiftExplicitPrecompiledModules -clang-scanner-module-cache-path /Users/admin/builder/spi-builder-workspace/.derivedData/ModuleCache.noindex -sdk-module-cache-path /Users/admin/builder/spi-builder-workspace/.derivedData/SDKExplicitPrecompiledModules -emit-dependencies -emit-module -emit-module-path /Users/admin/builder/spi-builder-workspace/.derivedData/Build/Intermediates.noindex/swift-argument-parser.build/Debug-watchos/ArgumentParser-t.build/Objects-normal/arm64/ArgumentParser.swiftmodule -serialize-diagnostics -dependency-scan-serialize-diagnostics-path /Users/admin/builder/spi-builder-workspace/.derivedData/Build/Intermediates.noindex/swift-argument-parser.build/Debug-watchos/ArgumentParser-t.build/Objects-normal/arm64/ArgumentParser-dependency-scan.dia -user-module-version 1.8.2 -validate-clang-modules-once -clang-build-session-file /Users/admin/builder/spi-builder-workspace/.derivedData/ModuleCache.noindex/Session.modulevalidation -Xcc -fmodules-prune-interval\=86400 -Xcc -fmodules-prune-after\=345600 -package-name swift_argument_parser -emit-const-values -const-gather-protocols-list /Users/admin/builder/spi-builder-workspace/.derivedData/Build/Intermediates.noindex/swift-argument-parser.build/Debug-watchos/ArgumentParser-t.build/Objects-normal/arm64/ArgumentParser_const_extract_protocols.json -Xcc -I/Users/admin/builder/spi-builder-workspace/.derivedData/Build/Products/Debug-watchos/include -Xcc -I/Users/admin/builder/spi-builder-workspace/.derivedData/Build/Intermediates.noindex/swift-argument-parser.build/Debug-watchos/ArgumentParser-t.build/DerivedSources-normal/arm64 -Xcc -I/Users/admin/builder/spi-builder-workspace/.derivedData/Build/Intermediates.noindex/swift-argument-parser.build/Debug-watchos/ArgumentParser-t.build/DerivedSources/arm64 -Xcc -I/Users/admin/builder/spi-builder-workspace/.derivedData/Build/Intermediates.noindex/swift-argument-parser.build/Debug-watchos/ArgumentParser-t.build/DerivedSources -Xcc -DSWIFT_PACKAGE -Xcc -DDEBUG\=1 -emit-objc-header -emit-objc-header-path /Users/admin/builder/spi-builder-workspace/.derivedData/Build/Intermediates.noindex/swift-argument-parser.build/Debug-watchos/ArgumentParser-t.build/Objects-normal/arm64/ArgumentParser-Swift.h -working-directory /Users/admin/builder/spi-builder-workspace/.swiftpm/xcode -experimental-emit-module-separately -disable-cmo
SwiftDriver SwiftFormat normal arm64 com.apple.xcode.tools.swift.compiler (in target 'SwiftFormat' from project 'SwiftFormat')
cd /Users/admin/builder/spi-builder-workspace/.swiftpm/xcode
builtin-SwiftDriver -- /Applications/Xcode-27.0.0-Release.Candidate.app/Contents/Developer/Toolchains/XcodeDefault.xctoolchain/usr/bin/swiftc -parse-as-library -module-name SwiftFormat -Onone @/Users/admin/builder/spi-builder-workspace/.derivedData/Build/Intermediates.noindex/SwiftFormat.build/Debug-watchos/SwiftFormat-t.build/Objects-normal/arm64/SwiftFormat.SwiftFileList -DSWIFT_PACKAGE -DDEBUG -DSWIFT_MODULE_RESOURCE_BUNDLE_UNAVAILABLE -DXcode -plugin-path /Applications/Xcode-27.0.0-Release.Candidate.app/Contents/Developer/Toolchains/XcodeDefault.xctoolchain/usr/lib/swift/host/plugins/testing -enable-experimental-feature DebugDescriptionMacro -sdk /Applications/Xcode-27.0.0-Release.Candidate.app/Contents/Developer/Platforms/WatchOS.platform/Developer/SDKs/WatchOS27.0.sdk -target arm64-apple-watchos9.0 -g -module-cache-path /Users/admin/builder/spi-builder-workspace/.derivedData/ModuleCache.noindex -Xfrontend -serialize-debugging-options -profile-coverage-mapping -profile-generate -enable-testing -suppress-warnings -index-store-path /Users/admin/builder/spi-builder-workspace/.derivedData/Index.noindex/DataStore -Xcc -D_LIBCPP_HARDENING_MODE\=_LIBCPP_HARDENING_MODE_DEBUG -swift-version 5 -I /Users/admin/builder/spi-builder-workspace/.derivedData/Build/Products/Debug-watchos -Isystem /Applications/Xcode-27.0.0-Release.Candidate.app/Contents/Developer/Platforms/WatchOS.platform/Developer/usr/lib -F /Users/admin/builder/spi-builder-workspace/.derivedData/Build/Products/Debug-watchos -F /Applications/Xcode-27.0.0-Release.Candidate.app/Contents/Developer/Platforms/WatchOS.platform/Developer/Library/Frameworks -F /Applications/Xcode-27.0.0-Release.Candidate.app/Contents/Developer/Platforms/WatchOS.platform/Developer/SDKs/WatchOS27.0.sdk/Developer/Library/Frameworks -c -j10 -enable-batch-mode -incremental -Xcc -ivfsstatcache -Xcc /Users/admin/builder/spi-builder-workspace/.derivedData/SDKStatCaches.noindex/watchos27.0-24R360-e829b21a6f8c9b70876ba0858053c04477534ef55a1706bf4c1112bbb242f0a2.sdkstatcache -output-file-map /Users/admin/builder/spi-builder-workspace/.derivedData/Build/Intermediates.noindex/SwiftFormat.build/Debug-watchos/SwiftFormat-t.build/Objects-normal/arm64/SwiftFormat-OutputFileMap.json -save-temps -no-color-diagnostics -explicit-module-build -module-cache-path /Users/admin/builder/spi-builder-workspace/.derivedData/Build/Intermediates.noindex/SwiftExplicitPrecompiledModules -clang-scanner-module-cache-path /Users/admin/builder/spi-builder-workspace/.derivedData/ModuleCache.noindex -sdk-module-cache-path /Users/admin/builder/spi-builder-workspace/.derivedData/SDKExplicitPrecompiledModules -emit-dependencies -emit-module -emit-module-path /Users/admin/builder/spi-builder-workspace/.derivedData/Build/Intermediates.noindex/SwiftFormat.build/Debug-watchos/SwiftFormat-t.build/Objects-normal/arm64/SwiftFormat.swiftmodule -serialize-diagnostics -dependency-scan-serialize-diagnostics-path /Users/admin/builder/spi-builder-workspace/.derivedData/Build/Intermediates.noindex/SwiftFormat.build/Debug-watchos/SwiftFormat-t.build/Objects-normal/arm64/SwiftFormat-dependency-scan.dia -validate-clang-modules-once -clang-build-session-file /Users/admin/builder/spi-builder-workspace/.derivedData/ModuleCache.noindex/Session.modulevalidation -Xcc -fmodules-prune-interval\=86400 -Xcc -fmodules-prune-after\=345600 -emit-const-values -const-gather-protocols-list /Users/admin/builder/spi-builder-workspace/.derivedData/Build/Intermediates.noindex/SwiftFormat.build/Debug-watchos/SwiftFormat-t.build/Objects-normal/arm64/SwiftFormat_const_extract_protocols.json -Xcc -I/Users/admin/builder/spi-builder-workspace/.derivedData/Build/Products/Debug-watchos/include -Xcc -I/Users/admin/builder/spi-builder-workspace/.derivedData/Build/Intermediates.noindex/SwiftFormat.build/Debug-watchos/SwiftFormat-t.build/DerivedSources-normal/arm64 -Xcc -I/Users/admin/builder/spi-builder-workspace/.derivedData/Build/Intermediates.noindex/SwiftFormat.build/Debug-watchos/SwiftFormat-t.build/DerivedSources/arm64 -Xcc -I/Users/admin/builder/spi-builder-workspace/.derivedData/Build/Intermediates.noindex/SwiftFormat.build/Debug-watchos/SwiftFormat-t.build/DerivedSources -Xcc -DSWIFT_PACKAGE -Xcc -DDEBUG\=1 -emit-objc-header -emit-objc-header-path /Users/admin/builder/spi-builder-workspace/.derivedData/Build/Intermediates.noindex/SwiftFormat.build/Debug-watchos/SwiftFormat-t.build/Objects-normal/arm64/SwiftFormat-Swift.h -working-directory /Users/admin/builder/spi-builder-workspace/.swiftpm/xcode -experimental-emit-module-separately -disable-cmo
SwiftCompile normal arm64 Compiling\ Data+ShellOutput.swift /Users/admin/builder/spi-builder-workspace/Sources/KippleToolsCore/Extensions/Data+ShellOutput.swift (in target 'KippleToolsCore' from project 'KippleTools')
SwiftCompile normal arm64 /Users/admin/builder/spi-builder-workspace/Sources/KippleToolsCore/Extensions/Data+ShellOutput.swift (in target 'KippleToolsCore' from project 'KippleTools')
cd /Users/admin/builder/spi-builder-workspace/.swiftpm/xcode
builtin-SwiftPerFileCompile Data+ShellOutput.swift
SwiftCompile normal arm64 Compiling\ ShellCommand+Git.swift /Users/admin/builder/spi-builder-workspace/Sources/KippleToolsCore/Extensions/ShellCommand+Git.swift (in target 'KippleToolsCore' from project 'KippleTools')
SwiftCompile normal arm64 /Users/admin/builder/spi-builder-workspace/Sources/KippleToolsCore/Extensions/ShellCommand+Git.swift (in target 'KippleToolsCore' from project 'KippleTools')
cd /Users/admin/builder/spi-builder-workspace/.swiftpm/xcode
builtin-SwiftPerFileCompile ShellCommand+Git.swift
SwiftCompile normal arm64 Compiling\ ShellError.swift /Users/admin/builder/spi-builder-workspace/Sources/KippleToolsCore/Models/ShellError.swift (in target 'KippleToolsCore' from project 'KippleTools')
SwiftCompile normal arm64 /Users/admin/builder/spi-builder-workspace/Sources/KippleToolsCore/Models/ShellError.swift (in target 'KippleToolsCore' from project 'KippleTools')
cd /Users/admin/builder/spi-builder-workspace/.swiftpm/xcode
builtin-SwiftPerFileCompile ShellError.swift
SwiftCompile normal arm64 Compiling\ ShellCommand.swift /Users/admin/builder/spi-builder-workspace/Sources/KippleToolsCore/Models/ShellCommand.swift (in target 'KippleToolsCore' from project 'KippleTools')
SwiftCompile normal arm64 /Users/admin/builder/spi-builder-workspace/Sources/KippleToolsCore/Models/ShellCommand.swift (in target 'KippleToolsCore' from project 'KippleTools')
cd /Users/admin/builder/spi-builder-workspace/.swiftpm/xcode
builtin-SwiftPerFileCompile ShellCommand.swift
SwiftEmitModule normal arm64 Emitting\ module\ for\ KippleToolsCore (in target 'KippleToolsCore' from project 'KippleTools')
/Users/admin/builder/spi-builder-workspace/Sources/KippleToolsCore/Extensions/Process+Convenience.swift:5:18: error: cannot find type 'Process' in scope
3 | import Foundation
4 |
5 | public extension Process {
| `- error: cannot find type 'Process' in scope
6 | // MARK: Properties
7 |
Failed frontend command:
/Applications/Xcode-27.0.0-Release.Candidate.app/Contents/Developer/Toolchains/XcodeDefault.xctoolchain/usr/bin/swift-frontend -frontend -emit-module -experimental-skip-non-inlinable-function-bodies-without-types /Users/admin/builder/spi-builder-workspace/Sources/KippleToolsCore/Extensions/Data+ShellOutput.swift /Users/admin/builder/spi-builder-workspace/Sources/KippleToolsCore/Extensions/Process+Convenience.swift /Users/admin/builder/spi-builder-workspace/Sources/KippleToolsCore/Extensions/ShellCommand+FileSystem.swift /Users/admin/builder/spi-builder-workspace/Sources/KippleToolsCore/Extensions/ShellCommand+Git.swift /Users/admin/builder/spi-builder-workspace/Sources/KippleToolsCore/Extensions/ShellCommand+SwiftPackageManager.swift /Users/admin/builder/spi-builder-workspace/Sources/KippleToolsCore/Helpers/Shell.swift /Users/admin/builder/spi-builder-workspace/Sources/KippleToolsCore/Models/ShellCommand.swift /Users/admin/builder/spi-builder-workspace/Sources/KippleToolsCore/Models/ShellError.swift /Users/admin/builder/spi-builder-workspace/Sources/KippleToolsCore/Protocols/VerboseLogging.swift -target arm64-apple-watchos9.0 -disable-cross-import-overlay-search -load-resolved-plugin /Applications/Xcode-27.0.0-Release.Candidate.app/Contents/Developer/Platforms/WatchOS.platform/Developer/usr/lib/swift/host/plugins/libFoundationMacros.dylib\#/Applications/Xcode-27.0.0-Release.Candidate.app/Contents/Developer/Platforms/WatchOS.platform/Developer/usr/bin/swift-plugin-server\#FoundationMacros -load-resolved-plugin /Applications/Xcode-27.0.0-Release.Candidate.app/Contents/Developer/Platforms/WatchOS.platform/Developer/usr/lib/swift/host/plugins/libObservationMacros.dylib\#/Applications/Xcode-27.0.0-Release.Candidate.app/Contents/Developer/Platforms/WatchOS.platform/Developer/usr/bin/swift-plugin-server\#ObservationMacros -load-resolved-plugin /Applications/Xcode-27.0.0-Release.Candidate.app/Contents/Developer/Platforms/WatchOS.platform/Developer/usr/lib/swift/host/plugins/libSwiftMacros.dylib\#/Applications/Xcode-27.0.0-Release.Candidate.app/Contents/Developer/Platforms/WatchOS.platform/Developer/usr/bin/swift-plugin-server\#SwiftMacros -disable-implicit-swift-modules -Xcc -fno-implicit-modules -Xcc -fno-implicit-module-maps -explicit-swift-module-map-file /Users/admin/builder/spi-builder-workspace/.derivedData/Build/Intermediates.noindex/KippleTools.build/Debug-watchos/KippleToolsCore-t.build/Objects-normal/arm64/KippleToolsCore-dependencies-1.json -Xllvm -aarch64-use-tbi -enable-objc-interop -stack-check -sdk /Applications/Xcode-27.0.0-Release.Candidate.app/Contents/Developer/Platforms/WatchOS.platform/Developer/SDKs/WatchOS27.0.sdk -I /Users/admin/builder/spi-builder-workspace/.derivedData/Build/Products/Debug-watchos -Isystem /Applications/Xcode-27.0.0-Release.Candidate.app/Contents/Developer/Platforms/WatchOS.platform/Developer/usr/lib -F /Users/admin/builder/spi-builder-workspace/.derivedData/Build/Products/Debug-watchos/PackageFrameworks -F /Users/admin/builder/spi-builder-workspace/.derivedData/Build/Products/Debug-watchos -F /Applications/Xcode-27.0.0-Release.Candidate.app/Contents/Developer/Platforms/WatchOS.platform/Developer/Library/Frameworks -F /Applications/Xcode-27.0.0-Release.Candidate.app/Contents/Developer/Platforms/WatchOS.platform/Developer/SDKs/WatchOS27.0.sdk/Developer/Library/Frameworks -module-cache-path /Users/admin/builder/spi-builder-workspace/.derivedData/Build/Intermediates.noindex/SwiftExplicitPrecompiledModules -no-color-diagnostics -Xcc -fno-color-diagnostics -enable-testing -g -debug-info-format\=dwarf -dwarf-version\=4 -profile-generate -profile-coverage-mapping -swift-version 5 -Onone -D SWIFT_PACKAGE -D DEBUG -D SWIFT_MODULE_RESOURCE_BUNDLE_UNAVAILABLE -D Xcode -serialize-debugging-options -enable-experimental-feature DebugDescriptionMacro -empty-abi-descriptor -validate-clang-modules-once -clang-build-session-file /Users/admin/builder/spi-builder-workspace/.derivedData/ModuleCache.noindex/Session.modulevalidation -Xcc -working-directory -Xcc /Users/admin/builder/spi-builder-workspace/.swiftpm/xcode -enable-anonymous-context-mangled-names -file-compilation-dir /Users/admin/builder/spi-builder-workspace/.swiftpm/xcode -Xcc -D_LIBCPP_HARDENING_MODE\=_LIBCPP_HARDENING_MODE_DEBUG -Xcc -ivfsstatcache -Xcc /Users/admin/builder/spi-builder-workspace/.derivedData/SDKStatCaches.noindex/watchos27.0-24R360-e829b21a6f8c9b70876ba0858053c04477534ef55a1706bf4c1112bbb242f0a2.sdkstatcache -Xcc -fmodules-prune-interval\=86400 -Xcc -fmodules-prune-after\=345600 -Xcc -I/Users/admin/builder/spi-builder-workspace/.derivedData/Build/Products/Debug-watchos/include -Xcc -I/Users/admin/builder/spi-builder-workspace/.derivedData/Build/Intermediates.noindex/KippleTools.build/Debug-watchos/KippleToolsCore-t.build/DerivedSources-normal/arm64 -Xcc -I/Users/admin/builder/spi-builder-workspace/.derivedData/Build/Intermediates.noindex/KippleTools.build/Debug-watchos/KippleToolsCore-t.build/DerivedSources/arm64 -Xcc -I/Users/admin/builder/spi-builder-workspace/.derivedData/Build/Intermediates.noindex/KippleTools.build/Debug-watchos/KippleToolsCore-t.build/DerivedSources -Xcc -DSWIFT_PACKAGE -Xcc -DDEBUG\=1 -no-auto-bridging-header-chaining -module-name KippleToolsCore -const-gather-protocols-file /Users/admin/builder/spi-builder-workspace/.derivedData/Build/Intermediates.noindex/KippleTools.build/Debug-watchos/KippleToolsCore-t.build/Objects-normal/arm64/KippleToolsCore_const_extract_protocols.json -disable-clang-spi -clang-target arm64-apple-watchos27.0 -target-sdk-version 27.0 -target-sdk-name watchos27.0 -in-process-plugin-server-path /Applications/Xcode-27.0.0-Release.Candidate.app/Contents/Developer/Toolchains/XcodeDefault.xctoolchain/usr/lib/swift/host/libSwiftInProcPluginServer.dylib -emit-module-doc-path /Users/admin/builder/spi-builder-workspace/.derivedData/Build/Intermediates.noindex/KippleTools.build/Debug-watchos/KippleToolsCore-t.build/Objects-normal/arm64/KippleToolsCore.swiftdoc -emit-module-source-info-path /Users/admin/builder/spi-builder-workspace/.derivedData/Build/Intermediates.noindex/KippleTools.build/Debug-watchos/KippleToolsCore-t.build/Objects-normal/arm64/KippleToolsCore.swiftsourceinfo -emit-objc-header-path /Users/admin/builder/spi-builder-workspace/.derivedData/Build/Intermediates.noindex/KippleTools.build/Debug-watchos/KippleToolsCore-t.build/Objects-normal/arm64/KippleToolsCore-Swift.h -serialize-diagnostics-path /Users/admin/builder/spi-builder-workspace/.derivedData/Build/Intermediates.noindex/KippleTools.build/Debug-watchos/KippleToolsCore-t.build/Objects-normal/arm64/KippleToolsCore-primary-emit-module.dia -emit-dependencies-path /Users/admin/builder/spi-builder-workspace/.derivedData/Build/Intermediates.noindex/KippleTools.build/Debug-watchos/KippleToolsCore-t.build/Objects-normal/arm64/KippleToolsCore-primary-emit-module.d -parse-as-library -o /Users/admin/builder/spi-builder-workspace/.derivedData/Build/Intermediates.noindex/KippleTools.build/Debug-watchos/KippleToolsCore-t.build/Objects-normal/arm64/KippleToolsCore.swiftmodule -emit-abi-descriptor-path /Users/admin/builder/spi-builder-workspace/.derivedData/Build/Intermediates.noindex/KippleTools.build/Debug-watchos/KippleToolsCore-t.build/Objects-normal/arm64/KippleToolsCore.abi.json
SwiftCompile normal arm64 (in target 'KippleToolsCore' from project 'KippleTools')
cd /Users/admin/builder/spi-builder-workspace/.swiftpm/xcode
SwiftEmitModule normal arm64_32 Emitting\ module\ for\ KippleToolsCore (in target 'KippleToolsCore' from project 'KippleTools')
/Users/admin/builder/spi-builder-workspace/Sources/KippleToolsCore/Extensions/Process+Convenience.swift:5:18: error: cannot find type 'Process' in scope
3 | import Foundation
4 |
5 | public extension Process {
| `- error: cannot find type 'Process' in scope
6 | // MARK: Properties
7 |
Failed frontend command:
/Applications/Xcode-27.0.0-Release.Candidate.app/Contents/Developer/Toolchains/XcodeDefault.xctoolchain/usr/bin/swift-frontend -frontend -emit-module -experimental-skip-non-inlinable-function-bodies-without-types /Users/admin/builder/spi-builder-workspace/Sources/KippleToolsCore/Extensions/Data+ShellOutput.swift /Users/admin/builder/spi-builder-workspace/Sources/KippleToolsCore/Extensions/Process+Convenience.swift /Users/admin/builder/spi-builder-workspace/Sources/KippleToolsCore/Extensions/ShellCommand+FileSystem.swift /Users/admin/builder/spi-builder-workspace/Sources/KippleToolsCore/Extensions/ShellCommand+Git.swift /Users/admin/builder/spi-builder-workspace/Sources/KippleToolsCore/Extensions/ShellCommand+SwiftPackageManager.swift /Users/admin/builder/spi-builder-workspace/Sources/KippleToolsCore/Helpers/Shell.swift /Users/admin/builder/spi-builder-workspace/Sources/KippleToolsCore/Models/ShellCommand.swift /Users/admin/builder/spi-builder-workspace/Sources/KippleToolsCore/Models/ShellError.swift /Users/admin/builder/spi-builder-workspace/Sources/KippleToolsCore/Protocols/VerboseLogging.swift -target arm64_32-apple-watchos9.0 -disable-cross-import-overlay-search -load-resolved-plugin /Applications/Xcode-27.0.0-Release.Candidate.app/Contents/Developer/Platforms/WatchOS.platform/Developer/usr/lib/swift/host/plugins/libFoundationMacros.dylib\#/Applications/Xcode-27.0.0-Release.Candidate.app/Contents/Developer/Platforms/WatchOS.platform/Developer/usr/bin/swift-plugin-server\#FoundationMacros -load-resolved-plugin /Applications/Xcode-27.0.0-Release.Candidate.app/Contents/Developer/Platforms/WatchOS.platform/Developer/usr/lib/swift/host/plugins/libObservationMacros.dylib\#/Applications/Xcode-27.0.0-Release.Candidate.app/Contents/Developer/Platforms/WatchOS.platform/Developer/usr/bin/swift-plugin-server\#ObservationMacros -load-resolved-plugin /Applications/Xcode-27.0.0-Release.Candidate.app/Contents/Developer/Platforms/WatchOS.platform/Developer/usr/lib/swift/host/plugins/libSwiftMacros.dylib\#/Applications/Xcode-27.0.0-Release.Candidate.app/Contents/Developer/Platforms/WatchOS.platform/Developer/usr/bin/swift-plugin-server\#SwiftMacros -disable-implicit-swift-modules -Xcc -fno-implicit-modules -Xcc -fno-implicit-module-maps -explicit-swift-module-map-file /Users/admin/builder/spi-builder-workspace/.derivedData/Build/Intermediates.noindex/KippleTools.build/Debug-watchos/KippleToolsCore-t.build/Objects-normal/arm64_32/KippleToolsCore-dependencies-2.json -enable-objc-interop -sdk /Applications/Xcode-27.0.0-Release.Candidate.app/Contents/Developer/Platforms/WatchOS.platform/Developer/SDKs/WatchOS27.0.sdk -I /Users/admin/builder/spi-builder-workspace/.derivedData/Build/Products/Debug-watchos -Isystem /Applications/Xcode-27.0.0-Release.Candidate.app/Contents/Developer/Platforms/WatchOS.platform/Developer/usr/lib -F /Users/admin/builder/spi-builder-workspace/.derivedData/Build/Products/Debug-watchos/PackageFrameworks -F /Users/admin/builder/spi-builder-workspace/.derivedData/Build/Products/Debug-watchos -F /Applications/Xcode-27.0.0-Release.Candidate.app/Contents/Developer/Platforms/WatchOS.platform/Developer/Library/Frameworks -F /Applications/Xcode-27.0.0-Release.Candidate.app/Contents/Developer/Platforms/WatchOS.platform/Developer/SDKs/WatchOS27.0.sdk/Developer/Library/Frameworks -module-cache-path /Users/admin/builder/spi-builder-workspace/.derivedData/Build/Intermediates.noindex/SwiftExplicitPrecompiledModules -no-color-diagnostics -Xcc -fno-color-diagnostics -enable-testing -g -debug-info-format\=dwarf -dwarf-version\=4 -profile-generate -profile-coverage-mapping -swift-version 5 -Onone -D SWIFT_PACKAGE -D DEBUG -D SWIFT_MODULE_RESOURCE_BUNDLE_UNAVAILABLE -D Xcode -serialize-debugging-options -enable-experimental-feature DebugDescriptionMacro -empty-abi-descriptor -validate-clang-modules-once -clang-build-session-file /Users/admin/builder/spi-builder-workspace/.derivedData/ModuleCache.noindex/Session.modulevalidation -Xcc -working-directory -Xcc /Users/admin/builder/spi-builder-workspace/.swiftpm/xcode -enable-anonymous-context-mangled-names -file-compilation-dir /Users/admin/builder/spi-builder-workspace/.swiftpm/xcode -Xcc -D_LIBCPP_HARDENING_MODE\=_LIBCPP_HARDENING_MODE_DEBUG -Xcc -ivfsstatcache -Xcc /Users/admin/builder/spi-builder-workspace/.derivedData/SDKStatCaches.noindex/watchos27.0-24R360-e829b21a6f8c9b70876ba0858053c04477534ef55a1706bf4c1112bbb242f0a2.sdkstatcache -Xcc -fmodules-prune-interval\=86400 -Xcc -fmodules-prune-after\=345600 -Xcc -I/Users/admin/builder/spi-builder-workspace/.derivedData/Build/Products/Debug-watchos/include -Xcc -I/Users/admin/builder/spi-builder-workspace/.derivedData/Build/Intermediates.noindex/KippleTools.build/Debug-watchos/KippleToolsCore-t.build/DerivedSources-normal/arm64_32 -Xcc -I/Users/admin/builder/spi-builder-workspace/.derivedData/Build/Intermediates.noindex/KippleTools.build/Debug-watchos/KippleToolsCore-t.build/DerivedSources/arm64_32 -Xcc -I/Users/admin/builder/spi-builder-workspace/.derivedData/Build/Intermediates.noindex/KippleTools.build/Debug-watchos/KippleToolsCore-t.build/DerivedSources -Xcc -DSWIFT_PACKAGE -Xcc -DDEBUG\=1 -no-auto-bridging-header-chaining -module-name KippleToolsCore -const-gather-protocols-file /Users/admin/builder/spi-builder-workspace/.derivedData/Build/Intermediates.noindex/KippleTools.build/Debug-watchos/KippleToolsCore-t.build/Objects-normal/arm64_32/KippleToolsCore_const_extract_protocols.json -disable-clang-spi -clang-target arm64_32-apple-watchos27.0 -target-sdk-version 27.0 -target-sdk-name watchos27.0 -in-process-plugin-server-path /Applications/Xcode-27.0.0-Release.Candidate.app/Contents/Developer/Toolchains/XcodeDefault.xctoolchain/usr/lib/swift/host/libSwiftInProcPluginServer.dylib -emit-module-doc-path /Users/admin/builder/spi-builder-workspace/.derivedData/Build/Intermediates.noindex/KippleTools.build/Debug-watchos/KippleToolsCore-t.build/Objects-normal/arm64_32/KippleToolsCore.swiftdoc -emit-module-source-info-path /Users/admin/builder/spi-builder-workspace/.derivedData/Build/Intermediates.noindex/KippleTools.build/Debug-watchos/KippleToolsCore-t.build/Objects-normal/arm64_32/KippleToolsCore.swiftsourceinfo -emit-objc-header-path /Users/admin/builder/spi-builder-workspace/.derivedData/Build/Intermediates.noindex/KippleTools.build/Debug-watchos/KippleToolsCore-t.build/Objects-normal/arm64_32/KippleToolsCore-Swift.h -serialize-diagnostics-path /Users/admin/builder/spi-builder-workspace/.derivedData/Build/Intermediates.noindex/KippleTools.build/Debug-watchos/KippleToolsCore-t.build/Objects-normal/arm64_32/KippleToolsCore-primary-emit-module.dia -emit-dependencies-path /Users/admin/builder/spi-builder-workspace/.derivedData/Build/Intermediates.noindex/KippleTools.build/Debug-watchos/KippleToolsCore-t.build/Objects-normal/arm64_32/KippleToolsCore-primary-emit-module.d -parse-as-library -o /Users/admin/builder/spi-builder-workspace/.derivedData/Build/Intermediates.noindex/KippleTools.build/Debug-watchos/KippleToolsCore-t.build/Objects-normal/arm64_32/KippleToolsCore.swiftmodule -emit-abi-descriptor-path /Users/admin/builder/spi-builder-workspace/.derivedData/Build/Intermediates.noindex/KippleTools.build/Debug-watchos/KippleToolsCore-t.build/Objects-normal/arm64_32/KippleToolsCore.abi.json
SwiftCompile normal arm64_32 (in target 'KippleToolsCore' from project 'KippleTools')
cd /Users/admin/builder/spi-builder-workspace/.swiftpm/xcode
SwiftCompile normal arm64_32 Compiling\ ShellCommand.swift /Users/admin/builder/spi-builder-workspace/Sources/KippleToolsCore/Models/ShellCommand.swift (in target 'KippleToolsCore' from project 'KippleTools')
SwiftCompile normal arm64_32 /Users/admin/builder/spi-builder-workspace/Sources/KippleToolsCore/Models/ShellCommand.swift (in target 'KippleToolsCore' from project 'KippleTools')
cd /Users/admin/builder/spi-builder-workspace/.swiftpm/xcode
builtin-SwiftPerFileCompile ShellCommand.swift
SwiftCompile normal arm64 Compiling\ ShellCommand+SwiftPackageManager.swift /Users/admin/builder/spi-builder-workspace/Sources/KippleToolsCore/Extensions/ShellCommand+SwiftPackageManager.swift (in target 'KippleToolsCore' from project 'KippleTools')
SwiftCompile normal arm64 /Users/admin/builder/spi-builder-workspace/Sources/KippleToolsCore/Extensions/ShellCommand+SwiftPackageManager.swift (in target 'KippleToolsCore' from project 'KippleTools')
cd /Users/admin/builder/spi-builder-workspace/.swiftpm/xcode
builtin-SwiftPerFileCompile ShellCommand+SwiftPackageManager.swift
SwiftEmitModule normal arm64_32 Emitting\ module\ for\ ArgumentParser (in target 'ArgumentParser' from project 'swift-argument-parser')
SwiftCompile normal arm64_32 (in target 'ArgumentParser' from project 'swift-argument-parser')
cd /Users/admin/builder/spi-builder-workspace/.swiftpm/xcode
SwiftDriverJobDiscovery normal arm64 Compiling ShellError.swift (in target 'KippleToolsCore' from project 'KippleTools')
SwiftEmitModule normal arm64 Emitting\ module\ for\ ArgumentParser (in target 'ArgumentParser' from project 'swift-argument-parser')
SwiftCompile normal arm64 (in target 'ArgumentParser' from project 'swift-argument-parser')
cd /Users/admin/builder/spi-builder-workspace/.swiftpm/xcode
PruneExplicitPrecompiledModules /Users/admin/builder/spi-builder-workspace/.derivedData/Build/Intermediates.noindex/ExplicitPrecompiledModules
PruneExplicitPrecompiledModules /Users/admin/builder/spi-builder-workspace/.derivedData/Build/Intermediates.noindex/SwiftExplicitPrecompiledModules
PruneExplicitPrecompiledModules /Users/admin/builder/spi-builder-workspace/.derivedData/SDKExplicitPrecompiledModules
2026-09-20 14:15:17.977 xcodebuild[1015:6609] [MT] IDERunDestination: Supported platforms for the buildables in the current scheme is empty.
** BUILD FAILED **
The following build commands failed:
SwiftEmitModule normal arm64 Emitting\ module\ for\ KippleToolsCore (in target 'KippleToolsCore' from project 'KippleTools')
SwiftCompile normal arm64 (in target 'KippleToolsCore' from project 'KippleTools')
SwiftEmitModule normal arm64_32 Emitting\ module\ for\ KippleToolsCore (in target 'KippleToolsCore' from project 'KippleTools')
SwiftCompile normal arm64_32 (in target 'KippleToolsCore' from project 'KippleTools')
Building workspace KippleTools with scheme KippleTools-Package
(5 failures)
BUILD FAILURE 6.4 watchOS