Build Information
Failed to build swift-evals, reference 0.0.1 (6a5cf1), with Swift 6.4 for watchOS using Xcode 27.0 on 22 Sep 2026 15:10:17 UTC.
Build Command
No build command. This typically means the build failed at an early stage where we determine the build command.Build Log
========================================
RunAll
========================================
Builder version: 5.1.0
Interrupt handler set up.
========================================
Checkout
========================================
Clone URL: https://github.com/ltloop/swift-evals.git
Reference: 0.0.1
Initialized empty Git repository in /Users/admin/builder/spi-builder-workspace/.git/
From https://github.com/ltloop/swift-evals
* tag 0.0.1 -> FETCH_HEAD
HEAD is now at 6a5cf1f fixes
Cloned https://github.com/ltloop/swift-evals.git
Revision (git rev-parse @):
6a5cf1fe37476b0d8ea5d767b8a58dafafda22e3
SUCCESS checkout https://github.com/ltloop/swift-evals.git at 0.0.1
========================================
Build
========================================
Selected platform: watchOS
Swift version: 6.4
Building package at path: $PWD
https://github.com/ltloop/swift-evals.git
Command line invocation:
/Applications/Xcode-27.0.0-Release.Candidate.app/Contents/Developer/usr/bin/xcodebuild -IDEClonedSourcePackagesDirPathOverride=/Users/admin/builder/spi-builder-workspace/.dependencies -resolvePackageDependencies
Resolve Package Graph
the package at '/Users/admin/builder/swift-evals' cannot be accessed (/Users/admin/builder/swift-evals doesn't exist in file system)
Resolve Package Graph
the package at '/Users/admin/builder/swift-evals' cannot be accessed (/Users/admin/builder/swift-evals doesn't exist in file system)
Resolved source packages:
spi-builder-workspace: (null)
2026-09-22 11:10:10.953 xcodebuild[524:3002] [MT] IDERunDestination: Supported platforms for the buildables in the current scheme is empty.
2026-09-22 11:10:11.099 xcodebuild[524:3002] [MT] IDERunDestination: Supported platforms for the buildables in the current scheme is empty.
2026-09-22 11:10:12.627 xcodebuild[524:3002] [MT] IDERunDestination: Supported platforms for the buildables in the current scheme is empty.
2026-09-22 11:10:16.575 xcodebuild[524:3002] Writing error result bundle to /var/folders/xq/y_g06wb113726d38xsyx71_h0000gn/T/ResultBundle_2026-22-09_11-10-0016.xcresult
xcodebuild: error: Could not resolve package dependencies:
the package at '/Users/admin/builder/swift-evals' cannot be accessed (/Users/admin/builder/swift-evals doesn't exist in file system)
Command line invocation:
/Applications/Xcode-27.0.0-Release.Candidate.app/Contents/Developer/usr/bin/xcodebuild -IDEClonedSourcePackagesDirPathOverride=/Users/admin/builder/spi-builder-workspace/.dependencies -resolvePackageDependencies
Resolve Package Graph
the package at '/Users/admin/builder/swift-evals' cannot be accessed (/Users/admin/builder/swift-evals doesn't exist in file system)
Resolved source packages:
spi-builder-workspace: (null)
2026-09-22 11:10:17.493 xcodebuild[594:3605] [MT] IDERunDestination: Supported platforms for the buildables in the current scheme is empty.
2026-09-22 11:10:17.595 xcodebuild[594:3605] [MT] IDERunDestination: Supported platforms for the buildables in the current scheme is empty.
2026-09-22 11:10:17.626 xcodebuild[594:3605] Writing error result bundle to /var/folders/xq/y_g06wb113726d38xsyx71_h0000gn/T/ResultBundle_2026-22-09_11-10-0017.xcresult
xcodebuild: error: Could not resolve package dependencies:
the package at '/Users/admin/builder/swift-evals' cannot be accessed (/Users/admin/builder/swift-evals doesn't exist in file system)
BUILD FAILURE 6.4 watchOS