Build Information
Failed to build swift-persistence-postgres, reference 0.2.2 (6991d6), with Swift 6.1 for tvOS using Xcode 16.3 on 5 Oct 2026 17:59:32 UTC.
Build Command
No build command. This typically means the build failed at an early stage where we determine the build command.Build Log
========================================
RunAll
========================================
Builder version: 5.1.1
Interrupt handler set up.
========================================
Checkout
========================================
Clone URL: https://github.com/swift-microservices/swift-persistence-postgres.git
Reference: 0.2.2
Initialized empty Git repository in /Users/admin/builder/spi-builder-workspace/.git/
From https://github.com/swift-microservices/swift-persistence-postgres
* tag 0.2.2 -> FETCH_HEAD
HEAD is now at 6991d69 Fix the settings and RLS examples, and fail database tests without a database (#7)
Cloned https://github.com/swift-microservices/swift-persistence-postgres.git
Revision (git rev-parse @):
6991d69fbfcadee658939cd1c06c33d9710de286
SPI manifest file found: $PWD/.spi.yml
SUCCESS checkout https://github.com/swift-microservices/swift-persistence-postgres.git at 0.2.2
========================================
Build
========================================
Selected platform: tvOS
Swift version: 6.1
Building package at path: $PWD
https://github.com/swift-microservices/swift-persistence-postgres.git
https://github.com/swift-microservices/swift-persistence-postgres.git
error: 'spi-builder-workspace': package 'spi-builder-workspace' is using Swift tools version 6.3.0 but the installed version is 6.1.0
error: fatalError
Command line invocation:
/Applications/Xcode-16.3.0.app/Contents/Developer/usr/bin/xcodebuild -IDEClonedSourcePackagesDirPathOverride=/Users/admin/builder/spi-builder-workspace/.dependencies -resolvePackageDependencies
Resolve Package Graph
package 'spi-builder-workspace' is using Swift tools version 6.3.0 but the installed version is 6.1.0
Resolved source packages:
spi-builder-workspace: (null)
2026-10-05 10:59:31.901 xcodebuild[506:2906] Writing error result bundle to /var/folders/5k/5yc19ymj0jqd5v0zvgfqz0xw0000gn/T/ResultBundle_2026-05-10_10-59-0031.xcresult
xcodebuild: error: Could not resolve package dependencies:
package 'spi-builder-workspace' is using Swift tools version 6.3.0 but the installed version is 6.1.0
Command line invocation:
/Applications/Xcode-16.3.0.app/Contents/Developer/usr/bin/xcodebuild -IDEClonedSourcePackagesDirPathOverride=/Users/admin/builder/spi-builder-workspace/.dependencies -resolvePackageDependencies
Resolve Package Graph
package 'spi-builder-workspace' is using Swift tools version 6.3.0 but the installed version is 6.1.0
Resolved source packages:
spi-builder-workspace: (null)
2026-10-05 10:59:32.624 xcodebuild[514:2974] Writing error result bundle to /var/folders/5k/5yc19ymj0jqd5v0zvgfqz0xw0000gn/T/ResultBundle_2026-05-10_10-59-0032.xcresult
xcodebuild: error: Could not resolve package dependencies:
package 'spi-builder-workspace' is using Swift tools version 6.3.0 but the installed version is 6.1.0
BUILD FAILURE 6.1 tvOS