Build Information
Failed to build SafeDeleteRow, reference 1.0.0 (f7cc0e), with Swift 6.2 for watchOS using Xcode 26.3 on 28 Jun 2026 10:11:24 UTC.
Build Command
No build command. This typically means the build failed at an early stage where we determine the build command.Build Log
========================================
RunAll
========================================
Builder version: undefined version: run 'make version' to update
Interrupt handler set up.
========================================
Checkout
========================================
Clone URL: https://github.com/CostinDragos/SafeDeleteRow.git
Reference: 1.0.0
Initialized empty Git repository in /Users/admin/builder/spi-builder-workspace/.git/
From https://github.com/CostinDragos/SafeDeleteRow
* tag 1.0.0 -> FETCH_HEAD
HEAD is now at f7cc0ed Added the platforms in the package, removed the available attribute. Implemented initialization tests.
Cloned https://github.com/CostinDragos/SafeDeleteRow.git
Revision (git rev-parse @):
f7cc0ed17cd6456d759f01db92d40f701fbccb13
SUCCESS checkout https://github.com/CostinDragos/SafeDeleteRow.git at 1.0.0
========================================
Build
========================================
Selected platform: watchOS
Swift version: 6.2
Building package at path: $PWD
https://github.com/CostinDragos/SafeDeleteRow.git
Command line invocation:
/Applications/Xcode-26.3.0.app/Contents/Developer/usr/bin/xcodebuild -IDEClonedSourcePackagesDirPathOverride=/Users/admin/builder/spi-builder-workspace/.dependencies -resolvePackageDependencies
Resolve Package Graph
package 'spi-builder-workspace' is using Swift tools version 6.3.1 but the installed version is 6.2.4
Resolved source packages:
spi-builder-workspace: (null)
2026-06-28 06:11:23.970 xcodebuild[532:3061] Writing error result bundle to /var/folders/xq/y_g06wb113726d38xsyx71_h0000gn/T/ResultBundle_2026-28-06_06-11-0023.xcresult
xcodebuild: error: Could not resolve package dependencies:
package 'spi-builder-workspace' is using Swift tools version 6.3.1 but the installed version is 6.2.4
Command line invocation:
/Applications/Xcode-26.3.0.app/Contents/Developer/usr/bin/xcodebuild -IDEClonedSourcePackagesDirPathOverride=/Users/admin/builder/spi-builder-workspace/.dependencies -resolvePackageDependencies
Resolve Package Graph
package 'spi-builder-workspace' is using Swift tools version 6.3.1 but the installed version is 6.2.4
Resolved source packages:
spi-builder-workspace: (null)
2026-06-28 06:11:24.842 xcodebuild[596:3602] Writing error result bundle to /var/folders/xq/y_g06wb113726d38xsyx71_h0000gn/T/ResultBundle_2026-28-06_06-11-0024.xcresult
xcodebuild: error: Could not resolve package dependencies:
package 'spi-builder-workspace' is using Swift tools version 6.3.1 but the installed version is 6.2.4
BUILD FAILURE 6.2 watchOS