The Swift Package Index logo.Swift Package Index

Track the adoption of Swift 6 strict concurrency checks for data race safety. How many packages are Ready for Swift 6?

Build Information

Failed to build VaporFluentDriver with Swift 5.10 for Linux.

Build Command

bash -c docker run --rm -v "checkouts-4609320-1":/host -w "$workDir" registry.gitlab.com/finestructure/spi-images:basic-5.10-latest swift build 2>&1

Build Log

========================================
RunAll
========================================
Builder version: 4.29.0
Interrupt handler set up.
========================================
Checkout
========================================
Clone URL: https://github.com/SwifQL/VaporFluentDriver.git
Reference: master
Initialized empty Git repository in /host/spi-builder-workspace/.git/
hint: Using 'master' as the name for the initial branch. This default branch name
hint: is subject to change. To configure the initial branch name to use in all
hint: of your new repositories, which will suppress this warning, call:
hint:
hint: 	git config --global init.defaultBranch <name>
hint:
hint: Names commonly chosen instead of 'master' are 'main', 'trunk' and
hint: 'development'. The just-created branch can be renamed via this command:
hint:
hint: 	git branch -m <name>
From https://github.com/SwifQL/VaporFluentDriver
 * branch            master     -> FETCH_HEAD
 * [new branch]      master     -> origin/master
HEAD is now at a876221 Update SwifQLVaporTests.swift
Cloned https://github.com/SwifQL/VaporFluentDriver.git
Revision (git rev-parse @):
a8762210e276308cb4f0d5f021880b7c9b6576f1
SUCCESS checkout https://github.com/SwifQL/VaporFluentDriver.git at master
========================================
Build
========================================
Selected platform:         linux
Swift version:             5.10
Building package at path:  $workDir
https://github.com/SwifQL/VaporFluentDriver.git
Running build ...
bash -c docker run --rm -v "checkouts-4609320-1":/host -w "$workDir" registry.gitlab.com/finestructure/spi-images:basic-5.10-latest swift build 2>&1
Fetching https://github.com/vapor/vapor.git
Fetching https://github.com/MihaelIsaev/SwifQL.git
Fetching https://github.com/vapor/fluent-mysql-driver.git
Fetching https://github.com/vapor/fluent-postgres-driver.git
Fetching https://github.com/MihaelIsaev/SwifQLNIO.git
Fetching https://github.com/vapor/fluent.git
[1/103] Fetching swifqlnio
[8/2640] Fetching swifqlnio, fluent-postgres-driver
[1208/4946] Fetching swifqlnio, fluent-postgres-driver, swifql
[1651/7592] Fetching swifqlnio, fluent-postgres-driver, swifql, fluent-mysql-driver
[2354/20897] Fetching swifqlnio, fluent-postgres-driver, swifql, fluent-mysql-driver, fluent
Fetched https://github.com/MihaelIsaev/SwifQLNIO.git from cache (0.34s)
Fetched https://github.com/vapor/fluent-mysql-driver.git from cache (0.34s)
Fetched https://github.com/MihaelIsaev/SwifQL.git from cache (0.36s)
[7993/15842] Fetching fluent-postgres-driver, fluent
[13182/83130] Fetching fluent-postgres-driver, fluent, vapor
Fetched https://github.com/vapor/fluent.git from cache (0.68s)
[15995/69825] Fetching fluent-postgres-driver, vapor
Fetched https://github.com/vapor/fluent-postgres-driver.git from cache (1.99s)
Fetched https://github.com/vapor/vapor.git from cache (2.02s)
Computing version for https://github.com/MihaelIsaev/SwifQLNIO.git
Computed https://github.com/MihaelIsaev/SwifQLNIO.git at 2.2.0 (0.45s)
Fetching https://github.com/apple/swift-nio.git
[1/64498] Fetching swift-nio
Fetched https://github.com/apple/swift-nio.git from cache (4.64s)
Computing version for https://github.com/MihaelIsaev/SwifQL.git
Computed https://github.com/MihaelIsaev/SwifQL.git at 1.6.0 (1.34s)
Computing version for https://github.com/vapor/fluent-mysql-driver.git
Computed https://github.com/vapor/fluent-mysql-driver.git at 4.4.0 (0.55s)
Fetching https://github.com/vapor/mysql-kit.git
Fetching https://github.com/apple/swift-log.git
Fetching https://github.com/vapor/fluent-kit.git
[1/4981] Fetching mysql-kit
[2542/8151] Fetching mysql-kit, swift-log
[8152/19532] Fetching mysql-kit, swift-log, fluent-kit
Fetched https://github.com/vapor/mysql-kit.git from cache (0.55s)
Fetched https://github.com/apple/swift-log.git from cache (0.56s)
Fetched https://github.com/vapor/fluent-kit.git from cache (0.56s)
Computing version for https://github.com/vapor/mysql-kit.git
Computed https://github.com/vapor/mysql-kit.git at 4.7.2 (0.65s)
Fetching https://github.com/apple/swift-crypto.git
Fetching https://github.com/apple/swift-nio-ssl.git
Fetching https://github.com/vapor/async-kit.git
Fetching https://github.com/vapor/sql-kit.git
Fetching https://github.com/vapor/mysql-nio.git
[1/2014] Fetching mysql-nio
[2015/6979] Fetching mysql-nio, sql-kit
[2065/9314] Fetching mysql-nio, sql-kit, async-kit
[9315/16715] Fetching mysql-nio, sql-kit, async-kit, swift-crypto
[9908/28862] Fetching mysql-nio, sql-kit, async-kit, swift-crypto, swift-nio-ssl
Fetched https://github.com/vapor/async-kit.git from cache (0.43s)
Fetched https://github.com/vapor/mysql-nio.git from cache (0.44s)
[6995/24513] Fetching sql-kit, swift-crypto, swift-nio-ssl
Fetched https://github.com/vapor/sql-kit.git from cache (1.84s)
Fetched https://github.com/apple/swift-nio-ssl.git from cache (1.87s)
Fetched https://github.com/apple/swift-crypto.git from cache (1.87s)
Computing version for https://github.com/vapor/sql-kit.git
Computed https://github.com/vapor/sql-kit.git at 3.28.0 (0.47s)
Computing version for https://github.com/apple/swift-log.git
Computed https://github.com/apple/swift-log.git at 1.5.4 (0.46s)
Computing version for https://github.com/vapor/fluent-kit.git
Computed https://github.com/vapor/fluent-kit.git at 1.47.0 (0.55s)
Computing version for https://github.com/vapor/async-kit.git
Computed https://github.com/vapor/async-kit.git at 1.19.0 (0.73s)
Fetching https://github.com/apple/swift-algorithms.git
Fetching https://github.com/apple/swift-collections.git
[1/5180] Fetching swift-algorithms
[4922/18926] Fetching swift-algorithms, swift-collections
Fetched https://github.com/apple/swift-algorithms.git from cache (1.22s)
Fetched https://github.com/apple/swift-collections.git from cache (1.24s)
Computing version for https://github.com/apple/swift-algorithms.git
Computed https://github.com/apple/swift-algorithms.git at 1.2.0 (0.46s)
Fetching https://github.com/apple/swift-numerics.git
[1/5277] Fetching swift-numerics
Fetched https://github.com/apple/swift-numerics.git from cache (0.41s)
Computing version for https://github.com/apple/swift-collections.git
Computed https://github.com/apple/swift-collections.git at 1.1.0 (0.76s)
Computing version for https://github.com/apple/swift-numerics.git
Computed https://github.com/apple/swift-numerics.git at 1.0.2 (0.46s)
Computing version for https://github.com/apple/swift-nio.git
Computed https://github.com/apple/swift-nio.git at 2.63.0 (0.68s)
Fetching https://github.com/apple/swift-system.git
Fetching https://github.com/apple/swift-atomics.git
[1/1563] Fetching swift-atomics
[486/4546] Fetching swift-atomics, swift-system
Fetched https://github.com/apple/swift-system.git from cache (0.41s)
Fetched https://github.com/apple/swift-atomics.git from cache (0.42s)
Computing version for https://github.com/apple/swift-system.git
Computed https://github.com/apple/swift-system.git at 1.2.1 (0.45s)
Computing version for https://github.com/apple/swift-atomics.git
Computed https://github.com/apple/swift-atomics.git at 1.2.0 (0.42s)
Computing version for https://github.com/vapor/fluent.git
Computed https://github.com/vapor/fluent.git at 4.9.0 (0.41s)
Computing version for https://github.com/vapor/vapor.git
Computed https://github.com/vapor/vapor.git at 4.92.3 (0.55s)
Fetching https://github.com/vapor/multipart-kit.git
Fetching https://github.com/vapor/websocket-kit.git
Fetching https://github.com/apple/swift-metrics.git
Fetching https://github.com/apple/swift-nio-http2.git
Fetching https://github.com/vapor/routing-kit.git
Fetching https://github.com/apple/swift-nio-extras.git
[1/1935] Fetching swift-metrics
[176/22603] Fetching swift-metrics, routing-kit
[479/24303] Fetching swift-metrics, routing-kit, multipart-kit
[5133/29095] Fetching swift-metrics, routing-kit, multipart-kit, swift-nio-extras
[5643/31506] Fetching swift-metrics, routing-kit, multipart-kit, swift-nio-extras, websocket-kit
[12466/41671] Fetching swift-metrics, routing-kit, multipart-kit, swift-nio-extras, websocket-kit, swift-nio-http2
Fetched https://github.com/vapor/websocket-kit.git from cache (0.42s)
Fetching https://github.com/vapor/console-kit.git
[24670/39260] Fetching swift-metrics, routing-kit, multipart-kit, swift-nio-extras, swift-nio-http2
Fetched https://github.com/apple/swift-nio-extras.git from cache (0.49s)
Fetching https://github.com/swift-server/async-http-client.git
[21003/34468] Fetching swift-metrics, routing-kit, multipart-kit, swift-nio-http2
[22840/39746] Fetching swift-metrics, routing-kit, multipart-kit, swift-nio-http2, console-kit
[38557/52291] Fetching swift-metrics, routing-kit, multipart-kit, swift-nio-http2, console-kit, async-http-client
Fetched https://github.com/vapor/console-kit.git from cache (0.63s)
[34282/47013] Fetching swift-metrics, routing-kit, multipart-kit, swift-nio-http2, async-http-client
Fetched https://github.com/apple/swift-nio-http2.git from cache (2.14s)
Fetched https://github.com/vapor/routing-kit.git from cache (2.16s)
[14991/16180] Fetching swift-metrics, multipart-kit, async-http-client
Fetched https://github.com/swift-server/async-http-client.git from cache (1.86s)
[2462/3635] Fetching swift-metrics, multipart-kit
Fetched https://github.com/apple/swift-metrics.git from cache (2.86s)
Fetched https://github.com/vapor/multipart-kit.git from cache (2.95s)
Computing version for https://github.com/vapor/routing-kit.git
Computed https://github.com/vapor/routing-kit.git at 4.9.0 (0.76s)
Computing version for https://github.com/vapor/websocket-kit.git
Computed https://github.com/vapor/websocket-kit.git at 2.14.0 (0.86s)
Fetching https://github.com/apple/swift-nio-transport-services.git
[1/2064] Fetching swift-nio-transport-services
Fetched https://github.com/apple/swift-nio-transport-services.git from cache (0.48s)
Computing version for https://github.com/vapor/console-kit.git
Computed https://github.com/vapor/console-kit.git at 4.14.1 (0.86s)
Computing version for https://github.com/apple/swift-nio-ssl.git
Computed https://github.com/apple/swift-nio-ssl.git at 2.26.0 (0.89s)
Computing version for https://github.com/swift-server/async-http-client.git
Computed https://github.com/swift-server/async-http-client.git at 1.20.1 (1.25s)
Computing version for https://github.com/apple/swift-nio-transport-services.git
Computed https://github.com/apple/swift-nio-transport-services.git at 1.20.1 (0.88s)
Computing version for https://github.com/apple/swift-nio-extras.git
Computed https://github.com/apple/swift-nio-extras.git at 1.21.0 (1.01s)
Fetching https://github.com/apple/swift-http-types
[1/354] Fetching swift-http-types
Fetched https://github.com/apple/swift-http-types from cache (0.37s)
Computing version for https://github.com/apple/swift-nio-http2.git
Computed https://github.com/apple/swift-nio-http2.git at 1.30.0 (0.56s)
Computing version for https://github.com/apple/swift-http-types
Computed https://github.com/apple/swift-http-types at 1.0.3 (0.43s)
Computing version for https://github.com/vapor/multipart-kit.git
Computed https://github.com/vapor/multipart-kit.git at 4.6.0 (0.42s)
Computing version for https://github.com/apple/swift-metrics.git
Computed https://github.com/apple/swift-metrics.git at 2.4.1 (0.46s)
Computing version for https://github.com/vapor/mysql-nio.git
Computed https://github.com/vapor/mysql-nio.git at 1.7.1 (1.14s)
Computing version for https://github.com/vapor/fluent-postgres-driver.git
Computed https://github.com/vapor/fluent-postgres-driver.git at 2.8.0 (0.85s)
Fetching https://github.com/vapor/postgres-kit.git
[1/5184] Fetching postgres-kit
Fetched https://github.com/vapor/postgres-kit.git from cache (1.62s)
Computing version for https://github.com/vapor/postgres-kit.git
Computed https://github.com/vapor/postgres-kit.git at 2.12.3 (0.78s)
Fetching https://github.com/vapor/postgres-nio.git
[1/10664] Fetching postgres-nio
Fetched https://github.com/vapor/postgres-nio.git from cache (0.95s)
Computing version for https://github.com/vapor/postgres-nio.git
Computed https://github.com/vapor/postgres-nio.git at 1.20.2 (5.76s)
Computing version for https://github.com/apple/swift-crypto.git
Computed https://github.com/apple/swift-crypto.git at 3.2.0 (0.91s)
Creating working copy for https://github.com/vapor/fluent-mysql-driver.git
Working copy of https://github.com/vapor/fluent-mysql-driver.git resolved at 4.4.0
Creating working copy for https://github.com/apple/swift-nio-http2.git
Working copy of https://github.com/apple/swift-nio-http2.git resolved at 1.30.0
Creating working copy for https://github.com/apple/swift-algorithms.git
Working copy of https://github.com/apple/swift-algorithms.git resolved at 1.2.0
Creating working copy for https://github.com/apple/swift-log.git
Working copy of https://github.com/apple/swift-log.git resolved at 1.5.4
Creating working copy for https://github.com/apple/swift-http-types
Working copy of https://github.com/apple/swift-http-types resolved at 1.0.3
Creating working copy for https://github.com/apple/swift-nio-ssl.git
Working copy of https://github.com/apple/swift-nio-ssl.git resolved at 2.26.0
Creating working copy for https://github.com/vapor/mysql-kit.git
Working copy of https://github.com/vapor/mysql-kit.git resolved at 4.7.2
Creating working copy for https://github.com/vapor/sql-kit.git
Working copy of https://github.com/vapor/sql-kit.git resolved at 3.28.0
Creating working copy for https://github.com/apple/swift-numerics.git
Working copy of https://github.com/apple/swift-numerics.git resolved at 1.0.2
Creating working copy for https://github.com/MihaelIsaev/SwifQLNIO.git
Working copy of https://github.com/MihaelIsaev/SwifQLNIO.git resolved at 2.2.0
Creating working copy for https://github.com/apple/swift-collections.git
Working copy of https://github.com/apple/swift-collections.git resolved at 1.1.0
Creating working copy for https://github.com/MihaelIsaev/SwifQL.git
Working copy of https://github.com/MihaelIsaev/SwifQL.git resolved at 1.6.0
Creating working copy for https://github.com/vapor/fluent-kit.git
Working copy of https://github.com/vapor/fluent-kit.git resolved at 1.47.0
Creating working copy for https://github.com/vapor/mysql-nio.git
Working copy of https://github.com/vapor/mysql-nio.git resolved at 1.7.1
Creating working copy for https://github.com/apple/swift-nio-extras.git
Working copy of https://github.com/apple/swift-nio-extras.git resolved at 1.21.0
Creating working copy for https://github.com/apple/swift-nio-transport-services.git
Working copy of https://github.com/apple/swift-nio-transport-services.git resolved at 1.20.1
Creating working copy for https://github.com/swift-server/async-http-client.git
Working copy of https://github.com/swift-server/async-http-client.git resolved at 1.20.1
Creating working copy for https://github.com/vapor/fluent.git
Working copy of https://github.com/vapor/fluent.git resolved at 4.9.0
Creating working copy for https://github.com/vapor/console-kit.git
Working copy of https://github.com/vapor/console-kit.git resolved at 4.14.1
Creating working copy for https://github.com/apple/swift-atomics.git
Working copy of https://github.com/apple/swift-atomics.git resolved at 1.2.0
Creating working copy for https://github.com/vapor/multipart-kit.git
Working copy of https://github.com/vapor/multipart-kit.git resolved at 4.6.0
Creating working copy for https://github.com/vapor/postgres-nio.git
Working copy of https://github.com/vapor/postgres-nio.git resolved at 1.20.2
Creating working copy for https://github.com/vapor/fluent-postgres-driver.git
Working copy of https://github.com/vapor/fluent-postgres-driver.git resolved at 2.8.0
Creating working copy for https://github.com/apple/swift-nio.git
Working copy of https://github.com/apple/swift-nio.git resolved at 2.63.0
Creating working copy for https://github.com/vapor/postgres-kit.git
Working copy of https://github.com/vapor/postgres-kit.git resolved at 2.12.3
Creating working copy for https://github.com/apple/swift-system.git
Working copy of https://github.com/apple/swift-system.git resolved at 1.2.1
Creating working copy for https://github.com/vapor/websocket-kit.git
Working copy of https://github.com/vapor/websocket-kit.git resolved at 2.14.0
Creating working copy for https://github.com/vapor/vapor.git
Working copy of https://github.com/vapor/vapor.git resolved at 4.92.3
Creating working copy for https://github.com/apple/swift-metrics.git
Working copy of https://github.com/apple/swift-metrics.git resolved at 2.4.1
Creating working copy for https://github.com/vapor/async-kit.git
Working copy of https://github.com/vapor/async-kit.git resolved at 1.19.0
Creating working copy for https://github.com/vapor/routing-kit.git
Working copy of https://github.com/vapor/routing-kit.git resolved at 4.9.0
Creating working copy for https://github.com/apple/swift-crypto.git
Working copy of https://github.com/apple/swift-crypto.git resolved at 3.2.0
warning: 'spi-builder-workspace': dependency 'fluent-mysql-driver' is not used by any target
Building for debugging...
[0/935] Write sources
[49/935] Compiling CNIOWindows WSAStartup.c
[50/935] Compiling _NumericsShims _NumericsShims.c
[51/935] Compiling _AtomicsShims.c
[52/935] Compiling CNIOWindows shim.c
[53/935] Compiling CVaporBcrypt bcrypt.c
[54/935] Compiling CVaporBcrypt blf.c
[55/935] Compiling CNIOSHA1 c_nio_sha1.c
[56/935] Compiling CNIOLinux liburing_shims.c
[57/935] Compiling CNIOLLHTTP c_nio_http.c
[58/935] Compiling CNIOExtrasZlib empty.c
[58/935] Compiling CNIODarwin shim.c
/host/spi-builder-workspace/.build/checkouts/swift-nio/Sources/CNIOLinux/shim.c:203:9: warning: 'RENAME_NOREPLACE' macro redefined [-Wmacro-redefined]
#define RENAME_NOREPLACE 1
        ^
/usr/include/stdio.h:164:10: note: previous definition is here
# define RENAME_NOREPLACE (1 << 0)
         ^
/host/spi-builder-workspace/.build/checkouts/swift-nio/Sources/CNIOLinux/shim.c:204:9: warning: 'RENAME_EXCHANGE' macro redefined [-Wmacro-redefined]
#define RENAME_EXCHANGE  2
        ^
/usr/include/stdio.h:165:10: note: previous definition is here
# define RENAME_EXCHANGE (1 << 1)
         ^
2 warnings generated.
[60/935] Compiling CNIOLinux shim.c
[61/935] Write swift-version-24593BA9C3E375BF.txt
[62/935] Compiling CNIOLLHTTP c_nio_api.c
[63/935] Compiling fiat_curve25519_adx_square.S
[64/935] Compiling fiat_p256_adx_mul.S
[65/936] Compiling fiat_p256_adx_sqr.S
[66/937] Compiling fiat_curve25519_adx_mul.S
[67/948] Compiling CNIOLLHTTP c_nio_llhttp.c
[68/1035] Compiling CNIOBoringSSLShims shims.c
[69/1040] Compiling tls_record.cc
[70/1040] Compiling tls_method.cc
[71/1040] Compiling tls13_server.cc
[73/1040] Compiling SwifQL StringExtensions.swift
[74/1040] Compiling SwifQL SwifQL.swift
[75/1042] Compiling SwifQL KeyPath.swift
[76/1042] Compiling SwifQL Operators.swift
[77/1042] Compiling SwifQL Predicates.swift
[78/1042] Compiling SwifQL Protocols.swift
[79/1042] Compiling SwifQL CaseWhen.swift
[80/1042] Compiling SwifQL CastType.swift
[81/1042] Emitting module RealModule
[82/1043] Compiling SwifQL Distinct.swift
[83/1043] Compiling SwifQL ExtractFieldValue.swift
[84/1043] Compiling SwifQL FluentKitFieldable.swift
[85/1043] Compiling RealModule Real.swift
[86/1043] Compiling SwifQL Column.swift
[88/1043] Compiling SwifQL PostgresArray.swift
[89/1043] Compiling SwifQL PostgresJsonObject.swift
[90/1043] Compiling SwifQL FormattedKeyPath.swift
[91/1043] Compiling SwifQL Functions.swift
[92/1043] Compiling RealModule ElementaryFunctions.swift
[93/1043] Compiling RealModule Float+Real.swift
[94/1043] Emitting module _CollectionsUtilities
[98/1043] Compiling RealModule Float16+Real.swift
[99/1043] Compiling RealModule Float80+Real.swift
[100/1043] Emitting module _NIOBase64
[101/1043] Compiling _NIOBase64 Base64.swift
[102/1044] Compiling RealModule RealFunctions.swift
[105/1045] Compiling _NIODataStructures PriorityQueue.swift
[106/1045] Compiling _NIODataStructures _TinyArray.swift
[107/1045] Compiling _CollectionsUtilities UnsafeBufferPointer+Extras.swift
[108/1045] Compiling _CollectionsUtilities UnsafeMutableBufferPointer+Extras.swift
[110/1046] Compiling CoreMetrics Metrics.swift
[110/1114] Compiling tls13_enc.cc
[112/1169] Compiling OrderedCollections OrderedSet+Partial RangeReplaceableCollection.swift
[113/1169] Compiling OrderedCollections OrderedSet+Partial SetAlgebra formIntersection.swift
[114/1169] Compiling OrderedCollections OrderedSet+Partial SetAlgebra formSymmetricDifference.swift
[115/1169] Compiling OrderedCollections OrderedSet+Partial SetAlgebra formUnion.swift
[116/1169] Compiling OrderedCollections OrderedSet+Partial SetAlgebra intersection.swift
[117/1169] Compiling OrderedCollections OrderedSet+Partial SetAlgebra isDisjoint.swift
[118/1169] Compiling OrderedCollections OrderedSet+Partial SetAlgebra isEqualSet.swift
[119/1169] Compiling OrderedCollections OrderedSet+Partial SetAlgebra isStrictSubset.swift
[120/1169] Compiling OrderedCollections OrderedSet+Partial SetAlgebra isStrictSuperset.swift
[121/1169] Compiling OrderedCollections OrderedSet+Partial SetAlgebra isSubset.swift
[122/1169] Compiling OrderedCollections OrderedSet+Partial SetAlgebra isSuperset.swift
[123/1169] Compiling OrderedCollections OrderedSet+Partial SetAlgebra subtract.swift
[124/1169] Compiling OrderedCollections OrderedSet+Partial SetAlgebra subtracting.swift
[125/1169] Compiling OrderedCollections OrderedSet+Partial SetAlgebra symmetricDifference.swift
[126/1169] Compiling OrderedCollections OrderedSet+Partial SetAlgebra union.swift
[127/1169] Compiling OrderedCollections OrderedSet+Partial SetAlgebra+Basics.swift
[128/1169] Compiling OrderedCollections OrderedSet+RandomAccessCollection.swift
[129/1169] Compiling OrderedCollections OrderedSet+ReserveCapacity.swift
[130/1169] Compiling OrderedCollections OrderedDictionary+Invariants.swift
[131/1169] Compiling OrderedCollections OrderedDictionary+Partial MutableCollection.swift
[132/1169] Compiling OrderedCollections OrderedDictionary+Partial RangeReplaceableCollection.swift
[133/1169] Compiling OrderedCollections OrderedDictionary+Sendable.swift
[134/1169] Compiling OrderedCollections OrderedDictionary+Sequence.swift
[135/1169] Compiling OrderedCollections OrderedDictionary+Values.swift
[136/1169] Compiling OrderedCollections OrderedDictionary.swift
[137/1169] Compiling OrderedCollections OrderedSet+Codable.swift
[138/1169] Compiling OrderedCollections OrderedSet+CustomReflectable.swift
[139/1177] Compiling OrderedCollections OrderedDictionary+CustomReflectable.swift
/host/spi-builder-workspace/.build/checkouts/SwifQL/Sources/SwifQL/Operators.swift:195:49: error: expected name in member access
    public var `_`: Result { return concatWith(._) }
                                                ^
/host/spi-builder-workspace/.build/checkouts/SwifQL/Sources/SwifQL/Operators.swift:195:49: note: insert name
    public var `_`: Result { return concatWith(._) }
                                                ^
                                                <#identifier#>
/host/spi-builder-workspace/.build/checkouts/SwifQL/Sources/SwifQL/Operators.swift:195:49: error: unexpected code '_' in function call
    public var `_`: Result { return concatWith(._) }
                                                ^
/host/spi-builder-workspace/.build/checkouts/SwifQL/Sources/SwifQL/Operators.swift:1:1: error: new Swift parser generated errors for code that C++ parser accepted
//
^
[140/1177] Compiling OrderedCollections OrderedDictionary+Deprecations.swift
/host/spi-builder-workspace/.build/checkouts/SwifQL/Sources/SwifQL/Operators.swift:195:49: error: expected name in member access
    public var `_`: Result { return concatWith(._) }
                                                ^
/host/spi-builder-workspace/.build/checkouts/SwifQL/Sources/SwifQL/Operators.swift:195:49: note: insert name
    public var `_`: Result { return concatWith(._) }
                                                ^
                                                <#identifier#>
/host/spi-builder-workspace/.build/checkouts/SwifQL/Sources/SwifQL/Operators.swift:195:49: error: unexpected code '_' in function call
    public var `_`: Result { return concatWith(._) }
                                                ^
/host/spi-builder-workspace/.build/checkouts/SwifQL/Sources/SwifQL/Operators.swift:1:1: error: new Swift parser generated errors for code that C++ parser accepted
//
^
[141/1177] Compiling OrderedCollections OrderedDictionary+Descriptions.swift
/host/spi-builder-workspace/.build/checkouts/SwifQL/Sources/SwifQL/Operators.swift:195:49: error: expected name in member access
    public var `_`: Result { return concatWith(._) }
                                                ^
/host/spi-builder-workspace/.build/checkouts/SwifQL/Sources/SwifQL/Operators.swift:195:49: note: insert name
    public var `_`: Result { return concatWith(._) }
                                                ^
                                                <#identifier#>
/host/spi-builder-workspace/.build/checkouts/SwifQL/Sources/SwifQL/Operators.swift:195:49: error: unexpected code '_' in function call
    public var `_`: Result { return concatWith(._) }
                                                ^
/host/spi-builder-workspace/.build/checkouts/SwifQL/Sources/SwifQL/Operators.swift:1:1: error: new Swift parser generated errors for code that C++ parser accepted
//
^
[142/1177] Compiling OrderedCollections OrderedDictionary+Elements.SubSequence.swift
/host/spi-builder-workspace/.build/checkouts/SwifQL/Sources/SwifQL/Operators.swift:195:49: error: expected name in member access
    public var `_`: Result { return concatWith(._) }
                                                ^
/host/spi-builder-workspace/.build/checkouts/SwifQL/Sources/SwifQL/Operators.swift:195:49: note: insert name
    public var `_`: Result { return concatWith(._) }
                                                ^
                                                <#identifier#>
/host/spi-builder-workspace/.build/checkouts/SwifQL/Sources/SwifQL/Operators.swift:195:49: error: unexpected code '_' in function call
    public var `_`: Result { return concatWith(._) }
                                                ^
/host/spi-builder-workspace/.build/checkouts/SwifQL/Sources/SwifQL/Operators.swift:1:1: error: new Swift parser generated errors for code that C++ parser accepted
//
^
[143/1177] Compiling OrderedCollections OrderedDictionary+Elements.swift
/host/spi-builder-workspace/.build/checkouts/SwifQL/Sources/SwifQL/Operators.swift:195:49: error: expected name in member access
    public var `_`: Result { return concatWith(._) }
                                                ^
/host/spi-builder-workspace/.build/checkouts/SwifQL/Sources/SwifQL/Operators.swift:195:49: note: insert name
    public var `_`: Result { return concatWith(._) }
                                                ^
                                                <#identifier#>
/host/spi-builder-workspace/.build/checkouts/SwifQL/Sources/SwifQL/Operators.swift:195:49: error: unexpected code '_' in function call
    public var `_`: Result { return concatWith(._) }
                                                ^
/host/spi-builder-workspace/.build/checkouts/SwifQL/Sources/SwifQL/Operators.swift:1:1: error: new Swift parser generated errors for code that C++ parser accepted
//
^
[144/1177] Compiling OrderedCollections OrderedDictionary+Equatable.swift
/host/spi-builder-workspace/.build/checkouts/SwifQL/Sources/SwifQL/Operators.swift:195:49: error: expected name in member access
    public var `_`: Result { return concatWith(._) }
                                                ^
/host/spi-builder-workspace/.build/checkouts/SwifQL/Sources/SwifQL/Operators.swift:195:49: note: insert name
    public var `_`: Result { return concatWith(._) }
                                                ^
                                                <#identifier#>
/host/spi-builder-workspace/.build/checkouts/SwifQL/Sources/SwifQL/Operators.swift:195:49: error: unexpected code '_' in function call
    public var `_`: Result { return concatWith(._) }
                                                ^
/host/spi-builder-workspace/.build/checkouts/SwifQL/Sources/SwifQL/Operators.swift:1:1: error: new Swift parser generated errors for code that C++ parser accepted
//
^
[145/1177] Compiling OrderedCollections OrderedDictionary+ExpressibleByDictionaryLiteral.swift
/host/spi-builder-workspace/.build/checkouts/SwifQL/Sources/SwifQL/Operators.swift:195:49: error: expected name in member access
    public var `_`: Result { return concatWith(._) }
                                                ^
/host/spi-builder-workspace/.build/checkouts/SwifQL/Sources/SwifQL/Operators.swift:195:49: note: insert name
    public var `_`: Result { return concatWith(._) }
                                                ^
                                                <#identifier#>
/host/spi-builder-workspace/.build/checkouts/SwifQL/Sources/SwifQL/Operators.swift:195:49: error: unexpected code '_' in function call
    public var `_`: Result { return concatWith(._) }
                                                ^
/host/spi-builder-workspace/.build/checkouts/SwifQL/Sources/SwifQL/Operators.swift:1:1: error: new Swift parser generated errors for code that C++ parser accepted
//
^
[146/1177] Compiling OrderedCollections OrderedDictionary+Hashable.swift
/host/spi-builder-workspace/.build/checkouts/SwifQL/Sources/SwifQL/Operators.swift:195:49: error: expected name in member access
    public var `_`: Result { return concatWith(._) }
                                                ^
/host/spi-builder-workspace/.build/checkouts/SwifQL/Sources/SwifQL/Operators.swift:195:49: note: insert name
    public var `_`: Result { return concatWith(._) }
                                                ^
                                                <#identifier#>
/host/spi-builder-workspace/.build/checkouts/SwifQL/Sources/SwifQL/Operators.swift:195:49: error: unexpected code '_' in function call
    public var `_`: Result { return concatWith(._) }
                                                ^
/host/spi-builder-workspace/.build/checkouts/SwifQL/Sources/SwifQL/Operators.swift:1:1: error: new Swift parser generated errors for code that C++ parser accepted
//
^
[147/1177] Compiling OrderedCollections OrderedDictionary+Initializers.swift
/host/spi-builder-workspace/.build/checkouts/SwifQL/Sources/SwifQL/Operators.swift:195:49: error: expected name in member access
    public var `_`: Result { return concatWith(._) }
                                                ^
/host/spi-builder-workspace/.build/checkouts/SwifQL/Sources/SwifQL/Operators.swift:195:49: note: insert name
    public var `_`: Result { return concatWith(._) }
                                                ^
                                                <#identifier#>
/host/spi-builder-workspace/.build/checkouts/SwifQL/Sources/SwifQL/Operators.swift:195:49: error: unexpected code '_' in function call
    public var `_`: Result { return concatWith(._) }
                                                ^
/host/spi-builder-workspace/.build/checkouts/SwifQL/Sources/SwifQL/Operators.swift:1:1: error: new Swift parser generated errors for code that C++ parser accepted
//
^
[148/1177] Compiling _RopeModule RopeMetric.swift
[149/1177] Compiling _RopeModule RopeSummary.swift
[150/1177] Compiling _RopeModule _RopeItem.swift
[151/1177] Compiling _RopeModule _RopePath.swift
[152/1177] Compiling _RopeModule _RopeVersion.swift
[153/1177] Compiling _RopeModule Rope+Collection.swift
[154/1177] Compiling _RopeModule Rope+Index.swift
[155/1177] Compiling _RopeModule Rope+Sequence.swift
[156/1177] Compiling _RopeModule Rope+Append.swift
[157/1177] Compiling OrderedCollections OrderedSet+Descriptions.swift
[158/1177] Compiling OrderedCollections OrderedSet+Diffing.swift
[159/1177] Compiling OrderedCollections OrderedSet+Equatable.swift
[160/1177] Compiling OrderedCollections OrderedSet+ExpressibleByArrayLiteral.swift
[161/1177] Compiling OrderedCollections OrderedSet+Hashable.swift
[162/1177] Compiling OrderedCollections OrderedSet+Initializers.swift
[163/1177] Compiling OrderedCollections OrderedSet+Insertions.swift
[164/1177] Compiling OrderedCollections OrderedSet+Invariants.swift
[165/1177] Compiling OrderedCollections OrderedSet+Partial MutableCollection.swift
[166/1177] Compiling Logging MetadataProvider.swift
[167/1177] Compiling CoreMetrics Locks.swift
[168/1177] Emitting module CoreMetrics
[169/1177] Compiling Logging Locks.swift
[170/1178] Compiling _NIODataStructures Heap.swift
[171/1178] Emitting module _NIODataStructures
[173/1179] Emitting module SwifQL
[174/1179] Compiling OrderedCollections _HashTable+Bucket.swift
[175/1179] Compiling OrderedCollections _HashTable+BucketIterator.swift
[176/1179] Compiling OrderedCollections _HashTable+Constants.swift
[177/1179] Compiling OrderedCollections _HashTable+CustomStringConvertible.swift
[178/1179] Compiling OrderedCollections _HashTable+Testing.swift
[179/1179] Compiling OrderedCollections _HashTable+UnsafeHandle.swift
[180/1179] Compiling OrderedCollections _HashTable.swift
[181/1179] Compiling OrderedCollections _Hashtable+Header.swift
[182/1179] Compiling OrderedCollections OrderedDictionary+Codable.swift
[183/1188] Compiling tls13_both.cc
[184/1188] Compiling tls13_client.cc
[186/1188] Compiling HeapModule Heap+ExpressibleByArrayLiteral.swift
[187/1215] Compiling HeapModule Heap+Descriptions.swift
[188/1280] Compiling Logging LogHandler.swift
[189/1280] Compiling Logging Logging.swift
[190/1280] Emitting module Logging
[191/1281] Compiling HeapModule _HeapNode.swift
[192/1281] Compiling HeapModule Heap.swift
[193/1281] Compiling HashTreeCollections TreeDictionary+Merge.swift
[194/1281] Compiling HashTreeCollections TreeDictionary+Sendable.swift
[195/1281] Compiling HashTreeCollections TreeDictionary+Sequence.swift
[196/1281] Compiling HashTreeCollections TreeDictionary+Values.swift
[197/1281] Compiling HashTreeCollections TreeDictionary.swift
[198/1281] Compiling HashTreeCollections TreeSet+Codable.swift
[199/1281] Compiling HashTreeCollections TreeSet+Collection.swift
[200/1281] Compiling HashTreeCollections TreeSet+CustomReflectable.swift
[201/1281] Compiling HashTreeCollections TreeSet+Debugging.swift
[202/1281] Compiling HashTreeCollections TreeSet+Descriptions.swift
[203/1281] Compiling HashTreeCollections TreeSet+Equatable.swift
[204/1281] Compiling HashTreeCollections TreeSet+ExpressibleByArrayLiteral.swift
[205/1281] Compiling HashTreeCollections TreeSet+Extras.swift
[206/1281] Compiling HashTreeCollections TreeSet+Filter.swift
[208/1288] Compiling HashTreeCollections _HashNode+Storage.swift
[209/1288] Compiling HashTreeCollections _HashNode+Structural compactMapValues.swift
[210/1290] Compiling HashTreeCollections _HashNode+Structural union.swift
[211/1290] Compiling HashTreeCollections _HashNode+Subtree Insertions.swift
[212/1290] Compiling HashTreeCollections _HashNode+Subtree Modify.swift
[213/1290] Compiling HashTreeCollections _HashNode+Subtree Removals.swift
[214/1290] Compiling HashTreeCollections _HashNode+UnsafeHandle.swift
[215/1290] Compiling HashTreeCollections _HashNode.swift
[216/1290] Compiling HashTreeCollections _HashNodeHeader.swift
[217/1290] Compiling HashTreeCollections _HashSlot.swift
[218/1290] Compiling HashTreeCollections _Hash.swift
[219/1290] Compiling HashTreeCollections _HashLevel.swift
[220/1290] Compiling HeapModule Heap+UnsafeHandle.swift
[221/1290] Compiling HeapModule Heap+Invariants.swift
[222/1290] Emitting module HeapModule
[224/1291] Compiling HashTreeCollections _HashNode+Initializers.swift
[225/1291] Compiling HashTreeCollections _HashNode+Invariants.swift
[226/1291] Compiling HashTreeCollections _HashNode+Builder.swift
[227/1291] Compiling HashTreeCollections _HashNode+Debugging.swift
[228/1291] Compiling HashTreeCollections _HashStack.swift
[229/1291] Compiling HashTreeCollections TreeDictionary+Equatable.swift
[230/1291] Compiling HashTreeCollections TreeDictionary+ExpressibleByDictionaryLiteral.swift
[231/1291] Compiling HashTreeCollections TreeDictionary+Filter.swift
[232/1291] Compiling HashTreeCollections TreeDictionary+Hashable.swift
[233/1291] Compiling HashTreeCollections TreeDictionary+Initializers.swift
[234/1291] Compiling HashTreeCollections TreeDictionary+Keys.swift
[235/1291] Compiling HashTreeCollections TreeDictionary+MapValues.swift
[236/1297] Emitting module Metrics
[237/1297] Compiling DequeModule _UnsafeWrappedBuffer.swift
[238/1297] Compiling HashTreeCollections _HashNode+Structural isDisjoint.swift
[239/1297] Compiling HashTreeCollections _HashNode+Structural isEqualSet.swift
[240/1297] Compiling HashTreeCollections _HashNode+Structural isSubset.swift
[241/1297] Compiling Metrics Metrics.swift
[242/1297] Compiling HashTreeCollections _HashNode+Structural mapValues.swift
[243/1297] Compiling HashTreeCollections _HashNode+Structural merge.swift
[244/1297] Compiling HashTreeCollections _HashNode+Structural subtracting.swift
[245/1297] Compiling HashTreeCollections _HashNode+Structural symmetricDifference.swift
[247/1297] Compiling HashTreeCollections _HashNode+Lookups.swift
[248/1297] Compiling HashTreeCollections _HashNode+Primitive Insertions.swift
[249/1297] Compiling HashTreeCollections _HashNode+Primitive Removals.swift
[250/1297] Compiling HashTreeCollections _HashNode+Primitive Replacement.swift
[253/1297] Compiling DequeModule _DequeSlot.swift
[254/1297] Compiling HashTreeCollections TreeDictionary+Debugging.swift
[255/1297] Compiling HashTreeCollections TreeDictionary+Descriptions.swift
[256/1297] Compiling HashTreeCollections TreeSet+Hashable.swift
[257/1297] Compiling HashTreeCollections TreeSet+Sendable.swift
[258/1297] Compiling HashTreeCollections TreeSet+Sequence.swift
[259/1297] Compiling HashTreeCollections TreeSet+SetAlgebra Initializers.swift
[260/1297] Compiling HashTreeCollections TreeSet+SetAlgebra basics.swift
[261/1297] Compiling HashTreeCollections TreeSet+SetAlgebra formIntersection.swift
[268/1298] Compiling HashTreeCollections TreeSet+SetAlgebra formSymmetricDifference.swift
[269/1298] Compiling HashTreeCollections TreeSet+SetAlgebra formUnion.swift
[270/1298] Compiling HashTreeCollections TreeSet+SetAlgebra intersection.swift
[271/1298] Compiling HashTreeCollections TreeSet+SetAlgebra isDisjoint.swift
error: fatalError
[281/1308] Compiling t1_enc.cc
warning: 'spi-builder-workspace': dependency 'fluent-mysql-driver' is not used by any target
[0/1] Planning build
Building for debugging...
[0/860] Write sources
[2/861] Compiling fiat_p256_adx_mul.S
[3/861] Compiling fiat_curve25519_adx_mul.S
[4/861] Compiling fiat_curve25519_adx_square.S
[5/861] Compiling fiat_p256_adx_sqr.S
[6/861] Write swift-version-24593BA9C3E375BF.txt
[7/861] Compiling CCryptoBoringSSLShims shims.c
[8/920] Compiling t1_enc.cc
[9/920] Compiling ssl_x509.cc
[10/920] Compiling ssl_versions.cc
[11/920] Compiling ssl_stat.cc
[12/923] Compiling ssl_transcript.cc
[13/926] Compiling ssl_session.cc
[15/998] Emitting module RoutingKit
[16/1027] Compiling SwifQL Protocols.swift
[17/1028] Compiling RoutingKit AnyRouter.swift
[18/1028] Compiling RoutingKit PathComponent.swift
[19/1028] Compiling RoutingKit Parameters.swift
[20/1028] Compiling SwifQL StringExtensions.swift
[21/1029] Compiling SwifQL SwifQLJoinBuilder.swift
[22/1029] Emitting module Metrics
[23/1031] Compiling DequeModule Deque.swift
[24/1031] Compiling DequeModule Deque+CustomReflectable.swift
[24/1033] Compiling ssl_privkey.cc
[27/1033] Compiling DequeModule _DequeSlot.swift
[28/1034] Compiling SwifQL SwifQL.swift
[29/1041] Compiling SwifQL Predicates.swift
[30/1048] Compiling DequeModule Deque+Descriptions.swift
[31/1049] Compiling SwifQL PostgresJsonObject.swift
[32/1075] Compiling RoutingKit Router.swift
[33/1075] Compiling RoutingKit TrieRouter.swift
[34/1076] Compiling Atomics OptionalRawRepresentable.swift
/host/spi-builder-workspace/.build/checkouts/SwifQL/Sources/SwifQL/Operators.swift:195:49: error: expected name in member access
    public var `_`: Result { return concatWith(._) }
                                                ^
/host/spi-builder-workspace/.build/checkouts/SwifQL/Sources/SwifQL/Operators.swift:195:49: note: insert name
    public var `_`: Result { return concatWith(._) }
                                                ^
                                                <#identifier#>
/host/spi-builder-workspace/.build/checkouts/SwifQL/Sources/SwifQL/Operators.swift:195:49: error: unexpected code '_' in function call
    public var `_`: Result { return concatWith(._) }
                                                ^
/host/spi-builder-workspace/.build/checkouts/SwifQL/Sources/SwifQL/Operators.swift:1:1: error: new Swift parser generated errors for code that C++ parser accepted
//
^
[35/1076] Compiling Atomics RawRepresentable.swift
/host/spi-builder-workspace/.build/checkouts/SwifQL/Sources/SwifQL/Operators.swift:195:49: error: expected name in member access
    public var `_`: Result { return concatWith(._) }
                                                ^
/host/spi-builder-workspace/.build/checkouts/SwifQL/Sources/SwifQL/Operators.swift:195:49: note: insert name
    public var `_`: Result { return concatWith(._) }
                                                ^
                                                <#identifier#>
/host/spi-builder-workspace/.build/checkouts/SwifQL/Sources/SwifQL/Operators.swift:195:49: error: unexpected code '_' in function call
    public var `_`: Result { return concatWith(._) }
                                                ^
/host/spi-builder-workspace/.build/checkouts/SwifQL/Sources/SwifQL/Operators.swift:1:1: error: new Swift parser generated errors for code that C++ parser accepted
//
^
[36/1084] Compiling DequeModule Deque+Testing.swift
[37/1116] Compiling DequeModule Deque+Equatable.swift
[39/1138] Compiling DequeModule Deque+ExpressibleByArrayLiteral.swift
[40/1139] Compiling SwifQL SwifQLSelectBuilder.swift
[41/1146] Compiling DequeModule Deque+Sendable.swift
[42/1146] Compiling DequeModule Deque+Hashable.swift
[43/1148] Compiling SwifQL SwifQLTableAlias.swift
[44/1155] Compiling BitCollections BitArray+Descriptions.swift
[45/1155] Compiling BitCollections BitArray+Equatable.swift
[46/1155] Compiling BitCollections BitArray+RandomBits.swift
[47/1155] Compiling BitCollections BitArray+RangeReplaceableCollection.swift
[48/1157] Compiling DequeModule _DequeBufferHeader.swift
[49/1157] Emitting module DequeModule
[50/1157] Compiling BitCollections BitArray+ChunkedBitsIterators.swift
[51/1157] Compiling BitCollections BitArray+Codable.swift
[52/1157] Compiling BitCollections BitArray+Collection.swift
[53/1157] Compiling BitCollections BitArray+Copy.swift
[54/1157] Compiling BitCollections BitArray+CustomReflectable.swift
[59/1157] Compiling SwifQL KeyPath.swift
[60/1164] Compiling DequeModule _DequeBuffer.swift
[61/1164] Compiling DequeModule _UnsafeWrappedBuffer.swift
[62/1170] Compiling BitCollections BitSet+Codable.swift
[63/1170] Compiling BitCollections BitSet+CustomDebugStringConvertible.swift
[64/1170] Compiling BitCollections BitSet+CustomReflectable.swift
[65/1170] Compiling BitCollections BitSet+CustomStringConvertible.swift
[66/1170] Compiling BitCollections BitSet+Equatable.swift
[67/1170] Compiling BitCollections BitSet+ExpressibleByArrayLiteral.swift
[68/1170] Compiling BitCollections BitSet+Extras.swift
[69/1171] Compiling BitCollections BitArray+Invariants.swift
[70/1171] Compiling BitCollections BitArray+LosslessStringConvertible.swift
[71/1172] Compiling DequeModule Deque+Extras.swift
[74/1172] Compiling Atomics IntegerOperations.swift
[75/1172] Compiling Atomics Unmanaged extensions.swift
[76/1172] Compiling BitCollections BitArray._UnsafeHandle.swift
[77/1172] Compiling BitCollections BitArray.swift
[78/1172] Compiling BitCollections BitSet+BidirectionalCollection.swift
[79/1173] Compiling SwifQL SwifQLable+Not.swift
[80/1173] Compiling SwifQL SwifQLable+NotExists.swift
[81/1173] Compiling SwifQL SwifQLable+NotILike.swift
[82/1173] Compiling SwifQL SwifQLable+NotIn.swift
[83/1173] Compiling SwifQL SwifQLable+NotLike.swift
[84/1173] Compiling SwifQL SwifQLable+Nothing.swift
[85/1173] Compiling SwifQL SwifQLable+Offset.swift
[88/1179] Compiling SwifQL SwifQLable+NotBetween.swift
[89/1179] Compiling SwifQL SwifQLable+Join.swift
[90/1179] Compiling BitCollections BitArray+BitwiseOperations.swift
[94/1191] Compiling OrderedCollections _UnsafeBitset.swift
[95/1197] Compiling OrderedCollections OrderedDictionary+Elements.SubSequence.swift
[96/1197] Compiling OrderedCollections OrderedDictionary+Elements.swift
[97/1197] Compiling SwifQL SwifQLable+OrderBy.swift
[98/1197] Compiling SwifQL SwifQLable+Overlaps.swift
[99/1197] Compiling SwifQL SwifQLable+Raw.swift
[100/1197] Compiling SwifQL SwifQLable+Returning.swift
[101/1197] Compiling SwifQL SwifQLable+Select.swift
[102/1197] Compiling SwifQL SwifQLable+WhereNotExists.swift
[103/1197] Compiling SwifQL SwifQLable+With.swift
[104/1197] Compiling SwifQL SwifQLable.swift
[105/1197] Compiling SwifQL Table.swift
[106/1206] Emitting module SwifQL
[107/1206] Compiling OrderedCollections OrderedDictionary+Invariants.swift
[108/1206] Compiling OrderedCollections OrderedDictionary+Partial MutableCollection.swift
[109/1206] Compiling OrderedCollections OrderedDictionary+Partial RangeReplaceableCollection.swift
[110/1206] Compiling OrderedCollections OrderedDictionary+Sequence.swift
[111/1206] Compiling OrderedCollections OrderedDictionary+Values.swift
[112/1206] Compiling OrderedCollections OrderedDictionary.swift
[113/1206] Compiling OrderedCollections OrderedSet+Codable.swift
[114/1213] Compiling SwifQL SwifQLable+Subscript.swift
[115/1213] Compiling SwifQL SwifQLable+Timestamp.swift
[116/1213] Compiling BitCollections BitSet.Index.swift
[117/1213] Compiling BitCollections BitSet._UnsafeHandle.swift
[118/1213] Compiling BitCollections BitSet.swift
[119/1213] Compiling BitCollections Range+Utilities.swift
[120/1213] Compiling BitCollections Slice+Utilities.swift
[121/1213] Compiling BitCollections UInt+Tricks.swift
[122/1221] Compiling OrderedCollections OrderedSet+CustomReflectable.swift
[123/1221] Compiling OrderedCollections OrderedSet+Descriptions.swift
[124/1221] Compiling OrderedCollections OrderedSet+Diffing.swift
[125/1221] Compiling OrderedCollections OrderedSet+Equatable.swift
[126/1221] Compiling OrderedCollections OrderedSet+ExpressibleByArrayLiteral.swift
[127/1221] Compiling OrderedCollections OrderedSet+Hashable.swift
[128/1221] Compiling OrderedCollections OrderedSet+Initializers.swift
[130/1221] Compiling SwifQL SwifQLable+Or.swift
[141/1221] Compiling OrderedCollections OrderedDictionary+Codable.swift
[142/1221] Compiling OrderedCollections OrderedDictionary+CustomReflectable.swift
[143/1221] Compiling OrderedCollections OrderedDictionary+Deprecations.swift
[144/1221] Compiling OrderedCollections OrderedDictionary+Descriptions.swift
[147/1221] Compiling OrderedCollections OrderedDictionary+Equatable.swift
[148/1221] Compiling OrderedCollections OrderedDictionary+ExpressibleByDictionaryLiteral.swift
[149/1221] Compiling OrderedCollections OrderedDictionary+Hashable.swift
[150/1221] Compiling OrderedCollections OrderedDictionary+Initializers.swift
[161/1226] Compiling DequeModule Deque._Storage.swift
[162/1226] Compiling DequeModule Deque._UnsafeHandle.swift
[163/1226] Compiling BitCollections BitArray+Hashable.swift
[164/1226] Compiling BitCollections BitArray+Initializers.swift
[165/1226] Compiling BitCollections BitArray+ExpressibleByArrayLiteral.swift
[166/1226] Compiling BitCollections BitArray+ExpressibleByStringLiteral.swift
[167/1232] Compiling BitCollections BitArray+Extras.swift
[168/1232] Compiling BitCollections BitArray+Fill.swift
[187/1247] Compiling _RopeModule BigString+ExpressibleByStringLiteral.swift
[194/1248] Emitting module BitCollections
[197/1249] Compiling OrderedCollections OrderedSet+Partial SetAlgebra intersection.swift
[198/1249] Compiling OrderedCollections OrderedSet+Partial SetAlgebra isDisjoint.swift
[199/1249] Compiling OrderedCollections OrderedSet+Partial SetAlgebra isEqualSet.swift
[200/1249] Compiling OrderedCollections OrderedSet+Partial SetAlgebra isStrictSubset.swift
[201/1249] Compiling OrderedCollections OrderedSet+Partial SetAlgebra symmetricDifference.swift
[202/1249] Compiling OrderedCollections OrderedSet+Partial SetAlgebra union.swift
[203/1249] Compiling OrderedCollections OrderedSet+Partial SetAlgebra+Basics.swift
[204/1249] Compiling OrderedCollections OrderedSet+Partial SetAlgebra isStrictSuperset.swift
[205/1249] Compiling OrderedCollections OrderedSet+Partial SetAlgebra isSubset.swift
[206/1249] Compiling OrderedCollections OrderedSet+Partial SetAlgebra isSuperset.swift
[207/1249] Compiling OrderedCollections OrderedSet+Partial SetAlgebra subtract.swift
[208/1249] Compiling OrderedCollections OrderedSet+Partial SetAlgebra subtracting.swift
[209/1249] Compiling OrderedCollections OrderedSet+Partial SetAlgebra formUnion.swift
[211/1249] Compiling _RopeModule BigString+CustomStringConvertible.swift
[212/1249] Compiling _RopeModule BigString+Equatable.swift
[232/1252] Compiling OrderedCollections OrderedSet+RandomAccessCollection.swift
[233/1252] Compiling OrderedCollections OrderedSet+ReserveCapacity.swift
[234/1252] Compiling _RopeModule Rope+Remove.swift
[235/1252] Compiling _RopeModule Rope+RemoveSubrange.swift
[236/1252] Compiling _RopeModule Rope+Split.swift
[237/1252] Compiling _RopeModule Optional Utilities.swift
[238/1252] Compiling _RopeModule String Utilities.swift
[239/1252] Compiling _RopeModule String.Index+ABI.swift
[240/1252] Compiling _RopeModule _CharacterRecognizer.swift
[247/1254] Compiling _RopeModule BigString+LosslessStringConvertible.swift
[248/1255] Compiling _RopeModule BigString+Comparable.swift
[249/1255] Compiling _RopeModule BigString+CustomDebugStringConvertible.swift
[254/1256] Compiling HashTreeCollections TreeSet+SetAlgebra subtract.swift
[255/1256] Compiling HashTreeCollections TreeSet+SetAlgebra subtracting.swift
[256/1256] Compiling HashTreeCollections TreeSet+SetAlgebra symmetricDifference.swift
[257/1256] Compiling HashTreeCollections TreeSet+SetAlgebra union.swift
[258/1256] Compiling HashTreeCollections TreeSet.swift
[266/1257] Compiling OrderedCollections OrderedSet+Insertions.swift
[267/1257] Compiling OrderedCollections OrderedSet+Invariants.swift
[268/1257] Compiling OrderedCollections OrderedSet+Partial MutableCollection.swift
[269/1257] Compiling OrderedCollections OrderedSet+Partial RangeReplaceableCollection.swift
[270/1257] Compiling OrderedCollections OrderedSet+Partial SetAlgebra formIntersection.swift
[271/1257] Compiling OrderedCollections OrderedSet+Partial SetAlgebra formSymmetricDifference.swift
[273/1257] Compiling _RopeModule BigString+Hashing.swift
[274/1258] Compiling HashTreeCollections TreeSet+Hashable.swift
[275/1258] Compiling HashTreeCollections TreeSet+Sendable.swift
[281/1259] Compiling HashTreeCollections TreeSet+Sequence.swift
[282/1259] Compiling HashTreeCollections TreeSet+SetAlgebra Initializers.swift
[283/1260] Compiling HashTreeCollections TreeSet+SetAlgebra formIntersection.swift
[284/1261] Compiling HashTreeCollections TreeSet+SetAlgebra formSymmetricDifference.swift
[285/1262] Compiling HashTreeCollections TreeSet+SetAlgebra basics.swift
[286/1263] Compiling _RopeModule BigString+TextOutputStream.swift
[287/1263] Compiling HashTreeCollections TreeSet+SetAlgebra intersection.swift
[288/1263] Compiling HashTreeCollections TreeSet+SetAlgebra isDisjoint.swift
[289/1263] Compiling HashTreeCollections TreeSet+SetAlgebra formUnion.swift
[289/1263] Compiling ssl_lib.cc
[297/1263] Compiling _RopeModule BigString+RangeReplaceableCollection.swift
[298/1263] Compiling _RopeModule BigString+Sequence.swift
[364/1264] Compiling ssl_key_share.cc
[383/1264] Emitting module OrderedCollections
[384/1265] Emitting module _RopeModule
[394/1266] Compiling ssl_file.cc
[396/1266] Emitting module Atomics
[396/1266] Compiling ssl_cipher.cc
error: fatalError
[424/1267] Compiling ssl_asn1.cc
[424/1267] Compiling ssl_buffer.cc
[424/1267] Compiling ssl_cert.cc
BUILD FAILURE 5.10 linux

Build Machine: Linux 2