The Swift Package Index logo.Swift Package Index

Build Information

Failed to build SwiftSlash, reference 6.0.0 (5dda27), with Swift 6.1 for Wasm on 18 Oct 2026 07:40:56 UTC.

Build Command

bash -c docker run --pull=always --rm -v "checkouts-54344844-0":/host -w "$PWD" -e JAVA_HOME="/root/.sdkman/candidates/java/current" -e SPI_BUILD="1" -e SPI_PROCESSING="1" registry.gitlab.com/saguaro1/spi-images:wasm-6.1-latest swift build --swift-sdk wasm32-unknown-wasi 2>&1

Build Log

========================================
RunAll
========================================
Builder version: 5.1.3
Interrupt handler set up.
========================================
Checkout
========================================
Clone URL: https://github.com/tannerdsilva/SwiftSlash.git
Reference: 6.0.0
Initialized empty Git repository in /host/spi-builder-workspace/.git/
hint: Using 'master' as the name for the initial branch. This default branch name
hint: is subject to change. To configure the initial branch name to use in all
hint: of your new repositories, which will suppress this warning, call:
hint:
hint: 	git config --global init.defaultBranch <name>
hint:
hint: Names commonly chosen instead of 'master' are 'main', 'trunk' and
hint: 'development'. The just-created branch can be renamed via this command:
hint:
hint: 	git branch -m <name>
From https://github.com/tannerdsilva/SwiftSlash
 * tag               6.0.0      -> FETCH_HEAD
HEAD is now at 5dda27d feat: process-group placement as part of the launch contract (6.0.0)
Cloned https://github.com/tannerdsilva/SwiftSlash.git
Revision (git rev-parse @):
5dda27d1ebae38ce42e9440f3580cbc778c8af8b
SUCCESS checkout https://github.com/tannerdsilva/SwiftSlash.git at 6.0.0
========================================
Build
========================================
Selected platform:         wasm
Swift version:             6.1
Building package at path:  $PWD
https://github.com/tannerdsilva/SwiftSlash.git
https://github.com/tannerdsilva/SwiftSlash.git
WARNING: environment variable SUPPRESS_SWIFT_6_FLAGS is not set
Running build ...
bash -c docker run --pull=always --rm -v "checkouts-54344844-0":/host -w "$PWD" -e JAVA_HOME="/root/.sdkman/candidates/java/current" -e SPI_BUILD="1" -e SPI_PROCESSING="1" registry.gitlab.com/saguaro1/spi-images:wasm-6.1-latest swift build --swift-sdk wasm32-unknown-wasi -Xswiftc -Xfrontend -Xswiftc -stats-output-dir -Xswiftc -Xfrontend -Xswiftc .stats -Xswiftc -strict-concurrency=complete -Xswiftc -enable-upcoming-feature -Xswiftc StrictConcurrency -Xswiftc -enable-upcoming-feature -Xswiftc DisableOutwardActorInference -Xswiftc -enable-upcoming-feature -Xswiftc GlobalActorIsolatedTypesUsability -Xswiftc -enable-upcoming-feature -Xswiftc InferSendableFromCaptures 2>&1
wasm-6.1-latest: Pulling from saguaro1/spi-images
Digest: sha256:8209621f35c5a12749e7df75bbcb99eccb508d0196da99f6ac3bcf5f4827df31
Status: Image is up to date for registry.gitlab.com/saguaro1/spi-images:wasm-6.1-latest
Building for debugging...
[0/27] Write sources
[10/27] Compiling __cswiftslash_types __cswiftslash_types.c
In file included from /host/spi-builder-workspace/Sources/__cswiftslash_eventtrigger/__cswiftslash_eventtrigger.c:16:
/host/spi-builder-workspace/Sources/__cswiftslash_eventtrigger/__cswiftslash_eventtrigger.h:16:10: fatal error: 'sys/wait.h' file not found
   16 | #include <sys/wait.h>
      |          ^~~~~~~~~~~~
1 error generated.
[11/27] Compiling __cswiftslash_eventtrigger __cswiftslash_eventtrigger.c
[11/27] Compiling __cswiftslash_posix_helpers __cswiftslash_posix_helpers.c
In file included from /host/spi-builder-workspace/Sources/__cswiftslash_threads/__cswiftslash_threads.c:12:
/host/spi-builder-workspace/Sources/__cswiftslash_threads/__cswiftslash_threads.h:16:10: fatal error: 'pthread.h' file not found
   16 | #include <pthread.h>
      |          ^~~~~~~~~~~
[11/27] Compiling __cswiftslash_threads __cswiftslash_threads.c
[11/27] Write swift-version-24593BA9C3E375BF.txt
Running build ...
bash -c docker run --pull=always --rm -v "checkouts-54344844-0":/host -w "$PWD" -e JAVA_HOME="/root/.sdkman/candidates/java/current" -e SPI_BUILD="1" -e SPI_PROCESSING="1" registry.gitlab.com/saguaro1/spi-images:wasm-6.1-latest swift build --swift-sdk wasm32-unknown-wasi 2>&1
wasm-6.1-latest: Pulling from saguaro1/spi-images
Digest: sha256:8209621f35c5a12749e7df75bbcb99eccb508d0196da99f6ac3bcf5f4827df31
Status: Image is up to date for registry.gitlab.com/saguaro1/spi-images:wasm-6.1-latest
[0/1] Planning build
Building for debugging...
In file included from /host/spi-builder-workspace/Sources/__cswiftslash_eventtrigger/__cswiftslash_eventtrigger.c:16:
/host/spi-builder-workspace/Sources/__cswiftslash_eventtrigger/__cswiftslash_eventtrigger.h:16:10: fatal error: 'sys/wait.h' file not found
   16 | #include <sys/wait.h>
      |          ^~~~~~~~~~~~
1 error generated.
[0/16] Compiling __cswiftslash_eventtrigger __cswiftslash_eventtrigger.c
In file included from /host/spi-builder-workspace/Sources/__cswiftslash_threads/__cswiftslash_threads.c:12:
/host/spi-builder-workspace/Sources/__cswiftslash_threads/__cswiftslash_threads.h:16:10: fatal error: 'pthread.h' file not found
   16 | #include <pthread.h>
      |          ^~~~~~~~~~~
[0/16] Compiling __cswiftslash_threads __cswiftslash_threads.c
[0/16] Compiling __cswiftslash_posix_helpers __cswiftslash_posix_helpers.c
[0/16] Write swift-version-24593BA9C3E375BF.txt
BUILD FAILURE 6.1 wasm