The Swift Package Index logo.Swift Package Index

Build Information

Failed to build PostgREST, reference master (7ab9a3), with Swift 6.4 for Linux on 19 Sep 2026 21:05:39 UTC.

Build Command

bash -c docker run --pull=always --rm -v "checkouts-53886769-0":/host -w "$PWD" -e JAVA_HOME="/root/.sdkman/candidates/java/current" -e SPI_BUILD="1" -e SPI_PROCESSING="1" registry.gitlab.com/saguaro1/spi-images:basic-6.4-latest swift build --triple x86_64-unknown-linux-gnu 2>&1

Build Log

========================================
RunAll
========================================
Builder version: 5.1.0
Interrupt handler set up.
========================================
Checkout
========================================
Clone URL: https://github.com/supabase-community/postgrest-swift.git
Reference: master
Initialized empty Git repository in /host/spi-builder-workspace/.git/
hint: Using 'master' as the name for the initial branch. This default branch name
hint: is subject to change. To configure the initial branch name to use in all
hint: of your new repositories, which will suppress this warning, call:
hint:
hint: 	git config --global init.defaultBranch <name>
hint:
hint: Names commonly chosen instead of 'master' are 'main', 'trunk' and
hint: 'development'. The just-created branch can be renamed via this command:
hint:
hint: 	git branch -m <name>
From https://github.com/supabase-community/postgrest-swift
 * branch            master     -> FETCH_HEAD
 * [new branch]      master     -> origin/master
HEAD is now at 7ab9a30 Update README.md
Cloned https://github.com/supabase-community/postgrest-swift.git
Revision (git rev-parse @):
7ab9a30af9ca6235c6b4131774f0c5ee370716e5
SUCCESS checkout https://github.com/supabase-community/postgrest-swift.git at master
========================================
Build
========================================
Selected platform:         linux
Swift version:             6.4
Building package at path:  $PWD
https://github.com/supabase-community/postgrest-swift.git
Running build ...
bash -c docker run --pull=always --rm -v "checkouts-53886769-0":/host -w "$PWD" -e JAVA_HOME="/root/.sdkman/candidates/java/current" -e SPI_BUILD="1" -e SPI_PROCESSING="1" registry.gitlab.com/saguaro1/spi-images:basic-6.4-latest swift build --triple x86_64-unknown-linux-gnu 2>&1
basic-6.4-latest: Pulling from saguaro1/spi-images
Digest: sha256:c77fcce225e223ac0fafed844619173fc6de8d62dd560eeb28db3182af6a282b
Status: Image is up to date for registry.gitlab.com/saguaro1/spi-images:basic-6.4-latest
Fetching https://github.com/pointfreeco/swift-snapshot-testing
Fetching https://github.com/binaryscraping/GetExtensions
Fetching https://github.com/kean/Get
[1/2351] Fetching get
[49/2384] Fetching get, getextensions
Fetched https://github.com/binaryscraping/GetExtensions (0.48s)
Fetched https://github.com/kean/Get (0.48s)
[1/16416] Fetching swift-snapshot-testing
Fetched https://github.com/pointfreeco/swift-snapshot-testing (1.94s)
Computing version for https://github.com/binaryscraping/GetExtensions
Computed https://github.com/binaryscraping/GetExtensions at 1.0.0 (2.13s)
Computing version for https://github.com/kean/Get
Computed https://github.com/kean/Get at 2.2.1 (0.18s)
Computing version for https://github.com/pointfreeco/swift-snapshot-testing
Computed https://github.com/pointfreeco/swift-snapshot-testing at 1.19.5 (0.17s)
Fetching https://github.com/swiftlang/swift-syntax
Fetching https://github.com/pointfreeco/swift-custom-dump
[1/5666] Fetching swift-custom-dump
Fetched https://github.com/pointfreeco/swift-custom-dump (0.56s)
[1/79984] Fetching swift-syntax
Fetched https://github.com/swiftlang/swift-syntax (2.90s)
Computing version for https://github.com/pointfreeco/swift-custom-dump
Computed https://github.com/pointfreeco/swift-custom-dump at 1.7.3 (3.10s)
Fetching https://github.com/pointfreeco/swift-issue-reporting
[1/6136] Fetching swift-issue-reporting
Fetched https://github.com/pointfreeco/swift-issue-reporting (0.74s)
Computing version for https://github.com/pointfreeco/swift-issue-reporting
Computed https://github.com/pointfreeco/swift-issue-reporting at 2.1.0 (1.85s)
Computing version for https://github.com/swiftlang/swift-syntax
Computed https://github.com/swiftlang/swift-syntax at 604.0.0 (0.31s)
Creating working copy for https://github.com/pointfreeco/swift-issue-reporting
Working copy of https://github.com/pointfreeco/swift-issue-reporting resolved at 2.1.0
Creating working copy for https://github.com/swiftlang/swift-syntax
Working copy of https://github.com/swiftlang/swift-syntax resolved at 604.0.0
Creating working copy for https://github.com/pointfreeco/swift-snapshot-testing
Working copy of https://github.com/pointfreeco/swift-snapshot-testing resolved at 1.19.5
Creating working copy for https://github.com/kean/Get
Working copy of https://github.com/kean/Get resolved at 2.2.1
Creating working copy for https://github.com/pointfreeco/swift-custom-dump
Working copy of https://github.com/pointfreeco/swift-custom-dump resolved at 1.7.3
Creating working copy for https://github.com/binaryscraping/GetExtensions
Working copy of https://github.com/binaryscraping/GetExtensions resolved at 1.0.0
Building for debugging...
[Pre-planning 1 / 126]
[12 / 52] PostgREST
[37 / 59] Get
error: SwiftCompile normal x86_64 failed with a nonzero exit code. Command line:     cd /host

/host/spi-builder-workspace/.build/checkouts/GetExtensions/Sources/GetExtensions/MultiAPIClientDelegate.swift:12:74: error: cannot find type 'URLRequest' in scope
10 |   }
11 |
12 |   public func client(_ client: APIClient, willSendRequest request: inout URLRequest) async throws {
   |                                                                          `- error: cannot find type 'URLRequest' in scope
13 |     for delegate in delegates {
14 |       try await delegate.client(client, willSendRequest: &request)
/host/spi-builder-workspace/.build/checkouts/GetExtensions/Sources/GetExtensions/MultiAPIClientDelegate.swift:20:23: error: 'URLSessionTask' is unavailable: This type has moved to the FoundationNetworking module. Import that module to use it.
18 |   public func client(
19 |     _ client: APIClient,
20 |     shouldRetry task: URLSessionTask,
   |                       `- error: 'URLSessionTask' is unavailable: This type has moved to the FoundationNetworking module. Import that module to use it.
21 |     error: Error,
22 |     attempts: Int
Foundation.URLSessionTask:2:18: note: 'URLSessionTask' has been explicitly marked unavailable here
1 | @available(*, unavailable, message: "This type has moved to the FoundationNetworking module. Import that module to use it.")
2 | public typealias URLSessionTask = AnyObject
  |                  `- note: 'URLSessionTask' has been explicitly marked unavailable here
/host/spi-builder-workspace/.build/checkouts/GetExtensions/Sources/GetExtensions/MultiAPIClientDelegate.swift:34:32: error: 'HTTPURLResponse' is unavailable: This type has moved to the FoundationNetworking module. Import that module to use it.
32 |   public func client(
33 |     _ client: APIClient,
34 |     validateResponse response: HTTPURLResponse,
   |                                `- error: 'HTTPURLResponse' is unavailable: This type has moved to the FoundationNetworking module. Import that module to use it.
35 |     data: Data,
36 |     task: URLSessionTask
Foundation.HTTPURLResponse:2:18: note: 'HTTPURLResponse' has been explicitly marked unavailable here
1 | @available(*, unavailable, message: "This type has moved to the FoundationNetworking module. Import that module to use it.")
2 | public typealias HTTPURLResponse = AnyObject
  |                  `- note: 'HTTPURLResponse' has been explicitly marked unavailable here
/host/spi-builder-workspace/.build/checkouts/GetExtensions/Sources/GetExtensions/MultiAPIClientDelegate.swift:36:11: error: 'URLSessionTask' is unavailable: This type has moved to the FoundationNetworking module. Import that module to use it.
34 |     validateResponse response: HTTPURLResponse,
35 |     data: Data,
36 |     task: URLSessionTask
   |           `- error: 'URLSessionTask' is unavailable: This type has moved to the FoundationNetworking module. Import that module to use it.
37 |   ) throws {
38 |     for delegate in delegates {
Foundation.URLSessionTask:2:18: note: 'URLSessionTask' has been explicitly marked unavailable here
1 | @available(*, unavailable, message: "This type has moved to the FoundationNetworking module. Import that module to use it.")
2 | public typealias URLSessionTask = AnyObject
  |                  `- note: 'URLSessionTask' has been explicitly marked unavailable here
Failed frontend command:
/usr/bin/swift-frontend -frontend -emit-module -experimental-skip-non-inlinable-function-bodies-without-types /host/spi-builder-workspace/.build/checkouts/GetExtensions/Sources/GetExtensions/MultiAPIClientDelegate.swift -target x86_64-unknown-linux-gnu -disable-objc-interop -I /host/spi-builder-workspace/.build/out/Products/Debug-linux-x86_64 -module-cache-path /host/spi-builder-workspace/.build/out/ModuleCache.noindex -color-diagnostics -Xcc -fcolor-diagnostics -enable-testing -g -debug-info-format\=dwarf -dwarf-version\=4 -suppress-warnings -swift-version 5 -Onone -D SWIFT_PACKAGE -D DEBUG -D SWIFT_MODULE_RESOURCE_BUNDLE_UNAVAILABLE -D Xcode -serialize-debugging-options -enable-experimental-feature DebugDescriptionMacro -empty-abi-descriptor -external-plugin-path /usr/lib/swift/host/plugins/testing\#/usr/bin/swift-plugin-server -validate-clang-modules-once -clang-build-session-file /host/spi-builder-workspace/.build/out/ModuleCache.noindex/Session.modulevalidation -Xcc -working-directory -Xcc /host -enable-anonymous-context-mangled-names -file-compilation-dir /host -Xcc -fno-omit-frame-pointer -Xcc -D_LIBCPP_HARDENING_MODE\=_LIBCPP_HARDENING_MODE_DEBUG -Xcc -fmodules-prune-interval\=86400 -Xcc -fmodules-prune-after\=345600 -Xcc -I/host/spi-builder-workspace/.build/out/Products/Debug-linux-x86_64/include -Xcc -I/host/spi-builder-workspace/.build/out/Intermediates.noindex/GetExtensions.build/Debug-linux-x86_64/GetExtensions-t.build/DerivedSources-normal/x86_64 -Xcc -I/host/spi-builder-workspace/.build/out/Intermediates.noindex/GetExtensions.build/Debug-linux-x86_64/GetExtensions-t.build/DerivedSources/x86_64 -Xcc -I/host/spi-builder-workspace/.build/out/Intermediates.noindex/GetExtensions.build/Debug-linux-x86_64/GetExtensions-t.build/DerivedSources -Xcc -DSWIFT_PACKAGE -Xcc -DDEBUG\=1 -no-auto-bridging-header-chaining -module-name GetExtensions -const-gather-protocols-file /host/spi-builder-workspace/.build/out/Intermediates.noindex/GetExtensions.build/Debug-linux-x86_64/GetExtensions-t.build/Objects-normal/x86_64/GetExtensions_const_extract_protocols.json -in-process-plugin-server-path /usr/lib/swift/host/libSwiftInProcPluginServer.so -plugin-path /usr/lib/swift/host/plugins -plugin-path /usr/local/lib/swift/host/plugins -emit-module-doc-path /host/spi-builder-workspace/.build/out/Intermediates.noindex/GetExtensions.build/Debug-linux-x86_64/GetExtensions-t.build/Objects-normal/x86_64/Modules/GetExtensions.swiftdoc -emit-module-source-info-path /host/spi-builder-workspace/.build/out/Intermediates.noindex/GetExtensions.build/Debug-linux-x86_64/GetExtensions-t.build/Objects-normal/x86_64/Modules/GetExtensions.swiftsourceinfo -emit-objc-header-path /host/spi-builder-workspace/.build/out/Intermediates.noindex/GetExtensions.build/Debug-linux-x86_64/GetExtensions-t.build/Objects-normal/x86_64/GetExtensions-Swift.h -serialize-diagnostics-path /host/spi-builder-workspace/.build/out/Intermediates.noindex/GetExtensions.build/Debug-linux-x86_64/GetExtensions-t.build/Objects-normal/x86_64/GetExtensions-primary-emit-module.dia -emit-dependencies-path /host/spi-builder-workspace/.build/out/Intermediates.noindex/GetExtensions.build/Debug-linux-x86_64/GetExtensions-t.build/Objects-normal/x86_64/GetExtensions-primary-emit-module.d -parse-as-library -o /host/spi-builder-workspace/.build/out/Intermediates.noindex/GetExtensions.build/Debug-linux-x86_64/GetExtensions-t.build/Objects-normal/x86_64/Modules/GetExtensions.swiftmodule
error: Build failed
BUILD FAILURE 6.4 linux