The Swift Package Index logo.Swift Package Index

Build Information

Failed to build ImageWithActivityIndicator, reference master (f2e5af), with Swift 6.4 for macOS (SPM) on 16 Sep 2026 11:45:44 UTC.

Build Command

env DEVELOPER_DIR=/Applications/Xcode-27.0.0-Release.Candidate.app xcrun swift build --arch arm64

Build Log

========================================
RunAll
========================================
Builder version: 5.1.0
Interrupt handler set up.
========================================
Checkout
========================================
Clone URL: https://github.com/aliadam/imagewithactivityindicator.git
Reference: master
Initialized empty Git repository in /Users/admin/builder/spi-builder-workspace/.git/
From https://github.com/aliadam/imagewithactivityindicator
 * branch            master     -> FETCH_HEAD
 * [new branch]      master     -> origin/master
HEAD is now at f2e5af7 Merge pull request #3 from amarantedaniel/fix-examples-identation
Cloned https://github.com/aliadam/imagewithactivityindicator.git
Revision (git rev-parse @):
f2e5af75baa6f1e10170f27ca8cf2d0e7b8f3917
SUCCESS checkout https://github.com/aliadam/imagewithactivityindicator.git at master
========================================
Build
========================================
Selected platform:         macosSpm
Swift version:             6.4
Building package at path:  $PWD
https://github.com/aliadam/imagewithactivityindicator.git
Running build ...
env DEVELOPER_DIR=/Applications/Xcode-27.0.0-Release.Candidate.app xcrun swift build --arch arm64
Building for debugging...
[Planning deferred tasks]
[19 / 28]
[20 / 29] ImageWithActivityIndicator
[30 / 100]
[33 / 100]
[41 / 100]
[43 / 100]
[44 / 100]
[49 / 100]
[51 / 100]
[53 / 100]
[56 / 100]
[61 / 100]
[64 / 100]
[66 / 100]
[67 / 100]
[77 / 100]
[79 / 100]
[80 / 100]
[83 / 100]
[85 / 100]
[91 / 100] ImageWithActivityIndicator
error: SwiftCompile normal arm64 failed with a nonzero exit code. Command line:     cd /Users/admin/builder

/Users/admin/builder/spi-builder-workspace/Sources/ImageWithActivityIndicator/ActivityIndicator.swift:13:16: error: cannot find type 'UIActivityIndicatorView' in scope
11 | public struct ActivityIndicator: UIViewRepresentable {
12 |
13 |     let style: UIActivityIndicatorView.Style
   |                `- error: cannot find type 'UIActivityIndicatorView' in scope
14 |
15 |     public func makeUIView(context: UIViewRepresentableContext<ActivityIndicator>) -> UIActivityIndicatorView {
/Users/admin/builder/spi-builder-workspace/Sources/ImageWithActivityIndicator/ActivityIndicator.swift:15:87: error: cannot find type 'UIActivityIndicatorView' in scope
13 |     let style: UIActivityIndicatorView.Style
14 |
15 |     public func makeUIView(context: UIViewRepresentableContext<ActivityIndicator>) -> UIActivityIndicatorView {
   |                                                                                       `- error: cannot find type 'UIActivityIndicatorView' in scope
16 |         return UIActivityIndicatorView(style: style)
17 |     }
/Users/admin/builder/spi-builder-workspace/Sources/ImageWithActivityIndicator/ActivityIndicator.swift:15:37: error: cannot find type 'UIViewRepresentableContext' in scope
13 |     let style: UIActivityIndicatorView.Style
14 |
15 |     public func makeUIView(context: UIViewRepresentableContext<ActivityIndicator>) -> UIActivityIndicatorView {
   |                                     `- error: cannot find type 'UIViewRepresentableContext' in scope
16 |         return UIActivityIndicatorView(style: style)
17 |     }
/Users/admin/builder/spi-builder-workspace/Sources/ImageWithActivityIndicator/ActivityIndicator.swift:19:40: error: cannot find type 'UIActivityIndicatorView' in scope
17 |     }
18 |
19 |     public func updateUIView(_ uiView: UIActivityIndicatorView, context: UIViewRepresentableContext<ActivityIndicator>) {
   |                                        `- error: cannot find type 'UIActivityIndicatorView' in scope
20 |         uiView.startAnimating()
21 |     }
/Users/admin/builder/spi-builder-workspace/Sources/ImageWithActivityIndicator/ActivityIndicator.swift:19:74: error: cannot find type 'UIViewRepresentableContext' in scope
17 |     }
18 |
19 |     public func updateUIView(_ uiView: UIActivityIndicatorView, context: UIViewRepresentableContext<ActivityIndicator>) {
   |                                                                          `- error: cannot find type 'UIViewRepresentableContext' in scope
20 |         uiView.startAnimating()
21 |     }
/Users/admin/builder/spi-builder-workspace/Sources/ImageWithActivityIndicator/ActivityIndicator.swift:11:34: error: cannot find type 'UIViewRepresentable' in scope
 9 |
10 | @available(iOS 13.0, *)
11 | public struct ActivityIndicator: UIViewRepresentable {
   |                                  `- error: cannot find type 'UIViewRepresentable' in scope
12 |
13 |     let style: UIActivityIndicatorView.Style
/Users/admin/builder/spi-builder-workspace/Sources/ImageWithActivityIndicator/ImageWithActivityIndicator.swift:15:24: error: cannot find type 'UIActivityIndicatorView' in scope
13 | public struct ViewWithActivityIndicator<Content:View> : View {
14 |
15 |     private let style: UIActivityIndicatorView.Style = .medium
   |                        `- error: cannot find type 'UIActivityIndicatorView' in scope
16 |
17 |     @ObservedObject private var viewLoader:ViewLoader
Failed frontend command:
/Applications/Xcode-27.0.0-Release.Candidate.app/Contents/Developer/Toolchains/XcodeDefault.xctoolchain/usr/bin/swift-frontend -frontend -emit-module -experimental-skip-non-inlinable-function-bodies-without-types /Users/admin/builder/spi-builder-workspace/Sources/ImageWithActivityIndicator/ActivityIndicator.swift /Users/admin/builder/spi-builder-workspace/Sources/ImageWithActivityIndicator/ImageWithActivityIndicator.swift /Users/admin/builder/spi-builder-workspace/Sources/ImageWithActivityIndicator/ViewLoader.swift /Users/admin/builder/spi-builder-workspace/Sources/ImageWithActivityIndicator/ViewLoaders.swift -target arm64-apple-macos12.0 -disable-cross-import-overlay-search -load-resolved-plugin /Applications/Xcode-27.0.0-Release.Candidate.app/Contents/Developer/Platforms/MacOSX.platform/Developer/usr/lib/swift/host/plugins/libFoundationMacros.dylib\#/Applications/Xcode-27.0.0-Release.Candidate.app/Contents/Developer/Platforms/MacOSX.platform/Developer/usr/bin/swift-plugin-server\#FoundationMacros -load-resolved-plugin /Applications/Xcode-27.0.0-Release.Candidate.app/Contents/Developer/Platforms/MacOSX.platform/Developer/usr/lib/swift/host/plugins/libObservationMacros.dylib\#/Applications/Xcode-27.0.0-Release.Candidate.app/Contents/Developer/Platforms/MacOSX.platform/Developer/usr/bin/swift-plugin-server\#ObservationMacros -load-resolved-plugin /Applications/Xcode-27.0.0-Release.Candidate.app/Contents/Developer/Platforms/MacOSX.platform/Developer/usr/lib/swift/host/plugins/libPreviewsMacros.dylib\#/Applications/Xcode-27.0.0-Release.Candidate.app/Contents/Developer/Platforms/MacOSX.platform/Developer/usr/bin/swift-plugin-server\#PreviewsMacros -load-resolved-plugin /Applications/Xcode-27.0.0-Release.Candidate.app/Contents/Developer/Platforms/MacOSX.platform/Developer/usr/lib/swift/host/plugins/libSwiftMacros.dylib\#/Applications/Xcode-27.0.0-Release.Candidate.app/Contents/Developer/Platforms/MacOSX.platform/Developer/usr/bin/swift-plugin-server\#SwiftMacros -load-resolved-plugin /Applications/Xcode-27.0.0-Release.Candidate.app/Contents/Developer/Platforms/MacOSX.platform/Developer/usr/lib/swift/host/plugins/libSwiftUIMacros.dylib\#/Applications/Xcode-27.0.0-Release.Candidate.app/Contents/Developer/Platforms/MacOSX.platform/Developer/usr/bin/swift-plugin-server\#SwiftUIMacros -disable-implicit-swift-modules -Xcc -fno-implicit-modules -Xcc -fno-implicit-module-maps -explicit-swift-module-map-file /Users/admin/builder/spi-builder-workspace/.build/out/Intermediates.noindex/ImageWithActivityIndicator.build/Debug/ImageWithActivityIndicator-t.build/Objects-normal/arm64/ImageWithActivityIndicator-dependencies-1.json -Xllvm -aarch64-use-tbi -enable-objc-interop -stack-check -sdk /Applications/Xcode-27.0.0-Release.Candidate.app/Contents/Developer/Platforms/MacOSX.platform/Developer/SDKs/MacOSX27.0.sdk -I /Users/admin/builder/spi-builder-workspace/.build/out/Products/Debug -Isystem /Applications/Xcode-27.0.0-Release.Candidate.app/Contents/Developer/Platforms/MacOSX.platform/Developer/usr/lib -F /Users/admin/builder/spi-builder-workspace/.build/out/Products/Debug -F /Applications/Xcode-27.0.0-Release.Candidate.app/Contents/Developer/Platforms/MacOSX.platform/Developer/Library/Frameworks -module-cache-path /Users/admin/builder/spi-builder-workspace/.build/out/Intermediates.noindex/SwiftExplicitPrecompiledModules -color-diagnostics -Xcc -fcolor-diagnostics -enable-testing -g -debug-info-format\=dwarf -dwarf-version\=4 -swift-version 5 -Onone -D SWIFT_PACKAGE -D DEBUG -D SWIFT_MODULE_RESOURCE_BUNDLE_UNAVAILABLE -D Xcode -serialize-debugging-options -enable-experimental-feature DebugDescriptionMacro -empty-abi-descriptor -validate-clang-modules-once -clang-build-session-file /Users/admin/builder/spi-builder-workspace/.build/out/ModuleCache.noindex/Session.modulevalidation -Xcc -working-directory -Xcc /Users/admin/builder -enable-anonymous-context-mangled-names -file-compilation-dir /Users/admin/builder -Xcc -D_LIBCPP_HARDENING_MODE\=_LIBCPP_HARDENING_MODE_DEBUG -Xcc -ivfsstatcache -Xcc /Users/admin/builder/spi-builder-workspace/.build/out/SDKStatCaches.noindex/macosx27.0-26A425-80c5bbf1d171475443272936d42f90a36a22442a12e9d48fe1a705f55a1adfc4.sdkstatcache -Xcc -fmodules-prune-interval\=86400 -Xcc -fmodules-prune-after\=345600 -Xcc -I/Users/admin/builder/spi-builder-workspace/.build/out/Products/Debug/include -Xcc -I/Users/admin/builder/spi-builder-workspace/.build/out/Intermediates.noindex/ImageWithActivityIndicator.build/Debug/ImageWithActivityIndicator-t.build/DerivedSources-normal/arm64 -Xcc -I/Users/admin/builder/spi-builder-workspace/.build/out/Intermediates.noindex/ImageWithActivityIndicator.build/Debug/ImageWithActivityIndicator-t.build/DerivedSources/arm64 -Xcc -I/Users/admin/builder/spi-builder-workspace/.build/out/Intermediates.noindex/ImageWithActivityIndicator.build/Debug/ImageWithActivityIndicator-t.build/DerivedSources -Xcc -DSWIFT_PACKAGE -Xcc -DDEBUG\=1 -no-auto-bridging-header-chaining -module-name ImageWithActivityIndicator -const-gather-protocols-file /Users/admin/builder/spi-builder-workspace/.build/out/Intermediates.noindex/ImageWithActivityIndicator.build/Debug/ImageWithActivityIndicator-t.build/Objects-normal/arm64/ImageWithActivityIndicator_const_extract_protocols.json -disable-clang-spi -clang-target arm64-apple-macos27.0 -target-sdk-version 27.0 -target-sdk-name macosx27.0 -in-process-plugin-server-path /Applications/Xcode-27.0.0-Release.Candidate.app/Contents/Developer/Toolchains/XcodeDefault.xctoolchain/usr/lib/swift/host/libSwiftInProcPluginServer.dylib -emit-module-doc-path /Users/admin/builder/spi-builder-workspace/.build/out/Intermediates.noindex/ImageWithActivityIndicator.build/Debug/ImageWithActivityIndicator-t.build/Objects-normal/arm64/ImageWithActivityIndicator.swiftdoc -emit-module-source-info-path /Users/admin/builder/spi-builder-workspace/.build/out/Intermediates.noindex/ImageWithActivityIndicator.build/Debug/ImageWithActivityIndicator-t.build/Objects-normal/arm64/ImageWithActivityIndicator.swiftsourceinfo -emit-objc-header-path /Users/admin/builder/spi-builder-workspace/.build/out/Intermediates.noindex/ImageWithActivityIndicator.build/Debug/ImageWithActivityIndicator-t.build/Objects-normal/arm64/ImageWithActivityIndicator-Swift.h -serialize-diagnostics-path /Users/admin/builder/spi-builder-workspace/.build/out/Intermediates.noindex/ImageWithActivityIndicator.build/Debug/ImageWithActivityIndicator-t.build/Objects-normal/arm64/ImageWithActivityIndicator-primary-emit-module.dia -emit-dependencies-path /Users/admin/builder/spi-builder-workspace/.build/out/Intermediates.noindex/ImageWithActivityIndicator.build/Debug/ImageWithActivityIndicator-t.build/Objects-normal/arm64/ImageWithActivityIndicator-primary-emit-module.d -parse-as-library -o /Users/admin/builder/spi-builder-workspace/.build/out/Intermediates.noindex/ImageWithActivityIndicator.build/Debug/ImageWithActivityIndicator-t.build/Objects-normal/arm64/ImageWithActivityIndicator.swiftmodule -emit-abi-descriptor-path /Users/admin/builder/spi-builder-workspace/.build/out/Intermediates.noindex/ImageWithActivityIndicator.build/Debug/ImageWithActivityIndicator-t.build/Objects-normal/arm64/ImageWithActivityIndicator.abi.json
error: Build failed
BUILD FAILURE 6.4 macosSpm