Build Information
Failed to build DigiMeSDK, reference master (8f84c6), with Swift 6.4 for watchOS using Xcode 27.0 on 22 Sep 2026 05:51:18 UTC.
Build Command
env DEVELOPER_DIR=/Applications/Xcode-27.0.0-Release.Candidate.app xcrun xcodebuild -IDEClonedSourcePackagesDirPathOverride=$PWD/.dependencies -skipMacroValidation -skipPackagePluginValidation -derivedDataPath $PWD/.derivedData build -scheme DigiMeSDK-Package -destination generic/platform=watchOSBuild Log
SwiftExplicitDependencyGeneratePcm arm64_32 /Users/admin/builder/spi-builder-workspace/.derivedData/SDKExplicitPrecompiledModules/_DarwinFoundation1-2GWF9RFMPLQW4PDHS3NARVI3G.pcm
SwiftExplicitDependencyGeneratePcm arm64 /Users/admin/builder/spi-builder-workspace/.derivedData/SDKExplicitPrecompiledModules/_DarwinFoundation1-7SPX3MD0HMP55E4OLNCPNDQ53.pcm
SwiftExplicitDependencyGeneratePcm arm64 /Users/admin/builder/spi-builder-workspace/.derivedData/SDKExplicitPrecompiledModules/_Builtin_limits-9GWPA2B0H20DYUNYHYCWKABJG.pcm
SwiftExplicitDependencyGeneratePcm arm64 /Users/admin/builder/spi-builder-workspace/.derivedData/SDKExplicitPrecompiledModules/_DarwinFoundation2-D0XAPJU49S5E9XMKYOFGSTB1Q.pcm
SwiftExplicitDependencyGeneratePcm arm64_32 /Users/admin/builder/spi-builder-workspace/.derivedData/SDKExplicitPrecompiledModules/_Builtin_limits-3VKBU2AFTD65PAJZ5CJ3LHFM2.pcm
SwiftExplicitDependencyGeneratePcm arm64_32 /Users/admin/builder/spi-builder-workspace/.derivedData/SDKExplicitPrecompiledModules/_DarwinFoundation2-9MY8GOSYRO0M9MKNXF6D3MBNK.pcm
SwiftExplicitDependencyGeneratePcm arm64_32 /Users/admin/builder/spi-builder-workspace/.derivedData/SDKExplicitPrecompiledModules/string_h-BFVLUQUSBZWYMLCU9QI7VZALW.pcm
SwiftExplicitDependencyGeneratePcm arm64_32 /Users/admin/builder/spi-builder-workspace/.derivedData/SDKExplicitPrecompiledModules/sys_types-8TLLMW08ZJWDGIIPKOYFGHHZW.pcm
SwiftExplicitDependencyGeneratePcm arm64_32 /Users/admin/builder/spi-builder-workspace/.derivedData/SDKExplicitPrecompiledModules/_Builtin_stdint-1HMXWI3V0V4TXHRWZOMZGZ80Y.pcm
SwiftExplicitDependencyGeneratePcm arm64 /Users/admin/builder/spi-builder-workspace/.derivedData/SDKExplicitPrecompiledModules/_Builtin_stdint-8XMILLJZEGRN2XG7XZUXZ5RLX.pcm
SwiftExplicitDependencyGeneratePcm arm64 /Users/admin/builder/spi-builder-workspace/.derivedData/SDKExplicitPrecompiledModules/string_h-E6PRXK75PHIPCZFWOFCQ3QBMK.pcm
SwiftExplicitDependencyGeneratePcm arm64 /Users/admin/builder/spi-builder-workspace/.derivedData/SDKExplicitPrecompiledModules/sys_types-2KXQLI78OUCDP779AE68GZJ2.pcm
SwiftExplicitDependencyGeneratePcm arm64_32 /Users/admin/builder/spi-builder-workspace/.derivedData/SDKExplicitPrecompiledModules/_DarwinFoundation3-3DUTYQDQSD9HUAAVY947NMWOI.pcm
SwiftExplicitDependencyGeneratePcm arm64 /Users/admin/builder/spi-builder-workspace/.derivedData/SDKExplicitPrecompiledModules/_DarwinFoundation3-B97LRG0E9GON2NUE65TVG81HU.pcm
SwiftExplicitDependencyGeneratePcm arm64_32 /Users/admin/builder/spi-builder-workspace/.derivedData/SDKExplicitPrecompiledModules/CommonCrypto-4SBKSONONPCN5A2NN0NHD4BRW.pcm
SwiftExplicitDependencyGeneratePcm arm64_32 /Users/admin/builder/spi-builder-workspace/.derivedData/SDKExplicitPrecompiledModules/_Builtin_inttypes-D2KPCR4PEX9AQA33NGLUT5SBR.pcm
SwiftExplicitDependencyGeneratePcm arm64 /Users/admin/builder/spi-builder-workspace/.derivedData/SDKExplicitPrecompiledModules/_Builtin_inttypes-3UQSCM7WNM9EK4HZML8TY5J3D.pcm
SwiftExplicitDependencyGeneratePcm arm64 /Users/admin/builder/spi-builder-workspace/.derivedData/SDKExplicitPrecompiledModules/CommonCrypto-3731WVM9LGADOB9H6TY2155BN.pcm
SwiftExplicitDependencyGeneratePcm arm64 /Users/admin/builder/spi-builder-workspace/.derivedData/SDKExplicitPrecompiledModules/Darwin-3984OXKFNSPE77NT743WK8SEX.pcm
SwiftExplicitDependencyGeneratePcm arm64_32 /Users/admin/builder/spi-builder-workspace/.derivedData/SDKExplicitPrecompiledModules/Darwin-3FVT1SKLN2ZQ5RVOABMTQBB34.pcm
SwiftExplicitDependencyGeneratePcm arm64_32 /Users/admin/builder/spi-builder-workspace/.derivedData/SDKExplicitPrecompiledModules/ObjectiveC-6IJNELR2E80E7LUKESVCP2KET.pcm
SwiftExplicitDependencyGeneratePcm arm64 /Users/admin/builder/spi-builder-workspace/.derivedData/SDKExplicitPrecompiledModules/ObjectiveC-72IVD3VS2RS8Q28D9PIMY0KQP.pcm
SwiftExplicitDependencyGeneratePcm arm64_32 /Users/admin/builder/spi-builder-workspace/.derivedData/SDKExplicitPrecompiledModules/os_object-5YWTC6L4756IWSTPGXS5NM0D0.pcm
SwiftExplicitDependencyGeneratePcm arm64 /Users/admin/builder/spi-builder-workspace/.derivedData/SDKExplicitPrecompiledModules/os_object-3SDKD7F87FTZ26OON37DRYT6O.pcm
SwiftExplicitDependencyGeneratePcm arm64_32 /Users/admin/builder/spi-builder-workspace/.derivedData/SDKExplicitPrecompiledModules/os_workgroup-5JHTPDMNBUNHLJI8LPHKQK1JK.pcm
SwiftExplicitDependencyGeneratePcm arm64 /Users/admin/builder/spi-builder-workspace/.derivedData/SDKExplicitPrecompiledModules/os_workgroup-89GG5G7YC2D0ZTK6AZXXQ20DH.pcm
SwiftExplicitDependencyGeneratePcm arm64_32 /Users/admin/builder/spi-builder-workspace/.derivedData/SDKExplicitPrecompiledModules/Dispatch-2P62F1T4XV63S4P99TUDTOK2Q.pcm
SwiftExplicitDependencyGeneratePcm arm64 /Users/admin/builder/spi-builder-workspace/.derivedData/SDKExplicitPrecompiledModules/Dispatch-1NLJOVAK60XP0DUB05XA59EIM.pcm
SwiftExplicitDependencyGeneratePcm arm64_32 /Users/admin/builder/spi-builder-workspace/.derivedData/SDKExplicitPrecompiledModules/XPC-81Y45QFY96XYYFCW2GT6FY8S4.pcm
SwiftExplicitDependencyGeneratePcm arm64_32 /Users/admin/builder/spi-builder-workspace/.derivedData/SDKExplicitPrecompiledModules/CoreFoundation-8E6Y4BA3EXYKUGJ24GT9LGV3N.pcm
SwiftExplicitDependencyGeneratePcm arm64 /Users/admin/builder/spi-builder-workspace/.derivedData/SDKExplicitPrecompiledModules/CoreFoundation-8T2L24YC5NU7WO6WQJWRY7W08.pcm
SwiftExplicitDependencyGeneratePcm arm64 /Users/admin/builder/spi-builder-workspace/.derivedData/SDKExplicitPrecompiledModules/XPC-40DR0X1DHKGCV4J1IOLFS8MOU.pcm
SwiftExplicitDependencyGeneratePcm arm64 /Users/admin/builder/spi-builder-workspace/.derivedData/SDKExplicitPrecompiledModules/Security-6RZ6YBRU8WCUHRFFRVUK5WKMM.pcm
SwiftExplicitDependencyGeneratePcm arm64_32 /Users/admin/builder/spi-builder-workspace/.derivedData/SDKExplicitPrecompiledModules/Security-D7TOWF88VWF67TB9HAFP5UWB1.pcm
SwiftExplicitDependencyGeneratePcm arm64_32 /Users/admin/builder/spi-builder-workspace/.derivedData/SDKExplicitPrecompiledModules/Foundation-BJ2VQGI3OGR34500MEQ1VKHPH.pcm
SwiftExplicitDependencyGeneratePcm arm64 /Users/admin/builder/spi-builder-workspace/.derivedData/SDKExplicitPrecompiledModules/Foundation-DLBKUSGXN8QHAT8W0OARR9S8A.pcm
SwiftExplicitDependencyGeneratePcm arm64 /Users/admin/builder/spi-builder-workspace/.derivedData/SDKExplicitPrecompiledModules/LocalAuthentication-E2VERNNN1K2IWY24TR43TU59K.pcm
SwiftExplicitDependencyGeneratePcm arm64_32 /Users/admin/builder/spi-builder-workspace/.derivedData/SDKExplicitPrecompiledModules/LocalAuthentication-ATD947DC6Q0HA129OWBMG6HNP.pcm
SwiftEmitModule normal arm64 Emitting\ module\ for\ DigiMeCore (in target 'DigiMeCore' from project 'DigiMeSDK')
SwiftCompile normal arm64 (in target 'DigiMeCore' from project 'DigiMeSDK')
cd /Users/admin/builder/spi-builder-workspace/.swiftpm/xcode
SwiftCompile normal arm64 Compiling\ CodableUserDefault.swift,\ Crypto.swift,\ Date+Helper.swift,\ DynamicallyKeyedArray.swift,\ Extensions+Encodable.swift,\ FilePersistentStorage.swift,\ String+Helper.swift,\ UserDefault.swift /Users/admin/builder/spi-builder-workspace/DigiMeCore/Sources/DigiMeCore/Utilities/CodableUserDefault.swift /Users/admin/builder/spi-builder-workspace/DigiMeCore/Sources/DigiMeCore/Utilities/Crypto.swift /Users/admin/builder/spi-builder-workspace/DigiMeCore/Sources/DigiMeCore/Utilities/Date+Helper.swift /Users/admin/builder/spi-builder-workspace/DigiMeCore/Sources/DigiMeCore/Utilities/DynamicallyKeyedArray.swift /Users/admin/builder/spi-builder-workspace/DigiMeCore/Sources/DigiMeCore/Utilities/Extensions+Encodable.swift /Users/admin/builder/spi-builder-workspace/DigiMeCore/Sources/DigiMeCore/Utilities/FilePersistentStorage.swift /Users/admin/builder/spi-builder-workspace/DigiMeCore/Sources/DigiMeCore/Utilities/String+Helper.swift /Users/admin/builder/spi-builder-workspace/DigiMeCore/Sources/DigiMeCore/Utilities/UserDefault.swift (in target 'DigiMeCore' from project 'DigiMeSDK')
SwiftCompile normal arm64 /Users/admin/builder/spi-builder-workspace/DigiMeCore/Sources/DigiMeCore/Utilities/CodableUserDefault.swift (in target 'DigiMeCore' from project 'DigiMeSDK')
cd /Users/admin/builder/spi-builder-workspace/.swiftpm/xcode
builtin-SwiftPerFileCompile CodableUserDefault.swift
SwiftCompile normal arm64 /Users/admin/builder/spi-builder-workspace/DigiMeCore/Sources/DigiMeCore/Utilities/Crypto.swift (in target 'DigiMeCore' from project 'DigiMeSDK')
cd /Users/admin/builder/spi-builder-workspace/.swiftpm/xcode
builtin-SwiftPerFileCompile Crypto.swift
SwiftCompile normal arm64 /Users/admin/builder/spi-builder-workspace/DigiMeCore/Sources/DigiMeCore/Utilities/Date+Helper.swift (in target 'DigiMeCore' from project 'DigiMeSDK')
cd /Users/admin/builder/spi-builder-workspace/.swiftpm/xcode
builtin-SwiftPerFileCompile Date+Helper.swift
SwiftCompile normal arm64 /Users/admin/builder/spi-builder-workspace/DigiMeCore/Sources/DigiMeCore/Utilities/DynamicallyKeyedArray.swift (in target 'DigiMeCore' from project 'DigiMeSDK')
cd /Users/admin/builder/spi-builder-workspace/.swiftpm/xcode
builtin-SwiftPerFileCompile DynamicallyKeyedArray.swift
SwiftCompile normal arm64 /Users/admin/builder/spi-builder-workspace/DigiMeCore/Sources/DigiMeCore/Utilities/Extensions+Encodable.swift (in target 'DigiMeCore' from project 'DigiMeSDK')
cd /Users/admin/builder/spi-builder-workspace/.swiftpm/xcode
builtin-SwiftPerFileCompile Extensions+Encodable.swift
SwiftCompile normal arm64 /Users/admin/builder/spi-builder-workspace/DigiMeCore/Sources/DigiMeCore/Utilities/FilePersistentStorage.swift (in target 'DigiMeCore' from project 'DigiMeSDK')
cd /Users/admin/builder/spi-builder-workspace/.swiftpm/xcode
builtin-SwiftPerFileCompile FilePersistentStorage.swift
SwiftCompile normal arm64 /Users/admin/builder/spi-builder-workspace/DigiMeCore/Sources/DigiMeCore/Utilities/String+Helper.swift (in target 'DigiMeCore' from project 'DigiMeSDK')
cd /Users/admin/builder/spi-builder-workspace/.swiftpm/xcode
builtin-SwiftPerFileCompile String+Helper.swift
SwiftCompile normal arm64 /Users/admin/builder/spi-builder-workspace/DigiMeCore/Sources/DigiMeCore/Utilities/UserDefault.swift (in target 'DigiMeCore' from project 'DigiMeSDK')
cd /Users/admin/builder/spi-builder-workspace/.swiftpm/xcode
builtin-SwiftPerFileCompile UserDefault.swift
/Users/admin/builder/spi-builder-workspace/DigiMeCore/Sources/DigiMeCore/Utilities/Crypto.swift:259:26: warning: 'SecKeyEncrypt' was deprecated in watchOS 8.0: Use SecKeyCreateEncryptedData [#DeprecatedDeclaration]
257 | var encryptedDataLength = blockSize
258 |
259 | let status = SecKeyEncrypt(secKey, .OAEP, chunkData, chunkData.count, &encryptedDataBuffer, &encryptedDataLength)
| `- warning: 'SecKeyEncrypt' was deprecated in watchOS 8.0: Use SecKeyCreateEncryptedData [#DeprecatedDeclaration]
260 |
261 | guard status == noErr else {
/Users/admin/builder/spi-builder-workspace/DigiMeCore/Sources/DigiMeCore/Utilities/Crypto.swift:288:26: warning: 'SecKeyDecrypt' was deprecated in watchOS 8.0: Use SecKeyCreateDecryptedData [#DeprecatedDeclaration]
286 | var decryptedDataLength = blockSize
287 |
288 | let status = SecKeyDecrypt(secKey, .OAEP, chunkData, indexEnd - index, &decryptedDataBuffer, &decryptedDataLength)
| `- warning: 'SecKeyDecrypt' was deprecated in watchOS 8.0: Use SecKeyCreateDecryptedData [#DeprecatedDeclaration]
289 | guard status == noErr else {
290 | throw CryptoError.chunkDecryptFailed(index: index)
[#DeprecatedDeclaration]: <https://docs.swift.org/compiler/documentation/diagnostics/deprecated-declaration>
SwiftCompile normal arm64 Compiling\ ReadOptions.swift,\ Scope.swift,\ ServiceGroupType.swift,\ ServiceObjectType.swift,\ ServiceType.swift,\ SourceFetchFilter.swift,\ TimeRange.swift,\ StorageConfig.swift /Users/admin/builder/spi-builder-workspace/DigiMeCore/Sources/DigiMeCore/Scoping/ReadOptions.swift /Users/admin/builder/spi-builder-workspace/DigiMeCore/Sources/DigiMeCore/Scoping/Scope.swift /Users/admin/builder/spi-builder-workspace/DigiMeCore/Sources/DigiMeCore/Scoping/ServiceGroupType.swift /Users/admin/builder/spi-builder-workspace/DigiMeCore/Sources/DigiMeCore/Scoping/ServiceObjectType.swift /Users/admin/builder/spi-builder-workspace/DigiMeCore/Sources/DigiMeCore/Scoping/ServiceType.swift /Users/admin/builder/spi-builder-workspace/DigiMeCore/Sources/DigiMeCore/Scoping/SourceFetchFilter.swift /Users/admin/builder/spi-builder-workspace/DigiMeCore/Sources/DigiMeCore/Scoping/TimeRange.swift /Users/admin/builder/spi-builder-workspace/DigiMeCore/Sources/DigiMeCore/Storage/StorageConfig.swift (in target 'DigiMeCore' from project 'DigiMeSDK')
SwiftCompile normal arm64 /Users/admin/builder/spi-builder-workspace/DigiMeCore/Sources/DigiMeCore/Scoping/ReadOptions.swift (in target 'DigiMeCore' from project 'DigiMeSDK')
cd /Users/admin/builder/spi-builder-workspace/.swiftpm/xcode
builtin-SwiftPerFileCompile ReadOptions.swift
SwiftCompile normal arm64 /Users/admin/builder/spi-builder-workspace/DigiMeCore/Sources/DigiMeCore/Scoping/Scope.swift (in target 'DigiMeCore' from project 'DigiMeSDK')
cd /Users/admin/builder/spi-builder-workspace/.swiftpm/xcode
builtin-SwiftPerFileCompile Scope.swift
SwiftCompile normal arm64 /Users/admin/builder/spi-builder-workspace/DigiMeCore/Sources/DigiMeCore/Scoping/ServiceGroupType.swift (in target 'DigiMeCore' from project 'DigiMeSDK')
cd /Users/admin/builder/spi-builder-workspace/.swiftpm/xcode
builtin-SwiftPerFileCompile ServiceGroupType.swift
SwiftCompile normal arm64 /Users/admin/builder/spi-builder-workspace/DigiMeCore/Sources/DigiMeCore/Scoping/ServiceObjectType.swift (in target 'DigiMeCore' from project 'DigiMeSDK')
cd /Users/admin/builder/spi-builder-workspace/.swiftpm/xcode
builtin-SwiftPerFileCompile ServiceObjectType.swift
SwiftCompile normal arm64 /Users/admin/builder/spi-builder-workspace/DigiMeCore/Sources/DigiMeCore/Scoping/ServiceType.swift (in target 'DigiMeCore' from project 'DigiMeSDK')
cd /Users/admin/builder/spi-builder-workspace/.swiftpm/xcode
builtin-SwiftPerFileCompile ServiceType.swift
SwiftCompile normal arm64 /Users/admin/builder/spi-builder-workspace/DigiMeCore/Sources/DigiMeCore/Scoping/SourceFetchFilter.swift (in target 'DigiMeCore' from project 'DigiMeSDK')
cd /Users/admin/builder/spi-builder-workspace/.swiftpm/xcode
builtin-SwiftPerFileCompile SourceFetchFilter.swift
SwiftCompile normal arm64 /Users/admin/builder/spi-builder-workspace/DigiMeCore/Sources/DigiMeCore/Scoping/TimeRange.swift (in target 'DigiMeCore' from project 'DigiMeSDK')
cd /Users/admin/builder/spi-builder-workspace/.swiftpm/xcode
builtin-SwiftPerFileCompile TimeRange.swift
SwiftCompile normal arm64 /Users/admin/builder/spi-builder-workspace/DigiMeCore/Sources/DigiMeCore/Storage/StorageConfig.swift (in target 'DigiMeCore' from project 'DigiMeSDK')
cd /Users/admin/builder/spi-builder-workspace/.swiftpm/xcode
builtin-SwiftPerFileCompile StorageConfig.swift
SwiftCompile normal arm64 Compiling\ StorageDeleteFileStatus.swift,\ StorageFileInfo.swift,\ StorageFileList.swift,\ StorageUploadFileInfo.swift,\ AES256.swift,\ Array+Helper.swift,\ Calendar+Helper.swift,\ Codable+Logging.swift /Users/admin/builder/spi-builder-workspace/DigiMeCore/Sources/DigiMeCore/Storage/StorageDeleteFileStatus.swift /Users/admin/builder/spi-builder-workspace/DigiMeCore/Sources/DigiMeCore/Storage/StorageFileInfo.swift /Users/admin/builder/spi-builder-workspace/DigiMeCore/Sources/DigiMeCore/Storage/StorageFileList.swift /Users/admin/builder/spi-builder-workspace/DigiMeCore/Sources/DigiMeCore/Storage/StorageUploadFileInfo.swift /Users/admin/builder/spi-builder-workspace/DigiMeCore/Sources/DigiMeCore/Utilities/AES256.swift /Users/admin/builder/spi-builder-workspace/DigiMeCore/Sources/DigiMeCore/Utilities/Array+Helper.swift /Users/admin/builder/spi-builder-workspace/DigiMeCore/Sources/DigiMeCore/Utilities/Calendar+Helper.swift /Users/admin/builder/spi-builder-workspace/DigiMeCore/Sources/DigiMeCore/Utilities/Codable+Logging.swift (in target 'DigiMeCore' from project 'DigiMeSDK')
SwiftCompile normal arm64 /Users/admin/builder/spi-builder-workspace/DigiMeCore/Sources/DigiMeCore/Storage/StorageDeleteFileStatus.swift (in target 'DigiMeCore' from project 'DigiMeSDK')
cd /Users/admin/builder/spi-builder-workspace/.swiftpm/xcode
builtin-SwiftPerFileCompile StorageDeleteFileStatus.swift
SwiftCompile normal arm64 /Users/admin/builder/spi-builder-workspace/DigiMeCore/Sources/DigiMeCore/Storage/StorageFileInfo.swift (in target 'DigiMeCore' from project 'DigiMeSDK')
cd /Users/admin/builder/spi-builder-workspace/.swiftpm/xcode
builtin-SwiftPerFileCompile StorageFileInfo.swift
SwiftCompile normal arm64 /Users/admin/builder/spi-builder-workspace/DigiMeCore/Sources/DigiMeCore/Storage/StorageFileList.swift (in target 'DigiMeCore' from project 'DigiMeSDK')
cd /Users/admin/builder/spi-builder-workspace/.swiftpm/xcode
builtin-SwiftPerFileCompile StorageFileList.swift
SwiftCompile normal arm64 /Users/admin/builder/spi-builder-workspace/DigiMeCore/Sources/DigiMeCore/Storage/StorageUploadFileInfo.swift (in target 'DigiMeCore' from project 'DigiMeSDK')
cd /Users/admin/builder/spi-builder-workspace/.swiftpm/xcode
builtin-SwiftPerFileCompile StorageUploadFileInfo.swift
SwiftCompile normal arm64 /Users/admin/builder/spi-builder-workspace/DigiMeCore/Sources/DigiMeCore/Utilities/AES256.swift (in target 'DigiMeCore' from project 'DigiMeSDK')
cd /Users/admin/builder/spi-builder-workspace/.swiftpm/xcode
builtin-SwiftPerFileCompile AES256.swift
SwiftCompile normal arm64 /Users/admin/builder/spi-builder-workspace/DigiMeCore/Sources/DigiMeCore/Utilities/Array+Helper.swift (in target 'DigiMeCore' from project 'DigiMeSDK')
cd /Users/admin/builder/spi-builder-workspace/.swiftpm/xcode
builtin-SwiftPerFileCompile Array+Helper.swift
SwiftCompile normal arm64 /Users/admin/builder/spi-builder-workspace/DigiMeCore/Sources/DigiMeCore/Utilities/Calendar+Helper.swift (in target 'DigiMeCore' from project 'DigiMeSDK')
cd /Users/admin/builder/spi-builder-workspace/.swiftpm/xcode
builtin-SwiftPerFileCompile Calendar+Helper.swift
SwiftCompile normal arm64 /Users/admin/builder/spi-builder-workspace/DigiMeCore/Sources/DigiMeCore/Utilities/Codable+Logging.swift (in target 'DigiMeCore' from project 'DigiMeSDK')
cd /Users/admin/builder/spi-builder-workspace/.swiftpm/xcode
builtin-SwiftPerFileCompile Codable+Logging.swift
SwiftCompile normal arm64 Compiling\ Logging.swift,\ ApplicationResponse.swift,\ ContractResponse.swift,\ ConsentAccessTimeRange.swift,\ ContractTimeRangeType.swift,\ DeviceOnlyServices.swift,\ Duration.swift,\ Limits.swift /Users/admin/builder/spi-builder-workspace/DigiMeCore/Sources/DigiMeCore/Logging/Logging.swift /Users/admin/builder/spi-builder-workspace/DigiMeCore/Sources/DigiMeCore/Network/ApplicationResponse.swift /Users/admin/builder/spi-builder-workspace/DigiMeCore/Sources/DigiMeCore/Network/ContractResponse.swift /Users/admin/builder/spi-builder-workspace/DigiMeCore/Sources/DigiMeCore/Scoping/ConsentAccessTimeRange.swift /Users/admin/builder/spi-builder-workspace/DigiMeCore/Sources/DigiMeCore/Scoping/ContractTimeRangeType.swift /Users/admin/builder/spi-builder-workspace/DigiMeCore/Sources/DigiMeCore/Scoping/DeviceOnlyServices.swift /Users/admin/builder/spi-builder-workspace/DigiMeCore/Sources/DigiMeCore/Scoping/Duration.swift /Users/admin/builder/spi-builder-workspace/DigiMeCore/Sources/DigiMeCore/Scoping/Limits.swift (in target 'DigiMeCore' from project 'DigiMeSDK')
SwiftCompile normal arm64 /Users/admin/builder/spi-builder-workspace/DigiMeCore/Sources/DigiMeCore/Logging/Logging.swift (in target 'DigiMeCore' from project 'DigiMeSDK')
cd /Users/admin/builder/spi-builder-workspace/.swiftpm/xcode
builtin-SwiftPerFileCompile Logging.swift
SwiftCompile normal arm64 /Users/admin/builder/spi-builder-workspace/DigiMeCore/Sources/DigiMeCore/Network/ApplicationResponse.swift (in target 'DigiMeCore' from project 'DigiMeSDK')
cd /Users/admin/builder/spi-builder-workspace/.swiftpm/xcode
builtin-SwiftPerFileCompile ApplicationResponse.swift
SwiftCompile normal arm64 /Users/admin/builder/spi-builder-workspace/DigiMeCore/Sources/DigiMeCore/Network/ContractResponse.swift (in target 'DigiMeCore' from project 'DigiMeSDK')
cd /Users/admin/builder/spi-builder-workspace/.swiftpm/xcode
builtin-SwiftPerFileCompile ContractResponse.swift
SwiftCompile normal arm64 /Users/admin/builder/spi-builder-workspace/DigiMeCore/Sources/DigiMeCore/Scoping/ConsentAccessTimeRange.swift (in target 'DigiMeCore' from project 'DigiMeSDK')
cd /Users/admin/builder/spi-builder-workspace/.swiftpm/xcode
builtin-SwiftPerFileCompile ConsentAccessTimeRange.swift
SwiftCompile normal arm64 /Users/admin/builder/spi-builder-workspace/DigiMeCore/Sources/DigiMeCore/Scoping/ContractTimeRangeType.swift (in target 'DigiMeCore' from project 'DigiMeSDK')
cd /Users/admin/builder/spi-builder-workspace/.swiftpm/xcode
builtin-SwiftPerFileCompile ContractTimeRangeType.swift
SwiftCompile normal arm64 /Users/admin/builder/spi-builder-workspace/DigiMeCore/Sources/DigiMeCore/Scoping/DeviceOnlyServices.swift (in target 'DigiMeCore' from project 'DigiMeSDK')
cd /Users/admin/builder/spi-builder-workspace/.swiftpm/xcode
builtin-SwiftPerFileCompile DeviceOnlyServices.swift
SwiftCompile normal arm64 /Users/admin/builder/spi-builder-workspace/DigiMeCore/Sources/DigiMeCore/Scoping/Duration.swift (in target 'DigiMeCore' from project 'DigiMeSDK')
cd /Users/admin/builder/spi-builder-workspace/.swiftpm/xcode
builtin-SwiftPerFileCompile Duration.swift
SwiftCompile normal arm64 /Users/admin/builder/spi-builder-workspace/DigiMeCore/Sources/DigiMeCore/Scoping/Limits.swift (in target 'DigiMeCore' from project 'DigiMeSDK')
cd /Users/admin/builder/spi-builder-workspace/.swiftpm/xcode
builtin-SwiftPerFileCompile Limits.swift
SwiftCompile normal arm64 Compiling\ AccountDataProvider.swift,\ AccountServiceDescriptor.swift,\ AccountsInfo.swift,\ SourceAccount.swift,\ SourceAccountData.swift,\ CallbackError.swift,\ Configuration.swift,\ ConsentError.swift,\ Credentials.swift /Users/admin/builder/spi-builder-workspace/DigiMeCore/Sources/DigiMeCore/Accounts/AccountDataProvider.swift /Users/admin/builder/spi-builder-workspace/DigiMeCore/Sources/DigiMeCore/Accounts/AccountServiceDescriptor.swift /Users/admin/builder/spi-builder-workspace/DigiMeCore/Sources/DigiMeCore/Accounts/AccountsInfo.swift /Users/admin/builder/spi-builder-workspace/DigiMeCore/Sources/DigiMeCore/Accounts/SourceAccount.swift /Users/admin/builder/spi-builder-workspace/DigiMeCore/Sources/DigiMeCore/Accounts/SourceAccountData.swift /Users/admin/builder/spi-builder-workspace/DigiMeCore/Sources/DigiMeCore/Authorization/CallbackError.swift /Users/admin/builder/spi-builder-workspace/DigiMeCore/Sources/DigiMeCore/Authorization/Configuration.swift /Users/admin/builder/spi-builder-workspace/DigiMeCore/Sources/DigiMeCore/Authorization/ConsentError.swift /Users/admin/builder/spi-builder-workspace/DigiMeCore/Sources/DigiMeCore/Authorization/Credentials.swift (in target 'DigiMeCore' from project 'DigiMeSDK')
SwiftCompile normal arm64 /Users/admin/builder/spi-builder-workspace/DigiMeCore/Sources/DigiMeCore/Accounts/AccountDataProvider.swift (in target 'DigiMeCore' from project 'DigiMeSDK')
cd /Users/admin/builder/spi-builder-workspace/.swiftpm/xcode
builtin-SwiftPerFileCompile AccountDataProvider.swift
SwiftCompile normal arm64 /Users/admin/builder/spi-builder-workspace/DigiMeCore/Sources/DigiMeCore/Accounts/AccountServiceDescriptor.swift (in target 'DigiMeCore' from project 'DigiMeSDK')
cd /Users/admin/builder/spi-builder-workspace/.swiftpm/xcode
builtin-SwiftPerFileCompile AccountServiceDescriptor.swift
SwiftCompile normal arm64 /Users/admin/builder/spi-builder-workspace/DigiMeCore/Sources/DigiMeCore/Accounts/AccountsInfo.swift (in target 'DigiMeCore' from project 'DigiMeSDK')
cd /Users/admin/builder/spi-builder-workspace/.swiftpm/xcode
builtin-SwiftPerFileCompile AccountsInfo.swift
SwiftCompile normal arm64 /Users/admin/builder/spi-builder-workspace/DigiMeCore/Sources/DigiMeCore/Accounts/SourceAccount.swift (in target 'DigiMeCore' from project 'DigiMeSDK')
cd /Users/admin/builder/spi-builder-workspace/.swiftpm/xcode
builtin-SwiftPerFileCompile SourceAccount.swift
SwiftCompile normal arm64 /Users/admin/builder/spi-builder-workspace/DigiMeCore/Sources/DigiMeCore/Accounts/SourceAccountData.swift (in target 'DigiMeCore' from project 'DigiMeSDK')
cd /Users/admin/builder/spi-builder-workspace/.swiftpm/xcode
builtin-SwiftPerFileCompile SourceAccountData.swift
SwiftCompile normal arm64 /Users/admin/builder/spi-builder-workspace/DigiMeCore/Sources/DigiMeCore/Authorization/CallbackError.swift (in target 'DigiMeCore' from project 'DigiMeSDK')
cd /Users/admin/builder/spi-builder-workspace/.swiftpm/xcode
builtin-SwiftPerFileCompile CallbackError.swift
SwiftCompile normal arm64 /Users/admin/builder/spi-builder-workspace/DigiMeCore/Sources/DigiMeCore/Authorization/Configuration.swift (in target 'DigiMeCore' from project 'DigiMeSDK')
cd /Users/admin/builder/spi-builder-workspace/.swiftpm/xcode
builtin-SwiftPerFileCompile Configuration.swift
SwiftCompile normal arm64 /Users/admin/builder/spi-builder-workspace/DigiMeCore/Sources/DigiMeCore/Authorization/ConsentError.swift (in target 'DigiMeCore' from project 'DigiMeSDK')
cd /Users/admin/builder/spi-builder-workspace/.swiftpm/xcode
builtin-SwiftPerFileCompile ConsentError.swift
SwiftCompile normal arm64 /Users/admin/builder/spi-builder-workspace/DigiMeCore/Sources/DigiMeCore/Authorization/Credentials.swift (in target 'DigiMeCore' from project 'DigiMeSDK')
cd /Users/admin/builder/spi-builder-workspace/.swiftpm/xcode
builtin-SwiftPerFileCompile Credentials.swift
SwiftCompile normal arm64 Compiling\ SyncStatus.swift,\ HealthKitAccountDataProviderProtocol.swift,\ HealthKitFilesDataServiceProtocol.swift,\ HealthKitServiceProtocol.swift,\ CustomLogger.swift,\ DefaultLogger.swift,\ LogLevel.swift,\ Logger.swift /Users/admin/builder/spi-builder-workspace/DigiMeCore/Sources/DigiMeCore/Files/SyncStatus.swift /Users/admin/builder/spi-builder-workspace/DigiMeCore/Sources/DigiMeCore/Health/HealthKitAccountDataProviderProtocol.swift /Users/admin/builder/spi-builder-workspace/DigiMeCore/Sources/DigiMeCore/Health/HealthKitFilesDataServiceProtocol.swift /Users/admin/builder/spi-builder-workspace/DigiMeCore/Sources/DigiMeCore/Health/HealthKitServiceProtocol.swift /Users/admin/builder/spi-builder-workspace/DigiMeCore/Sources/DigiMeCore/Logging/CustomLogger.swift /Users/admin/builder/spi-builder-workspace/DigiMeCore/Sources/DigiMeCore/Logging/DefaultLogger.swift /Users/admin/builder/spi-builder-workspace/DigiMeCore/Sources/DigiMeCore/Logging/LogLevel.swift /Users/admin/builder/spi-builder-workspace/DigiMeCore/Sources/DigiMeCore/Logging/Logger.swift (in target 'DigiMeCore' from project 'DigiMeSDK')
SwiftCompile normal arm64 /Users/admin/builder/spi-builder-workspace/DigiMeCore/Sources/DigiMeCore/Files/SyncStatus.swift (in target 'DigiMeCore' from project 'DigiMeSDK')
cd /Users/admin/builder/spi-builder-workspace/.swiftpm/xcode
builtin-SwiftPerFileCompile SyncStatus.swift
SwiftCompile normal arm64 /Users/admin/builder/spi-builder-workspace/DigiMeCore/Sources/DigiMeCore/Health/HealthKitAccountDataProviderProtocol.swift (in target 'DigiMeCore' from project 'DigiMeSDK')
cd /Users/admin/builder/spi-builder-workspace/.swiftpm/xcode
builtin-SwiftPerFileCompile HealthKitAccountDataProviderProtocol.swift
SwiftCompile normal arm64 /Users/admin/builder/spi-builder-workspace/DigiMeCore/Sources/DigiMeCore/Health/HealthKitFilesDataServiceProtocol.swift (in target 'DigiMeCore' from project 'DigiMeSDK')
cd /Users/admin/builder/spi-builder-workspace/.swiftpm/xcode
builtin-SwiftPerFileCompile HealthKitFilesDataServiceProtocol.swift
SwiftCompile normal arm64 /Users/admin/builder/spi-builder-workspace/DigiMeCore/Sources/DigiMeCore/Health/HealthKitServiceProtocol.swift (in target 'DigiMeCore' from project 'DigiMeSDK')
cd /Users/admin/builder/spi-builder-workspace/.swiftpm/xcode
builtin-SwiftPerFileCompile HealthKitServiceProtocol.swift
SwiftCompile normal arm64 /Users/admin/builder/spi-builder-workspace/DigiMeCore/Sources/DigiMeCore/Logging/CustomLogger.swift (in target 'DigiMeCore' from project 'DigiMeSDK')
cd /Users/admin/builder/spi-builder-workspace/.swiftpm/xcode
builtin-SwiftPerFileCompile CustomLogger.swift
SwiftCompile normal arm64 /Users/admin/builder/spi-builder-workspace/DigiMeCore/Sources/DigiMeCore/Logging/DefaultLogger.swift (in target 'DigiMeCore' from project 'DigiMeSDK')
cd /Users/admin/builder/spi-builder-workspace/.swiftpm/xcode
builtin-SwiftPerFileCompile DefaultLogger.swift
SwiftCompile normal arm64 /Users/admin/builder/spi-builder-workspace/DigiMeCore/Sources/DigiMeCore/Logging/LogLevel.swift (in target 'DigiMeCore' from project 'DigiMeSDK')
cd /Users/admin/builder/spi-builder-workspace/.swiftpm/xcode
builtin-SwiftPerFileCompile LogLevel.swift
SwiftCompile normal arm64 /Users/admin/builder/spi-builder-workspace/DigiMeCore/Sources/DigiMeCore/Logging/Logger.swift (in target 'DigiMeCore' from project 'DigiMeSDK')
cd /Users/admin/builder/spi-builder-workspace/.swiftpm/xcode
builtin-SwiftPerFileCompile Logger.swift
SwiftCompile normal arm64 Compiling\ FitnessActivitySummary.swift,\ LogEventPayload.swift,\ MappedFileMetadata.swift,\ MimeType.swift,\ RawFileMetadata.swift,\ RawFileMetadataBuilder.swift,\ SyncAccount.swift,\ SyncError.swift,\ SyncState.swift /Users/admin/builder/spi-builder-workspace/DigiMeCore/Sources/DigiMeCore/Files/FitnessActivitySummary.swift /Users/admin/builder/spi-builder-workspace/DigiMeCore/Sources/DigiMeCore/Files/LogEventPayload.swift /Users/admin/builder/spi-builder-workspace/DigiMeCore/Sources/DigiMeCore/Files/MappedFileMetadata.swift /Users/admin/builder/spi-builder-workspace/DigiMeCore/Sources/DigiMeCore/Files/MimeType.swift /Users/admin/builder/spi-builder-workspace/DigiMeCore/Sources/DigiMeCore/Files/RawFileMetadata.swift /Users/admin/builder/spi-builder-workspace/DigiMeCore/Sources/DigiMeCore/Files/RawFileMetadataBuilder.swift /Users/admin/builder/spi-builder-workspace/DigiMeCore/Sources/DigiMeCore/Files/SyncAccount.swift /Users/admin/builder/spi-builder-workspace/DigiMeCore/Sources/DigiMeCore/Files/SyncError.swift /Users/admin/builder/spi-builder-workspace/DigiMeCore/Sources/DigiMeCore/Files/SyncState.swift (in target 'DigiMeCore' from project 'DigiMeSDK')
SwiftCompile normal arm64 /Users/admin/builder/spi-builder-workspace/DigiMeCore/Sources/DigiMeCore/Files/FitnessActivitySummary.swift (in target 'DigiMeCore' from project 'DigiMeSDK')
cd /Users/admin/builder/spi-builder-workspace/.swiftpm/xcode
builtin-SwiftPerFileCompile FitnessActivitySummary.swift
SwiftCompile normal arm64 /Users/admin/builder/spi-builder-workspace/DigiMeCore/Sources/DigiMeCore/Files/LogEventPayload.swift (in target 'DigiMeCore' from project 'DigiMeSDK')
cd /Users/admin/builder/spi-builder-workspace/.swiftpm/xcode
builtin-SwiftPerFileCompile LogEventPayload.swift
SwiftCompile normal arm64 /Users/admin/builder/spi-builder-workspace/DigiMeCore/Sources/DigiMeCore/Files/MappedFileMetadata.swift (in target 'DigiMeCore' from project 'DigiMeSDK')
cd /Users/admin/builder/spi-builder-workspace/.swiftpm/xcode
builtin-SwiftPerFileCompile MappedFileMetadata.swift
SwiftCompile normal arm64 /Users/admin/builder/spi-builder-workspace/DigiMeCore/Sources/DigiMeCore/Files/MimeType.swift (in target 'DigiMeCore' from project 'DigiMeSDK')
cd /Users/admin/builder/spi-builder-workspace/.swiftpm/xcode
builtin-SwiftPerFileCompile MimeType.swift
SwiftCompile normal arm64 /Users/admin/builder/spi-builder-workspace/DigiMeCore/Sources/DigiMeCore/Files/RawFileMetadata.swift (in target 'DigiMeCore' from project 'DigiMeSDK')
cd /Users/admin/builder/spi-builder-workspace/.swiftpm/xcode
builtin-SwiftPerFileCompile RawFileMetadata.swift
SwiftCompile normal arm64 /Users/admin/builder/spi-builder-workspace/DigiMeCore/Sources/DigiMeCore/Files/RawFileMetadataBuilder.swift (in target 'DigiMeCore' from project 'DigiMeSDK')
cd /Users/admin/builder/spi-builder-workspace/.swiftpm/xcode
builtin-SwiftPerFileCompile RawFileMetadataBuilder.swift
SwiftCompile normal arm64 /Users/admin/builder/spi-builder-workspace/DigiMeCore/Sources/DigiMeCore/Files/SyncAccount.swift (in target 'DigiMeCore' from project 'DigiMeSDK')
cd /Users/admin/builder/spi-builder-workspace/.swiftpm/xcode
builtin-SwiftPerFileCompile SyncAccount.swift
SwiftCompile normal arm64 /Users/admin/builder/spi-builder-workspace/DigiMeCore/Sources/DigiMeCore/Files/SyncError.swift (in target 'DigiMeCore' from project 'DigiMeSDK')
cd /Users/admin/builder/spi-builder-workspace/.swiftpm/xcode
builtin-SwiftPerFileCompile SyncError.swift
SwiftCompile normal arm64 /Users/admin/builder/spi-builder-workspace/DigiMeCore/Sources/DigiMeCore/Files/SyncState.swift (in target 'DigiMeCore' from project 'DigiMeSDK')
cd /Users/admin/builder/spi-builder-workspace/.swiftpm/xcode
builtin-SwiftPerFileCompile SyncState.swift
SwiftCompile normal arm64 Compiling\ OAuthToken.swift,\ WriteAccessInfo.swift,\ ContractVersion4.swift,\ ContractVersion5.swift,\ ConnectionSecurity.swift,\ FileInfo.swift,\ SourceCategoriesRequestCriteria.swift,\ SourceCountriesRequestCriteria.swift,\ SourcePlatformsRequestCriteria.swift /Users/admin/builder/spi-builder-workspace/DigiMeCore/Sources/DigiMeCore/Authorization/OAuthToken.swift /Users/admin/builder/spi-builder-workspace/DigiMeCore/Sources/DigiMeCore/Authorization/WriteAccessInfo.swift /Users/admin/builder/spi-builder-workspace/DigiMeCore/Sources/DigiMeCore/Contract/ContractVersion4.swift /Users/admin/builder/spi-builder-workspace/DigiMeCore/Sources/DigiMeCore/Contract/ContractVersion5.swift /Users/admin/builder/spi-builder-workspace/DigiMeCore/Sources/DigiMeCore/Data\ Sources/ConnectionSecurity.swift /Users/admin/builder/spi-builder-workspace/DigiMeCore/Sources/DigiMeCore/Data\ Sources/FileInfo.swift /Users/admin/builder/spi-builder-workspace/DigiMeCore/Sources/DigiMeCore/Data\ Sources/Requests/SourceCategoriesRequestCriteria.swift /Users/admin/builder/spi-builder-workspace/DigiMeCore/Sources/DigiMeCore/Data\ Sources/Requests/SourceCountriesRequestCriteria.swift /Users/admin/builder/spi-builder-workspace/DigiMeCore/Sources/DigiMeCore/Data\ Sources/Requests/SourcePlatformsRequestCriteria.swift (in target 'DigiMeCore' from project 'DigiMeSDK')
SwiftCompile normal arm64 /Users/admin/builder/spi-builder-workspace/DigiMeCore/Sources/DigiMeCore/Authorization/OAuthToken.swift (in target 'DigiMeCore' from project 'DigiMeSDK')
cd /Users/admin/builder/spi-builder-workspace/.swiftpm/xcode
builtin-SwiftPerFileCompile OAuthToken.swift
SwiftCompile normal arm64 /Users/admin/builder/spi-builder-workspace/DigiMeCore/Sources/DigiMeCore/Authorization/WriteAccessInfo.swift (in target 'DigiMeCore' from project 'DigiMeSDK')
cd /Users/admin/builder/spi-builder-workspace/.swiftpm/xcode
builtin-SwiftPerFileCompile WriteAccessInfo.swift
SwiftCompile normal arm64 /Users/admin/builder/spi-builder-workspace/DigiMeCore/Sources/DigiMeCore/Contract/ContractVersion4.swift (in target 'DigiMeCore' from project 'DigiMeSDK')
cd /Users/admin/builder/spi-builder-workspace/.swiftpm/xcode
builtin-SwiftPerFileCompile ContractVersion4.swift
SwiftCompile normal arm64 /Users/admin/builder/spi-builder-workspace/DigiMeCore/Sources/DigiMeCore/Contract/ContractVersion5.swift (in target 'DigiMeCore' from project 'DigiMeSDK')
cd /Users/admin/builder/spi-builder-workspace/.swiftpm/xcode
builtin-SwiftPerFileCompile ContractVersion5.swift
SwiftCompile normal arm64 /Users/admin/builder/spi-builder-workspace/DigiMeCore/Sources/DigiMeCore/Data\ Sources/ConnectionSecurity.swift (in target 'DigiMeCore' from project 'DigiMeSDK')
cd /Users/admin/builder/spi-builder-workspace/.swiftpm/xcode
builtin-SwiftPerFileCompile ConnectionSecurity.swift
SwiftCompile normal arm64 /Users/admin/builder/spi-builder-workspace/DigiMeCore/Sources/DigiMeCore/Data\ Sources/FileInfo.swift (in target 'DigiMeCore' from project 'DigiMeSDK')
cd /Users/admin/builder/spi-builder-workspace/.swiftpm/xcode
builtin-SwiftPerFileCompile FileInfo.swift
SwiftCompile normal arm64 /Users/admin/builder/spi-builder-workspace/DigiMeCore/Sources/DigiMeCore/Data\ Sources/Requests/SourceCategoriesRequestCriteria.swift (in target 'DigiMeCore' from project 'DigiMeSDK')
cd /Users/admin/builder/spi-builder-workspace/.swiftpm/xcode
builtin-SwiftPerFileCompile SourceCategoriesRequestCriteria.swift
SwiftCompile normal arm64 /Users/admin/builder/spi-builder-workspace/DigiMeCore/Sources/DigiMeCore/Data\ Sources/Requests/SourceCountriesRequestCriteria.swift (in target 'DigiMeCore' from project 'DigiMeSDK')
cd /Users/admin/builder/spi-builder-workspace/.swiftpm/xcode
builtin-SwiftPerFileCompile SourceCountriesRequestCriteria.swift
SwiftCompile normal arm64 /Users/admin/builder/spi-builder-workspace/DigiMeCore/Sources/DigiMeCore/Data\ Sources/Requests/SourcePlatformsRequestCriteria.swift (in target 'DigiMeCore' from project 'DigiMeSDK')
cd /Users/admin/builder/spi-builder-workspace/.swiftpm/xcode
builtin-SwiftPerFileCompile SourcePlatformsRequestCriteria.swift
SwiftCompile normal arm64 Compiling\ SourceRequestCriteria.swift,\ SourceRequestFilter.swift,\ SourceTypesRequestCriteria.swift,\ SampleDataset.swift,\ Service.swift,\ ServicesInfo.swift,\ Source.swift,\ SourceCountry.swift,\ SourcePlatform.swift /Users/admin/builder/spi-builder-workspace/DigiMeCore/Sources/DigiMeCore/Data\ Sources/Requests/SourceRequestCriteria.swift /Users/admin/builder/spi-builder-workspace/DigiMeCore/Sources/DigiMeCore/Data\ Sources/Requests/SourceRequestFilter.swift /Users/admin/builder/spi-builder-workspace/DigiMeCore/Sources/DigiMeCore/Data\ Sources/Requests/SourceTypesRequestCriteria.swift /Users/admin/builder/spi-builder-workspace/DigiMeCore/Sources/DigiMeCore/Data\ Sources/SampleDataset.swift /Users/admin/builder/spi-builder-workspace/DigiMeCore/Sources/DigiMeCore/Data\ Sources/Service.swift /Users/admin/builder/spi-builder-workspace/DigiMeCore/Sources/DigiMeCore/Data\ Sources/ServicesInfo.swift /Users/admin/builder/spi-builder-workspace/DigiMeCore/Sources/DigiMeCore/Data\ Sources/Source.swift /Users/admin/builder/spi-builder-workspace/DigiMeCore/Sources/DigiMeCore/Data\ Sources/SourceCountry.swift /Users/admin/builder/spi-builder-workspace/DigiMeCore/Sources/DigiMeCore/Data\ Sources/SourcePlatform.swift (in target 'DigiMeCore' from project 'DigiMeSDK')
SwiftCompile normal arm64 /Users/admin/builder/spi-builder-workspace/DigiMeCore/Sources/DigiMeCore/Data\ Sources/Requests/SourceRequestCriteria.swift (in target 'DigiMeCore' from project 'DigiMeSDK')
cd /Users/admin/builder/spi-builder-workspace/.swiftpm/xcode
builtin-SwiftPerFileCompile SourceRequestCriteria.swift
SwiftCompile normal arm64 /Users/admin/builder/spi-builder-workspace/DigiMeCore/Sources/DigiMeCore/Data\ Sources/Requests/SourceRequestFilter.swift (in target 'DigiMeCore' from project 'DigiMeSDK')
cd /Users/admin/builder/spi-builder-workspace/.swiftpm/xcode
builtin-SwiftPerFileCompile SourceRequestFilter.swift
SwiftCompile normal arm64 /Users/admin/builder/spi-builder-workspace/DigiMeCore/Sources/DigiMeCore/Data\ Sources/Requests/SourceTypesRequestCriteria.swift (in target 'DigiMeCore' from project 'DigiMeSDK')
cd /Users/admin/builder/spi-builder-workspace/.swiftpm/xcode
builtin-SwiftPerFileCompile SourceTypesRequestCriteria.swift
SwiftCompile normal arm64 /Users/admin/builder/spi-builder-workspace/DigiMeCore/Sources/DigiMeCore/Data\ Sources/SampleDataset.swift (in target 'DigiMeCore' from project 'DigiMeSDK')
cd /Users/admin/builder/spi-builder-workspace/.swiftpm/xcode
builtin-SwiftPerFileCompile SampleDataset.swift
SwiftCompile normal arm64 /Users/admin/builder/spi-builder-workspace/DigiMeCore/Sources/DigiMeCore/Data\ Sources/Service.swift (in target 'DigiMeCore' from project 'DigiMeSDK')
cd /Users/admin/builder/spi-builder-workspace/.swiftpm/xcode
builtin-SwiftPerFileCompile Service.swift
SwiftCompile normal arm64 /Users/admin/builder/spi-builder-workspace/DigiMeCore/Sources/DigiMeCore/Data\ Sources/ServicesInfo.swift (in target 'DigiMeCore' from project 'DigiMeSDK')
cd /Users/admin/builder/spi-builder-workspace/.swiftpm/xcode
builtin-SwiftPerFileCompile ServicesInfo.swift
SwiftCompile normal arm64 /Users/admin/builder/spi-builder-workspace/DigiMeCore/Sources/DigiMeCore/Data\ Sources/Source.swift (in target 'DigiMeCore' from project 'DigiMeSDK')
cd /Users/admin/builder/spi-builder-workspace/.swiftpm/xcode
builtin-SwiftPerFileCompile Source.swift
SwiftCompile normal arm64 /Users/admin/builder/spi-builder-workspace/DigiMeCore/Sources/DigiMeCore/Data\ Sources/SourceCountry.swift (in target 'DigiMeCore' from project 'DigiMeSDK')
cd /Users/admin/builder/spi-builder-workspace/.swiftpm/xcode
builtin-SwiftPerFileCompile SourceCountry.swift
SwiftCompile normal arm64 /Users/admin/builder/spi-builder-workspace/DigiMeCore/Sources/DigiMeCore/Data\ Sources/SourcePlatform.swift (in target 'DigiMeCore' from project 'DigiMeSDK')
cd /Users/admin/builder/spi-builder-workspace/.swiftpm/xcode
builtin-SwiftPerFileCompile SourcePlatform.swift
SwiftEmitModule normal arm64_32 Emitting\ module\ for\ DigiMeCore (in target 'DigiMeCore' from project 'DigiMeSDK')
SwiftCompile normal arm64_32 (in target 'DigiMeCore' from project 'DigiMeSDK')
cd /Users/admin/builder/spi-builder-workspace/.swiftpm/xcode
SwiftDriverJobDiscovery normal arm64 Emitting module for DigiMeCore (in target 'DigiMeCore' from project 'DigiMeSDK')
SwiftDriver\ Compilation\ Requirements DigiMeCore normal arm64 com.apple.xcode.tools.swift.compiler (in target 'DigiMeCore' from project 'DigiMeSDK')
cd /Users/admin/builder/spi-builder-workspace/.swiftpm/xcode
builtin-Swift-Compilation-Requirements -- /Applications/Xcode-27.0.0-Release.Candidate.app/Contents/Developer/Toolchains/XcodeDefault.xctoolchain/usr/bin/swiftc -parse-as-library -module-name DigiMeCore -Onone @/Users/admin/builder/spi-builder-workspace/.derivedData/Build/Intermediates.noindex/DigiMeSDK.build/Debug-watchos/DigiMeCore-t.build/Objects-normal/arm64/DigiMeCore.SwiftFileList -DSWIFT_PACKAGE -DDEBUG -DSWIFT_MODULE_RESOURCE_BUNDLE_UNAVAILABLE -DXcode -plugin-path /Applications/Xcode-27.0.0-Release.Candidate.app/Contents/Developer/Toolchains/XcodeDefault.xctoolchain/usr/lib/swift/host/plugins/testing -enable-experimental-feature DebugDescriptionMacro -sdk /Applications/Xcode-27.0.0-Release.Candidate.app/Contents/Developer/Platforms/WatchOS.platform/Developer/SDKs/WatchOS27.0.sdk -target arm64-apple-watchos9.0 -g -module-cache-path /Users/admin/builder/spi-builder-workspace/.derivedData/ModuleCache.noindex -Xfrontend -serialize-debugging-options -profile-coverage-mapping -profile-generate -enable-testing -index-store-path /Users/admin/builder/spi-builder-workspace/.derivedData/Index.noindex/DataStore -Xcc -D_LIBCPP_HARDENING_MODE\=_LIBCPP_HARDENING_MODE_DEBUG -swift-version 5 -I /Users/admin/builder/spi-builder-workspace/.derivedData/Build/Products/Debug-watchos -Isystem /Applications/Xcode-27.0.0-Release.Candidate.app/Contents/Developer/Platforms/WatchOS.platform/Developer/usr/lib -F /Users/admin/builder/spi-builder-workspace/.derivedData/Build/Products/Debug-watchos -F /Applications/Xcode-27.0.0-Release.Candidate.app/Contents/Developer/Platforms/WatchOS.platform/Developer/Library/Frameworks -F /Applications/Xcode-27.0.0-Release.Candidate.app/Contents/Developer/Platforms/WatchOS.platform/Developer/SDKs/WatchOS27.0.sdk/Developer/Library/Frameworks -c -j10 -enable-batch-mode -incremental -Xcc -ivfsstatcache -Xcc /Users/admin/builder/spi-builder-workspace/.derivedData/SDKStatCaches.noindex/watchos27.0-24R360-e829b21a6f8c9b70876ba0858053c04477534ef55a1706bf4c1112bbb242f0a2.sdkstatcache -output-file-map /Users/admin/builder/spi-builder-workspace/.derivedData/Build/Intermediates.noindex/DigiMeSDK.build/Debug-watchos/DigiMeCore-t.build/Objects-normal/arm64/DigiMeCore-OutputFileMap.json -save-temps -no-color-diagnostics -explicit-module-build -module-cache-path /Users/admin/builder/spi-builder-workspace/.derivedData/Build/Intermediates.noindex/SwiftExplicitPrecompiledModules -clang-scanner-module-cache-path /Users/admin/builder/spi-builder-workspace/.derivedData/ModuleCache.noindex -sdk-module-cache-path /Users/admin/builder/spi-builder-workspace/.derivedData/SDKExplicitPrecompiledModules -emit-dependencies -emit-module -emit-module-path /Users/admin/builder/spi-builder-workspace/.derivedData/Build/Intermediates.noindex/DigiMeSDK.build/Debug-watchos/DigiMeCore-t.build/Objects-normal/arm64/DigiMeCore.swiftmodule -serialize-diagnostics -dependency-scan-serialize-diagnostics-path /Users/admin/builder/spi-builder-workspace/.derivedData/Build/Intermediates.noindex/DigiMeSDK.build/Debug-watchos/DigiMeCore-t.build/Objects-normal/arm64/DigiMeCore-dependency-scan.dia -validate-clang-modules-once -clang-build-session-file /Users/admin/builder/spi-builder-workspace/.derivedData/ModuleCache.noindex/Session.modulevalidation -Xcc -fmodules-prune-interval\=86400 -Xcc -fmodules-prune-after\=345600 -emit-const-values -const-gather-protocols-list /Users/admin/builder/spi-builder-workspace/.derivedData/Build/Intermediates.noindex/DigiMeSDK.build/Debug-watchos/DigiMeCore-t.build/Objects-normal/arm64/DigiMeCore_const_extract_protocols.json -Xcc -I/Users/admin/builder/spi-builder-workspace/.derivedData/Build/Products/Debug-watchos/include -Xcc -I/Users/admin/builder/spi-builder-workspace/.derivedData/Build/Intermediates.noindex/DigiMeSDK.build/Debug-watchos/DigiMeCore-t.build/DerivedSources-normal/arm64 -Xcc -I/Users/admin/builder/spi-builder-workspace/.derivedData/Build/Intermediates.noindex/DigiMeSDK.build/Debug-watchos/DigiMeCore-t.build/DerivedSources/arm64 -Xcc -I/Users/admin/builder/spi-builder-workspace/.derivedData/Build/Intermediates.noindex/DigiMeSDK.build/Debug-watchos/DigiMeCore-t.build/DerivedSources -Xcc -DSWIFT_PACKAGE -Xcc -DDEBUG\=1 -emit-objc-header -emit-objc-header-path /Users/admin/builder/spi-builder-workspace/.derivedData/Build/Intermediates.noindex/DigiMeSDK.build/Debug-watchos/DigiMeCore-t.build/Objects-normal/arm64/DigiMeCore-Swift.h -working-directory /Users/admin/builder/spi-builder-workspace/.swiftpm/xcode -experimental-emit-module-separately -disable-cmo
SwiftDriverJobDiscovery normal arm64_32 Emitting module for DigiMeCore (in target 'DigiMeCore' from project 'DigiMeSDK')
SwiftDriver\ Compilation\ Requirements DigiMeCore normal arm64_32 com.apple.xcode.tools.swift.compiler (in target 'DigiMeCore' from project 'DigiMeSDK')
cd /Users/admin/builder/spi-builder-workspace/.swiftpm/xcode
builtin-Swift-Compilation-Requirements -- /Applications/Xcode-27.0.0-Release.Candidate.app/Contents/Developer/Toolchains/XcodeDefault.xctoolchain/usr/bin/swiftc -parse-as-library -module-name DigiMeCore -Onone @/Users/admin/builder/spi-builder-workspace/.derivedData/Build/Intermediates.noindex/DigiMeSDK.build/Debug-watchos/DigiMeCore-t.build/Objects-normal/arm64_32/DigiMeCore.SwiftFileList -DSWIFT_PACKAGE -DDEBUG -DSWIFT_MODULE_RESOURCE_BUNDLE_UNAVAILABLE -DXcode -plugin-path /Applications/Xcode-27.0.0-Release.Candidate.app/Contents/Developer/Toolchains/XcodeDefault.xctoolchain/usr/lib/swift/host/plugins/testing -enable-experimental-feature DebugDescriptionMacro -sdk /Applications/Xcode-27.0.0-Release.Candidate.app/Contents/Developer/Platforms/WatchOS.platform/Developer/SDKs/WatchOS27.0.sdk -target arm64_32-apple-watchos9.0 -g -module-cache-path /Users/admin/builder/spi-builder-workspace/.derivedData/ModuleCache.noindex -Xfrontend -serialize-debugging-options -profile-coverage-mapping -profile-generate -enable-testing -index-store-path /Users/admin/builder/spi-builder-workspace/.derivedData/Index.noindex/DataStore -Xcc -D_LIBCPP_HARDENING_MODE\=_LIBCPP_HARDENING_MODE_DEBUG -swift-version 5 -I /Users/admin/builder/spi-builder-workspace/.derivedData/Build/Products/Debug-watchos -Isystem /Applications/Xcode-27.0.0-Release.Candidate.app/Contents/Developer/Platforms/WatchOS.platform/Developer/usr/lib -F /Users/admin/builder/spi-builder-workspace/.derivedData/Build/Products/Debug-watchos -F /Applications/Xcode-27.0.0-Release.Candidate.app/Contents/Developer/Platforms/WatchOS.platform/Developer/Library/Frameworks -F /Applications/Xcode-27.0.0-Release.Candidate.app/Contents/Developer/Platforms/WatchOS.platform/Developer/SDKs/WatchOS27.0.sdk/Developer/Library/Frameworks -c -j10 -enable-batch-mode -incremental -Xcc -ivfsstatcache -Xcc /Users/admin/builder/spi-builder-workspace/.derivedData/SDKStatCaches.noindex/watchos27.0-24R360-e829b21a6f8c9b70876ba0858053c04477534ef55a1706bf4c1112bbb242f0a2.sdkstatcache -output-file-map /Users/admin/builder/spi-builder-workspace/.derivedData/Build/Intermediates.noindex/DigiMeSDK.build/Debug-watchos/DigiMeCore-t.build/Objects-normal/arm64_32/DigiMeCore-OutputFileMap.json -save-temps -no-color-diagnostics -explicit-module-build -module-cache-path /Users/admin/builder/spi-builder-workspace/.derivedData/Build/Intermediates.noindex/SwiftExplicitPrecompiledModules -clang-scanner-module-cache-path /Users/admin/builder/spi-builder-workspace/.derivedData/ModuleCache.noindex -sdk-module-cache-path /Users/admin/builder/spi-builder-workspace/.derivedData/SDKExplicitPrecompiledModules -emit-dependencies -emit-module -emit-module-path /Users/admin/builder/spi-builder-workspace/.derivedData/Build/Intermediates.noindex/DigiMeSDK.build/Debug-watchos/DigiMeCore-t.build/Objects-normal/arm64_32/DigiMeCore.swiftmodule -serialize-diagnostics -dependency-scan-serialize-diagnostics-path /Users/admin/builder/spi-builder-workspace/.derivedData/Build/Intermediates.noindex/DigiMeSDK.build/Debug-watchos/DigiMeCore-t.build/Objects-normal/arm64_32/DigiMeCore-dependency-scan.dia -validate-clang-modules-once -clang-build-session-file /Users/admin/builder/spi-builder-workspace/.derivedData/ModuleCache.noindex/Session.modulevalidation -Xcc -fmodules-prune-interval\=86400 -Xcc -fmodules-prune-after\=345600 -emit-const-values -const-gather-protocols-list /Users/admin/builder/spi-builder-workspace/.derivedData/Build/Intermediates.noindex/DigiMeSDK.build/Debug-watchos/DigiMeCore-t.build/Objects-normal/arm64_32/DigiMeCore_const_extract_protocols.json -Xcc -I/Users/admin/builder/spi-builder-workspace/.derivedData/Build/Products/Debug-watchos/include -Xcc -I/Users/admin/builder/spi-builder-workspace/.derivedData/Build/Intermediates.noindex/DigiMeSDK.build/Debug-watchos/DigiMeCore-t.build/DerivedSources-normal/arm64_32 -Xcc -I/Users/admin/builder/spi-builder-workspace/.derivedData/Build/Intermediates.noindex/DigiMeSDK.build/Debug-watchos/DigiMeCore-t.build/DerivedSources/arm64_32 -Xcc -I/Users/admin/builder/spi-builder-workspace/.derivedData/Build/Intermediates.noindex/DigiMeSDK.build/Debug-watchos/DigiMeCore-t.build/DerivedSources -Xcc -DSWIFT_PACKAGE -Xcc -DDEBUG\=1 -emit-objc-header -emit-objc-header-path /Users/admin/builder/spi-builder-workspace/.derivedData/Build/Intermediates.noindex/DigiMeSDK.build/Debug-watchos/DigiMeCore-t.build/Objects-normal/arm64_32/DigiMeCore-Swift.h -working-directory /Users/admin/builder/spi-builder-workspace/.swiftpm/xcode -experimental-emit-module-separately -disable-cmo
Copy /Users/admin/builder/spi-builder-workspace/.derivedData/Build/Products/Debug-watchos/DigiMeCore.swiftmodule/arm64-apple-watchos.swiftmodule /Users/admin/builder/spi-builder-workspace/.derivedData/Build/Intermediates.noindex/DigiMeSDK.build/Debug-watchos/DigiMeCore-t.build/Objects-normal/arm64/DigiMeCore.swiftmodule (in target 'DigiMeCore' from project 'DigiMeSDK')
cd /Users/admin/builder/spi-builder-workspace
builtin-copy -exclude .DS_Store -exclude CVS -exclude .svn -exclude .git -exclude .hg -resolve-src-symlinks -rename /Users/admin/builder/spi-builder-workspace/.derivedData/Build/Intermediates.noindex/DigiMeSDK.build/Debug-watchos/DigiMeCore-t.build/Objects-normal/arm64/DigiMeCore.swiftmodule /Users/admin/builder/spi-builder-workspace/.derivedData/Build/Products/Debug-watchos/DigiMeCore.swiftmodule/arm64-apple-watchos.swiftmodule
SwiftMergeGeneratedHeaders /Users/admin/builder/spi-builder-workspace/.derivedData/Build/Intermediates.noindex/GeneratedModuleMaps-watchos/DigiMeCore-Swift.h /Users/admin/builder/spi-builder-workspace/.derivedData/Build/Intermediates.noindex/DigiMeSDK.build/Debug-watchos/DigiMeCore-t.build/Objects-normal/arm64/DigiMeCore-Swift.h /Users/admin/builder/spi-builder-workspace/.derivedData/Build/Intermediates.noindex/DigiMeSDK.build/Debug-watchos/DigiMeCore-t.build/Objects-normal/arm64_32/DigiMeCore-Swift.h (in target 'DigiMeCore' from project 'DigiMeSDK')
cd /Users/admin/builder/spi-builder-workspace
builtin-swiftHeaderTool -arch arm64 /Users/admin/builder/spi-builder-workspace/.derivedData/Build/Intermediates.noindex/DigiMeSDK.build/Debug-watchos/DigiMeCore-t.build/Objects-normal/arm64/DigiMeCore-Swift.h -arch arm64_32 /Users/admin/builder/spi-builder-workspace/.derivedData/Build/Intermediates.noindex/DigiMeSDK.build/Debug-watchos/DigiMeCore-t.build/Objects-normal/arm64_32/DigiMeCore-Swift.h -o /Users/admin/builder/spi-builder-workspace/.derivedData/Build/Intermediates.noindex/GeneratedModuleMaps-watchos/DigiMeCore-Swift.h
Copy /Users/admin/builder/spi-builder-workspace/.derivedData/Build/Products/Debug-watchos/DigiMeCore.swiftmodule/arm64_32-apple-watchos.swiftmodule /Users/admin/builder/spi-builder-workspace/.derivedData/Build/Intermediates.noindex/DigiMeSDK.build/Debug-watchos/DigiMeCore-t.build/Objects-normal/arm64_32/DigiMeCore.swiftmodule (in target 'DigiMeCore' from project 'DigiMeSDK')
cd /Users/admin/builder/spi-builder-workspace
builtin-copy -exclude .DS_Store -exclude CVS -exclude .svn -exclude .git -exclude .hg -resolve-src-symlinks -rename /Users/admin/builder/spi-builder-workspace/.derivedData/Build/Intermediates.noindex/DigiMeSDK.build/Debug-watchos/DigiMeCore-t.build/Objects-normal/arm64_32/DigiMeCore.swiftmodule /Users/admin/builder/spi-builder-workspace/.derivedData/Build/Products/Debug-watchos/DigiMeCore.swiftmodule/arm64_32-apple-watchos.swiftmodule
Copy /Users/admin/builder/spi-builder-workspace/.derivedData/Build/Products/Debug-watchos/DigiMeCore.swiftmodule/arm64_32-apple-watchos.swiftdoc /Users/admin/builder/spi-builder-workspace/.derivedData/Build/Intermediates.noindex/DigiMeSDK.build/Debug-watchos/DigiMeCore-t.build/Objects-normal/arm64_32/DigiMeCore.swiftdoc (in target 'DigiMeCore' from project 'DigiMeSDK')
cd /Users/admin/builder/spi-builder-workspace
builtin-copy -exclude .DS_Store -exclude CVS -exclude .svn -exclude .git -exclude .hg -resolve-src-symlinks -rename /Users/admin/builder/spi-builder-workspace/.derivedData/Build/Intermediates.noindex/DigiMeSDK.build/Debug-watchos/DigiMeCore-t.build/Objects-normal/arm64_32/DigiMeCore.swiftdoc /Users/admin/builder/spi-builder-workspace/.derivedData/Build/Products/Debug-watchos/DigiMeCore.swiftmodule/arm64_32-apple-watchos.swiftdoc
Copy /Users/admin/builder/spi-builder-workspace/.derivedData/Build/Products/Debug-watchos/DigiMeCore.swiftmodule/arm64_32-apple-watchos.abi.json /Users/admin/builder/spi-builder-workspace/.derivedData/Build/Intermediates.noindex/DigiMeSDK.build/Debug-watchos/DigiMeCore-t.build/Objects-normal/arm64_32/DigiMeCore.abi.json (in target 'DigiMeCore' from project 'DigiMeSDK')
cd /Users/admin/builder/spi-builder-workspace
builtin-copy -exclude .DS_Store -exclude CVS -exclude .svn -exclude .git -exclude .hg -resolve-src-symlinks -rename /Users/admin/builder/spi-builder-workspace/.derivedData/Build/Intermediates.noindex/DigiMeSDK.build/Debug-watchos/DigiMeCore-t.build/Objects-normal/arm64_32/DigiMeCore.abi.json /Users/admin/builder/spi-builder-workspace/.derivedData/Build/Products/Debug-watchos/DigiMeCore.swiftmodule/arm64_32-apple-watchos.abi.json
Copy /Users/admin/builder/spi-builder-workspace/.derivedData/Build/Products/Debug-watchos/DigiMeCore.swiftmodule/arm64-apple-watchos.swiftdoc /Users/admin/builder/spi-builder-workspace/.derivedData/Build/Intermediates.noindex/DigiMeSDK.build/Debug-watchos/DigiMeCore-t.build/Objects-normal/arm64/DigiMeCore.swiftdoc (in target 'DigiMeCore' from project 'DigiMeSDK')
cd /Users/admin/builder/spi-builder-workspace
builtin-copy -exclude .DS_Store -exclude CVS -exclude .svn -exclude .git -exclude .hg -resolve-src-symlinks -rename /Users/admin/builder/spi-builder-workspace/.derivedData/Build/Intermediates.noindex/DigiMeSDK.build/Debug-watchos/DigiMeCore-t.build/Objects-normal/arm64/DigiMeCore.swiftdoc /Users/admin/builder/spi-builder-workspace/.derivedData/Build/Products/Debug-watchos/DigiMeCore.swiftmodule/arm64-apple-watchos.swiftdoc
Copy /Users/admin/builder/spi-builder-workspace/.derivedData/Build/Products/Debug-watchos/DigiMeCore.swiftmodule/arm64-apple-watchos.abi.json /Users/admin/builder/spi-builder-workspace/.derivedData/Build/Intermediates.noindex/DigiMeSDK.build/Debug-watchos/DigiMeCore-t.build/Objects-normal/arm64/DigiMeCore.abi.json (in target 'DigiMeCore' from project 'DigiMeSDK')
cd /Users/admin/builder/spi-builder-workspace
builtin-copy -exclude .DS_Store -exclude CVS -exclude .svn -exclude .git -exclude .hg -resolve-src-symlinks -rename /Users/admin/builder/spi-builder-workspace/.derivedData/Build/Intermediates.noindex/DigiMeSDK.build/Debug-watchos/DigiMeCore-t.build/Objects-normal/arm64/DigiMeCore.abi.json /Users/admin/builder/spi-builder-workspace/.derivedData/Build/Products/Debug-watchos/DigiMeCore.swiftmodule/arm64-apple-watchos.abi.json
Copy /Users/admin/builder/spi-builder-workspace/.derivedData/Build/Products/Debug-watchos/DigiMeCore.swiftmodule/Project/arm64_32-apple-watchos.swiftsourceinfo /Users/admin/builder/spi-builder-workspace/.derivedData/Build/Intermediates.noindex/DigiMeSDK.build/Debug-watchos/DigiMeCore-t.build/Objects-normal/arm64_32/DigiMeCore.swiftsourceinfo (in target 'DigiMeCore' from project 'DigiMeSDK')
cd /Users/admin/builder/spi-builder-workspace
builtin-copy -exclude .DS_Store -exclude CVS -exclude .svn -exclude .git -exclude .hg -resolve-src-symlinks -rename /Users/admin/builder/spi-builder-workspace/.derivedData/Build/Intermediates.noindex/DigiMeSDK.build/Debug-watchos/DigiMeCore-t.build/Objects-normal/arm64_32/DigiMeCore.swiftsourceinfo /Users/admin/builder/spi-builder-workspace/.derivedData/Build/Products/Debug-watchos/DigiMeCore.swiftmodule/Project/arm64_32-apple-watchos.swiftsourceinfo
Copy /Users/admin/builder/spi-builder-workspace/.derivedData/Build/Products/Debug-watchos/DigiMeCore.swiftmodule/Project/arm64-apple-watchos.swiftsourceinfo /Users/admin/builder/spi-builder-workspace/.derivedData/Build/Intermediates.noindex/DigiMeSDK.build/Debug-watchos/DigiMeCore-t.build/Objects-normal/arm64/DigiMeCore.swiftsourceinfo (in target 'DigiMeCore' from project 'DigiMeSDK')
cd /Users/admin/builder/spi-builder-workspace
builtin-copy -exclude .DS_Store -exclude CVS -exclude .svn -exclude .git -exclude .hg -resolve-src-symlinks -rename /Users/admin/builder/spi-builder-workspace/.derivedData/Build/Intermediates.noindex/DigiMeSDK.build/Debug-watchos/DigiMeCore-t.build/Objects-normal/arm64/DigiMeCore.swiftsourceinfo /Users/admin/builder/spi-builder-workspace/.derivedData/Build/Products/Debug-watchos/DigiMeCore.swiftmodule/Project/arm64-apple-watchos.swiftsourceinfo
SwiftCompile normal arm64_32 Compiling\ Logging.swift,\ ApplicationResponse.swift,\ ContractResponse.swift,\ ConsentAccessTimeRange.swift,\ ContractTimeRangeType.swift,\ DeviceOnlyServices.swift,\ Duration.swift,\ Limits.swift /Users/admin/builder/spi-builder-workspace/DigiMeCore/Sources/DigiMeCore/Logging/Logging.swift /Users/admin/builder/spi-builder-workspace/DigiMeCore/Sources/DigiMeCore/Network/ApplicationResponse.swift /Users/admin/builder/spi-builder-workspace/DigiMeCore/Sources/DigiMeCore/Network/ContractResponse.swift /Users/admin/builder/spi-builder-workspace/DigiMeCore/Sources/DigiMeCore/Scoping/ConsentAccessTimeRange.swift /Users/admin/builder/spi-builder-workspace/DigiMeCore/Sources/DigiMeCore/Scoping/ContractTimeRangeType.swift /Users/admin/builder/spi-builder-workspace/DigiMeCore/Sources/DigiMeCore/Scoping/DeviceOnlyServices.swift /Users/admin/builder/spi-builder-workspace/DigiMeCore/Sources/DigiMeCore/Scoping/Duration.swift /Users/admin/builder/spi-builder-workspace/DigiMeCore/Sources/DigiMeCore/Scoping/Limits.swift (in target 'DigiMeCore' from project 'DigiMeSDK')
SwiftCompile normal arm64_32 /Users/admin/builder/spi-builder-workspace/DigiMeCore/Sources/DigiMeCore/Logging/Logging.swift (in target 'DigiMeCore' from project 'DigiMeSDK')
cd /Users/admin/builder/spi-builder-workspace/.swiftpm/xcode
builtin-SwiftPerFileCompile Logging.swift
SwiftCompile normal arm64_32 /Users/admin/builder/spi-builder-workspace/DigiMeCore/Sources/DigiMeCore/Network/ApplicationResponse.swift (in target 'DigiMeCore' from project 'DigiMeSDK')
cd /Users/admin/builder/spi-builder-workspace/.swiftpm/xcode
builtin-SwiftPerFileCompile ApplicationResponse.swift
SwiftCompile normal arm64_32 /Users/admin/builder/spi-builder-workspace/DigiMeCore/Sources/DigiMeCore/Network/ContractResponse.swift (in target 'DigiMeCore' from project 'DigiMeSDK')
cd /Users/admin/builder/spi-builder-workspace/.swiftpm/xcode
builtin-SwiftPerFileCompile ContractResponse.swift
SwiftCompile normal arm64_32 /Users/admin/builder/spi-builder-workspace/DigiMeCore/Sources/DigiMeCore/Scoping/ConsentAccessTimeRange.swift (in target 'DigiMeCore' from project 'DigiMeSDK')
cd /Users/admin/builder/spi-builder-workspace/.swiftpm/xcode
builtin-SwiftPerFileCompile ConsentAccessTimeRange.swift
SwiftCompile normal arm64_32 /Users/admin/builder/spi-builder-workspace/DigiMeCore/Sources/DigiMeCore/Scoping/ContractTimeRangeType.swift (in target 'DigiMeCore' from project 'DigiMeSDK')
cd /Users/admin/builder/spi-builder-workspace/.swiftpm/xcode
builtin-SwiftPerFileCompile ContractTimeRangeType.swift
SwiftCompile normal arm64_32 /Users/admin/builder/spi-builder-workspace/DigiMeCore/Sources/DigiMeCore/Scoping/DeviceOnlyServices.swift (in target 'DigiMeCore' from project 'DigiMeSDK')
cd /Users/admin/builder/spi-builder-workspace/.swiftpm/xcode
builtin-SwiftPerFileCompile DeviceOnlyServices.swift
SwiftCompile normal arm64_32 /Users/admin/builder/spi-builder-workspace/DigiMeCore/Sources/DigiMeCore/Scoping/Duration.swift (in target 'DigiMeCore' from project 'DigiMeSDK')
cd /Users/admin/builder/spi-builder-workspace/.swiftpm/xcode
builtin-SwiftPerFileCompile Duration.swift
SwiftCompile normal arm64_32 /Users/admin/builder/spi-builder-workspace/DigiMeCore/Sources/DigiMeCore/Scoping/Limits.swift (in target 'DigiMeCore' from project 'DigiMeSDK')
cd /Users/admin/builder/spi-builder-workspace/.swiftpm/xcode
builtin-SwiftPerFileCompile Limits.swift
SwiftCompile normal arm64_32 Compiling\ OAuthToken.swift,\ WriteAccessInfo.swift,\ ContractVersion4.swift,\ ContractVersion5.swift,\ ConnectionSecurity.swift,\ FileInfo.swift,\ SourceCategoriesRequestCriteria.swift,\ SourceCountriesRequestCriteria.swift,\ SourcePlatformsRequestCriteria.swift /Users/admin/builder/spi-builder-workspace/DigiMeCore/Sources/DigiMeCore/Authorization/OAuthToken.swift /Users/admin/builder/spi-builder-workspace/DigiMeCore/Sources/DigiMeCore/Authorization/WriteAccessInfo.swift /Users/admin/builder/spi-builder-workspace/DigiMeCore/Sources/DigiMeCore/Contract/ContractVersion4.swift /Users/admin/builder/spi-builder-workspace/DigiMeCore/Sources/DigiMeCore/Contract/ContractVersion5.swift /Users/admin/builder/spi-builder-workspace/DigiMeCore/Sources/DigiMeCore/Data\ Sources/ConnectionSecurity.swift /Users/admin/builder/spi-builder-workspace/DigiMeCore/Sources/DigiMeCore/Data\ Sources/FileInfo.swift /Users/admin/builder/spi-builder-workspace/DigiMeCore/Sources/DigiMeCore/Data\ Sources/Requests/SourceCategoriesRequestCriteria.swift /Users/admin/builder/spi-builder-workspace/DigiMeCore/Sources/DigiMeCore/Data\ Sources/Requests/SourceCountriesRequestCriteria.swift /Users/admin/builder/spi-builder-workspace/DigiMeCore/Sources/DigiMeCore/Data\ Sources/Requests/SourcePlatformsRequestCriteria.swift (in target 'DigiMeCore' from project 'DigiMeSDK')
SwiftCompile normal arm64_32 /Users/admin/builder/spi-builder-workspace/DigiMeCore/Sources/DigiMeCore/Authorization/OAuthToken.swift (in target 'DigiMeCore' from project 'DigiMeSDK')
cd /Users/admin/builder/spi-builder-workspace/.swiftpm/xcode
builtin-SwiftPerFileCompile OAuthToken.swift
SwiftCompile normal arm64_32 /Users/admin/builder/spi-builder-workspace/DigiMeCore/Sources/DigiMeCore/Authorization/WriteAccessInfo.swift (in target 'DigiMeCore' from project 'DigiMeSDK')
cd /Users/admin/builder/spi-builder-workspace/.swiftpm/xcode
builtin-SwiftPerFileCompile WriteAccessInfo.swift
SwiftCompile normal arm64_32 /Users/admin/builder/spi-builder-workspace/DigiMeCore/Sources/DigiMeCore/Contract/ContractVersion4.swift (in target 'DigiMeCore' from project 'DigiMeSDK')
cd /Users/admin/builder/spi-builder-workspace/.swiftpm/xcode
builtin-SwiftPerFileCompile ContractVersion4.swift
SwiftCompile normal arm64_32 /Users/admin/builder/spi-builder-workspace/DigiMeCore/Sources/DigiMeCore/Contract/ContractVersion5.swift (in target 'DigiMeCore' from project 'DigiMeSDK')
cd /Users/admin/builder/spi-builder-workspace/.swiftpm/xcode
builtin-SwiftPerFileCompile ContractVersion5.swift
SwiftCompile normal arm64_32 /Users/admin/builder/spi-builder-workspace/DigiMeCore/Sources/DigiMeCore/Data\ Sources/ConnectionSecurity.swift (in target 'DigiMeCore' from project 'DigiMeSDK')
cd /Users/admin/builder/spi-builder-workspace/.swiftpm/xcode
builtin-SwiftPerFileCompile ConnectionSecurity.swift
SwiftCompile normal arm64_32 /Users/admin/builder/spi-builder-workspace/DigiMeCore/Sources/DigiMeCore/Data\ Sources/FileInfo.swift (in target 'DigiMeCore' from project 'DigiMeSDK')
cd /Users/admin/builder/spi-builder-workspace/.swiftpm/xcode
builtin-SwiftPerFileCompile FileInfo.swift
SwiftCompile normal arm64_32 /Users/admin/builder/spi-builder-workspace/DigiMeCore/Sources/DigiMeCore/Data\ Sources/Requests/SourceCategoriesRequestCriteria.swift (in target 'DigiMeCore' from project 'DigiMeSDK')
cd /Users/admin/builder/spi-builder-workspace/.swiftpm/xcode
builtin-SwiftPerFileCompile SourceCategoriesRequestCriteria.swift
SwiftCompile normal arm64_32 /Users/admin/builder/spi-builder-workspace/DigiMeCore/Sources/DigiMeCore/Data\ Sources/Requests/SourceCountriesRequestCriteria.swift (in target 'DigiMeCore' from project 'DigiMeSDK')
cd /Users/admin/builder/spi-builder-workspace/.swiftpm/xcode
builtin-SwiftPerFileCompile SourceCountriesRequestCriteria.swift
SwiftCompile normal arm64_32 /Users/admin/builder/spi-builder-workspace/DigiMeCore/Sources/DigiMeCore/Data\ Sources/Requests/SourcePlatformsRequestCriteria.swift (in target 'DigiMeCore' from project 'DigiMeSDK')
cd /Users/admin/builder/spi-builder-workspace/.swiftpm/xcode
builtin-SwiftPerFileCompile SourcePlatformsRequestCriteria.swift
SwiftDriverJobDiscovery normal arm64 Compiling SyncStatus.swift, HealthKitAccountDataProviderProtocol.swift, HealthKitFilesDataServiceProtocol.swift, HealthKitServiceProtocol.swift, CustomLogger.swift, DefaultLogger.swift, LogLevel.swift, Logger.swift (in target 'DigiMeCore' from project 'DigiMeSDK')
SwiftCompile normal arm64_32 Compiling\ AccountDataProvider.swift,\ AccountServiceDescriptor.swift,\ AccountsInfo.swift,\ SourceAccount.swift,\ SourceAccountData.swift,\ CallbackError.swift,\ Configuration.swift,\ ConsentError.swift,\ Credentials.swift /Users/admin/builder/spi-builder-workspace/DigiMeCore/Sources/DigiMeCore/Accounts/AccountDataProvider.swift /Users/admin/builder/spi-builder-workspace/DigiMeCore/Sources/DigiMeCore/Accounts/AccountServiceDescriptor.swift /Users/admin/builder/spi-builder-workspace/DigiMeCore/Sources/DigiMeCore/Accounts/AccountsInfo.swift /Users/admin/builder/spi-builder-workspace/DigiMeCore/Sources/DigiMeCore/Accounts/SourceAccount.swift /Users/admin/builder/spi-builder-workspace/DigiMeCore/Sources/DigiMeCore/Accounts/SourceAccountData.swift /Users/admin/builder/spi-builder-workspace/DigiMeCore/Sources/DigiMeCore/Authorization/CallbackError.swift /Users/admin/builder/spi-builder-workspace/DigiMeCore/Sources/DigiMeCore/Authorization/Configuration.swift /Users/admin/builder/spi-builder-workspace/DigiMeCore/Sources/DigiMeCore/Authorization/ConsentError.swift /Users/admin/builder/spi-builder-workspace/DigiMeCore/Sources/DigiMeCore/Authorization/Credentials.swift (in target 'DigiMeCore' from project 'DigiMeSDK')
SwiftCompile normal arm64_32 /Users/admin/builder/spi-builder-workspace/DigiMeCore/Sources/DigiMeCore/Accounts/AccountDataProvider.swift (in target 'DigiMeCore' from project 'DigiMeSDK')
cd /Users/admin/builder/spi-builder-workspace/.swiftpm/xcode
builtin-SwiftPerFileCompile AccountDataProvider.swift
SwiftCompile normal arm64_32 /Users/admin/builder/spi-builder-workspace/DigiMeCore/Sources/DigiMeCore/Accounts/AccountServiceDescriptor.swift (in target 'DigiMeCore' from project 'DigiMeSDK')
cd /Users/admin/builder/spi-builder-workspace/.swiftpm/xcode
builtin-SwiftPerFileCompile AccountServiceDescriptor.swift
SwiftCompile normal arm64_32 /Users/admin/builder/spi-builder-workspace/DigiMeCore/Sources/DigiMeCore/Accounts/AccountsInfo.swift (in target 'DigiMeCore' from project 'DigiMeSDK')
cd /Users/admin/builder/spi-builder-workspace/.swiftpm/xcode
builtin-SwiftPerFileCompile AccountsInfo.swift
SwiftCompile normal arm64_32 /Users/admin/builder/spi-builder-workspace/DigiMeCore/Sources/DigiMeCore/Accounts/SourceAccount.swift (in target 'DigiMeCore' from project 'DigiMeSDK')
cd /Users/admin/builder/spi-builder-workspace/.swiftpm/xcode
builtin-SwiftPerFileCompile SourceAccount.swift
SwiftCompile normal arm64_32 /Users/admin/builder/spi-builder-workspace/DigiMeCore/Sources/DigiMeCore/Accounts/SourceAccountData.swift (in target 'DigiMeCore' from project 'DigiMeSDK')
cd /Users/admin/builder/spi-builder-workspace/.swiftpm/xcode
builtin-SwiftPerFileCompile SourceAccountData.swift
SwiftCompile normal arm64_32 /Users/admin/builder/spi-builder-workspace/DigiMeCore/Sources/DigiMeCore/Authorization/CallbackError.swift (in target 'DigiMeCore' from project 'DigiMeSDK')
cd /Users/admin/builder/spi-builder-workspace/.swiftpm/xcode
builtin-SwiftPerFileCompile CallbackError.swift
SwiftCompile normal arm64_32 /Users/admin/builder/spi-builder-workspace/DigiMeCore/Sources/DigiMeCore/Authorization/Configuration.swift (in target 'DigiMeCore' from project 'DigiMeSDK')
cd /Users/admin/builder/spi-builder-workspace/.swiftpm/xcode
builtin-SwiftPerFileCompile Configuration.swift
SwiftCompile normal arm64_32 /Users/admin/builder/spi-builder-workspace/DigiMeCore/Sources/DigiMeCore/Authorization/ConsentError.swift (in target 'DigiMeCore' from project 'DigiMeSDK')
cd /Users/admin/builder/spi-builder-workspace/.swiftpm/xcode
builtin-SwiftPerFileCompile ConsentError.swift
SwiftCompile normal arm64_32 /Users/admin/builder/spi-builder-workspace/DigiMeCore/Sources/DigiMeCore/Authorization/Credentials.swift (in target 'DigiMeCore' from project 'DigiMeSDK')
cd /Users/admin/builder/spi-builder-workspace/.swiftpm/xcode
builtin-SwiftPerFileCompile Credentials.swift
SwiftCompile normal arm64_32 Compiling\ SourceRequestCriteria.swift,\ SourceRequestFilter.swift,\ SourceTypesRequestCriteria.swift,\ SampleDataset.swift,\ Service.swift,\ ServicesInfo.swift,\ Source.swift,\ SourceCountry.swift,\ SourcePlatform.swift /Users/admin/builder/spi-builder-workspace/DigiMeCore/Sources/DigiMeCore/Data\ Sources/Requests/SourceRequestCriteria.swift /Users/admin/builder/spi-builder-workspace/DigiMeCore/Sources/DigiMeCore/Data\ Sources/Requests/SourceRequestFilter.swift /Users/admin/builder/spi-builder-workspace/DigiMeCore/Sources/DigiMeCore/Data\ Sources/Requests/SourceTypesRequestCriteria.swift /Users/admin/builder/spi-builder-workspace/DigiMeCore/Sources/DigiMeCore/Data\ Sources/SampleDataset.swift /Users/admin/builder/spi-builder-workspace/DigiMeCore/Sources/DigiMeCore/Data\ Sources/Service.swift /Users/admin/builder/spi-builder-workspace/DigiMeCore/Sources/DigiMeCore/Data\ Sources/ServicesInfo.swift /Users/admin/builder/spi-builder-workspace/DigiMeCore/Sources/DigiMeCore/Data\ Sources/Source.swift /Users/admin/builder/spi-builder-workspace/DigiMeCore/Sources/DigiMeCore/Data\ Sources/SourceCountry.swift /Users/admin/builder/spi-builder-workspace/DigiMeCore/Sources/DigiMeCore/Data\ Sources/SourcePlatform.swift (in target 'DigiMeCore' from project 'DigiMeSDK')
SwiftCompile normal arm64_32 /Users/admin/builder/spi-builder-workspace/DigiMeCore/Sources/DigiMeCore/Data\ Sources/Requests/SourceRequestCriteria.swift (in target 'DigiMeCore' from project 'DigiMeSDK')
cd /Users/admin/builder/spi-builder-workspace/.swiftpm/xcode
builtin-SwiftPerFileCompile SourceRequestCriteria.swift
SwiftCompile normal arm64_32 /Users/admin/builder/spi-builder-workspace/DigiMeCore/Sources/DigiMeCore/Data\ Sources/Requests/SourceRequestFilter.swift (in target 'DigiMeCore' from project 'DigiMeSDK')
cd /Users/admin/builder/spi-builder-workspace/.swiftpm/xcode
builtin-SwiftPerFileCompile SourceRequestFilter.swift
SwiftCompile normal arm64_32 /Users/admin/builder/spi-builder-workspace/DigiMeCore/Sources/DigiMeCore/Data\ Sources/Requests/SourceTypesRequestCriteria.swift (in target 'DigiMeCore' from project 'DigiMeSDK')
cd /Users/admin/builder/spi-builder-workspace/.swiftpm/xcode
builtin-SwiftPerFileCompile SourceTypesRequestCriteria.swift
SwiftCompile normal arm64_32 /Users/admin/builder/spi-builder-workspace/DigiMeCore/Sources/DigiMeCore/Data\ Sources/SampleDataset.swift (in target 'DigiMeCore' from project 'DigiMeSDK')
cd /Users/admin/builder/spi-builder-workspace/.swiftpm/xcode
builtin-SwiftPerFileCompile SampleDataset.swift
SwiftCompile normal arm64_32 /Users/admin/builder/spi-builder-workspace/DigiMeCore/Sources/DigiMeCore/Data\ Sources/Service.swift (in target 'DigiMeCore' from project 'DigiMeSDK')
cd /Users/admin/builder/spi-builder-workspace/.swiftpm/xcode
builtin-SwiftPerFileCompile Service.swift
SwiftCompile normal arm64_32 /Users/admin/builder/spi-builder-workspace/DigiMeCore/Sources/DigiMeCore/Data\ Sources/ServicesInfo.swift (in target 'DigiMeCore' from project 'DigiMeSDK')
cd /Users/admin/builder/spi-builder-workspace/.swiftpm/xcode
builtin-SwiftPerFileCompile ServicesInfo.swift
SwiftCompile normal arm64_32 /Users/admin/builder/spi-builder-workspace/DigiMeCore/Sources/DigiMeCore/Data\ Sources/Source.swift (in target 'DigiMeCore' from project 'DigiMeSDK')
cd /Users/admin/builder/spi-builder-workspace/.swiftpm/xcode
builtin-SwiftPerFileCompile Source.swift
SwiftCompile normal arm64_32 /Users/admin/builder/spi-builder-workspace/DigiMeCore/Sources/DigiMeCore/Data\ Sources/SourceCountry.swift (in target 'DigiMeCore' from project 'DigiMeSDK')
cd /Users/admin/builder/spi-builder-workspace/.swiftpm/xcode
builtin-SwiftPerFileCompile SourceCountry.swift
SwiftCompile normal arm64_32 /Users/admin/builder/spi-builder-workspace/DigiMeCore/Sources/DigiMeCore/Data\ Sources/SourcePlatform.swift (in target 'DigiMeCore' from project 'DigiMeSDK')
cd /Users/admin/builder/spi-builder-workspace/.swiftpm/xcode
builtin-SwiftPerFileCompile SourcePlatform.swift
SwiftDriverJobDiscovery normal arm64 Compiling ReadOptions.swift, Scope.swift, ServiceGroupType.swift, ServiceObjectType.swift, ServiceType.swift, SourceFetchFilter.swift, TimeRange.swift, StorageConfig.swift (in target 'DigiMeCore' from project 'DigiMeSDK')
SwiftCompile normal arm64_32 Compiling\ StorageDeleteFileStatus.swift,\ StorageFileInfo.swift,\ StorageFileList.swift,\ StorageUploadFileInfo.swift,\ AES256.swift,\ Array+Helper.swift,\ Calendar+Helper.swift,\ Codable+Logging.swift /Users/admin/builder/spi-builder-workspace/DigiMeCore/Sources/DigiMeCore/Storage/StorageDeleteFileStatus.swift /Users/admin/builder/spi-builder-workspace/DigiMeCore/Sources/DigiMeCore/Storage/StorageFileInfo.swift /Users/admin/builder/spi-builder-workspace/DigiMeCore/Sources/DigiMeCore/Storage/StorageFileList.swift /Users/admin/builder/spi-builder-workspace/DigiMeCore/Sources/DigiMeCore/Storage/StorageUploadFileInfo.swift /Users/admin/builder/spi-builder-workspace/DigiMeCore/Sources/DigiMeCore/Utilities/AES256.swift /Users/admin/builder/spi-builder-workspace/DigiMeCore/Sources/DigiMeCore/Utilities/Array+Helper.swift /Users/admin/builder/spi-builder-workspace/DigiMeCore/Sources/DigiMeCore/Utilities/Calendar+Helper.swift /Users/admin/builder/spi-builder-workspace/DigiMeCore/Sources/DigiMeCore/Utilities/Codable+Logging.swift (in target 'DigiMeCore' from project 'DigiMeSDK')
SwiftCompile normal arm64_32 /Users/admin/builder/spi-builder-workspace/DigiMeCore/Sources/DigiMeCore/Storage/StorageDeleteFileStatus.swift (in target 'DigiMeCore' from project 'DigiMeSDK')
cd /Users/admin/builder/spi-builder-workspace/.swiftpm/xcode
builtin-SwiftPerFileCompile StorageDeleteFileStatus.swift
SwiftCompile normal arm64_32 /Users/admin/builder/spi-builder-workspace/DigiMeCore/Sources/DigiMeCore/Storage/StorageFileInfo.swift (in target 'DigiMeCore' from project 'DigiMeSDK')
cd /Users/admin/builder/spi-builder-workspace/.swiftpm/xcode
builtin-SwiftPerFileCompile StorageFileInfo.swift
SwiftCompile normal arm64_32 /Users/admin/builder/spi-builder-workspace/DigiMeCore/Sources/DigiMeCore/Storage/StorageFileList.swift (in target 'DigiMeCore' from project 'DigiMeSDK')
cd /Users/admin/builder/spi-builder-workspace/.swiftpm/xcode
builtin-SwiftPerFileCompile StorageFileList.swift
SwiftCompile normal arm64_32 /Users/admin/builder/spi-builder-workspace/DigiMeCore/Sources/DigiMeCore/Storage/StorageUploadFileInfo.swift (in target 'DigiMeCore' from project 'DigiMeSDK')
cd /Users/admin/builder/spi-builder-workspace/.swiftpm/xcode
builtin-SwiftPerFileCompile StorageUploadFileInfo.swift
SwiftCompile normal arm64_32 /Users/admin/builder/spi-builder-workspace/DigiMeCore/Sources/DigiMeCore/Utilities/AES256.swift (in target 'DigiMeCore' from project 'DigiMeSDK')
cd /Users/admin/builder/spi-builder-workspace/.swiftpm/xcode
builtin-SwiftPerFileCompile AES256.swift
SwiftCompile normal arm64_32 /Users/admin/builder/spi-builder-workspace/DigiMeCore/Sources/DigiMeCore/Utilities/Array+Helper.swift (in target 'DigiMeCore' from project 'DigiMeSDK')
cd /Users/admin/builder/spi-builder-workspace/.swiftpm/xcode
builtin-SwiftPerFileCompile Array+Helper.swift
SwiftCompile normal arm64_32 /Users/admin/builder/spi-builder-workspace/DigiMeCore/Sources/DigiMeCore/Utilities/Calendar+Helper.swift (in target 'DigiMeCore' from project 'DigiMeSDK')
cd /Users/admin/builder/spi-builder-workspace/.swiftpm/xcode
builtin-SwiftPerFileCompile Calendar+Helper.swift
SwiftCompile normal arm64_32 /Users/admin/builder/spi-builder-workspace/DigiMeCore/Sources/DigiMeCore/Utilities/Codable+Logging.swift (in target 'DigiMeCore' from project 'DigiMeSDK')
cd /Users/admin/builder/spi-builder-workspace/.swiftpm/xcode
builtin-SwiftPerFileCompile Codable+Logging.swift
SwiftCompile normal arm64_32 Compiling\ ReadOptions.swift,\ Scope.swift,\ ServiceGroupType.swift,\ ServiceObjectType.swift,\ ServiceType.swift,\ SourceFetchFilter.swift,\ TimeRange.swift,\ StorageConfig.swift /Users/admin/builder/spi-builder-workspace/DigiMeCore/Sources/DigiMeCore/Scoping/ReadOptions.swift /Users/admin/builder/spi-builder-workspace/DigiMeCore/Sources/DigiMeCore/Scoping/Scope.swift /Users/admin/builder/spi-builder-workspace/DigiMeCore/Sources/DigiMeCore/Scoping/ServiceGroupType.swift /Users/admin/builder/spi-builder-workspace/DigiMeCore/Sources/DigiMeCore/Scoping/ServiceObjectType.swift /Users/admin/builder/spi-builder-workspace/DigiMeCore/Sources/DigiMeCore/Scoping/ServiceType.swift /Users/admin/builder/spi-builder-workspace/DigiMeCore/Sources/DigiMeCore/Scoping/SourceFetchFilter.swift /Users/admin/builder/spi-builder-workspace/DigiMeCore/Sources/DigiMeCore/Scoping/TimeRange.swift /Users/admin/builder/spi-builder-workspace/DigiMeCore/Sources/DigiMeCore/Storage/StorageConfig.swift (in target 'DigiMeCore' from project 'DigiMeSDK')
SwiftCompile normal arm64_32 /Users/admin/builder/spi-builder-workspace/DigiMeCore/Sources/DigiMeCore/Scoping/ReadOptions.swift (in target 'DigiMeCore' from project 'DigiMeSDK')
cd /Users/admin/builder/spi-builder-workspace/.swiftpm/xcode
builtin-SwiftPerFileCompile ReadOptions.swift
SwiftCompile normal arm64_32 /Users/admin/builder/spi-builder-workspace/DigiMeCore/Sources/DigiMeCore/Scoping/Scope.swift (in target 'DigiMeCore' from project 'DigiMeSDK')
cd /Users/admin/builder/spi-builder-workspace/.swiftpm/xcode
builtin-SwiftPerFileCompile Scope.swift
SwiftCompile normal arm64_32 /Users/admin/builder/spi-builder-workspace/DigiMeCore/Sources/DigiMeCore/Scoping/ServiceGroupType.swift (in target 'DigiMeCore' from project 'DigiMeSDK')
cd /Users/admin/builder/spi-builder-workspace/.swiftpm/xcode
builtin-SwiftPerFileCompile ServiceGroupType.swift
SwiftCompile normal arm64_32 /Users/admin/builder/spi-builder-workspace/DigiMeCore/Sources/DigiMeCore/Scoping/ServiceObjectType.swift (in target 'DigiMeCore' from project 'DigiMeSDK')
cd /Users/admin/builder/spi-builder-workspace/.swiftpm/xcode
builtin-SwiftPerFileCompile ServiceObjectType.swift
SwiftCompile normal arm64_32 /Users/admin/builder/spi-builder-workspace/DigiMeCore/Sources/DigiMeCore/Scoping/ServiceType.swift (in target 'DigiMeCore' from project 'DigiMeSDK')
cd /Users/admin/builder/spi-builder-workspace/.swiftpm/xcode
builtin-SwiftPerFileCompile ServiceType.swift
SwiftCompile normal arm64_32 /Users/admin/builder/spi-builder-workspace/DigiMeCore/Sources/DigiMeCore/Scoping/SourceFetchFilter.swift (in target 'DigiMeCore' from project 'DigiMeSDK')
cd /Users/admin/builder/spi-builder-workspace/.swiftpm/xcode
builtin-SwiftPerFileCompile SourceFetchFilter.swift
SwiftCompile normal arm64_32 /Users/admin/builder/spi-builder-workspace/DigiMeCore/Sources/DigiMeCore/Scoping/TimeRange.swift (in target 'DigiMeCore' from project 'DigiMeSDK')
cd /Users/admin/builder/spi-builder-workspace/.swiftpm/xcode
builtin-SwiftPerFileCompile TimeRange.swift
SwiftCompile normal arm64_32 /Users/admin/builder/spi-builder-workspace/DigiMeCore/Sources/DigiMeCore/Storage/StorageConfig.swift (in target 'DigiMeCore' from project 'DigiMeSDK')
cd /Users/admin/builder/spi-builder-workspace/.swiftpm/xcode
builtin-SwiftPerFileCompile StorageConfig.swift
SwiftDriverJobDiscovery normal arm64 Compiling Logging.swift, ApplicationResponse.swift, ContractResponse.swift, ConsentAccessTimeRange.swift, ContractTimeRangeType.swift, DeviceOnlyServices.swift, Duration.swift, Limits.swift (in target 'DigiMeCore' from project 'DigiMeSDK')
SwiftDriverJobDiscovery normal arm64 Compiling StorageDeleteFileStatus.swift, StorageFileInfo.swift, StorageFileList.swift, StorageUploadFileInfo.swift, AES256.swift, Array+Helper.swift, Calendar+Helper.swift, Codable+Logging.swift (in target 'DigiMeCore' from project 'DigiMeSDK')
SwiftCompile normal arm64_32 Compiling\ CodableUserDefault.swift,\ Crypto.swift,\ Date+Helper.swift,\ DynamicallyKeyedArray.swift,\ Extensions+Encodable.swift,\ FilePersistentStorage.swift,\ String+Helper.swift,\ UserDefault.swift /Users/admin/builder/spi-builder-workspace/DigiMeCore/Sources/DigiMeCore/Utilities/CodableUserDefault.swift /Users/admin/builder/spi-builder-workspace/DigiMeCore/Sources/DigiMeCore/Utilities/Crypto.swift /Users/admin/builder/spi-builder-workspace/DigiMeCore/Sources/DigiMeCore/Utilities/Date+Helper.swift /Users/admin/builder/spi-builder-workspace/DigiMeCore/Sources/DigiMeCore/Utilities/DynamicallyKeyedArray.swift /Users/admin/builder/spi-builder-workspace/DigiMeCore/Sources/DigiMeCore/Utilities/Extensions+Encodable.swift /Users/admin/builder/spi-builder-workspace/DigiMeCore/Sources/DigiMeCore/Utilities/FilePersistentStorage.swift /Users/admin/builder/spi-builder-workspace/DigiMeCore/Sources/DigiMeCore/Utilities/String+Helper.swift /Users/admin/builder/spi-builder-workspace/DigiMeCore/Sources/DigiMeCore/Utilities/UserDefault.swift (in target 'DigiMeCore' from project 'DigiMeSDK')
/Users/admin/builder/spi-builder-workspace/DigiMeCore/Sources/DigiMeCore/Utilities/Crypto.swift:259:26: warning: 'SecKeyEncrypt' was deprecated in watchOS 8.0: Use SecKeyCreateEncryptedData [#DeprecatedDeclaration]
257 | var encryptedDataLength = blockSize
258 |
259 | let status = SecKeyEncrypt(secKey, .OAEP, chunkData, chunkData.count, &encryptedDataBuffer, &encryptedDataLength)
| `- warning: 'SecKeyEncrypt' was deprecated in watchOS 8.0: Use SecKeyCreateEncryptedData [#DeprecatedDeclaration]
260 |
261 | guard status == noErr else {
/Users/admin/builder/spi-builder-workspace/DigiMeCore/Sources/DigiMeCore/Utilities/Crypto.swift:288:26: warning: 'SecKeyDecrypt' was deprecated in watchOS 8.0: Use SecKeyCreateDecryptedData [#DeprecatedDeclaration]
286 | var decryptedDataLength = blockSize
287 |
288 | let status = SecKeyDecrypt(secKey, .OAEP, chunkData, indexEnd - index, &decryptedDataBuffer, &decryptedDataLength)
| `- warning: 'SecKeyDecrypt' was deprecated in watchOS 8.0: Use SecKeyCreateDecryptedData [#DeprecatedDeclaration]
289 | guard status == noErr else {
290 | throw CryptoError.chunkDecryptFailed(index: index)
[#DeprecatedDeclaration]: <https://docs.swift.org/compiler/documentation/diagnostics/deprecated-declaration>
SwiftCompile normal arm64_32 /Users/admin/builder/spi-builder-workspace/DigiMeCore/Sources/DigiMeCore/Utilities/CodableUserDefault.swift (in target 'DigiMeCore' from project 'DigiMeSDK')
cd /Users/admin/builder/spi-builder-workspace/.swiftpm/xcode
builtin-SwiftPerFileCompile CodableUserDefault.swift
SwiftCompile normal arm64_32 /Users/admin/builder/spi-builder-workspace/DigiMeCore/Sources/DigiMeCore/Utilities/Crypto.swift (in target 'DigiMeCore' from project 'DigiMeSDK')
cd /Users/admin/builder/spi-builder-workspace/.swiftpm/xcode
builtin-SwiftPerFileCompile Crypto.swift
SwiftCompile normal arm64_32 /Users/admin/builder/spi-builder-workspace/DigiMeCore/Sources/DigiMeCore/Utilities/Date+Helper.swift (in target 'DigiMeCore' from project 'DigiMeSDK')
cd /Users/admin/builder/spi-builder-workspace/.swiftpm/xcode
builtin-SwiftPerFileCompile Date+Helper.swift
SwiftCompile normal arm64_32 /Users/admin/builder/spi-builder-workspace/DigiMeCore/Sources/DigiMeCore/Utilities/DynamicallyKeyedArray.swift (in target 'DigiMeCore' from project 'DigiMeSDK')
cd /Users/admin/builder/spi-builder-workspace/.swiftpm/xcode
builtin-SwiftPerFileCompile DynamicallyKeyedArray.swift
SwiftCompile normal arm64_32 /Users/admin/builder/spi-builder-workspace/DigiMeCore/Sources/DigiMeCore/Utilities/Extensions+Encodable.swift (in target 'DigiMeCore' from project 'DigiMeSDK')
cd /Users/admin/builder/spi-builder-workspace/.swiftpm/xcode
builtin-SwiftPerFileCompile Extensions+Encodable.swift
SwiftCompile normal arm64_32 /Users/admin/builder/spi-builder-workspace/DigiMeCore/Sources/DigiMeCore/Utilities/FilePersistentStorage.swift (in target 'DigiMeCore' from project 'DigiMeSDK')
cd /Users/admin/builder/spi-builder-workspace/.swiftpm/xcode
builtin-SwiftPerFileCompile FilePersistentStorage.swift
SwiftCompile normal arm64_32 /Users/admin/builder/spi-builder-workspace/DigiMeCore/Sources/DigiMeCore/Utilities/String+Helper.swift (in target 'DigiMeCore' from project 'DigiMeSDK')
cd /Users/admin/builder/spi-builder-workspace/.swiftpm/xcode
builtin-SwiftPerFileCompile String+Helper.swift
SwiftCompile normal arm64_32 /Users/admin/builder/spi-builder-workspace/DigiMeCore/Sources/DigiMeCore/Utilities/UserDefault.swift (in target 'DigiMeCore' from project 'DigiMeSDK')
cd /Users/admin/builder/spi-builder-workspace/.swiftpm/xcode
builtin-SwiftPerFileCompile UserDefault.swift
SwiftCompile normal arm64_32 Compiling\ FitnessActivitySummary.swift,\ LogEventPayload.swift,\ MappedFileMetadata.swift,\ MimeType.swift,\ RawFileMetadata.swift,\ RawFileMetadataBuilder.swift,\ SyncAccount.swift,\ SyncError.swift,\ SyncState.swift /Users/admin/builder/spi-builder-workspace/DigiMeCore/Sources/DigiMeCore/Files/FitnessActivitySummary.swift /Users/admin/builder/spi-builder-workspace/DigiMeCore/Sources/DigiMeCore/Files/LogEventPayload.swift /Users/admin/builder/spi-builder-workspace/DigiMeCore/Sources/DigiMeCore/Files/MappedFileMetadata.swift /Users/admin/builder/spi-builder-workspace/DigiMeCore/Sources/DigiMeCore/Files/MimeType.swift /Users/admin/builder/spi-builder-workspace/DigiMeCore/Sources/DigiMeCore/Files/RawFileMetadata.swift /Users/admin/builder/spi-builder-workspace/DigiMeCore/Sources/DigiMeCore/Files/RawFileMetadataBuilder.swift /Users/admin/builder/spi-builder-workspace/DigiMeCore/Sources/DigiMeCore/Files/SyncAccount.swift /Users/admin/builder/spi-builder-workspace/DigiMeCore/Sources/DigiMeCore/Files/SyncError.swift /Users/admin/builder/spi-builder-workspace/DigiMeCore/Sources/DigiMeCore/Files/SyncState.swift (in target 'DigiMeCore' from project 'DigiMeSDK')
SwiftCompile normal arm64_32 /Users/admin/builder/spi-builder-workspace/DigiMeCore/Sources/DigiMeCore/Files/FitnessActivitySummary.swift (in target 'DigiMeCore' from project 'DigiMeSDK')
cd /Users/admin/builder/spi-builder-workspace/.swiftpm/xcode
builtin-SwiftPerFileCompile FitnessActivitySummary.swift
SwiftCompile normal arm64_32 /Users/admin/builder/spi-builder-workspace/DigiMeCore/Sources/DigiMeCore/Files/LogEventPayload.swift (in target 'DigiMeCore' from project 'DigiMeSDK')
cd /Users/admin/builder/spi-builder-workspace/.swiftpm/xcode
builtin-SwiftPerFileCompile LogEventPayload.swift
SwiftCompile normal arm64_32 /Users/admin/builder/spi-builder-workspace/DigiMeCore/Sources/DigiMeCore/Files/MappedFileMetadata.swift (in target 'DigiMeCore' from project 'DigiMeSDK')
cd /Users/admin/builder/spi-builder-workspace/.swiftpm/xcode
builtin-SwiftPerFileCompile MappedFileMetadata.swift
SwiftCompile normal arm64_32 /Users/admin/builder/spi-builder-workspace/DigiMeCore/Sources/DigiMeCore/Files/MimeType.swift (in target 'DigiMeCore' from project 'DigiMeSDK')
cd /Users/admin/builder/spi-builder-workspace/.swiftpm/xcode
builtin-SwiftPerFileCompile MimeType.swift
SwiftCompile normal arm64_32 /Users/admin/builder/spi-builder-workspace/DigiMeCore/Sources/DigiMeCore/Files/RawFileMetadata.swift (in target 'DigiMeCore' from project 'DigiMeSDK')
cd /Users/admin/builder/spi-builder-workspace/.swiftpm/xcode
builtin-SwiftPerFileCompile RawFileMetadata.swift
SwiftCompile normal arm64_32 /Users/admin/builder/spi-builder-workspace/DigiMeCore/Sources/DigiMeCore/Files/RawFileMetadataBuilder.swift (in target 'DigiMeCore' from project 'DigiMeSDK')
cd /Users/admin/builder/spi-builder-workspace/.swiftpm/xcode
builtin-SwiftPerFileCompile RawFileMetadataBuilder.swift
SwiftCompile normal arm64_32 /Users/admin/builder/spi-builder-workspace/DigiMeCore/Sources/DigiMeCore/Files/SyncAccount.swift (in target 'DigiMeCore' from project 'DigiMeSDK')
cd /Users/admin/builder/spi-builder-workspace/.swiftpm/xcode
builtin-SwiftPerFileCompile SyncAccount.swift
SwiftCompile normal arm64_32 /Users/admin/builder/spi-builder-workspace/DigiMeCore/Sources/DigiMeCore/Files/SyncError.swift (in target 'DigiMeCore' from project 'DigiMeSDK')
cd /Users/admin/builder/spi-builder-workspace/.swiftpm/xcode
builtin-SwiftPerFileCompile SyncError.swift
SwiftCompile normal arm64_32 /Users/admin/builder/spi-builder-workspace/DigiMeCore/Sources/DigiMeCore/Files/SyncState.swift (in target 'DigiMeCore' from project 'DigiMeSDK')
cd /Users/admin/builder/spi-builder-workspace/.swiftpm/xcode
builtin-SwiftPerFileCompile SyncState.swift
SwiftDriverJobDiscovery normal arm64 Compiling FitnessActivitySummary.swift, LogEventPayload.swift, MappedFileMetadata.swift, MimeType.swift, RawFileMetadata.swift, RawFileMetadataBuilder.swift, SyncAccount.swift, SyncError.swift, SyncState.swift (in target 'DigiMeCore' from project 'DigiMeSDK')
SwiftCompile normal arm64 Compiling\ SourceResource.swift,\ SourceType.swift,\ SourcesInfo.swift,\ APIError.swift,\ SDKError.swift,\ File.swift,\ FileList.swift,\ FileListItem.swift,\ FileMetadata.swift /Users/admin/builder/spi-builder-workspace/DigiMeCore/Sources/DigiMeCore/Data\ Sources/SourceResource.swift /Users/admin/builder/spi-builder-workspace/DigiMeCore/Sources/DigiMeCore/Data\ Sources/SourceType.swift /Users/admin/builder/spi-builder-workspace/DigiMeCore/Sources/DigiMeCore/Data\ Sources/SourcesInfo.swift /Users/admin/builder/spi-builder-workspace/DigiMeCore/Sources/DigiMeCore/Error/APIError.swift /Users/admin/builder/spi-builder-workspace/DigiMeCore/Sources/DigiMeCore/Error/SDKError.swift /Users/admin/builder/spi-builder-workspace/DigiMeCore/Sources/DigiMeCore/Files/File.swift /Users/admin/builder/spi-builder-workspace/DigiMeCore/Sources/DigiMeCore/Files/FileList.swift /Users/admin/builder/spi-builder-workspace/DigiMeCore/Sources/DigiMeCore/Files/FileListItem.swift /Users/admin/builder/spi-builder-workspace/DigiMeCore/Sources/DigiMeCore/Files/FileMetadata.swift (in target 'DigiMeCore' from project 'DigiMeSDK')
SwiftCompile normal arm64 /Users/admin/builder/spi-builder-workspace/DigiMeCore/Sources/DigiMeCore/Data\ Sources/SourceResource.swift (in target 'DigiMeCore' from project 'DigiMeSDK')
cd /Users/admin/builder/spi-builder-workspace/.swiftpm/xcode
builtin-SwiftPerFileCompile SourceResource.swift
SwiftCompile normal arm64 /Users/admin/builder/spi-builder-workspace/DigiMeCore/Sources/DigiMeCore/Data\ Sources/SourceType.swift (in target 'DigiMeCore' from project 'DigiMeSDK')
cd /Users/admin/builder/spi-builder-workspace/.swiftpm/xcode
builtin-SwiftPerFileCompile SourceType.swift
SwiftCompile normal arm64 /Users/admin/builder/spi-builder-workspace/DigiMeCore/Sources/DigiMeCore/Data\ Sources/SourcesInfo.swift (in target 'DigiMeCore' from project 'DigiMeSDK')
cd /Users/admin/builder/spi-builder-workspace/.swiftpm/xcode
builtin-SwiftPerFileCompile SourcesInfo.swift
SwiftCompile normal arm64 /Users/admin/builder/spi-builder-workspace/DigiMeCore/Sources/DigiMeCore/Error/APIError.swift (in target 'DigiMeCore' from project 'DigiMeSDK')
cd /Users/admin/builder/spi-builder-workspace/.swiftpm/xcode
builtin-SwiftPerFileCompile APIError.swift
SwiftCompile normal arm64 /Users/admin/builder/spi-builder-workspace/DigiMeCore/Sources/DigiMeCore/Error/SDKError.swift (in target 'DigiMeCore' from project 'DigiMeSDK')
cd /Users/admin/builder/spi-builder-workspace/.swiftpm/xcode
builtin-SwiftPerFileCompile SDKError.swift
SwiftCompile normal arm64 /Users/admin/builder/spi-builder-workspace/DigiMeCore/Sources/DigiMeCore/Files/File.swift (in target 'DigiMeCore' from project 'DigiMeSDK')
cd /Users/admin/builder/spi-builder-workspace/.swiftpm/xcode
builtin-SwiftPerFileCompile File.swift
SwiftCompile normal arm64 /Users/admin/builder/spi-builder-workspace/DigiMeCore/Sources/DigiMeCore/Files/FileList.swift (in target 'DigiMeCore' from project 'DigiMeSDK')
cd /Users/admin/builder/spi-builder-workspace/.swiftpm/xcode
builtin-SwiftPerFileCompile FileList.swift
SwiftCompile normal arm64 /Users/admin/builder/spi-builder-workspace/DigiMeCore/Sources/DigiMeCore/Files/FileListItem.swift (in target 'DigiMeCore' from project 'DigiMeSDK')
cd /Users/admin/builder/spi-builder-workspace/.swiftpm/xcode
builtin-SwiftPerFileCompile FileListItem.swift
SwiftCompile normal arm64 /Users/admin/builder/spi-builder-workspace/DigiMeCore/Sources/DigiMeCore/Files/FileMetadata.swift (in target 'DigiMeCore' from project 'DigiMeSDK')
cd /Users/admin/builder/spi-builder-workspace/.swiftpm/xcode
builtin-SwiftPerFileCompile FileMetadata.swift
SwiftDriverJobDiscovery normal arm64 Compiling AccountDataProvider.swift, AccountServiceDescriptor.swift, AccountsInfo.swift, SourceAccount.swift, SourceAccountData.swift, CallbackError.swift, Configuration.swift, ConsentError.swift, Credentials.swift (in target 'DigiMeCore' from project 'DigiMeSDK')
SwiftDriverJobDiscovery normal arm64 Compiling SourceRequestCriteria.swift, SourceRequestFilter.swift, SourceTypesRequestCriteria.swift, SampleDataset.swift, Service.swift, ServicesInfo.swift, Source.swift, SourceCountry.swift, SourcePlatform.swift (in target 'DigiMeCore' from project 'DigiMeSDK')
SwiftDriverJobDiscovery normal arm64 Compiling OAuthToken.swift, WriteAccessInfo.swift, ContractVersion4.swift, ContractVersion5.swift, ConnectionSecurity.swift, FileInfo.swift, SourceCategoriesRequestCriteria.swift, SourceCountriesRequestCriteria.swift, SourcePlatformsRequestCriteria.swift (in target 'DigiMeCore' from project 'DigiMeSDK')
SwiftDriverJobDiscovery normal arm64 Compiling CodableUserDefault.swift, Crypto.swift, Date+Helper.swift, DynamicallyKeyedArray.swift, Extensions+Encodable.swift, FilePersistentStorage.swift, String+Helper.swift, UserDefault.swift (in target 'DigiMeCore' from project 'DigiMeSDK')
SwiftCompile normal arm64_32 Compiling\ SourceResource.swift,\ SourceType.swift,\ SourcesInfo.swift,\ APIError.swift,\ SDKError.swift,\ File.swift,\ FileList.swift,\ FileListItem.swift,\ FileMetadata.swift /Users/admin/builder/spi-builder-workspace/DigiMeCore/Sources/DigiMeCore/Data\ Sources/SourceResource.swift /Users/admin/builder/spi-builder-workspace/DigiMeCore/Sources/DigiMeCore/Data\ Sources/SourceType.swift /Users/admin/builder/spi-builder-workspace/DigiMeCore/Sources/DigiMeCore/Data\ Sources/SourcesInfo.swift /Users/admin/builder/spi-builder-workspace/DigiMeCore/Sources/DigiMeCore/Error/APIError.swift /Users/admin/builder/spi-builder-workspace/DigiMeCore/Sources/DigiMeCore/Error/SDKError.swift /Users/admin/builder/spi-builder-workspace/DigiMeCore/Sources/DigiMeCore/Files/File.swift /Users/admin/builder/spi-builder-workspace/DigiMeCore/Sources/DigiMeCore/Files/FileList.swift /Users/admin/builder/spi-builder-workspace/DigiMeCore/Sources/DigiMeCore/Files/FileListItem.swift /Users/admin/builder/spi-builder-workspace/DigiMeCore/Sources/DigiMeCore/Files/FileMetadata.swift (in target 'DigiMeCore' from project 'DigiMeSDK')
SwiftCompile normal arm64_32 /Users/admin/builder/spi-builder-workspace/DigiMeCore/Sources/DigiMeCore/Data\ Sources/SourceResource.swift (in target 'DigiMeCore' from project 'DigiMeSDK')
cd /Users/admin/builder/spi-builder-workspace/.swiftpm/xcode
builtin-SwiftPerFileCompile SourceResource.swift
SwiftCompile normal arm64_32 /Users/admin/builder/spi-builder-workspace/DigiMeCore/Sources/DigiMeCore/Data\ Sources/SourceType.swift (in target 'DigiMeCore' from project 'DigiMeSDK')
cd /Users/admin/builder/spi-builder-workspace/.swiftpm/xcode
builtin-SwiftPerFileCompile SourceType.swift
SwiftCompile normal arm64_32 /Users/admin/builder/spi-builder-workspace/DigiMeCore/Sources/DigiMeCore/Data\ Sources/SourcesInfo.swift (in target 'DigiMeCore' from project 'DigiMeSDK')
cd /Users/admin/builder/spi-builder-workspace/.swiftpm/xcode
builtin-SwiftPerFileCompile SourcesInfo.swift
SwiftCompile normal arm64_32 /Users/admin/builder/spi-builder-workspace/DigiMeCore/Sources/DigiMeCore/Error/APIError.swift (in target 'DigiMeCore' from project 'DigiMeSDK')
cd /Users/admin/builder/spi-builder-workspace/.swiftpm/xcode
builtin-SwiftPerFileCompile APIError.swift
SwiftCompile normal arm64_32 /Users/admin/builder/spi-builder-workspace/DigiMeCore/Sources/DigiMeCore/Error/SDKError.swift (in target 'DigiMeCore' from project 'DigiMeSDK')
cd /Users/admin/builder/spi-builder-workspace/.swiftpm/xcode
builtin-SwiftPerFileCompile SDKError.swift
SwiftCompile normal arm64_32 /Users/admin/builder/spi-builder-workspace/DigiMeCore/Sources/DigiMeCore/Files/File.swift (in target 'DigiMeCore' from project 'DigiMeSDK')
cd /Users/admin/builder/spi-builder-workspace/.swiftpm/xcode
builtin-SwiftPerFileCompile File.swift
SwiftCompile normal arm64_32 /Users/admin/builder/spi-builder-workspace/DigiMeCore/Sources/DigiMeCore/Files/FileList.swift (in target 'DigiMeCore' from project 'DigiMeSDK')
cd /Users/admin/builder/spi-builder-workspace/.swiftpm/xcode
builtin-SwiftPerFileCompile FileList.swift
SwiftCompile normal arm64_32 /Users/admin/builder/spi-builder-workspace/DigiMeCore/Sources/DigiMeCore/Files/FileListItem.swift (in target 'DigiMeCore' from project 'DigiMeSDK')
cd /Users/admin/builder/spi-builder-workspace/.swiftpm/xcode
builtin-SwiftPerFileCompile FileListItem.swift
SwiftCompile normal arm64_32 /Users/admin/builder/spi-builder-workspace/DigiMeCore/Sources/DigiMeCore/Files/FileMetadata.swift (in target 'DigiMeCore' from project 'DigiMeSDK')
cd /Users/admin/builder/spi-builder-workspace/.swiftpm/xcode
builtin-SwiftPerFileCompile FileMetadata.swift
SwiftDriverJobDiscovery normal arm64 Compiling SourceResource.swift, SourceType.swift, SourcesInfo.swift, APIError.swift, SDKError.swift, File.swift, FileList.swift, FileListItem.swift, FileMetadata.swift (in target 'DigiMeCore' from project 'DigiMeSDK')
SwiftCompile normal arm64_32 Compiling\ SyncStatus.swift,\ HealthKitAccountDataProviderProtocol.swift,\ HealthKitFilesDataServiceProtocol.swift,\ HealthKitServiceProtocol.swift,\ CustomLogger.swift,\ DefaultLogger.swift,\ LogLevel.swift,\ Logger.swift /Users/admin/builder/spi-builder-workspace/DigiMeCore/Sources/DigiMeCore/Files/SyncStatus.swift /Users/admin/builder/spi-builder-workspace/DigiMeCore/Sources/DigiMeCore/Health/HealthKitAccountDataProviderProtocol.swift /Users/admin/builder/spi-builder-workspace/DigiMeCore/Sources/DigiMeCore/Health/HealthKitFilesDataServiceProtocol.swift /Users/admin/builder/spi-builder-workspace/DigiMeCore/Sources/DigiMeCore/Health/HealthKitServiceProtocol.swift /Users/admin/builder/spi-builder-workspace/DigiMeCore/Sources/DigiMeCore/Logging/CustomLogger.swift /Users/admin/builder/spi-builder-workspace/DigiMeCore/Sources/DigiMeCore/Logging/DefaultLogger.swift /Users/admin/builder/spi-builder-workspace/DigiMeCore/Sources/DigiMeCore/Logging/LogLevel.swift /Users/admin/builder/spi-builder-workspace/DigiMeCore/Sources/DigiMeCore/Logging/Logger.swift (in target 'DigiMeCore' from project 'DigiMeSDK')
SwiftCompile normal arm64_32 /Users/admin/builder/spi-builder-workspace/DigiMeCore/Sources/DigiMeCore/Files/SyncStatus.swift (in target 'DigiMeCore' from project 'DigiMeSDK')
cd /Users/admin/builder/spi-builder-workspace/.swiftpm/xcode
builtin-SwiftPerFileCompile SyncStatus.swift
SwiftCompile normal arm64_32 /Users/admin/builder/spi-builder-workspace/DigiMeCore/Sources/DigiMeCore/Health/HealthKitAccountDataProviderProtocol.swift (in target 'DigiMeCore' from project 'DigiMeSDK')
cd /Users/admin/builder/spi-builder-workspace/.swiftpm/xcode
builtin-SwiftPerFileCompile HealthKitAccountDataProviderProtocol.swift
SwiftCompile normal arm64_32 /Users/admin/builder/spi-builder-workspace/DigiMeCore/Sources/DigiMeCore/Health/HealthKitFilesDataServiceProtocol.swift (in target 'DigiMeCore' from project 'DigiMeSDK')
cd /Users/admin/builder/spi-builder-workspace/.swiftpm/xcode
builtin-SwiftPerFileCompile HealthKitFilesDataServiceProtocol.swift
SwiftCompile normal arm64_32 /Users/admin/builder/spi-builder-workspace/DigiMeCore/Sources/DigiMeCore/Health/HealthKitServiceProtocol.swift (in target 'DigiMeCore' from project 'DigiMeSDK')
cd /Users/admin/builder/spi-builder-workspace/.swiftpm/xcode
builtin-SwiftPerFileCompile HealthKitServiceProtocol.swift
SwiftCompile normal arm64_32 /Users/admin/builder/spi-builder-workspace/DigiMeCore/Sources/DigiMeCore/Logging/CustomLogger.swift (in target 'DigiMeCore' from project 'DigiMeSDK')
cd /Users/admin/builder/spi-builder-workspace/.swiftpm/xcode
builtin-SwiftPerFileCompile CustomLogger.swift
SwiftCompile normal arm64_32 /Users/admin/builder/spi-builder-workspace/DigiMeCore/Sources/DigiMeCore/Logging/DefaultLogger.swift (in target 'DigiMeCore' from project 'DigiMeSDK')
cd /Users/admin/builder/spi-builder-workspace/.swiftpm/xcode
builtin-SwiftPerFileCompile DefaultLogger.swift
SwiftCompile normal arm64_32 /Users/admin/builder/spi-builder-workspace/DigiMeCore/Sources/DigiMeCore/Logging/LogLevel.swift (in target 'DigiMeCore' from project 'DigiMeSDK')
cd /Users/admin/builder/spi-builder-workspace/.swiftpm/xcode
builtin-SwiftPerFileCompile LogLevel.swift
SwiftCompile normal arm64_32 /Users/admin/builder/spi-builder-workspace/DigiMeCore/Sources/DigiMeCore/Logging/Logger.swift (in target 'DigiMeCore' from project 'DigiMeSDK')
cd /Users/admin/builder/spi-builder-workspace/.swiftpm/xcode
builtin-SwiftPerFileCompile Logger.swift
SwiftDriverJobDiscovery normal arm64_32 Compiling Logging.swift, ApplicationResponse.swift, ContractResponse.swift, ConsentAccessTimeRange.swift, ContractTimeRangeType.swift, DeviceOnlyServices.swift, Duration.swift, Limits.swift (in target 'DigiMeCore' from project 'DigiMeSDK')
SwiftDriver\ Compilation DigiMeCore normal arm64 com.apple.xcode.tools.swift.compiler (in target 'DigiMeCore' from project 'DigiMeSDK')
cd /Users/admin/builder/spi-builder-workspace/.swiftpm/xcode
builtin-Swift-Compilation -- /Applications/Xcode-27.0.0-Release.Candidate.app/Contents/Developer/Toolchains/XcodeDefault.xctoolchain/usr/bin/swiftc -parse-as-library -module-name DigiMeCore -Onone @/Users/admin/builder/spi-builder-workspace/.derivedData/Build/Intermediates.noindex/DigiMeSDK.build/Debug-watchos/DigiMeCore-t.build/Objects-normal/arm64/DigiMeCore.SwiftFileList -DSWIFT_PACKAGE -DDEBUG -DSWIFT_MODULE_RESOURCE_BUNDLE_UNAVAILABLE -DXcode -plugin-path /Applications/Xcode-27.0.0-Release.Candidate.app/Contents/Developer/Toolchains/XcodeDefault.xctoolchain/usr/lib/swift/host/plugins/testing -enable-experimental-feature DebugDescriptionMacro -sdk /Applications/Xcode-27.0.0-Release.Candidate.app/Contents/Developer/Platforms/WatchOS.platform/Developer/SDKs/WatchOS27.0.sdk -target arm64-apple-watchos9.0 -g -module-cache-path /Users/admin/builder/spi-builder-workspace/.derivedData/ModuleCache.noindex -Xfrontend -serialize-debugging-options -profile-coverage-mapping -profile-generate -enable-testing -index-store-path /Users/admin/builder/spi-builder-workspace/.derivedData/Index.noindex/DataStore -Xcc -D_LIBCPP_HARDENING_MODE\=_LIBCPP_HARDENING_MODE_DEBUG -swift-version 5 -I /Users/admin/builder/spi-builder-workspace/.derivedData/Build/Products/Debug-watchos -Isystem /Applications/Xcode-27.0.0-Release.Candidate.app/Contents/Developer/Platforms/WatchOS.platform/Developer/usr/lib -F /Users/admin/builder/spi-builder-workspace/.derivedData/Build/Products/Debug-watchos -F /Applications/Xcode-27.0.0-Release.Candidate.app/Contents/Developer/Platforms/WatchOS.platform/Developer/Library/Frameworks -F /Applications/Xcode-27.0.0-Release.Candidate.app/Contents/Developer/Platforms/WatchOS.platform/Developer/SDKs/WatchOS27.0.sdk/Developer/Library/Frameworks -c -j10 -enable-batch-mode -incremental -Xcc -ivfsstatcache -Xcc /Users/admin/builder/spi-builder-workspace/.derivedData/SDKStatCaches.noindex/watchos27.0-24R360-e829b21a6f8c9b70876ba0858053c04477534ef55a1706bf4c1112bbb242f0a2.sdkstatcache -output-file-map /Users/admin/builder/spi-builder-workspace/.derivedData/Build/Intermediates.noindex/DigiMeSDK.build/Debug-watchos/DigiMeCore-t.build/Objects-normal/arm64/DigiMeCore-OutputFileMap.json -save-temps -no-color-diagnostics -explicit-module-build -module-cache-path /Users/admin/builder/spi-builder-workspace/.derivedData/Build/Intermediates.noindex/SwiftExplicitPrecompiledModules -clang-scanner-module-cache-path /Users/admin/builder/spi-builder-workspace/.derivedData/ModuleCache.noindex -sdk-module-cache-path /Users/admin/builder/spi-builder-workspace/.derivedData/SDKExplicitPrecompiledModules -emit-dependencies -emit-module -emit-module-path /Users/admin/builder/spi-builder-workspace/.derivedData/Build/Intermediates.noindex/DigiMeSDK.build/Debug-watchos/DigiMeCore-t.build/Objects-normal/arm64/DigiMeCore.swiftmodule -serialize-diagnostics -dependency-scan-serialize-diagnostics-path /Users/admin/builder/spi-builder-workspace/.derivedData/Build/Intermediates.noindex/DigiMeSDK.build/Debug-watchos/DigiMeCore-t.build/Objects-normal/arm64/DigiMeCore-dependency-scan.dia -validate-clang-modules-once -clang-build-session-file /Users/admin/builder/spi-builder-workspace/.derivedData/ModuleCache.noindex/Session.modulevalidation -Xcc -fmodules-prune-interval\=86400 -Xcc -fmodules-prune-after\=345600 -emit-const-values -const-gather-protocols-list /Users/admin/builder/spi-builder-workspace/.derivedData/Build/Intermediates.noindex/DigiMeSDK.build/Debug-watchos/DigiMeCore-t.build/Objects-normal/arm64/DigiMeCore_const_extract_protocols.json -Xcc -I/Users/admin/builder/spi-builder-workspace/.derivedData/Build/Products/Debug-watchos/include -Xcc -I/Users/admin/builder/spi-builder-workspace/.derivedData/Build/Intermediates.noindex/DigiMeSDK.build/Debug-watchos/DigiMeCore-t.build/DerivedSources-normal/arm64 -Xcc -I/Users/admin/builder/spi-builder-workspace/.derivedData/Build/Intermediates.noindex/DigiMeSDK.build/Debug-watchos/DigiMeCore-t.build/DerivedSources/arm64 -Xcc -I/Users/admin/builder/spi-builder-workspace/.derivedData/Build/Intermediates.noindex/DigiMeSDK.build/Debug-watchos/DigiMeCore-t.build/DerivedSources -Xcc -DSWIFT_PACKAGE -Xcc -DDEBUG\=1 -emit-objc-header -emit-objc-header-path /Users/admin/builder/spi-builder-workspace/.derivedData/Build/Intermediates.noindex/DigiMeSDK.build/Debug-watchos/DigiMeCore-t.build/Objects-normal/arm64/DigiMeCore-Swift.h -working-directory /Users/admin/builder/spi-builder-workspace/.swiftpm/xcode -experimental-emit-module-separately -disable-cmo
Ld /Users/admin/builder/spi-builder-workspace/.derivedData/Build/Intermediates.noindex/DigiMeSDK.build/Debug-watchos/DigiMeCore-t.build/Objects-normal/arm64/Binary/DigiMeCore.o normal arm64 (in target 'DigiMeCore' from project 'DigiMeSDK')
cd /Users/admin/builder/spi-builder-workspace
/Applications/Xcode-27.0.0-Release.Candidate.app/Contents/Developer/Toolchains/XcodeDefault.xctoolchain/usr/bin/clang -Xlinker -reproducible -target arm64-apple-watchos9.0 -r -isysroot /Applications/Xcode-27.0.0-Release.Candidate.app/Contents/Developer/Platforms/WatchOS.platform/Developer/SDKs/WatchOS27.0.sdk -O0 -Xlinker -no_warn_duplicate_libraries -F/Users/admin/builder/spi-builder-workspace/.derivedData/Build/Intermediates.noindex/EagerLinkingTBDs/Debug-watchos -F/Users/admin/builder/spi-builder-workspace/.derivedData/Build/Products/Debug-watchos -iframework /Applications/Xcode-27.0.0-Release.Candidate.app/Contents/Developer/Platforms/WatchOS.platform/Developer/Library/Frameworks -iframework /Applications/Xcode-27.0.0-Release.Candidate.app/Contents/Developer/Platforms/WatchOS.platform/Developer/SDKs/WatchOS27.0.sdk/Developer/Library/Frameworks -filelist /Users/admin/builder/spi-builder-workspace/.derivedData/Build/Intermediates.noindex/DigiMeSDK.build/Debug-watchos/DigiMeCore-t.build/Objects-normal/arm64/DigiMeCore.LinkFileList -nostdlib -Xlinker -object_path_lto -Xlinker /Users/admin/builder/spi-builder-workspace/.derivedData/Build/Intermediates.noindex/DigiMeSDK.build/Debug-watchos/DigiMeCore-t.build/Objects-normal/arm64/DigiMeCore_lto.o -Xlinker -no_deduplicate -Xlinker -debug_variant -Xlinker -dependency_info -Xlinker /Users/admin/builder/spi-builder-workspace/.derivedData/Build/Intermediates.noindex/DigiMeSDK.build/Debug-watchos/DigiMeCore-t.build/Objects-normal/arm64/DigiMeCore_dependency_info.dat -fobjc-link-runtime -L/Applications/Xcode-27.0.0-Release.Candidate.app/Contents/Developer/Toolchains/XcodeDefault.xctoolchain/usr/lib/swift/watchos -L/usr/lib/swift -Xlinker -add_ast_path -Xlinker /Users/admin/builder/spi-builder-workspace/.derivedData/Build/Intermediates.noindex/DigiMeSDK.build/Debug-watchos/DigiMeCore-t.build/Objects-normal/arm64/DigiMeCore.swiftmodule -o /Users/admin/builder/spi-builder-workspace/.derivedData/Build/Intermediates.noindex/DigiMeSDK.build/Debug-watchos/DigiMeCore-t.build/Objects-normal/arm64/Binary/DigiMeCore.o
SwiftDriverJobDiscovery normal arm64_32 Compiling AccountDataProvider.swift, AccountServiceDescriptor.swift, AccountsInfo.swift, SourceAccount.swift, SourceAccountData.swift, CallbackError.swift, Configuration.swift, ConsentError.swift, Credentials.swift (in target 'DigiMeCore' from project 'DigiMeSDK')
SwiftDriver DigiMeSDK normal arm64 com.apple.xcode.tools.swift.compiler (in target 'DigiMeSDK' from project 'DigiMeSDK')
cd /Users/admin/builder/spi-builder-workspace/.swiftpm/xcode
builtin-SwiftDriver -- /Applications/Xcode-27.0.0-Release.Candidate.app/Contents/Developer/Toolchains/XcodeDefault.xctoolchain/usr/bin/swiftc -parse-as-library -module-name DigiMeSDK -Onone @/Users/admin/builder/spi-builder-workspace/.derivedData/Build/Intermediates.noindex/DigiMeSDK.build/Debug-watchos/DigiMeSDK-t.build/Objects-normal/arm64/DigiMeSDK.SwiftFileList -DSWIFT_PACKAGE -DDEBUG -DSWIFT_MODULE_RESOURCE_BUNDLE_UNAVAILABLE -DXcode -plugin-path /Applications/Xcode-27.0.0-Release.Candidate.app/Contents/Developer/Toolchains/XcodeDefault.xctoolchain/usr/lib/swift/host/plugins/testing -enable-experimental-feature DebugDescriptionMacro -sdk /Applications/Xcode-27.0.0-Release.Candidate.app/Contents/Developer/Platforms/WatchOS.platform/Developer/SDKs/WatchOS27.0.sdk -target arm64-apple-watchos9.0 -g -module-cache-path /Users/admin/builder/spi-builder-workspace/.derivedData/ModuleCache.noindex -Xfrontend -serialize-debugging-options -profile-coverage-mapping -profile-generate -enable-testing -index-store-path /Users/admin/builder/spi-builder-workspace/.derivedData/Index.noindex/DataStore -Xcc -D_LIBCPP_HARDENING_MODE\=_LIBCPP_HARDENING_MODE_DEBUG -swift-version 5 -I /Users/admin/builder/spi-builder-workspace/.derivedData/Build/Products/Debug-watchos -Isystem /Applications/Xcode-27.0.0-Release.Candidate.app/Contents/Developer/Platforms/WatchOS.platform/Developer/usr/lib -F /Users/admin/builder/spi-builder-workspace/.derivedData/Build/Products/Debug-watchos/PackageFrameworks -F /Users/admin/builder/spi-builder-workspace/.derivedData/Build/Products/Debug-watchos -F /Applications/Xcode-27.0.0-Release.Candidate.app/Contents/Developer/Platforms/WatchOS.platform/Developer/Library/Frameworks -F /Applications/Xcode-27.0.0-Release.Candidate.app/Contents/Developer/Platforms/WatchOS.platform/Developer/SDKs/WatchOS27.0.sdk/Developer/Library/Frameworks -c -j10 -enable-batch-mode -incremental -Xcc -ivfsstatcache -Xcc /Users/admin/builder/spi-builder-workspace/.derivedData/SDKStatCaches.noindex/watchos27.0-24R360-e829b21a6f8c9b70876ba0858053c04477534ef55a1706bf4c1112bbb242f0a2.sdkstatcache -output-file-map /Users/admin/builder/spi-builder-workspace/.derivedData/Build/Intermediates.noindex/DigiMeSDK.build/Debug-watchos/DigiMeSDK-t.build/Objects-normal/arm64/DigiMeSDK-OutputFileMap.json -save-temps -no-color-diagnostics -explicit-module-build -module-cache-path /Users/admin/builder/spi-builder-workspace/.derivedData/Build/Intermediates.noindex/SwiftExplicitPrecompiledModules -clang-scanner-module-cache-path /Users/admin/builder/spi-builder-workspace/.derivedData/ModuleCache.noindex -sdk-module-cache-path /Users/admin/builder/spi-builder-workspace/.derivedData/SDKExplicitPrecompiledModules -emit-dependencies -emit-module -emit-module-path /Users/admin/builder/spi-builder-workspace/.derivedData/Build/Intermediates.noindex/DigiMeSDK.build/Debug-watchos/DigiMeSDK-t.build/Objects-normal/arm64/DigiMeSDK.swiftmodule -serialize-diagnostics -dependency-scan-serialize-diagnostics-path /Users/admin/builder/spi-builder-workspace/.derivedData/Build/Intermediates.noindex/DigiMeSDK.build/Debug-watchos/DigiMeSDK-t.build/Objects-normal/arm64/DigiMeSDK-dependency-scan.dia -validate-clang-modules-once -clang-build-session-file /Users/admin/builder/spi-builder-workspace/.derivedData/ModuleCache.noindex/Session.modulevalidation -Xcc -fmodules-prune-interval\=86400 -Xcc -fmodules-prune-after\=345600 -emit-const-values -const-gather-protocols-list /Users/admin/builder/spi-builder-workspace/.derivedData/Build/Intermediates.noindex/DigiMeSDK.build/Debug-watchos/DigiMeSDK-t.build/Objects-normal/arm64/DigiMeSDK_const_extract_protocols.json -Xcc -I/Users/admin/builder/spi-builder-workspace/.derivedData/Build/Products/Debug-watchos/include -Xcc -I/Users/admin/builder/spi-builder-workspace/.derivedData/Build/Intermediates.noindex/DigiMeSDK.build/Debug-watchos/DigiMeSDK-t.build/DerivedSources-normal/arm64 -Xcc -I/Users/admin/builder/spi-builder-workspace/.derivedData/Build/Intermediates.noindex/DigiMeSDK.build/Debug-watchos/DigiMeSDK-t.build/DerivedSources/arm64 -Xcc -I/Users/admin/builder/spi-builder-workspace/.derivedData/Build/Intermediates.noindex/DigiMeSDK.build/Debug-watchos/DigiMeSDK-t.build/DerivedSources -Xcc -DSWIFT_PACKAGE -Xcc -DDEBUG\=1 -emit-objc-header -emit-objc-header-path /Users/admin/builder/spi-builder-workspace/.derivedData/Build/Intermediates.noindex/DigiMeSDK.build/Debug-watchos/DigiMeSDK-t.build/Objects-normal/arm64/DigiMeSDK-Swift.h -working-directory /Users/admin/builder/spi-builder-workspace/.swiftpm/xcode -experimental-emit-module-separately -disable-cmo
/Users/admin/builder/spi-builder-workspace/DigiMeSDK/Sources/DigiMeSDK/Authorization/ConsentManager.swift:11:8: error: Unable to resolve module dependency: 'SafariServices' (in target 'DigiMeSDK' from project 'DigiMeSDK')
note: A dependency of main module 'DigiMeSDK'
/Users/admin/builder/spi-builder-workspace/DigiMeSDK/Sources/DigiMeSDK/Authorization/ConsentManager.swift:11:8: note: A dependency of main module 'DigiMeSDK'
import SafariServices
^ (in target 'DigiMeSDK' from project 'DigiMeSDK')
SwiftDriver DigiMeSDK normal arm64_32 com.apple.xcode.tools.swift.compiler (in target 'DigiMeSDK' from project 'DigiMeSDK')
cd /Users/admin/builder/spi-builder-workspace/.swiftpm/xcode
builtin-SwiftDriver -- /Applications/Xcode-27.0.0-Release.Candidate.app/Contents/Developer/Toolchains/XcodeDefault.xctoolchain/usr/bin/swiftc -parse-as-library -module-name DigiMeSDK -Onone @/Users/admin/builder/spi-builder-workspace/.derivedData/Build/Intermediates.noindex/DigiMeSDK.build/Debug-watchos/DigiMeSDK-t.build/Objects-normal/arm64_32/DigiMeSDK.SwiftFileList -DSWIFT_PACKAGE -DDEBUG -DSWIFT_MODULE_RESOURCE_BUNDLE_UNAVAILABLE -DXcode -plugin-path /Applications/Xcode-27.0.0-Release.Candidate.app/Contents/Developer/Toolchains/XcodeDefault.xctoolchain/usr/lib/swift/host/plugins/testing -enable-experimental-feature DebugDescriptionMacro -sdk /Applications/Xcode-27.0.0-Release.Candidate.app/Contents/Developer/Platforms/WatchOS.platform/Developer/SDKs/WatchOS27.0.sdk -target arm64_32-apple-watchos9.0 -g -module-cache-path /Users/admin/builder/spi-builder-workspace/.derivedData/ModuleCache.noindex -Xfrontend -serialize-debugging-options -profile-coverage-mapping -profile-generate -enable-testing -index-store-path /Users/admin/builder/spi-builder-workspace/.derivedData/Index.noindex/DataStore -Xcc -D_LIBCPP_HARDENING_MODE\=_LIBCPP_HARDENING_MODE_DEBUG -swift-version 5 -I /Users/admin/builder/spi-builder-workspace/.derivedData/Build/Products/Debug-watchos -Isystem /Applications/Xcode-27.0.0-Release.Candidate.app/Contents/Developer/Platforms/WatchOS.platform/Developer/usr/lib -F /Users/admin/builder/spi-builder-workspace/.derivedData/Build/Products/Debug-watchos/PackageFrameworks -F /Users/admin/builder/spi-builder-workspace/.derivedData/Build/Products/Debug-watchos -F /Applications/Xcode-27.0.0-Release.Candidate.app/Contents/Developer/Platforms/WatchOS.platform/Developer/Library/Frameworks -F /Applications/Xcode-27.0.0-Release.Candidate.app/Contents/Developer/Platforms/WatchOS.platform/Developer/SDKs/WatchOS27.0.sdk/Developer/Library/Frameworks -c -j10 -enable-batch-mode -incremental -Xcc -ivfsstatcache -Xcc /Users/admin/builder/spi-builder-workspace/.derivedData/SDKStatCaches.noindex/watchos27.0-24R360-e829b21a6f8c9b70876ba0858053c04477534ef55a1706bf4c1112bbb242f0a2.sdkstatcache -output-file-map /Users/admin/builder/spi-builder-workspace/.derivedData/Build/Intermediates.noindex/DigiMeSDK.build/Debug-watchos/DigiMeSDK-t.build/Objects-normal/arm64_32/DigiMeSDK-OutputFileMap.json -save-temps -no-color-diagnostics -explicit-module-build -module-cache-path /Users/admin/builder/spi-builder-workspace/.derivedData/Build/Intermediates.noindex/SwiftExplicitPrecompiledModules -clang-scanner-module-cache-path /Users/admin/builder/spi-builder-workspace/.derivedData/ModuleCache.noindex -sdk-module-cache-path /Users/admin/builder/spi-builder-workspace/.derivedData/SDKExplicitPrecompiledModules -emit-dependencies -emit-module -emit-module-path /Users/admin/builder/spi-builder-workspace/.derivedData/Build/Intermediates.noindex/DigiMeSDK.build/Debug-watchos/DigiMeSDK-t.build/Objects-normal/arm64_32/DigiMeSDK.swiftmodule -serialize-diagnostics -dependency-scan-serialize-diagnostics-path /Users/admin/builder/spi-builder-workspace/.derivedData/Build/Intermediates.noindex/DigiMeSDK.build/Debug-watchos/DigiMeSDK-t.build/Objects-normal/arm64_32/DigiMeSDK-dependency-scan.dia -validate-clang-modules-once -clang-build-session-file /Users/admin/builder/spi-builder-workspace/.derivedData/ModuleCache.noindex/Session.modulevalidation -Xcc -fmodules-prune-interval\=86400 -Xcc -fmodules-prune-after\=345600 -emit-const-values -const-gather-protocols-list /Users/admin/builder/spi-builder-workspace/.derivedData/Build/Intermediates.noindex/DigiMeSDK.build/Debug-watchos/DigiMeSDK-t.build/Objects-normal/arm64_32/DigiMeSDK_const_extract_protocols.json -Xcc -I/Users/admin/builder/spi-builder-workspace/.derivedData/Build/Products/Debug-watchos/include -Xcc -I/Users/admin/builder/spi-builder-workspace/.derivedData/Build/Intermediates.noindex/DigiMeSDK.build/Debug-watchos/DigiMeSDK-t.build/DerivedSources-normal/arm64_32 -Xcc -I/Users/admin/builder/spi-builder-workspace/.derivedData/Build/Intermediates.noindex/DigiMeSDK.build/Debug-watchos/DigiMeSDK-t.build/DerivedSources/arm64_32 -Xcc -I/Users/admin/builder/spi-builder-workspace/.derivedData/Build/Intermediates.noindex/DigiMeSDK.build/Debug-watchos/DigiMeSDK-t.build/DerivedSources -Xcc -DSWIFT_PACKAGE -Xcc -DDEBUG\=1 -emit-objc-header -emit-objc-header-path /Users/admin/builder/spi-builder-workspace/.derivedData/Build/Intermediates.noindex/DigiMeSDK.build/Debug-watchos/DigiMeSDK-t.build/Objects-normal/arm64_32/DigiMeSDK-Swift.h -working-directory /Users/admin/builder/spi-builder-workspace/.swiftpm/xcode -experimental-emit-module-separately -disable-cmo
/Users/admin/builder/spi-builder-workspace/DigiMeSDK/Sources/DigiMeSDK/Authorization/ConsentManager.swift:11:8: error: Unable to resolve module dependency: 'SafariServices' (in target 'DigiMeSDK' from project 'DigiMeSDK')
note: A dependency of main module 'DigiMeSDK'
/Users/admin/builder/spi-builder-workspace/DigiMeSDK/Sources/DigiMeSDK/Authorization/ConsentManager.swift:11:8: note: A dependency of main module 'DigiMeSDK'
import SafariServices
^ (in target 'DigiMeSDK' from project 'DigiMeSDK')
SwiftDriverJobDiscovery normal arm64_32 Compiling SyncStatus.swift, HealthKitAccountDataProviderProtocol.swift, HealthKitFilesDataServiceProtocol.swift, HealthKitServiceProtocol.swift, CustomLogger.swift, DefaultLogger.swift, LogLevel.swift, Logger.swift (in target 'DigiMeCore' from project 'DigiMeSDK')
SwiftDriverJobDiscovery normal arm64_32 Compiling ReadOptions.swift, Scope.swift, ServiceGroupType.swift, ServiceObjectType.swift, ServiceType.swift, SourceFetchFilter.swift, TimeRange.swift, StorageConfig.swift (in target 'DigiMeCore' from project 'DigiMeSDK')
SwiftDriver DigiMeHealthKit normal arm64_32 com.apple.xcode.tools.swift.compiler (in target 'DigiMeHealthKit' from project 'DigiMeSDK')
cd /Users/admin/builder/spi-builder-workspace/.swiftpm/xcode
builtin-SwiftDriver -- /Applications/Xcode-27.0.0-Release.Candidate.app/Contents/Developer/Toolchains/XcodeDefault.xctoolchain/usr/bin/swiftc -parse-as-library -module-name DigiMeHealthKit -Onone @/Users/admin/builder/spi-builder-workspace/.derivedData/Build/Intermediates.noindex/DigiMeSDK.build/Debug-watchos/DigiMeHealthKit-t.build/Objects-normal/arm64_32/DigiMeHealthKit.SwiftFileList -DSWIFT_PACKAGE -DDEBUG -DSWIFT_MODULE_RESOURCE_BUNDLE_UNAVAILABLE -DXcode -plugin-path /Applications/Xcode-27.0.0-Release.Candidate.app/Contents/Developer/Toolchains/XcodeDefault.xctoolchain/usr/lib/swift/host/plugins/testing -enable-experimental-feature DebugDescriptionMacro -sdk /Applications/Xcode-27.0.0-Release.Candidate.app/Contents/Developer/Platforms/WatchOS.platform/Developer/SDKs/WatchOS27.0.sdk -target arm64_32-apple-watchos9.0 -g -module-cache-path /Users/admin/builder/spi-builder-workspace/.derivedData/ModuleCache.noindex -Xfrontend -serialize-debugging-options -profile-coverage-mapping -profile-generate -enable-testing -index-store-path /Users/admin/builder/spi-builder-workspace/.derivedData/Index.noindex/DataStore -Xcc -D_LIBCPP_HARDENING_MODE\=_LIBCPP_HARDENING_MODE_DEBUG -swift-version 5 -I /Users/admin/builder/spi-builder-workspace/.derivedData/Build/Products/Debug-watchos -Isystem /Applications/Xcode-27.0.0-Release.Candidate.app/Contents/Developer/Platforms/WatchOS.platform/Developer/usr/lib -F /Users/admin/builder/spi-builder-workspace/.derivedData/Build/Products/Debug-watchos/PackageFrameworks -F /Users/admin/builder/spi-builder-workspace/.derivedData/Build/Products/Debug-watchos -F /Applications/Xcode-27.0.0-Release.Candidate.app/Contents/Developer/Platforms/WatchOS.platform/Developer/Library/Frameworks -F /Applications/Xcode-27.0.0-Release.Candidate.app/Contents/Developer/Platforms/WatchOS.platform/Developer/SDKs/WatchOS27.0.sdk/Developer/Library/Frameworks -c -j10 -enable-batch-mode -incremental -Xcc -ivfsstatcache -Xcc /Users/admin/builder/spi-builder-workspace/.derivedData/SDKStatCaches.noindex/watchos27.0-24R360-e829b21a6f8c9b70876ba0858053c04477534ef55a1706bf4c1112bbb242f0a2.sdkstatcache -output-file-map /Users/admin/builder/spi-builder-workspace/.derivedData/Build/Intermediates.noindex/DigiMeSDK.build/Debug-watchos/DigiMeHealthKit-t.build/Objects-normal/arm64_32/DigiMeHealthKit-OutputFileMap.json -save-temps -no-color-diagnostics -explicit-module-build -module-cache-path /Users/admin/builder/spi-builder-workspace/.derivedData/Build/Intermediates.noindex/SwiftExplicitPrecompiledModules -clang-scanner-module-cache-path /Users/admin/builder/spi-builder-workspace/.derivedData/ModuleCache.noindex -sdk-module-cache-path /Users/admin/builder/spi-builder-workspace/.derivedData/SDKExplicitPrecompiledModules -emit-dependencies -emit-module -emit-module-path /Users/admin/builder/spi-builder-workspace/.derivedData/Build/Intermediates.noindex/DigiMeSDK.build/Debug-watchos/DigiMeHealthKit-t.build/Objects-normal/arm64_32/DigiMeHealthKit.swiftmodule -serialize-diagnostics -dependency-scan-serialize-diagnostics-path /Users/admin/builder/spi-builder-workspace/.derivedData/Build/Intermediates.noindex/DigiMeSDK.build/Debug-watchos/DigiMeHealthKit-t.build/Objects-normal/arm64_32/DigiMeHealthKit-dependency-scan.dia -validate-clang-modules-once -clang-build-session-file /Users/admin/builder/spi-builder-workspace/.derivedData/ModuleCache.noindex/Session.modulevalidation -Xcc -fmodules-prune-interval\=86400 -Xcc -fmodules-prune-after\=345600 -emit-const-values -const-gather-protocols-list /Users/admin/builder/spi-builder-workspace/.derivedData/Build/Intermediates.noindex/DigiMeSDK.build/Debug-watchos/DigiMeHealthKit-t.build/Objects-normal/arm64_32/DigiMeHealthKit_const_extract_protocols.json -Xcc -I/Users/admin/builder/spi-builder-workspace/.derivedData/Build/Products/Debug-watchos/include -Xcc -I/Users/admin/builder/spi-builder-workspace/.derivedData/Build/Intermediates.noindex/DigiMeSDK.build/Debug-watchos/DigiMeHealthKit-t.build/DerivedSources-normal/arm64_32 -Xcc -I/Users/admin/builder/spi-builder-workspace/.derivedData/Build/Intermediates.noindex/DigiMeSDK.build/Debug-watchos/DigiMeHealthKit-t.build/DerivedSources/arm64_32 -Xcc -I/Users/admin/builder/spi-builder-workspace/.derivedData/Build/Intermediates.noindex/DigiMeSDK.build/Debug-watchos/DigiMeHealthKit-t.build/DerivedSources -Xcc -DSWIFT_PACKAGE -Xcc -DDEBUG\=1 -emit-objc-header -emit-objc-header-path /Users/admin/builder/spi-builder-workspace/.derivedData/Build/Intermediates.noindex/DigiMeSDK.build/Debug-watchos/DigiMeHealthKit-t.build/Objects-normal/arm64_32/DigiMeHealthKit-Swift.h -working-directory /Users/admin/builder/spi-builder-workspace/.swiftpm/xcode -experimental-emit-module-separately -disable-cmo
SwiftDriver DigiMeHealthKit normal arm64 com.apple.xcode.tools.swift.compiler (in target 'DigiMeHealthKit' from project 'DigiMeSDK')
cd /Users/admin/builder/spi-builder-workspace/.swiftpm/xcode
builtin-SwiftDriver -- /Applications/Xcode-27.0.0-Release.Candidate.app/Contents/Developer/Toolchains/XcodeDefault.xctoolchain/usr/bin/swiftc -parse-as-library -module-name DigiMeHealthKit -Onone @/Users/admin/builder/spi-builder-workspace/.derivedData/Build/Intermediates.noindex/DigiMeSDK.build/Debug-watchos/DigiMeHealthKit-t.build/Objects-normal/arm64/DigiMeHealthKit.SwiftFileList -DSWIFT_PACKAGE -DDEBUG -DSWIFT_MODULE_RESOURCE_BUNDLE_UNAVAILABLE -DXcode -plugin-path /Applications/Xcode-27.0.0-Release.Candidate.app/Contents/Developer/Toolchains/XcodeDefault.xctoolchain/usr/lib/swift/host/plugins/testing -enable-experimental-feature DebugDescriptionMacro -sdk /Applications/Xcode-27.0.0-Release.Candidate.app/Contents/Developer/Platforms/WatchOS.platform/Developer/SDKs/WatchOS27.0.sdk -target arm64-apple-watchos9.0 -g -module-cache-path /Users/admin/builder/spi-builder-workspace/.derivedData/ModuleCache.noindex -Xfrontend -serialize-debugging-options -profile-coverage-mapping -profile-generate -enable-testing -index-store-path /Users/admin/builder/spi-builder-workspace/.derivedData/Index.noindex/DataStore -Xcc -D_LIBCPP_HARDENING_MODE\=_LIBCPP_HARDENING_MODE_DEBUG -swift-version 5 -I /Users/admin/builder/spi-builder-workspace/.derivedData/Build/Products/Debug-watchos -Isystem /Applications/Xcode-27.0.0-Release.Candidate.app/Contents/Developer/Platforms/WatchOS.platform/Developer/usr/lib -F /Users/admin/builder/spi-builder-workspace/.derivedData/Build/Products/Debug-watchos/PackageFrameworks -F /Users/admin/builder/spi-builder-workspace/.derivedData/Build/Products/Debug-watchos -F /Applications/Xcode-27.0.0-Release.Candidate.app/Contents/Developer/Platforms/WatchOS.platform/Developer/Library/Frameworks -F /Applications/Xcode-27.0.0-Release.Candidate.app/Contents/Developer/Platforms/WatchOS.platform/Developer/SDKs/WatchOS27.0.sdk/Developer/Library/Frameworks -c -j10 -enable-batch-mode -incremental -Xcc -ivfsstatcache -Xcc /Users/admin/builder/spi-builder-workspace/.derivedData/SDKStatCaches.noindex/watchos27.0-24R360-e829b21a6f8c9b70876ba0858053c04477534ef55a1706bf4c1112bbb242f0a2.sdkstatcache -output-file-map /Users/admin/builder/spi-builder-workspace/.derivedData/Build/Intermediates.noindex/DigiMeSDK.build/Debug-watchos/DigiMeHealthKit-t.build/Objects-normal/arm64/DigiMeHealthKit-OutputFileMap.json -save-temps -no-color-diagnostics -explicit-module-build -module-cache-path /Users/admin/builder/spi-builder-workspace/.derivedData/Build/Intermediates.noindex/SwiftExplicitPrecompiledModules -clang-scanner-module-cache-path /Users/admin/builder/spi-builder-workspace/.derivedData/ModuleCache.noindex -sdk-module-cache-path /Users/admin/builder/spi-builder-workspace/.derivedData/SDKExplicitPrecompiledModules -emit-dependencies -emit-module -emit-module-path /Users/admin/builder/spi-builder-workspace/.derivedData/Build/Intermediates.noindex/DigiMeSDK.build/Debug-watchos/DigiMeHealthKit-t.build/Objects-normal/arm64/DigiMeHealthKit.swiftmodule -serialize-diagnostics -dependency-scan-serialize-diagnostics-path /Users/admin/builder/spi-builder-workspace/.derivedData/Build/Intermediates.noindex/DigiMeSDK.build/Debug-watchos/DigiMeHealthKit-t.build/Objects-normal/arm64/DigiMeHealthKit-dependency-scan.dia -validate-clang-modules-once -clang-build-session-file /Users/admin/builder/spi-builder-workspace/.derivedData/ModuleCache.noindex/Session.modulevalidation -Xcc -fmodules-prune-interval\=86400 -Xcc -fmodules-prune-after\=345600 -emit-const-values -const-gather-protocols-list /Users/admin/builder/spi-builder-workspace/.derivedData/Build/Intermediates.noindex/DigiMeSDK.build/Debug-watchos/DigiMeHealthKit-t.build/Objects-normal/arm64/DigiMeHealthKit_const_extract_protocols.json -Xcc -I/Users/admin/builder/spi-builder-workspace/.derivedData/Build/Products/Debug-watchos/include -Xcc -I/Users/admin/builder/spi-builder-workspace/.derivedData/Build/Intermediates.noindex/DigiMeSDK.build/Debug-watchos/DigiMeHealthKit-t.build/DerivedSources-normal/arm64 -Xcc -I/Users/admin/builder/spi-builder-workspace/.derivedData/Build/Intermediates.noindex/DigiMeSDK.build/Debug-watchos/DigiMeHealthKit-t.build/DerivedSources/arm64 -Xcc -I/Users/admin/builder/spi-builder-workspace/.derivedData/Build/Intermediates.noindex/DigiMeSDK.build/Debug-watchos/DigiMeHealthKit-t.build/DerivedSources -Xcc -DSWIFT_PACKAGE -Xcc -DDEBUG\=1 -emit-objc-header -emit-objc-header-path /Users/admin/builder/spi-builder-workspace/.derivedData/Build/Intermediates.noindex/DigiMeSDK.build/Debug-watchos/DigiMeHealthKit-t.build/Objects-normal/arm64/DigiMeHealthKit-Swift.h -working-directory /Users/admin/builder/spi-builder-workspace/.swiftpm/xcode -experimental-emit-module-separately -disable-cmo
SwiftDriverJobDiscovery normal arm64_32 Compiling FitnessActivitySummary.swift, LogEventPayload.swift, MappedFileMetadata.swift, MimeType.swift, RawFileMetadata.swift, RawFileMetadataBuilder.swift, SyncAccount.swift, SyncError.swift, SyncState.swift (in target 'DigiMeCore' from project 'DigiMeSDK')
SwiftDriverJobDiscovery normal arm64_32 Compiling StorageDeleteFileStatus.swift, StorageFileInfo.swift, StorageFileList.swift, StorageUploadFileInfo.swift, AES256.swift, Array+Helper.swift, Calendar+Helper.swift, Codable+Logging.swift (in target 'DigiMeCore' from project 'DigiMeSDK')
SwiftDriverJobDiscovery normal arm64_32 Compiling SourceResource.swift, SourceType.swift, SourcesInfo.swift, APIError.swift, SDKError.swift, File.swift, FileList.swift, FileListItem.swift, FileMetadata.swift (in target 'DigiMeCore' from project 'DigiMeSDK')
SwiftDriverJobDiscovery normal arm64_32 Compiling CodableUserDefault.swift, Crypto.swift, Date+Helper.swift, DynamicallyKeyedArray.swift, Extensions+Encodable.swift, FilePersistentStorage.swift, String+Helper.swift, UserDefault.swift (in target 'DigiMeCore' from project 'DigiMeSDK')
SwiftExplicitDependencyGeneratePcm arm64_32 /Users/admin/builder/spi-builder-workspace/.derivedData/SDKExplicitPrecompiledModules/_LocationEssentials-AQ1OL9QKC3LQLY5CNSRM1HB53.pcm
SwiftExplicitDependencyGeneratePcm arm64_32 /Users/admin/builder/spi-builder-workspace/.derivedData/SDKExplicitPrecompiledModules/MachO-56838ZJ0NC1EBAJ0O6O8QMPDX.pcm
SwiftExplicitDependencyGeneratePcm arm64 /Users/admin/builder/spi-builder-workspace/.derivedData/SDKExplicitPrecompiledModules/UniformTypeIdentifiers-8L08Q8DQJV8C4AW84YVGFGTRN.pcm
SwiftExplicitDependencyGeneratePcm arm64_32 /Users/admin/builder/spi-builder-workspace/.derivedData/SDKExplicitPrecompiledModules/_Builtin_stdatomic-1TY035TURL76BF2U98PZPPZRX.pcm
SwiftExplicitDependencyGeneratePcm arm64 /Users/admin/builder/spi-builder-workspace/.derivedData/SDKExplicitPrecompiledModules/_Builtin_stdatomic-7JEFA3KBJJJN6TKJWY3OG1VG5.pcm
SwiftExplicitDependencyGeneratePcm arm64_32 /Users/admin/builder/spi-builder-workspace/.derivedData/SDKExplicitPrecompiledModules/UniformTypeIdentifiers-CJZ3NTHPSBH4XWX5EVOG56UZS.pcm
SwiftExplicitDependencyGeneratePcm arm64 /Users/admin/builder/spi-builder-workspace/.derivedData/SDKExplicitPrecompiledModules/_LocationEssentials-5ZZDGDXB6HLQUC72SJW7YJ7MK.pcm
SwiftDriverJobDiscovery normal arm64_32 Compiling OAuthToken.swift, WriteAccessInfo.swift, ContractVersion4.swift, ContractVersion5.swift, ConnectionSecurity.swift, FileInfo.swift, SourceCategoriesRequestCriteria.swift, SourceCountriesRequestCriteria.swift, SourcePlatformsRequestCriteria.swift (in target 'DigiMeCore' from project 'DigiMeSDK')
SwiftExplicitDependencyGeneratePcm arm64 /Users/admin/builder/spi-builder-workspace/.derivedData/SDKExplicitPrecompiledModules/MachO-2U90NNSAQILBNBPS1SA4F8TYP.pcm
SwiftExplicitDependencyGeneratePcm arm64_32 /Users/admin/builder/spi-builder-workspace/.derivedData/SDKExplicitPrecompiledModules/CoreLocation-8XU5YMYM4P11RQMYCQAG65ITK.pcm
SwiftExplicitDependencyGeneratePcm arm64_32 /Users/admin/builder/spi-builder-workspace/.derivedData/SDKExplicitPrecompiledModules/HealthKit-82V52VDZ8QRKSSRCYD47AG8MV.pcm
SwiftExplicitDependencyGeneratePcm arm64 /Users/admin/builder/spi-builder-workspace/.derivedData/SDKExplicitPrecompiledModules/HealthKit-72APUTH3YJK5CN5699GM40EQQ.pcm
SwiftExplicitDependencyGeneratePcm arm64 /Users/admin/builder/spi-builder-workspace/.derivedData/SDKExplicitPrecompiledModules/CoreLocation-ACKJ9K7ABI14F97Y46Y6SRR17.pcm
SwiftExplicitDependencyGeneratePcm arm64_32 /Users/admin/builder/spi-builder-workspace/.derivedData/SDKExplicitPrecompiledModules/os-E5IGB442IA6SBB25TTCOLK2OC.pcm
SwiftDriverJobDiscovery normal arm64_32 Compiling SourceRequestCriteria.swift, SourceRequestFilter.swift, SourceTypesRequestCriteria.swift, SampleDataset.swift, Service.swift, ServicesInfo.swift, Source.swift, SourceCountry.swift, SourcePlatform.swift (in target 'DigiMeCore' from project 'DigiMeSDK')
SwiftDriver\ Compilation DigiMeCore normal arm64_32 com.apple.xcode.tools.swift.compiler (in target 'DigiMeCore' from project 'DigiMeSDK')
cd /Users/admin/builder/spi-builder-workspace/.swiftpm/xcode
builtin-Swift-Compilation -- /Applications/Xcode-27.0.0-Release.Candidate.app/Contents/Developer/Toolchains/XcodeDefault.xctoolchain/usr/bin/swiftc -parse-as-library -module-name DigiMeCore -Onone @/Users/admin/builder/spi-builder-workspace/.derivedData/Build/Intermediates.noindex/DigiMeSDK.build/Debug-watchos/DigiMeCore-t.build/Objects-normal/arm64_32/DigiMeCore.SwiftFileList -DSWIFT_PACKAGE -DDEBUG -DSWIFT_MODULE_RESOURCE_BUNDLE_UNAVAILABLE -DXcode -plugin-path /Applications/Xcode-27.0.0-Release.Candidate.app/Contents/Developer/Toolchains/XcodeDefault.xctoolchain/usr/lib/swift/host/plugins/testing -enable-experimental-feature DebugDescriptionMacro -sdk /Applications/Xcode-27.0.0-Release.Candidate.app/Contents/Developer/Platforms/WatchOS.platform/Developer/SDKs/WatchOS27.0.sdk -target arm64_32-apple-watchos9.0 -g -module-cache-path /Users/admin/builder/spi-builder-workspace/.derivedData/ModuleCache.noindex -Xfrontend -serialize-debugging-options -profile-coverage-mapping -profile-generate -enable-testing -index-store-path /Users/admin/builder/spi-builder-workspace/.derivedData/Index.noindex/DataStore -Xcc -D_LIBCPP_HARDENING_MODE\=_LIBCPP_HARDENING_MODE_DEBUG -swift-version 5 -I /Users/admin/builder/spi-builder-workspace/.derivedData/Build/Products/Debug-watchos -Isystem /Applications/Xcode-27.0.0-Release.Candidate.app/Contents/Developer/Platforms/WatchOS.platform/Developer/usr/lib -F /Users/admin/builder/spi-builder-workspace/.derivedData/Build/Products/Debug-watchos -F /Applications/Xcode-27.0.0-Release.Candidate.app/Contents/Developer/Platforms/WatchOS.platform/Developer/Library/Frameworks -F /Applications/Xcode-27.0.0-Release.Candidate.app/Contents/Developer/Platforms/WatchOS.platform/Developer/SDKs/WatchOS27.0.sdk/Developer/Library/Frameworks -c -j10 -enable-batch-mode -incremental -Xcc -ivfsstatcache -Xcc /Users/admin/builder/spi-builder-workspace/.derivedData/SDKStatCaches.noindex/watchos27.0-24R360-e829b21a6f8c9b70876ba0858053c04477534ef55a1706bf4c1112bbb242f0a2.sdkstatcache -output-file-map /Users/admin/builder/spi-builder-workspace/.derivedData/Build/Intermediates.noindex/DigiMeSDK.build/Debug-watchos/DigiMeCore-t.build/Objects-normal/arm64_32/DigiMeCore-OutputFileMap.json -save-temps -no-color-diagnostics -explicit-module-build -module-cache-path /Users/admin/builder/spi-builder-workspace/.derivedData/Build/Intermediates.noindex/SwiftExplicitPrecompiledModules -clang-scanner-module-cache-path /Users/admin/builder/spi-builder-workspace/.derivedData/ModuleCache.noindex -sdk-module-cache-path /Users/admin/builder/spi-builder-workspace/.derivedData/SDKExplicitPrecompiledModules -emit-dependencies -emit-module -emit-module-path /Users/admin/builder/spi-builder-workspace/.derivedData/Build/Intermediates.noindex/DigiMeSDK.build/Debug-watchos/DigiMeCore-t.build/Objects-normal/arm64_32/DigiMeCore.swiftmodule -serialize-diagnostics -dependency-scan-serialize-diagnostics-path /Users/admin/builder/spi-builder-workspace/.derivedData/Build/Intermediates.noindex/DigiMeSDK.build/Debug-watchos/DigiMeCore-t.build/Objects-normal/arm64_32/DigiMeCore-dependency-scan.dia -validate-clang-modules-once -clang-build-session-file /Users/admin/builder/spi-builder-workspace/.derivedData/ModuleCache.noindex/Session.modulevalidation -Xcc -fmodules-prune-interval\=86400 -Xcc -fmodules-prune-after\=345600 -emit-const-values -const-gather-protocols-list /Users/admin/builder/spi-builder-workspace/.derivedData/Build/Intermediates.noindex/DigiMeSDK.build/Debug-watchos/DigiMeCore-t.build/Objects-normal/arm64_32/DigiMeCore_const_extract_protocols.json -Xcc -I/Users/admin/builder/spi-builder-workspace/.derivedData/Build/Products/Debug-watchos/include -Xcc -I/Users/admin/builder/spi-builder-workspace/.derivedData/Build/Intermediates.noindex/DigiMeSDK.build/Debug-watchos/DigiMeCore-t.build/DerivedSources-normal/arm64_32 -Xcc -I/Users/admin/builder/spi-builder-workspace/.derivedData/Build/Intermediates.noindex/DigiMeSDK.build/Debug-watchos/DigiMeCore-t.build/DerivedSources/arm64_32 -Xcc -I/Users/admin/builder/spi-builder-workspace/.derivedData/Build/Intermediates.noindex/DigiMeSDK.build/Debug-watchos/DigiMeCore-t.build/DerivedSources -Xcc -DSWIFT_PACKAGE -Xcc -DDEBUG\=1 -emit-objc-header -emit-objc-header-path /Users/admin/builder/spi-builder-workspace/.derivedData/Build/Intermediates.noindex/DigiMeSDK.build/Debug-watchos/DigiMeCore-t.build/Objects-normal/arm64_32/DigiMeCore-Swift.h -working-directory /Users/admin/builder/spi-builder-workspace/.swiftpm/xcode -experimental-emit-module-separately -disable-cmo
Ld /Users/admin/builder/spi-builder-workspace/.derivedData/Build/Intermediates.noindex/DigiMeSDK.build/Debug-watchos/DigiMeCore-t.build/Objects-normal/arm64_32/Binary/DigiMeCore.o normal arm64_32 (in target 'DigiMeCore' from project 'DigiMeSDK')
cd /Users/admin/builder/spi-builder-workspace
/Applications/Xcode-27.0.0-Release.Candidate.app/Contents/Developer/Toolchains/XcodeDefault.xctoolchain/usr/bin/clang -Xlinker -reproducible -target arm64_32-apple-watchos9.0 -r -isysroot /Applications/Xcode-27.0.0-Release.Candidate.app/Contents/Developer/Platforms/WatchOS.platform/Developer/SDKs/WatchOS27.0.sdk -O0 -Xlinker -no_warn_duplicate_libraries -F/Users/admin/builder/spi-builder-workspace/.derivedData/Build/Intermediates.noindex/EagerLinkingTBDs/Debug-watchos -F/Users/admin/builder/spi-builder-workspace/.derivedData/Build/Products/Debug-watchos -iframework /Applications/Xcode-27.0.0-Release.Candidate.app/Contents/Developer/Platforms/WatchOS.platform/Developer/Library/Frameworks -iframework /Applications/Xcode-27.0.0-Release.Candidate.app/Contents/Developer/Platforms/WatchOS.platform/Developer/SDKs/WatchOS27.0.sdk/Developer/Library/Frameworks -filelist /Users/admin/builder/spi-builder-workspace/.derivedData/Build/Intermediates.noindex/DigiMeSDK.build/Debug-watchos/DigiMeCore-t.build/Objects-normal/arm64_32/DigiMeCore.LinkFileList -nostdlib -Xlinker -object_path_lto -Xlinker /Users/admin/builder/spi-builder-workspace/.derivedData/Build/Intermediates.noindex/DigiMeSDK.build/Debug-watchos/DigiMeCore-t.build/Objects-normal/arm64_32/DigiMeCore_lto.o -Xlinker -no_deduplicate -Xlinker -debug_variant -Xlinker -dependency_info -Xlinker /Users/admin/builder/spi-builder-workspace/.derivedData/Build/Intermediates.noindex/DigiMeSDK.build/Debug-watchos/DigiMeCore-t.build/Objects-normal/arm64_32/DigiMeCore_dependency_info.dat -fobjc-link-runtime -L/Applications/Xcode-27.0.0-Release.Candidate.app/Contents/Developer/Toolchains/XcodeDefault.xctoolchain/usr/lib/swift/watchos -L/usr/lib/swift -Xlinker -add_ast_path -Xlinker /Users/admin/builder/spi-builder-workspace/.derivedData/Build/Intermediates.noindex/DigiMeSDK.build/Debug-watchos/DigiMeCore-t.build/Objects-normal/arm64_32/DigiMeCore.swiftmodule -o /Users/admin/builder/spi-builder-workspace/.derivedData/Build/Intermediates.noindex/DigiMeSDK.build/Debug-watchos/DigiMeCore-t.build/Objects-normal/arm64_32/Binary/DigiMeCore.o
PruneExplicitPrecompiledModules /Users/admin/builder/spi-builder-workspace/.derivedData/Build/Intermediates.noindex/SwiftExplicitPrecompiledModules
PruneExplicitPrecompiledModules /Users/admin/builder/spi-builder-workspace/.derivedData/Build/Intermediates.noindex/ExplicitPrecompiledModules
PruneExplicitPrecompiledModules /Users/admin/builder/spi-builder-workspace/.derivedData/SDKExplicitPrecompiledModules
2026-09-22 01:50:28.951 xcodebuild[975:6113] [MT] IDERunDestination: Supported platforms for the buildables in the current scheme is empty.
2026-09-22 01:50:29.052 xcodebuild[975:6113] [MT] IDERunDestination: Supported platforms for the buildables in the current scheme is empty.
** BUILD FAILED **
The following build commands failed:
SwiftDriver DigiMeSDK normal arm64 com.apple.xcode.tools.swift.compiler (in target 'DigiMeSDK' from project 'DigiMeSDK')
SwiftDriver DigiMeSDK normal arm64_32 com.apple.xcode.tools.swift.compiler (in target 'DigiMeSDK' from project 'DigiMeSDK')
Building workspace DigiMeSDK with scheme DigiMeSDK-Package
(3 failures)
Command line invocation:
/Applications/Xcode-27.0.0-Release.Candidate.app/Contents/Developer/usr/bin/xcodebuild -IDEClonedSourcePackagesDirPathOverride=/Users/admin/builder/spi-builder-workspace/.dependencies -resolvePackageDependencies
Resolve Package Graph
Resolved source packages:
SwiftDocCPlugin: https://github.com/apple/swift-docc-plugin @ 1.5.0
DigiMeSDK: /Users/admin/builder/spi-builder-workspace
SymbolKit: https://github.com/swiftlang/swift-docc-symbolkit @ 1.0.0
resolved source packages: SwiftDocCPlugin, DigiMeSDK, SymbolKit
2026-09-22 01:50:53.003 xcodebuild[1201:7679] [MT] IDERunDestination: Supported platforms for the buildables in the current scheme is empty.
2026-09-22 01:50:53.105 xcodebuild[1201:7679] [MT] IDERunDestination: Supported platforms for the buildables in the current scheme is empty.
{
"dependencies" : [
{
"identity" : "swift-docc-plugin",
"requirement" : {
"range" : [
{
"lower_bound" : "1.1.0",
"upper_bound" : "2.0.0"
}
]
},
"type" : "sourceControl",
"url" : "https://github.com/apple/swift-docc-plugin"
}
],
"manifest_display_name" : "DigiMeSDK",
"name" : "DigiMeSDK",
"path" : "/Users/admin/builder/spi-builder-workspace",
"platforms" : [
{
"name" : "ios",
"version" : "13.0"
}
],
"products" : [
{
"name" : "DigiMeSDK",
"targets" : [
"DigiMeSDK"
],
"type" : {
"library" : [
"automatic"
]
}
},
{
"name" : "DigiMeSDKWithHealthKit",
"targets" : [
"DigiMeSDK",
"DigiMeHealthKit"
],
"type" : {
"library" : [
"automatic"
]
}
}
],
"targets" : [
{
"c99name" : "DigiMeSDK",
"module_type" : "SwiftTarget",
"name" : "DigiMeSDK",
"path" : "DigiMeSDK/Sources",
"product_memberships" : [
"DigiMeSDK",
"DigiMeSDKWithHealthKit"
],
"sources" : [
"DigiMeSDK/Authorization/ConsentManager.swift",
"DigiMeSDK/Authorization/ConsentResponse.swift",
"DigiMeSDK/Authorization/OAuthService.swift",
"DigiMeSDK/Cache/ContractsCache.swift",
"DigiMeSDK/Cache/LocalDataCache.swift",
"DigiMeSDK/Cache/SessionCache.swift",
"DigiMeSDK/CallbackService.swift",
"DigiMeSDK/Configuration+Private.swift",
"DigiMeSDK/CredentialCache.swift",
"DigiMeSDK/DigiMe.swift",
"DigiMeSDK/Files/AllFilesReader.swift",
"DigiMeSDK/Files/FileDownloadOperation.swift",
"DigiMeSDK/Files/FileDownloadService.swift",
"DigiMeSDK/Files/FileListCache.swift",
"DigiMeSDK/Files/FileUploadOperation.swift",
"DigiMeSDK/Files/FileUploadService.swift",
"DigiMeSDK/Files/FileUploadUnencryptedOperation.swift",
"DigiMeSDK/Files/LogEventsUploadOperation.swift",
"DigiMeSDK/Files/StorageDownloadOperation.swift",
"DigiMeSDK/Files/StorageDownloadService.swift",
"DigiMeSDK/Files/StorageUploadOperation.swift",
"DigiMeSDK/Files/StorageUploadService.swift",
"DigiMeSDK/Network/APIClient.swift",
"DigiMeSDK/Network/APIConfig.swift",
"DigiMeSDK/Network/JWT/JSONWebKey.swift",
"DigiMeSDK/Network/JWT/JSONWebKeySet.swift",
"DigiMeSDK/Network/JWT/JWT.swift",
"DigiMeSDK/Network/JWT/JWTClaims.swift",
"DigiMeSDK/Network/JWT/JWTError.swift",
"DigiMeSDK/Network/JWT/JWTHeader.swift",
"DigiMeSDK/Network/JWT/JWTUtility.swift",
"DigiMeSDK/Network/Requests/FileUploadBody.swift",
"DigiMeSDK/Network/Requests/JSONRequestBody.swift",
"DigiMeSDK/Network/Requests/MultipartFormData.swift",
"DigiMeSDK/Network/Requests/MultipartFormRequestBody.swift",
"DigiMeSDK/Network/Requests/ReadAccept.swift",
"DigiMeSDK/Network/Requests/RequestBody.swift",
"DigiMeSDK/Network/Requests/URLRequestConvertible.swift",
"DigiMeSDK/Network/Responses/APIErrorResponse.swift",
"DigiMeSDK/Network/Responses/AuthResponse.swift",
"DigiMeSDK/Network/Responses/CategoriesResponse.swift",
"DigiMeSDK/Network/Responses/ExportReport.swift",
"DigiMeSDK/Network/Responses/FileResponse.swift",
"DigiMeSDK/Network/Responses/LogEventsUploadResponse.swift",
"DigiMeSDK/Network/Responses/ReferenceResponse.swift",
"DigiMeSDK/Network/Responses/RevokeAccountPermissionResponse.swift",
"DigiMeSDK/Network/Responses/ServicesResponse.swift",
"DigiMeSDK/Network/Responses/SessionResponse.swift",
"DigiMeSDK/Network/Responses/SourceCountriesResponse.swift",
"DigiMeSDK/Network/Responses/SourcePlatformsResponse.swift",
"DigiMeSDK/Network/Responses/SourceTypesResponse.swift",
"DigiMeSDK/Network/Responses/StorageCreateResponse.swift",
"DigiMeSDK/Network/Responses/TokenSessionResponse.swift",
"DigiMeSDK/Network/Routes/AccountReferenceRoute.swift",
"DigiMeSDK/Network/Routes/AuthorizeRoute.swift",
"DigiMeSDK/Network/Routes/CategoriesRoute.swift",
"DigiMeSDK/Network/Routes/ConnectedAccountsRoute.swift",
"DigiMeSDK/Network/Routes/ContractRoute.swift",
"DigiMeSDK/Network/Routes/CountriesRoute.swift",
"DigiMeSDK/Network/Routes/DeleteAccountRoute.swift",
"DigiMeSDK/Network/Routes/DeleteUserRoute.swift",
"DigiMeSDK/Network/Routes/ExportReportDataRoute.swift",
"DigiMeSDK/Network/Routes/FileListRoute.swift",
"DigiMeSDK/Network/Routes/PlatformsRoute.swift",
"DigiMeSDK/Network/Routes/PushDataToProviderRoute.swift",
"DigiMeSDK/Network/Routes/ReadDataRoute.swift",
"DigiMeSDK/Network/Routes/ReadSampleDataSetsRoute.swift",
"DigiMeSDK/Network/Routes/RevokeAccountPermissionRoute.swift",
"DigiMeSDK/Network/Routes/Route.swift",
"DigiMeSDK/Network/Routes/ServicesRoute.swift",
"DigiMeSDK/Network/Routes/SourceTypesRoute.swift",
"DigiMeSDK/Network/Routes/SourcesRoute.swift",
"DigiMeSDK/Network/Routes/StorageCreateRoute.swift",
"DigiMeSDK/Network/Routes/StorageDeleteFileRoute.swift",
"DigiMeSDK/Network/Routes/StorageDeleteFolderRoute.swift",
"DigiMeSDK/Network/Routes/StorageFileRoute.swift",
"DigiMeSDK/Network/Routes/StorageListFilesRoute.swift",
"DigiMeSDK/Network/Routes/StorageReferenceRoute.swift",
"DigiMeSDK/Network/Routes/StorageRetrieveRoute.swift",
"DigiMeSDK/Network/Routes/StorageUploadFileRoute.swift",
"DigiMeSDK/Network/Routes/TokenExchangeRoute.swift",
"DigiMeSDK/Network/Routes/TokenReferenceRoute.swift",
"DigiMeSDK/Network/Routes/TriggerSyncRoute.swift",
"DigiMeSDK/Network/Routes/UploadDataDirectRoute.swift",
"DigiMeSDK/Network/Routes/UploadMixpanelEventsRoute.swift",
"DigiMeSDK/Network/Routes/WebKeySetRoute.swift",
"DigiMeSDK/Network/Routes/WriteDataRoute.swift",
"DigiMeSDK/Network/StorageClient.swift",
"DigiMeSDK/Network/StorageClientConfig.swift",
"DigiMeSDK/Session.swift",
"DigiMeSDK/Utilities/AsyncOperation.swift",
"DigiMeSDK/Utilities/Atomic.swift",
"DigiMeSDK/Utilities/ByteArray+Hex.swift",
"DigiMeSDK/Utilities/CertificateParser.swift",
"DigiMeSDK/Utilities/Data+Base64.swift",
"DigiMeSDK/Utilities/Data+Hex.swift",
"DigiMeSDK/Utilities/DataCompressor.swift",
"DigiMeSDK/Utilities/DataDecryptor.swift",
"DigiMeSDK/Utilities/RetryingOperation.swift",
"DigiMeSDK/Utilities/String+Base64.swift",
"DigiMeSDK/Utilities/UIViewController+TopMost.swift",
"DigiMeSDK/libs/ASN1Decoder-1.9.0/ASN1Decoder.swift",
"DigiMeSDK/libs/ASN1Decoder-1.9.0/ASN1DistinguishedNames.swift",
"DigiMeSDK/libs/ASN1Decoder-1.9.0/ASN1Encoder.swift",
"DigiMeSDK/libs/ASN1Decoder-1.9.0/ASN1Identifier.swift",
"DigiMeSDK/libs/ASN1Decoder-1.9.0/ASN1Object.swift",
"DigiMeSDK/libs/ASN1Decoder-1.9.0/OID.swift",
"DigiMeSDK/libs/ASN1Decoder-1.9.0/PKCS7.swift",
"DigiMeSDK/libs/ASN1Decoder-1.9.0/PKCS7_AppleReceipt.swift",
"DigiMeSDK/libs/ASN1Decoder-1.9.0/PKCS7_Signature.swift",
"DigiMeSDK/libs/ASN1Decoder-1.9.0/X509Certificate.swift",
"DigiMeSDK/libs/ASN1Decoder-1.9.0/X509Extension.swift",
"DigiMeSDK/libs/ASN1Decoder-1.9.0/X509ExtensionAltName.swift",
"DigiMeSDK/libs/ASN1Decoder-1.9.0/X509ExtensionClasses.swift",
"DigiMeSDK/libs/ASN1Decoder-1.9.0/X509PublicKey.swift",
"DigiMeSDK/libs/GZip-6.0.1/Data+Gzip.swift"
],
"target_dependencies" : [
"DigiMeCore"
],
"type" : "library"
},
{
"c99name" : "DigiMeHealthKit",
"module_type" : "SwiftTarget",
"name" : "DigiMeHealthKit",
"path" : "DigiMeHealthKit/Sources",
"product_memberships" : [
"DigiMeSDKWithHealthKit"
],
"sources" : [
"DigiMeHealthKit/Decorator/Extensions+Date.swift",
"DigiMeHealthKit/Decorator/Extensions+DateComponents.swift",
"DigiMeHealthKit/Decorator/Extensions+Dictionary.swift",
"DigiMeHealthKit/Decorator/Extensions+Double.swift",
"DigiMeHealthKit/Decorator/Extensions+HKActivityMoveMode.swift",
"DigiMeHealthKit/Decorator/Extensions+HKActivitySummary.swift",
"DigiMeHealthKit/Decorator/Extensions+HKBiologicalSex.swift",
"DigiMeHealthKit/Decorator/Extensions+HKBloodType.swift",
"DigiMeHealthKit/Decorator/Extensions+HKCategorySample.swift",
"DigiMeHealthKit/Decorator/Extensions+HKCategoryType.swift",
"DigiMeHealthKit/Decorator/Extensions+HKCategoryValue.swift",
"DigiMeHealthKit/Decorator/Extensions+HKCategoryValueAppetiteChanges.swift",
"DigiMeHealthKit/Decorator/Extensions+HKCategoryValueAppleStandHour.swift",
"DigiMeHealthKit/Decorator/Extensions+HKCategoryValueAppleWalkingSteadinessEvent.swift",
"DigiMeHealthKit/Decorator/Extensions+HKCategoryValueCervicalMucusQuality.swift",
"DigiMeHealthKit/Decorator/Extensions+HKCategoryValueContraceptive.swift",
"DigiMeHealthKit/Decorator/Extensions+HKCategoryValueEnvironmentalAudioExposureEvent.swift",
"DigiMeHealthKit/Decorator/Extensions+HKCategoryValueHeadphoneAudioExposureEvent.swift",
"DigiMeHealthKit/Decorator/Extensions+HKCategoryValueLowCardioFitnessEvent.swift",
"DigiMeHealthKit/Decorator/Extensions+HKCategoryValueMenstrualFlow.swift",
"DigiMeHealthKit/Decorator/Extensions+HKCategoryValueOvulationTestResult.swift",
"DigiMeHealthKit/Decorator/Extensions+HKCategoryValuePregnancyTestResult.swift",
"DigiMeHealthKit/Decorator/Extensions+HKCategoryValuePresence.swift",
"DigiMeHealthKit/Decorator/Extensions+HKCategoryValueProgesteroneTestResult.swift",
"DigiMeHealthKit/Decorator/Extensions+HKCategoryValueSeverity.swift",
"DigiMeHealthKit/Decorator/Extensions+HKCategoryValueSleepAnalysis.swift",
"DigiMeHealthKit/Decorator/Extensions+HKCorrelation.swift",
"DigiMeHealthKit/Decorator/Extensions+HKElectrocardiogram.swift",
"DigiMeHealthKit/Decorator/Extensions+HKFitzpatrickSkinType.swift",
"DigiMeHealthKit/Decorator/Extensions+HKHeartbeatSeriesSample.swift",
"DigiMeHealthKit/Decorator/Extensions+HKQuantitiySample.swift",
"DigiMeHealthKit/Decorator/Extensions+HKQuantityType.swift",
"DigiMeHealthKit/Decorator/Extensions+HKSample.swift",
"DigiMeHealthKit/Decorator/Extensions+HKSourceRevision.swift",
"DigiMeHealthKit/Decorator/Extensions+HKStatistics.swift",
"DigiMeHealthKit/Decorator/Extensions+HKVisionPrescription.swift",
"DigiMeHealthKit/Decorator/Extensions+HKVisionPrescriptionType.swift",
"DigiMeHealthKit/Decorator/Extensions+HKWheelchairUse.swift",
"DigiMeHealthKit/Decorator/Extensions+HKWorkout.swift",
"DigiMeHealthKit/Decorator/Extensions+HKWorkoutActivityType.swift",
"DigiMeHealthKit/Decorator/Extensions+HKWorkoutConfiguration.swift",
"DigiMeHealthKit/Decorator/Extensions+HKWorkoutEvent.swift",
"DigiMeHealthKit/Decorator/Extensions+HKWorkoutEventType.swift",
"DigiMeHealthKit/Decorator/Extensions+HKWorkoutRoute.swift",
"DigiMeHealthKit/Decorator/Extensions+NSPredicate.swift",
"DigiMeHealthKit/Decorator/Extensions+String.swift",
"DigiMeHealthKit/HealthKitAccountDataProvider.swift",
"DigiMeHealthKit/HealthKitConfiguration.swift",
"DigiMeHealthKit/HealthKitService.swift",
"DigiMeHealthKit/Model/Harmonizable.swift",
"DigiMeHealthKit/Model/Metadata.swift",
"DigiMeHealthKit/Model/Original.swift",
"DigiMeHealthKit/Model/Payload.swift",
"DigiMeHealthKit/Model/Payload/ActivitySummary.swift",
"DigiMeHealthKit/Model/Payload/Category.swift",
"DigiMeHealthKit/Model/Payload/Characteristic.swift",
"DigiMeHealthKit/Model/Payload/Correlation.swift",
"DigiMeHealthKit/Model/Payload/DeletedObject.swift",
"DigiMeHealthKit/Model/Payload/Device.swift",
"DigiMeHealthKit/Model/Payload/Electrocardiogram.swift",
"DigiMeHealthKit/Model/Payload/HeartbeatSeries.swift",
"DigiMeHealthKit/Model/Payload/PayloadIdentifiable.swift",
"DigiMeHealthKit/Model/Payload/Quantity.swift",
"DigiMeHealthKit/Model/Payload/Sample.swift",
"DigiMeHealthKit/Model/Payload/Source.swift",
"DigiMeHealthKit/Model/Payload/SourceRevision.swift",
"DigiMeHealthKit/Model/Payload/Statistics.swift",
"DigiMeHealthKit/Model/Payload/VisionPrescription.swift",
"DigiMeHealthKit/Model/Payload/Workout.swift",
"DigiMeHealthKit/Model/Payload/WorkoutConfiguration.swift",
"DigiMeHealthKit/Model/Payload/WorkoutEvent.swift",
"DigiMeHealthKit/Model/Payload/WorkoutRoute.swift",
"DigiMeHealthKit/Model/PreferredUnit.swift",
"DigiMeHealthKit/Model/Type/ActivitySummaryType.swift",
"DigiMeHealthKit/Model/Type/CharacteristicType.swift",
"DigiMeHealthKit/Model/Type/ObjectType.swift",
"DigiMeHealthKit/Model/Type/Sample/CategoryType.swift",
"DigiMeHealthKit/Model/Type/Sample/CorrelationType.swift",
"DigiMeHealthKit/Model/Type/Sample/DocumentType.swift",
"DigiMeHealthKit/Model/Type/Sample/ElectrocardiogramType.swift",
"DigiMeHealthKit/Model/Type/Sample/QuantityType.swift",
"DigiMeHealthKit/Model/Type/Sample/SampleType.swift",
"DigiMeHealthKit/Model/Type/Sample/SeriesType.swift",
"DigiMeHealthKit/Model/Type/Sample/VisionPrescriptionType.swift",
"DigiMeHealthKit/Model/Type/Sample/WorkoutType.swift",
"DigiMeHealthKit/Model/UnitConvertable.swift",
"DigiMeHealthKit/Model/UpdateFrequency.swift",
"DigiMeHealthKit/Private/AsyncOperation.swift",
"DigiMeHealthKit/Private/RetryingOperation.swift",
"DigiMeHealthKit/Service/Files/FitnessActivityProcessor.swift",
"DigiMeHealthKit/Service/Files/HealthKitDataQuantityOperation.swift",
"DigiMeHealthKit/Service/Files/HealthKitFilesDataService.swift",
"DigiMeHealthKit/Service/HealthKitManager.swift",
"DigiMeHealthKit/Service/HealthKitObserver.swift",
"DigiMeHealthKit/Service/HealthKitReader.swift",
"DigiMeHealthKit/Service/HealthKitWriter.swift",
"DigiMeHealthKit/Service/Retriever/ElectrocardiogramRetriever.swift",
"DigiMeHealthKit/Service/Retriever/SeriesSampleRetriever.swift"
],
"target_dependencies" : [
"DigiMeCore"
],
"type" : "library"
},
{
"c99name" : "DigiMeCore",
"module_type" : "SwiftTarget",
"name" : "DigiMeCore",
"path" : "DigiMeCore/Sources",
"product_memberships" : [
"DigiMeSDK",
"DigiMeSDKWithHealthKit"
],
"sources" : [
"DigiMeCore/Accounts/AccountDataProvider.swift",
"DigiMeCore/Accounts/AccountServiceDescriptor.swift",
"DigiMeCore/Accounts/AccountsInfo.swift",
"DigiMeCore/Accounts/SourceAccount.swift",
"DigiMeCore/Accounts/SourceAccountData.swift",
"DigiMeCore/Authorization/CallbackError.swift",
"DigiMeCore/Authorization/Configuration.swift",
"DigiMeCore/Authorization/ConsentError.swift",
"DigiMeCore/Authorization/Credentials.swift",
"DigiMeCore/Authorization/OAuthToken.swift",
"DigiMeCore/Authorization/WriteAccessInfo.swift",
"DigiMeCore/Contract/ContractVersion4.swift",
"DigiMeCore/Contract/ContractVersion5.swift",
"DigiMeCore/Data Sources/ConnectionSecurity.swift",
"DigiMeCore/Data Sources/FileInfo.swift",
"DigiMeCore/Data Sources/Requests/SourceCategoriesRequestCriteria.swift",
"DigiMeCore/Data Sources/Requests/SourceCountriesRequestCriteria.swift",
"DigiMeCore/Data Sources/Requests/SourcePlatformsRequestCriteria.swift",
"DigiMeCore/Data Sources/Requests/SourceRequestCriteria.swift",
"DigiMeCore/Data Sources/Requests/SourceRequestFilter.swift",
"DigiMeCore/Data Sources/Requests/SourceTypesRequestCriteria.swift",
"DigiMeCore/Data Sources/SampleDataset.swift",
"DigiMeCore/Data Sources/Service.swift",
"DigiMeCore/Data Sources/ServicesInfo.swift",
"DigiMeCore/Data Sources/Source.swift",
"DigiMeCore/Data Sources/SourceCountry.swift",
"DigiMeCore/Data Sources/SourcePlatform.swift",
"DigiMeCore/Data Sources/SourceResource.swift",
"DigiMeCore/Data Sources/SourceType.swift",
"DigiMeCore/Data Sources/SourcesInfo.swift",
"DigiMeCore/Error/APIError.swift",
"DigiMeCore/Error/SDKError.swift",
"DigiMeCore/Files/File.swift",
"DigiMeCore/Files/FileList.swift",
"DigiMeCore/Files/FileListItem.swift",
"DigiMeCore/Files/FileMetadata.swift",
"DigiMeCore/Files/FitnessActivitySummary.swift",
"DigiMeCore/Files/LogEventPayload.swift",
"DigiMeCore/Files/MappedFileMetadata.swift",
"DigiMeCore/Files/MimeType.swift",
"DigiMeCore/Files/RawFileMetadata.swift",
"DigiMeCore/Files/RawFileMetadataBuilder.swift",
"DigiMeCore/Files/SyncAccount.swift",
"DigiMeCore/Files/SyncError.swift",
"DigiMeCore/Files/SyncState.swift",
"DigiMeCore/Files/SyncStatus.swift",
"DigiMeCore/Health/HealthKitAccountDataProviderProtocol.swift",
"DigiMeCore/Health/HealthKitFilesDataServiceProtocol.swift",
"DigiMeCore/Health/HealthKitServiceProtocol.swift",
"DigiMeCore/Logging/CustomLogger.swift",
"DigiMeCore/Logging/DefaultLogger.swift",
"DigiMeCore/Logging/LogLevel.swift",
"DigiMeCore/Logging/Logger.swift",
"DigiMeCore/Logging/Logging.swift",
"DigiMeCore/Network/ApplicationResponse.swift",
"DigiMeCore/Network/ContractResponse.swift",
"DigiMeCore/Scoping/ConsentAccessTimeRange.swift",
"DigiMeCore/Scoping/ContractTimeRangeType.swift",
"DigiMeCore/Scoping/DeviceOnlyServices.swift",
"DigiMeCore/Scoping/Duration.swift",
"DigiMeCore/Scoping/Limits.swift",
"DigiMeCore/Scoping/ReadOptions.swift",
"DigiMeCore/Scoping/Scope.swift",
"DigiMeCore/Scoping/ServiceGroupType.swift",
"DigiMeCore/Scoping/ServiceObjectType.swift",
"DigiMeCore/Scoping/ServiceType.swift",
"DigiMeCore/Scoping/SourceFetchFilter.swift",
"DigiMeCore/Scoping/TimeRange.swift",
"DigiMeCore/Storage/StorageConfig.swift",
"DigiMeCore/Storage/StorageDeleteFileStatus.swift",
"DigiMeCore/Storage/StorageFileInfo.swift",
"DigiMeCore/Storage/StorageFileList.swift",
"DigiMeCore/Storage/StorageUploadFileInfo.swift",
"DigiMeCore/Utilities/AES256.swift",
"DigiMeCore/Utilities/Array+Helper.swift",
"DigiMeCore/Utilities/Calendar+Helper.swift",
"DigiMeCore/Utilities/Codable+Logging.swift",
"DigiMeCore/Utilities/CodableUserDefault.swift",
"DigiMeCore/Utilities/Crypto.swift",
"DigiMeCore/Utilities/Date+Helper.swift",
"DigiMeCore/Utilities/DynamicallyKeyedArray.swift",
"DigiMeCore/Utilities/Extensions+Encodable.swift",
"DigiMeCore/Utilities/FilePersistentStorage.swift",
"DigiMeCore/Utilities/String+Helper.swift",
"DigiMeCore/Utilities/UserDefault.swift"
],
"type" : "library"
}
],
"tools_version" : "5.7"
}
{
"workspace" : {
"name" : "DigiMeSDK",
"schemes" : [
"DigiMeHealthKit",
"DigiMeSDK",
"DigiMeSDK-Package",
"DigiMeSDKWithHealthKit"
]
}
}
2026-09-22 01:51:01.750 xcodebuild[1259:8074] [MT] IDERunDestination: Supported platforms for the buildables in the current scheme is empty.
2026-09-22 01:51:01.850 xcodebuild[1259:8074] [MT] IDERunDestination: Supported platforms for the buildables in the current scheme is empty.
Running build ...
env DEVELOPER_DIR=/Applications/Xcode-27.0.0-Release.Candidate.app xcrun xcodebuild -IDEClonedSourcePackagesDirPathOverride=$PWD/.dependencies -skipMacroValidation -skipPackagePluginValidation -derivedDataPath $PWD/.derivedData build -scheme DigiMeSDK-Package -destination generic/platform=watchOS
Command line invocation:
/Applications/Xcode-27.0.0-Release.Candidate.app/Contents/Developer/usr/bin/xcodebuild -IDEClonedSourcePackagesDirPathOverride=/Users/admin/builder/spi-builder-workspace/.dependencies -skipMacroValidation -skipPackagePluginValidation -derivedDataPath /Users/admin/builder/spi-builder-workspace/.derivedData build -scheme DigiMeSDK-Package -destination generic/platform=watchOS
Resolve Package Graph
Resolved source packages:
SwiftDocCPlugin: https://github.com/apple/swift-docc-plugin @ 1.5.0
DigiMeSDK: /Users/admin/builder/spi-builder-workspace
SymbolKit: https://github.com/swiftlang/swift-docc-symbolkit @ 1.0.0
ComputePackagePrebuildTargetDependencyGraph
Prepare packages
CreateBuildRequest
SendProjectDescription
CreateBuildOperation
ComputeTargetDependencyGraph
note: Building targets in dependency order
note: Target dependency graph (5 targets)
Target 'DigiMeSDKWithHealthKit-product' in project 'DigiMeSDK'
➜ Explicit dependency on target 'DigiMeSDK' in project 'DigiMeSDK'
➜ Explicit dependency on target 'DigiMeHealthKit' in project 'DigiMeSDK'
➜ Explicit dependency on target 'DigiMeCore' in project 'DigiMeSDK'
Target 'DigiMeSDK-product' in project 'DigiMeSDK'
➜ Explicit dependency on target 'DigiMeSDK' in project 'DigiMeSDK'
➜ Explicit dependency on target 'DigiMeCore' in project 'DigiMeSDK'
Target 'DigiMeSDK' in project 'DigiMeSDK'
➜ Explicit dependency on target 'DigiMeCore' in project 'DigiMeSDK'
Target 'DigiMeHealthKit' in project 'DigiMeSDK'
➜ Explicit dependency on target 'DigiMeCore' in project 'DigiMeSDK'
Target 'DigiMeCore' in project 'DigiMeSDK' (no dependencies)
GatherProvisioningInputs
CreateBuildDescription
ClangStatCache /Applications/Xcode-27.0.0-Release.Candidate.app/Contents/Developer/Toolchains/XcodeDefault.xctoolchain/usr/bin/clang-stat-cache /Applications/Xcode-27.0.0-Release.Candidate.app/Contents/Developer/Platforms/WatchOS.platform/Developer/SDKs/WatchOS27.0.sdk /Users/admin/builder/spi-builder-workspace/.derivedData/SDKStatCaches.noindex/watchos27.0-24R360-e829b21a6f8c9b70876ba0858053c04477534ef55a1706bf4c1112bbb242f0a2.sdkstatcache
cd /Users/admin/builder/spi-builder-workspace/.swiftpm/xcode
/Applications/Xcode-27.0.0-Release.Candidate.app/Contents/Developer/Toolchains/XcodeDefault.xctoolchain/usr/bin/clang-stat-cache /Applications/Xcode-27.0.0-Release.Candidate.app/Contents/Developer/Platforms/WatchOS.platform/Developer/SDKs/WatchOS27.0.sdk -o /Users/admin/builder/spi-builder-workspace/.derivedData/SDKStatCaches.noindex/watchos27.0-24R360-e829b21a6f8c9b70876ba0858053c04477534ef55a1706bf4c1112bbb242f0a2.sdkstatcache
Ld /Users/admin/builder/spi-builder-workspace/.derivedData/Build/Intermediates.noindex/DigiMeSDK.build/Debug-watchos/DigiMeCore-t.build/Objects-normal/arm64_32/Binary/DigiMeCore.o normal arm64_32 (in target 'DigiMeCore' from project 'DigiMeSDK')
cd /Users/admin/builder/spi-builder-workspace
/Applications/Xcode-27.0.0-Release.Candidate.app/Contents/Developer/Toolchains/XcodeDefault.xctoolchain/usr/bin/clang -Xlinker -reproducible -target arm64_32-apple-watchos9.0 -r -isysroot /Applications/Xcode-27.0.0-Release.Candidate.app/Contents/Developer/Platforms/WatchOS.platform/Developer/SDKs/WatchOS27.0.sdk -O0 -Xlinker -no_warn_duplicate_libraries -F/Users/admin/builder/spi-builder-workspace/.derivedData/Build/Intermediates.noindex/EagerLinkingTBDs/Debug-watchos -F/Users/admin/builder/spi-builder-workspace/.derivedData/Build/Products/Debug-watchos -iframework /Applications/Xcode-27.0.0-Release.Candidate.app/Contents/Developer/Platforms/WatchOS.platform/Developer/Library/Frameworks -iframework /Applications/Xcode-27.0.0-Release.Candidate.app/Contents/Developer/Platforms/WatchOS.platform/Developer/SDKs/WatchOS27.0.sdk/Developer/Library/Frameworks -filelist /Users/admin/builder/spi-builder-workspace/.derivedData/Build/Intermediates.noindex/DigiMeSDK.build/Debug-watchos/DigiMeCore-t.build/Objects-normal/arm64_32/DigiMeCore.LinkFileList -nostdlib -Xlinker -object_path_lto -Xlinker /Users/admin/builder/spi-builder-workspace/.derivedData/Build/Intermediates.noindex/DigiMeSDK.build/Debug-watchos/DigiMeCore-t.build/Objects-normal/arm64_32/DigiMeCore_lto.o -Xlinker -no_deduplicate -Xlinker -debug_variant -Xlinker -dependency_info -Xlinker /Users/admin/builder/spi-builder-workspace/.derivedData/Build/Intermediates.noindex/DigiMeSDK.build/Debug-watchos/DigiMeCore-t.build/Objects-normal/arm64_32/DigiMeCore_dependency_info.dat -fobjc-link-runtime -L/Applications/Xcode-27.0.0-Release.Candidate.app/Contents/Developer/Toolchains/XcodeDefault.xctoolchain/usr/lib/swift/watchos -L/usr/lib/swift -Xlinker -add_ast_path -Xlinker /Users/admin/builder/spi-builder-workspace/.derivedData/Build/Intermediates.noindex/DigiMeSDK.build/Debug-watchos/DigiMeCore-t.build/Objects-normal/arm64_32/DigiMeCore.swiftmodule -o /Users/admin/builder/spi-builder-workspace/.derivedData/Build/Intermediates.noindex/DigiMeSDK.build/Debug-watchos/DigiMeCore-t.build/Objects-normal/arm64_32/Binary/DigiMeCore.o
SwiftDriver DigiMeSDK normal arm64 com.apple.xcode.tools.swift.compiler (in target 'DigiMeSDK' from project 'DigiMeSDK')
cd /Users/admin/builder/spi-builder-workspace/.swiftpm/xcode
builtin-SwiftDriver -- /Applications/Xcode-27.0.0-Release.Candidate.app/Contents/Developer/Toolchains/XcodeDefault.xctoolchain/usr/bin/swiftc -parse-as-library -module-name DigiMeSDK -Onone @/Users/admin/builder/spi-builder-workspace/.derivedData/Build/Intermediates.noindex/DigiMeSDK.build/Debug-watchos/DigiMeSDK-t.build/Objects-normal/arm64/DigiMeSDK.SwiftFileList -DSWIFT_PACKAGE -DDEBUG -DSWIFT_MODULE_RESOURCE_BUNDLE_UNAVAILABLE -DXcode -plugin-path /Applications/Xcode-27.0.0-Release.Candidate.app/Contents/Developer/Toolchains/XcodeDefault.xctoolchain/usr/lib/swift/host/plugins/testing -enable-experimental-feature DebugDescriptionMacro -sdk /Applications/Xcode-27.0.0-Release.Candidate.app/Contents/Developer/Platforms/WatchOS.platform/Developer/SDKs/WatchOS27.0.sdk -target arm64-apple-watchos9.0 -g -module-cache-path /Users/admin/builder/spi-builder-workspace/.derivedData/ModuleCache.noindex -Xfrontend -serialize-debugging-options -profile-coverage-mapping -profile-generate -enable-testing -index-store-path /Users/admin/builder/spi-builder-workspace/.derivedData/Index.noindex/DataStore -Xcc -D_LIBCPP_HARDENING_MODE\=_LIBCPP_HARDENING_MODE_DEBUG -swift-version 5 -I /Users/admin/builder/spi-builder-workspace/.derivedData/Build/Products/Debug-watchos -Isystem /Applications/Xcode-27.0.0-Release.Candidate.app/Contents/Developer/Platforms/WatchOS.platform/Developer/usr/lib -F /Users/admin/builder/spi-builder-workspace/.derivedData/Build/Products/Debug-watchos/PackageFrameworks -F /Users/admin/builder/spi-builder-workspace/.derivedData/Build/Products/Debug-watchos -F /Applications/Xcode-27.0.0-Release.Candidate.app/Contents/Developer/Platforms/WatchOS.platform/Developer/Library/Frameworks -F /Applications/Xcode-27.0.0-Release.Candidate.app/Contents/Developer/Platforms/WatchOS.platform/Developer/SDKs/WatchOS27.0.sdk/Developer/Library/Frameworks -c -j10 -enable-batch-mode -incremental -Xcc -ivfsstatcache -Xcc /Users/admin/builder/spi-builder-workspace/.derivedData/SDKStatCaches.noindex/watchos27.0-24R360-e829b21a6f8c9b70876ba0858053c04477534ef55a1706bf4c1112bbb242f0a2.sdkstatcache -output-file-map /Users/admin/builder/spi-builder-workspace/.derivedData/Build/Intermediates.noindex/DigiMeSDK.build/Debug-watchos/DigiMeSDK-t.build/Objects-normal/arm64/DigiMeSDK-OutputFileMap.json -save-temps -no-color-diagnostics -explicit-module-build -module-cache-path /Users/admin/builder/spi-builder-workspace/.derivedData/Build/Intermediates.noindex/SwiftExplicitPrecompiledModules -clang-scanner-module-cache-path /Users/admin/builder/spi-builder-workspace/.derivedData/ModuleCache.noindex -sdk-module-cache-path /Users/admin/builder/spi-builder-workspace/.derivedData/SDKExplicitPrecompiledModules -emit-dependencies -emit-module -emit-module-path /Users/admin/builder/spi-builder-workspace/.derivedData/Build/Intermediates.noindex/DigiMeSDK.build/Debug-watchos/DigiMeSDK-t.build/Objects-normal/arm64/DigiMeSDK.swiftmodule -serialize-diagnostics -dependency-scan-serialize-diagnostics-path /Users/admin/builder/spi-builder-workspace/.derivedData/Build/Intermediates.noindex/DigiMeSDK.build/Debug-watchos/DigiMeSDK-t.build/Objects-normal/arm64/DigiMeSDK-dependency-scan.dia -validate-clang-modules-once -clang-build-session-file /Users/admin/builder/spi-builder-workspace/.derivedData/ModuleCache.noindex/Session.modulevalidation -Xcc -fmodules-prune-interval\=86400 -Xcc -fmodules-prune-after\=345600 -emit-const-values -const-gather-protocols-list /Users/admin/builder/spi-builder-workspace/.derivedData/Build/Intermediates.noindex/DigiMeSDK.build/Debug-watchos/DigiMeSDK-t.build/Objects-normal/arm64/DigiMeSDK_const_extract_protocols.json -Xcc -I/Users/admin/builder/spi-builder-workspace/.derivedData/Build/Products/Debug-watchos/include -Xcc -I/Users/admin/builder/spi-builder-workspace/.derivedData/Build/Intermediates.noindex/DigiMeSDK.build/Debug-watchos/DigiMeSDK-t.build/DerivedSources-normal/arm64 -Xcc -I/Users/admin/builder/spi-builder-workspace/.derivedData/Build/Intermediates.noindex/DigiMeSDK.build/Debug-watchos/DigiMeSDK-t.build/DerivedSources/arm64 -Xcc -I/Users/admin/builder/spi-builder-workspace/.derivedData/Build/Intermediates.noindex/DigiMeSDK.build/Debug-watchos/DigiMeSDK-t.build/DerivedSources -Xcc -DSWIFT_PACKAGE -Xcc -DDEBUG\=1 -emit-objc-header -emit-objc-header-path /Users/admin/builder/spi-builder-workspace/.derivedData/Build/Intermediates.noindex/DigiMeSDK.build/Debug-watchos/DigiMeSDK-t.build/Objects-normal/arm64/DigiMeSDK-Swift.h -working-directory /Users/admin/builder/spi-builder-workspace/.swiftpm/xcode -experimental-emit-module-separately -disable-cmo
/Users/admin/builder/spi-builder-workspace/DigiMeSDK/Sources/DigiMeSDK/Authorization/ConsentManager.swift:11:8: error: Unable to resolve module dependency: 'SafariServices' (in target 'DigiMeSDK' from project 'DigiMeSDK')
note: A dependency of main module 'DigiMeSDK'
/Users/admin/builder/spi-builder-workspace/DigiMeSDK/Sources/DigiMeSDK/Authorization/ConsentManager.swift:11:8: note: A dependency of main module 'DigiMeSDK'
import SafariServices
^ (in target 'DigiMeSDK' from project 'DigiMeSDK')
SwiftDriver DigiMeSDK normal arm64_32 com.apple.xcode.tools.swift.compiler (in target 'DigiMeSDK' from project 'DigiMeSDK')
cd /Users/admin/builder/spi-builder-workspace/.swiftpm/xcode
builtin-SwiftDriver -- /Applications/Xcode-27.0.0-Release.Candidate.app/Contents/Developer/Toolchains/XcodeDefault.xctoolchain/usr/bin/swiftc -parse-as-library -module-name DigiMeSDK -Onone @/Users/admin/builder/spi-builder-workspace/.derivedData/Build/Intermediates.noindex/DigiMeSDK.build/Debug-watchos/DigiMeSDK-t.build/Objects-normal/arm64_32/DigiMeSDK.SwiftFileList -DSWIFT_PACKAGE -DDEBUG -DSWIFT_MODULE_RESOURCE_BUNDLE_UNAVAILABLE -DXcode -plugin-path /Applications/Xcode-27.0.0-Release.Candidate.app/Contents/Developer/Toolchains/XcodeDefault.xctoolchain/usr/lib/swift/host/plugins/testing -enable-experimental-feature DebugDescriptionMacro -sdk /Applications/Xcode-27.0.0-Release.Candidate.app/Contents/Developer/Platforms/WatchOS.platform/Developer/SDKs/WatchOS27.0.sdk -target arm64_32-apple-watchos9.0 -g -module-cache-path /Users/admin/builder/spi-builder-workspace/.derivedData/ModuleCache.noindex -Xfrontend -serialize-debugging-options -profile-coverage-mapping -profile-generate -enable-testing -index-store-path /Users/admin/builder/spi-builder-workspace/.derivedData/Index.noindex/DataStore -Xcc -D_LIBCPP_HARDENING_MODE\=_LIBCPP_HARDENING_MODE_DEBUG -swift-version 5 -I /Users/admin/builder/spi-builder-workspace/.derivedData/Build/Products/Debug-watchos -Isystem /Applications/Xcode-27.0.0-Release.Candidate.app/Contents/Developer/Platforms/WatchOS.platform/Developer/usr/lib -F /Users/admin/builder/spi-builder-workspace/.derivedData/Build/Products/Debug-watchos/PackageFrameworks -F /Users/admin/builder/spi-builder-workspace/.derivedData/Build/Products/Debug-watchos -F /Applications/Xcode-27.0.0-Release.Candidate.app/Contents/Developer/Platforms/WatchOS.platform/Developer/Library/Frameworks -F /Applications/Xcode-27.0.0-Release.Candidate.app/Contents/Developer/Platforms/WatchOS.platform/Developer/SDKs/WatchOS27.0.sdk/Developer/Library/Frameworks -c -j10 -enable-batch-mode -incremental -Xcc -ivfsstatcache -Xcc /Users/admin/builder/spi-builder-workspace/.derivedData/SDKStatCaches.noindex/watchos27.0-24R360-e829b21a6f8c9b70876ba0858053c04477534ef55a1706bf4c1112bbb242f0a2.sdkstatcache -output-file-map /Users/admin/builder/spi-builder-workspace/.derivedData/Build/Intermediates.noindex/DigiMeSDK.build/Debug-watchos/DigiMeSDK-t.build/Objects-normal/arm64_32/DigiMeSDK-OutputFileMap.json -save-temps -no-color-diagnostics -explicit-module-build -module-cache-path /Users/admin/builder/spi-builder-workspace/.derivedData/Build/Intermediates.noindex/SwiftExplicitPrecompiledModules -clang-scanner-module-cache-path /Users/admin/builder/spi-builder-workspace/.derivedData/ModuleCache.noindex -sdk-module-cache-path /Users/admin/builder/spi-builder-workspace/.derivedData/SDKExplicitPrecompiledModules -emit-dependencies -emit-module -emit-module-path /Users/admin/builder/spi-builder-workspace/.derivedData/Build/Intermediates.noindex/DigiMeSDK.build/Debug-watchos/DigiMeSDK-t.build/Objects-normal/arm64_32/DigiMeSDK.swiftmodule -serialize-diagnostics -dependency-scan-serialize-diagnostics-path /Users/admin/builder/spi-builder-workspace/.derivedData/Build/Intermediates.noindex/DigiMeSDK.build/Debug-watchos/DigiMeSDK-t.build/Objects-normal/arm64_32/DigiMeSDK-dependency-scan.dia -validate-clang-modules-once -clang-build-session-file /Users/admin/builder/spi-builder-workspace/.derivedData/ModuleCache.noindex/Session.modulevalidation -Xcc -fmodules-prune-interval\=86400 -Xcc -fmodules-prune-after\=345600 -emit-const-values -const-gather-protocols-list /Users/admin/builder/spi-builder-workspace/.derivedData/Build/Intermediates.noindex/DigiMeSDK.build/Debug-watchos/DigiMeSDK-t.build/Objects-normal/arm64_32/DigiMeSDK_const_extract_protocols.json -Xcc -I/Users/admin/builder/spi-builder-workspace/.derivedData/Build/Products/Debug-watchos/include -Xcc -I/Users/admin/builder/spi-builder-workspace/.derivedData/Build/Intermediates.noindex/DigiMeSDK.build/Debug-watchos/DigiMeSDK-t.build/DerivedSources-normal/arm64_32 -Xcc -I/Users/admin/builder/spi-builder-workspace/.derivedData/Build/Intermediates.noindex/DigiMeSDK.build/Debug-watchos/DigiMeSDK-t.build/DerivedSources/arm64_32 -Xcc -I/Users/admin/builder/spi-builder-workspace/.derivedData/Build/Intermediates.noindex/DigiMeSDK.build/Debug-watchos/DigiMeSDK-t.build/DerivedSources -Xcc -DSWIFT_PACKAGE -Xcc -DDEBUG\=1 -emit-objc-header -emit-objc-header-path /Users/admin/builder/spi-builder-workspace/.derivedData/Build/Intermediates.noindex/DigiMeSDK.build/Debug-watchos/DigiMeSDK-t.build/Objects-normal/arm64_32/DigiMeSDK-Swift.h -working-directory /Users/admin/builder/spi-builder-workspace/.swiftpm/xcode -experimental-emit-module-separately -disable-cmo
/Users/admin/builder/spi-builder-workspace/DigiMeSDK/Sources/DigiMeSDK/Authorization/ConsentManager.swift:11:8: error: Unable to resolve module dependency: 'SafariServices' (in target 'DigiMeSDK' from project 'DigiMeSDK')
note: A dependency of main module 'DigiMeSDK'
/Users/admin/builder/spi-builder-workspace/DigiMeSDK/Sources/DigiMeSDK/Authorization/ConsentManager.swift:11:8: note: A dependency of main module 'DigiMeSDK'
import SafariServices
^ (in target 'DigiMeSDK' from project 'DigiMeSDK')
SwiftDriver DigiMeHealthKit normal arm64_32 com.apple.xcode.tools.swift.compiler (in target 'DigiMeHealthKit' from project 'DigiMeSDK')
cd /Users/admin/builder/spi-builder-workspace/.swiftpm/xcode
builtin-SwiftDriver -- /Applications/Xcode-27.0.0-Release.Candidate.app/Contents/Developer/Toolchains/XcodeDefault.xctoolchain/usr/bin/swiftc -parse-as-library -module-name DigiMeHealthKit -Onone @/Users/admin/builder/spi-builder-workspace/.derivedData/Build/Intermediates.noindex/DigiMeSDK.build/Debug-watchos/DigiMeHealthKit-t.build/Objects-normal/arm64_32/DigiMeHealthKit.SwiftFileList -DSWIFT_PACKAGE -DDEBUG -DSWIFT_MODULE_RESOURCE_BUNDLE_UNAVAILABLE -DXcode -plugin-path /Applications/Xcode-27.0.0-Release.Candidate.app/Contents/Developer/Toolchains/XcodeDefault.xctoolchain/usr/lib/swift/host/plugins/testing -enable-experimental-feature DebugDescriptionMacro -sdk /Applications/Xcode-27.0.0-Release.Candidate.app/Contents/Developer/Platforms/WatchOS.platform/Developer/SDKs/WatchOS27.0.sdk -target arm64_32-apple-watchos9.0 -g -module-cache-path /Users/admin/builder/spi-builder-workspace/.derivedData/ModuleCache.noindex -Xfrontend -serialize-debugging-options -profile-coverage-mapping -profile-generate -enable-testing -index-store-path /Users/admin/builder/spi-builder-workspace/.derivedData/Index.noindex/DataStore -Xcc -D_LIBCPP_HARDENING_MODE\=_LIBCPP_HARDENING_MODE_DEBUG -swift-version 5 -I /Users/admin/builder/spi-builder-workspace/.derivedData/Build/Products/Debug-watchos -Isystem /Applications/Xcode-27.0.0-Release.Candidate.app/Contents/Developer/Platforms/WatchOS.platform/Developer/usr/lib -F /Users/admin/builder/spi-builder-workspace/.derivedData/Build/Products/Debug-watchos/PackageFrameworks -F /Users/admin/builder/spi-builder-workspace/.derivedData/Build/Products/Debug-watchos -F /Applications/Xcode-27.0.0-Release.Candidate.app/Contents/Developer/Platforms/WatchOS.platform/Developer/Library/Frameworks -F /Applications/Xcode-27.0.0-Release.Candidate.app/Contents/Developer/Platforms/WatchOS.platform/Developer/SDKs/WatchOS27.0.sdk/Developer/Library/Frameworks -c -j10 -enable-batch-mode -incremental -Xcc -ivfsstatcache -Xcc /Users/admin/builder/spi-builder-workspace/.derivedData/SDKStatCaches.noindex/watchos27.0-24R360-e829b21a6f8c9b70876ba0858053c04477534ef55a1706bf4c1112bbb242f0a2.sdkstatcache -output-file-map /Users/admin/builder/spi-builder-workspace/.derivedData/Build/Intermediates.noindex/DigiMeSDK.build/Debug-watchos/DigiMeHealthKit-t.build/Objects-normal/arm64_32/DigiMeHealthKit-OutputFileMap.json -save-temps -no-color-diagnostics -explicit-module-build -module-cache-path /Users/admin/builder/spi-builder-workspace/.derivedData/Build/Intermediates.noindex/SwiftExplicitPrecompiledModules -clang-scanner-module-cache-path /Users/admin/builder/spi-builder-workspace/.derivedData/ModuleCache.noindex -sdk-module-cache-path /Users/admin/builder/spi-builder-workspace/.derivedData/SDKExplicitPrecompiledModules -emit-dependencies -emit-module -emit-module-path /Users/admin/builder/spi-builder-workspace/.derivedData/Build/Intermediates.noindex/DigiMeSDK.build/Debug-watchos/DigiMeHealthKit-t.build/Objects-normal/arm64_32/DigiMeHealthKit.swiftmodule -serialize-diagnostics -dependency-scan-serialize-diagnostics-path /Users/admin/builder/spi-builder-workspace/.derivedData/Build/Intermediates.noindex/DigiMeSDK.build/Debug-watchos/DigiMeHealthKit-t.build/Objects-normal/arm64_32/DigiMeHealthKit-dependency-scan.dia -validate-clang-modules-once -clang-build-session-file /Users/admin/builder/spi-builder-workspace/.derivedData/ModuleCache.noindex/Session.modulevalidation -Xcc -fmodules-prune-interval\=86400 -Xcc -fmodules-prune-after\=345600 -emit-const-values -const-gather-protocols-list /Users/admin/builder/spi-builder-workspace/.derivedData/Build/Intermediates.noindex/DigiMeSDK.build/Debug-watchos/DigiMeHealthKit-t.build/Objects-normal/arm64_32/DigiMeHealthKit_const_extract_protocols.json -Xcc -I/Users/admin/builder/spi-builder-workspace/.derivedData/Build/Products/Debug-watchos/include -Xcc -I/Users/admin/builder/spi-builder-workspace/.derivedData/Build/Intermediates.noindex/DigiMeSDK.build/Debug-watchos/DigiMeHealthKit-t.build/DerivedSources-normal/arm64_32 -Xcc -I/Users/admin/builder/spi-builder-workspace/.derivedData/Build/Intermediates.noindex/DigiMeSDK.build/Debug-watchos/DigiMeHealthKit-t.build/DerivedSources/arm64_32 -Xcc -I/Users/admin/builder/spi-builder-workspace/.derivedData/Build/Intermediates.noindex/DigiMeSDK.build/Debug-watchos/DigiMeHealthKit-t.build/DerivedSources -Xcc -DSWIFT_PACKAGE -Xcc -DDEBUG\=1 -emit-objc-header -emit-objc-header-path /Users/admin/builder/spi-builder-workspace/.derivedData/Build/Intermediates.noindex/DigiMeSDK.build/Debug-watchos/DigiMeHealthKit-t.build/Objects-normal/arm64_32/DigiMeHealthKit-Swift.h -working-directory /Users/admin/builder/spi-builder-workspace/.swiftpm/xcode -experimental-emit-module-separately -disable-cmo
SwiftDriver DigiMeHealthKit normal arm64 com.apple.xcode.tools.swift.compiler (in target 'DigiMeHealthKit' from project 'DigiMeSDK')
cd /Users/admin/builder/spi-builder-workspace/.swiftpm/xcode
builtin-SwiftDriver -- /Applications/Xcode-27.0.0-Release.Candidate.app/Contents/Developer/Toolchains/XcodeDefault.xctoolchain/usr/bin/swiftc -parse-as-library -module-name DigiMeHealthKit -Onone @/Users/admin/builder/spi-builder-workspace/.derivedData/Build/Intermediates.noindex/DigiMeSDK.build/Debug-watchos/DigiMeHealthKit-t.build/Objects-normal/arm64/DigiMeHealthKit.SwiftFileList -DSWIFT_PACKAGE -DDEBUG -DSWIFT_MODULE_RESOURCE_BUNDLE_UNAVAILABLE -DXcode -plugin-path /Applications/Xcode-27.0.0-Release.Candidate.app/Contents/Developer/Toolchains/XcodeDefault.xctoolchain/usr/lib/swift/host/plugins/testing -enable-experimental-feature DebugDescriptionMacro -sdk /Applications/Xcode-27.0.0-Release.Candidate.app/Contents/Developer/Platforms/WatchOS.platform/Developer/SDKs/WatchOS27.0.sdk -target arm64-apple-watchos9.0 -g -module-cache-path /Users/admin/builder/spi-builder-workspace/.derivedData/ModuleCache.noindex -Xfrontend -serialize-debugging-options -profile-coverage-mapping -profile-generate -enable-testing -index-store-path /Users/admin/builder/spi-builder-workspace/.derivedData/Index.noindex/DataStore -Xcc -D_LIBCPP_HARDENING_MODE\=_LIBCPP_HARDENING_MODE_DEBUG -swift-version 5 -I /Users/admin/builder/spi-builder-workspace/.derivedData/Build/Products/Debug-watchos -Isystem /Applications/Xcode-27.0.0-Release.Candidate.app/Contents/Developer/Platforms/WatchOS.platform/Developer/usr/lib -F /Users/admin/builder/spi-builder-workspace/.derivedData/Build/Products/Debug-watchos/PackageFrameworks -F /Users/admin/builder/spi-builder-workspace/.derivedData/Build/Products/Debug-watchos -F /Applications/Xcode-27.0.0-Release.Candidate.app/Contents/Developer/Platforms/WatchOS.platform/Developer/Library/Frameworks -F /Applications/Xcode-27.0.0-Release.Candidate.app/Contents/Developer/Platforms/WatchOS.platform/Developer/SDKs/WatchOS27.0.sdk/Developer/Library/Frameworks -c -j10 -enable-batch-mode -incremental -Xcc -ivfsstatcache -Xcc /Users/admin/builder/spi-builder-workspace/.derivedData/SDKStatCaches.noindex/watchos27.0-24R360-e829b21a6f8c9b70876ba0858053c04477534ef55a1706bf4c1112bbb242f0a2.sdkstatcache -output-file-map /Users/admin/builder/spi-builder-workspace/.derivedData/Build/Intermediates.noindex/DigiMeSDK.build/Debug-watchos/DigiMeHealthKit-t.build/Objects-normal/arm64/DigiMeHealthKit-OutputFileMap.json -save-temps -no-color-diagnostics -explicit-module-build -module-cache-path /Users/admin/builder/spi-builder-workspace/.derivedData/Build/Intermediates.noindex/SwiftExplicitPrecompiledModules -clang-scanner-module-cache-path /Users/admin/builder/spi-builder-workspace/.derivedData/ModuleCache.noindex -sdk-module-cache-path /Users/admin/builder/spi-builder-workspace/.derivedData/SDKExplicitPrecompiledModules -emit-dependencies -emit-module -emit-module-path /Users/admin/builder/spi-builder-workspace/.derivedData/Build/Intermediates.noindex/DigiMeSDK.build/Debug-watchos/DigiMeHealthKit-t.build/Objects-normal/arm64/DigiMeHealthKit.swiftmodule -serialize-diagnostics -dependency-scan-serialize-diagnostics-path /Users/admin/builder/spi-builder-workspace/.derivedData/Build/Intermediates.noindex/DigiMeSDK.build/Debug-watchos/DigiMeHealthKit-t.build/Objects-normal/arm64/DigiMeHealthKit-dependency-scan.dia -validate-clang-modules-once -clang-build-session-file /Users/admin/builder/spi-builder-workspace/.derivedData/ModuleCache.noindex/Session.modulevalidation -Xcc -fmodules-prune-interval\=86400 -Xcc -fmodules-prune-after\=345600 -emit-const-values -const-gather-protocols-list /Users/admin/builder/spi-builder-workspace/.derivedData/Build/Intermediates.noindex/DigiMeSDK.build/Debug-watchos/DigiMeHealthKit-t.build/Objects-normal/arm64/DigiMeHealthKit_const_extract_protocols.json -Xcc -I/Users/admin/builder/spi-builder-workspace/.derivedData/Build/Products/Debug-watchos/include -Xcc -I/Users/admin/builder/spi-builder-workspace/.derivedData/Build/Intermediates.noindex/DigiMeSDK.build/Debug-watchos/DigiMeHealthKit-t.build/DerivedSources-normal/arm64 -Xcc -I/Users/admin/builder/spi-builder-workspace/.derivedData/Build/Intermediates.noindex/DigiMeSDK.build/Debug-watchos/DigiMeHealthKit-t.build/DerivedSources/arm64 -Xcc -I/Users/admin/builder/spi-builder-workspace/.derivedData/Build/Intermediates.noindex/DigiMeSDK.build/Debug-watchos/DigiMeHealthKit-t.build/DerivedSources -Xcc -DSWIFT_PACKAGE -Xcc -DDEBUG\=1 -emit-objc-header -emit-objc-header-path /Users/admin/builder/spi-builder-workspace/.derivedData/Build/Intermediates.noindex/DigiMeSDK.build/Debug-watchos/DigiMeHealthKit-t.build/Objects-normal/arm64/DigiMeHealthKit-Swift.h -working-directory /Users/admin/builder/spi-builder-workspace/.swiftpm/xcode -experimental-emit-module-separately -disable-cmo
CreateUniversalBinary /Users/admin/builder/spi-builder-workspace/.derivedData/Build/Products/Debug-watchos/DigiMeCore.o normal arm64\ arm64_32 (in target 'DigiMeCore' from project 'DigiMeSDK')
cd /Users/admin/builder/spi-builder-workspace
/Applications/Xcode-27.0.0-Release.Candidate.app/Contents/Developer/Toolchains/XcodeDefault.xctoolchain/usr/bin/lipo -create /Users/admin/builder/spi-builder-workspace/.derivedData/Build/Intermediates.noindex/DigiMeSDK.build/Debug-watchos/DigiMeCore-t.build/Objects-normal/arm64/Binary/DigiMeCore.o /Users/admin/builder/spi-builder-workspace/.derivedData/Build/Intermediates.noindex/DigiMeSDK.build/Debug-watchos/DigiMeCore-t.build/Objects-normal/arm64_32/Binary/DigiMeCore.o -output /Users/admin/builder/spi-builder-workspace/.derivedData/Build/Products/Debug-watchos/DigiMeCore.o
ExtractAppIntentsMetadata (in target 'DigiMeCore' from project 'DigiMeSDK')
cd /Users/admin/builder/spi-builder-workspace
/Applications/Xcode-27.0.0-Release.Candidate.app/Contents/Developer/Toolchains/XcodeDefault.xctoolchain/usr/bin/appintentsmetadataprocessor --toolchain-dir /var/run/com.apple.security.cryptexd/mnt/com.apple.MobileAsset.MetalToolchain-v27.1.266.1.0uVJ0Q/Metal.xctoolchain --module-name DigiMeCore --sdk-root /Applications/Xcode-27.0.0-Release.Candidate.app/Contents/Developer/Platforms/WatchOS.platform/Developer/SDKs/WatchOS27.0.sdk --xcode-version 27A266a --platform-family watchOS --deployment-target 9.0 --bundle-identifier spi-builder-workspace.DigiMeCore --output /Users/admin/builder/spi-builder-workspace/.derivedData/Build/Products/Debug-watchos/DigiMeCore.appintents --target-triple arm64-apple-watchos9.0 --target-triple arm64_32-apple-watchos9.0 --binary-file /Users/admin/builder/spi-builder-workspace/.derivedData/Build/Products/Debug-watchos/DigiMeCore.o --dependency-file /Users/admin/builder/spi-builder-workspace/.derivedData/Build/Intermediates.noindex/DigiMeSDK.build/Debug-watchos/DigiMeCore-t.build/Objects-normal/arm64/DigiMeCore_dependency_info.dat --dependency-file /Users/admin/builder/spi-builder-workspace/.derivedData/Build/Intermediates.noindex/DigiMeSDK.build/Debug-watchos/DigiMeCore-t.build/Objects-normal/arm64_32/DigiMeCore_dependency_info.dat --stringsdata-file /Users/admin/builder/spi-builder-workspace/.derivedData/Build/Intermediates.noindex/DigiMeSDK.build/Debug-watchos/DigiMeCore-t.build/Objects-normal/arm64/ExtractedAppShortcutsMetadata.stringsdata --stringsdata-file /Users/admin/builder/spi-builder-workspace/.derivedData/Build/Intermediates.noindex/DigiMeSDK.build/Debug-watchos/DigiMeCore-t.build/Objects-normal/arm64_32/ExtractedAppShortcutsMetadata.stringsdata --source-file-list /Users/admin/builder/spi-builder-workspace/.derivedData/Build/Intermediates.noindex/DigiMeSDK.build/Debug-watchos/DigiMeCore-t.build/Objects-normal/arm64/DigiMeCore.SwiftFileList --source-file-list /Users/admin/builder/spi-builder-workspace/.derivedData/Build/Intermediates.noindex/DigiMeSDK.build/Debug-watchos/DigiMeCore-t.build/Objects-normal/arm64_32/DigiMeCore.SwiftFileList --metadata-file-list /Users/admin/builder/spi-builder-workspace/.derivedData/Build/Intermediates.noindex/DigiMeSDK.build/Debug-watchos/DigiMeCore-t.build/DigiMeCore.DependencyMetadataFileList --static-metadata-file-list /Users/admin/builder/spi-builder-workspace/.derivedData/Build/Intermediates.noindex/DigiMeSDK.build/Debug-watchos/DigiMeCore-t.build/DigiMeCore.DependencyStaticMetadataFileList --swift-const-vals-list /Users/admin/builder/spi-builder-workspace/.derivedData/Build/Intermediates.noindex/DigiMeSDK.build/Debug-watchos/DigiMeCore-t.build/Objects-normal/arm64/DigiMeCore.SwiftConstValuesFileList --swift-const-vals-list /Users/admin/builder/spi-builder-workspace/.derivedData/Build/Intermediates.noindex/DigiMeSDK.build/Debug-watchos/DigiMeCore-t.build/Objects-normal/arm64_32/DigiMeCore.SwiftConstValuesFileList --force --compile-time-extraction --deployment-aware-processing --no-app-shortcuts-localization
2026-09-22 01:51:17.419 appintentsmetadataprocessor[1366:8810] Starting appintentsmetadataprocessor export
2026-09-22 01:51:17.516 appintentsmetadataprocessor[1366:8810] Extracted no relevant App Intents symbols, skipping writing output
SwiftExplicitDependencyGeneratePcm arm64_32 /Users/admin/builder/spi-builder-workspace/.derivedData/SDKExplicitPrecompiledModules/os-E5IGB442IA6SBB25TTCOLK2OC.pcm
SwiftExplicitDependencyGeneratePcm arm64_32 /Users/admin/builder/spi-builder-workspace/.derivedData/SDKExplicitPrecompiledModules/HealthKit-82V52VDZ8QRKSSRCYD47AG8MV.pcm
SwiftExplicitDependencyGeneratePcm arm64_32 /Users/admin/builder/spi-builder-workspace/.derivedData/SDKExplicitPrecompiledModules/CoreLocation-8XU5YMYM4P11RQMYCQAG65ITK.pcm
SwiftExplicitDependencyGeneratePcm arm64 /Users/admin/builder/spi-builder-workspace/.derivedData/SDKExplicitPrecompiledModules/MachO-2U90NNSAQILBNBPS1SA4F8TYP.pcm
SwiftExplicitDependencyGeneratePcm arm64 /Users/admin/builder/spi-builder-workspace/.derivedData/SDKExplicitPrecompiledModules/HealthKit-72APUTH3YJK5CN5699GM40EQQ.pcm
SwiftExplicitDependencyGeneratePcm arm64 /Users/admin/builder/spi-builder-workspace/.derivedData/SDKExplicitPrecompiledModules/CoreLocation-ACKJ9K7ABI14F97Y46Y6SRR17.pcm
PruneExplicitPrecompiledModules /Users/admin/builder/spi-builder-workspace/.derivedData/Build/Intermediates.noindex/SwiftExplicitPrecompiledModules
PruneExplicitPrecompiledModules /Users/admin/builder/spi-builder-workspace/.derivedData/SDKExplicitPrecompiledModules
PruneExplicitPrecompiledModules /Users/admin/builder/spi-builder-workspace/.derivedData/Build/Intermediates.noindex/ExplicitPrecompiledModules
2026-09-22 01:51:10.147 xcodebuild[1310:8431] [MT] IDERunDestination: Supported platforms for the buildables in the current scheme is empty.
2026-09-22 01:51:10.248 xcodebuild[1310:8431] [MT] IDERunDestination: Supported platforms for the buildables in the current scheme is empty.
** BUILD FAILED **
The following build commands failed:
SwiftDriver DigiMeSDK normal arm64 com.apple.xcode.tools.swift.compiler (in target 'DigiMeSDK' from project 'DigiMeSDK')
SwiftDriver DigiMeSDK normal arm64_32 com.apple.xcode.tools.swift.compiler (in target 'DigiMeSDK' from project 'DigiMeSDK')
Building workspace DigiMeSDK with scheme DigiMeSDK-Package
(3 failures)
BUILD FAILURE 6.4 watchOS