The Swift Package Index logo.Swift Package Index

Build Information

Failed to build BBLoader, reference 1.1.2 (fe8ac2), with Swift 6.4 for watchOS using Xcode 27.0 on 17 Sep 2026 15:49:28 UTC.

Build Command

env DEVELOPER_DIR=/Applications/Xcode-27.0.0-Release.Candidate.app xcrun xcodebuild -IDEClonedSourcePackagesDirPathOverride=$PWD/.dependencies -skipMacroValidation -skipPackagePluginValidation -derivedDataPath $PWD/.derivedData build -scheme BBLoader -destination generic/platform=watchOS

Build Log

    write-file /Users/admin/builder/spi-builder-workspace/.derivedData/Build/Intermediates.noindex/BBLoader.build/Debug-watchos/BBLoader-t.build/BBLoader.DependencyMetadataFileList
Copy /Users/admin/builder/spi-builder-workspace/.derivedData/Build/Intermediates.noindex/GeneratedModuleMaps-watchos/BBLoader.modulemap /Users/admin/builder/spi-builder-workspace/.derivedData/Build/Intermediates.noindex/BBLoader.build/Debug-watchos/BBLoader-t.build/BBLoader.modulemap (in target 'BBLoader' from project 'BBLoader')
    cd /Users/admin/builder/spi-builder-workspace
    builtin-copy -exclude .DS_Store -exclude CVS -exclude .svn -exclude .git -exclude .hg -resolve-src-symlinks /Users/admin/builder/spi-builder-workspace/.derivedData/Build/Intermediates.noindex/BBLoader.build/Debug-watchos/BBLoader-t.build/BBLoader.modulemap /Users/admin/builder/spi-builder-workspace/.derivedData/Build/Intermediates.noindex/GeneratedModuleMaps-watchos
SwiftDriver BBLoader normal arm64 com.apple.xcode.tools.swift.compiler (in target 'BBLoader' from project 'BBLoader')
    cd /Users/admin/builder/spi-builder-workspace/.swiftpm/xcode
    builtin-SwiftDriver -- /Applications/Xcode-27.0.0-Release.Candidate.app/Contents/Developer/Toolchains/XcodeDefault.xctoolchain/usr/bin/swiftc -parse-as-library -module-name BBLoader -Onone @/Users/admin/builder/spi-builder-workspace/.derivedData/Build/Intermediates.noindex/BBLoader.build/Debug-watchos/BBLoader-t.build/Objects-normal/arm64/BBLoader.SwiftFileList -DSWIFT_PACKAGE -DDEBUG -DSWIFT_MODULE_RESOURCE_BUNDLE_UNAVAILABLE -DXcode -plugin-path /Applications/Xcode-27.0.0-Release.Candidate.app/Contents/Developer/Toolchains/XcodeDefault.xctoolchain/usr/lib/swift/host/plugins/testing -enable-experimental-feature DebugDescriptionMacro -sdk /Applications/Xcode-27.0.0-Release.Candidate.app/Contents/Developer/Platforms/WatchOS.platform/Developer/SDKs/WatchOS27.0.sdk -target arm64-apple-watchos9.0 -g -module-cache-path /Users/admin/builder/spi-builder-workspace/.derivedData/ModuleCache.noindex -Xfrontend -serialize-debugging-options -profile-coverage-mapping -profile-generate -enable-testing -index-store-path /Users/admin/builder/spi-builder-workspace/.derivedData/Index.noindex/DataStore -Xcc -D_LIBCPP_HARDENING_MODE\=_LIBCPP_HARDENING_MODE_DEBUG -swift-version 5 -I /Users/admin/builder/spi-builder-workspace/.derivedData/Build/Products/Debug-watchos -Isystem /Applications/Xcode-27.0.0-Release.Candidate.app/Contents/Developer/Platforms/WatchOS.platform/Developer/usr/lib -F /Users/admin/builder/spi-builder-workspace/.derivedData/Build/Products/Debug-watchos -F /Applications/Xcode-27.0.0-Release.Candidate.app/Contents/Developer/Platforms/WatchOS.platform/Developer/Library/Frameworks -F /Applications/Xcode-27.0.0-Release.Candidate.app/Contents/Developer/Platforms/WatchOS.platform/Developer/SDKs/WatchOS27.0.sdk/Developer/Library/Frameworks -c -j10 -enable-batch-mode -incremental -Xcc -ivfsstatcache -Xcc /Users/admin/builder/spi-builder-workspace/.derivedData/SDKStatCaches.noindex/watchos27.0-24R360-e829b21a6f8c9b70876ba0858053c04477534ef55a1706bf4c1112bbb242f0a2.sdkstatcache -output-file-map /Users/admin/builder/spi-builder-workspace/.derivedData/Build/Intermediates.noindex/BBLoader.build/Debug-watchos/BBLoader-t.build/Objects-normal/arm64/BBLoader-OutputFileMap.json -save-temps -no-color-diagnostics -explicit-module-build -module-cache-path /Users/admin/builder/spi-builder-workspace/.derivedData/Build/Intermediates.noindex/SwiftExplicitPrecompiledModules -clang-scanner-module-cache-path /Users/admin/builder/spi-builder-workspace/.derivedData/ModuleCache.noindex -sdk-module-cache-path /Users/admin/builder/spi-builder-workspace/.derivedData/SDKExplicitPrecompiledModules -emit-dependencies -emit-module -emit-module-path /Users/admin/builder/spi-builder-workspace/.derivedData/Build/Intermediates.noindex/BBLoader.build/Debug-watchos/BBLoader-t.build/Objects-normal/arm64/BBLoader.swiftmodule -serialize-diagnostics -dependency-scan-serialize-diagnostics-path /Users/admin/builder/spi-builder-workspace/.derivedData/Build/Intermediates.noindex/BBLoader.build/Debug-watchos/BBLoader-t.build/Objects-normal/arm64/BBLoader-dependency-scan.dia -validate-clang-modules-once -clang-build-session-file /Users/admin/builder/spi-builder-workspace/.derivedData/ModuleCache.noindex/Session.modulevalidation -Xcc -fmodules-prune-interval\=86400 -Xcc -fmodules-prune-after\=345600 -emit-const-values -const-gather-protocols-list /Users/admin/builder/spi-builder-workspace/.derivedData/Build/Intermediates.noindex/BBLoader.build/Debug-watchos/BBLoader-t.build/Objects-normal/arm64/BBLoader_const_extract_protocols.json -Xcc -I/Users/admin/builder/spi-builder-workspace/.derivedData/Build/Products/Debug-watchos/include -Xcc -I/Users/admin/builder/spi-builder-workspace/.derivedData/Build/Intermediates.noindex/BBLoader.build/Debug-watchos/BBLoader-t.build/DerivedSources-normal/arm64 -Xcc -I/Users/admin/builder/spi-builder-workspace/.derivedData/Build/Intermediates.noindex/BBLoader.build/Debug-watchos/BBLoader-t.build/DerivedSources/arm64 -Xcc -I/Users/admin/builder/spi-builder-workspace/.derivedData/Build/Intermediates.noindex/BBLoader.build/Debug-watchos/BBLoader-t.build/DerivedSources -Xcc -DSWIFT_PACKAGE -Xcc -DDEBUG\=1 -emit-objc-header -emit-objc-header-path /Users/admin/builder/spi-builder-workspace/.derivedData/Build/Intermediates.noindex/BBLoader.build/Debug-watchos/BBLoader-t.build/Objects-normal/arm64/BBLoader-Swift.h -working-directory /Users/admin/builder/spi-builder-workspace/.swiftpm/xcode -experimental-emit-module-separately -disable-cmo
SwiftDriver BBLoader normal arm64_32 com.apple.xcode.tools.swift.compiler (in target 'BBLoader' from project 'BBLoader')
    cd /Users/admin/builder/spi-builder-workspace/.swiftpm/xcode
    builtin-SwiftDriver -- /Applications/Xcode-27.0.0-Release.Candidate.app/Contents/Developer/Toolchains/XcodeDefault.xctoolchain/usr/bin/swiftc -parse-as-library -module-name BBLoader -Onone @/Users/admin/builder/spi-builder-workspace/.derivedData/Build/Intermediates.noindex/BBLoader.build/Debug-watchos/BBLoader-t.build/Objects-normal/arm64_32/BBLoader.SwiftFileList -DSWIFT_PACKAGE -DDEBUG -DSWIFT_MODULE_RESOURCE_BUNDLE_UNAVAILABLE -DXcode -plugin-path /Applications/Xcode-27.0.0-Release.Candidate.app/Contents/Developer/Toolchains/XcodeDefault.xctoolchain/usr/lib/swift/host/plugins/testing -enable-experimental-feature DebugDescriptionMacro -sdk /Applications/Xcode-27.0.0-Release.Candidate.app/Contents/Developer/Platforms/WatchOS.platform/Developer/SDKs/WatchOS27.0.sdk -target arm64_32-apple-watchos9.0 -g -module-cache-path /Users/admin/builder/spi-builder-workspace/.derivedData/ModuleCache.noindex -Xfrontend -serialize-debugging-options -profile-coverage-mapping -profile-generate -enable-testing -index-store-path /Users/admin/builder/spi-builder-workspace/.derivedData/Index.noindex/DataStore -Xcc -D_LIBCPP_HARDENING_MODE\=_LIBCPP_HARDENING_MODE_DEBUG -swift-version 5 -I /Users/admin/builder/spi-builder-workspace/.derivedData/Build/Products/Debug-watchos -Isystem /Applications/Xcode-27.0.0-Release.Candidate.app/Contents/Developer/Platforms/WatchOS.platform/Developer/usr/lib -F /Users/admin/builder/spi-builder-workspace/.derivedData/Build/Products/Debug-watchos -F /Applications/Xcode-27.0.0-Release.Candidate.app/Contents/Developer/Platforms/WatchOS.platform/Developer/Library/Frameworks -F /Applications/Xcode-27.0.0-Release.Candidate.app/Contents/Developer/Platforms/WatchOS.platform/Developer/SDKs/WatchOS27.0.sdk/Developer/Library/Frameworks -c -j10 -enable-batch-mode -incremental -Xcc -ivfsstatcache -Xcc /Users/admin/builder/spi-builder-workspace/.derivedData/SDKStatCaches.noindex/watchos27.0-24R360-e829b21a6f8c9b70876ba0858053c04477534ef55a1706bf4c1112bbb242f0a2.sdkstatcache -output-file-map /Users/admin/builder/spi-builder-workspace/.derivedData/Build/Intermediates.noindex/BBLoader.build/Debug-watchos/BBLoader-t.build/Objects-normal/arm64_32/BBLoader-OutputFileMap.json -save-temps -no-color-diagnostics -explicit-module-build -module-cache-path /Users/admin/builder/spi-builder-workspace/.derivedData/Build/Intermediates.noindex/SwiftExplicitPrecompiledModules -clang-scanner-module-cache-path /Users/admin/builder/spi-builder-workspace/.derivedData/ModuleCache.noindex -sdk-module-cache-path /Users/admin/builder/spi-builder-workspace/.derivedData/SDKExplicitPrecompiledModules -emit-dependencies -emit-module -emit-module-path /Users/admin/builder/spi-builder-workspace/.derivedData/Build/Intermediates.noindex/BBLoader.build/Debug-watchos/BBLoader-t.build/Objects-normal/arm64_32/BBLoader.swiftmodule -serialize-diagnostics -dependency-scan-serialize-diagnostics-path /Users/admin/builder/spi-builder-workspace/.derivedData/Build/Intermediates.noindex/BBLoader.build/Debug-watchos/BBLoader-t.build/Objects-normal/arm64_32/BBLoader-dependency-scan.dia -validate-clang-modules-once -clang-build-session-file /Users/admin/builder/spi-builder-workspace/.derivedData/ModuleCache.noindex/Session.modulevalidation -Xcc -fmodules-prune-interval\=86400 -Xcc -fmodules-prune-after\=345600 -emit-const-values -const-gather-protocols-list /Users/admin/builder/spi-builder-workspace/.derivedData/Build/Intermediates.noindex/BBLoader.build/Debug-watchos/BBLoader-t.build/Objects-normal/arm64_32/BBLoader_const_extract_protocols.json -Xcc -I/Users/admin/builder/spi-builder-workspace/.derivedData/Build/Products/Debug-watchos/include -Xcc -I/Users/admin/builder/spi-builder-workspace/.derivedData/Build/Intermediates.noindex/BBLoader.build/Debug-watchos/BBLoader-t.build/DerivedSources-normal/arm64_32 -Xcc -I/Users/admin/builder/spi-builder-workspace/.derivedData/Build/Intermediates.noindex/BBLoader.build/Debug-watchos/BBLoader-t.build/DerivedSources/arm64_32 -Xcc -I/Users/admin/builder/spi-builder-workspace/.derivedData/Build/Intermediates.noindex/BBLoader.build/Debug-watchos/BBLoader-t.build/DerivedSources -Xcc -DSWIFT_PACKAGE -Xcc -DDEBUG\=1 -emit-objc-header -emit-objc-header-path /Users/admin/builder/spi-builder-workspace/.derivedData/Build/Intermediates.noindex/BBLoader.build/Debug-watchos/BBLoader-t.build/Objects-normal/arm64_32/BBLoader-Swift.h -working-directory /Users/admin/builder/spi-builder-workspace/.swiftpm/xcode -experimental-emit-module-separately -disable-cmo
SwiftExplicitDependencyGeneratePcm arm64 /Users/admin/builder/spi-builder-workspace/.derivedData/SDKExplicitPrecompiledModules/SwiftShims-4MXFZPV6FEB0XBYXCGPWAMQGL.pcm
SwiftExplicitDependencyGeneratePcm arm64 /Users/admin/builder/spi-builder-workspace/.derivedData/SDKExplicitPrecompiledModules/ptrcheck-AIF0NDOYZ8ORBNHQAQR5NNB8M.pcm
SwiftExplicitDependencyGeneratePcm arm64 /Users/admin/builder/spi-builder-workspace/.derivedData/SDKExplicitPrecompiledModules/_Builtin_stdbool-83J96QSOFE9VX04AAS6310UAE.pcm
SwiftExplicitDependencyGeneratePcm arm64 /Users/admin/builder/spi-builder-workspace/.derivedData/SDKExplicitPrecompiledModules/_Builtin_stdarg-A7UU8LE6MP85SM26YO7PBZNUQ.pcm
SwiftExplicitDependencyGeneratePcm arm64 /Users/admin/builder/spi-builder-workspace/.derivedData/SDKExplicitPrecompiledModules/ptrauth-3TZ9WJCGLYD25HQPWH4968ONX.pcm
SwiftExplicitDependencyGeneratePcm arm64 /Users/admin/builder/spi-builder-workspace/.derivedData/SDKExplicitPrecompiledModules/_Builtin_stddef-1FU30Y8SWFB7OUUHMJQH5J6FM.pcm
SwiftExplicitDependencyGeneratePcm arm64 /Users/admin/builder/spi-builder-workspace/.derivedData/SDKExplicitPrecompiledModules/_Builtin_float-C0CW5Q4HGBQYKE77TC42IAFB5.pcm
SwiftExplicitDependencyGeneratePcm arm64 /Users/admin/builder/spi-builder-workspace/.derivedData/SDKExplicitPrecompiledModules/DeveloperToolsSupport-E7CNISCB36UE8XQ9IOHK9XDX1.pcm
SwiftExplicitDependencyGeneratePcm arm64 /Users/admin/builder/spi-builder-workspace/.derivedData/SDKExplicitPrecompiledModules/_AvailabilityInternal-BUNV3UXM65NT37THI4W1AM0SF.pcm
SwiftExplicitDependencyGeneratePcm arm64_32 /Users/admin/builder/spi-builder-workspace/.derivedData/SDKExplicitPrecompiledModules/_AvailabilityInternal-244WAN3Z1QBT7PIA64EZEFY1R.pcm
SwiftExplicitDependencyGeneratePcm arm64_32 /Users/admin/builder/spi-builder-workspace/.derivedData/SDKExplicitPrecompiledModules/SwiftShims-9CQQGWTSNTN9EB5NSHDWUJICH.pcm
SwiftExplicitDependencyGeneratePcm arm64_32 /Users/admin/builder/spi-builder-workspace/.derivedData/SDKExplicitPrecompiledModules/DeveloperToolsSupport-DZU5G1OCMNWU0AQRULIFHUJ1Z.pcm
SwiftExplicitDependencyGeneratePcm arm64_32 /Users/admin/builder/spi-builder-workspace/.derivedData/SDKExplicitPrecompiledModules/_SwiftConcurrencyShims-6RTBPQ03V7BM9SPRK8SUE055H.pcm
SwiftExplicitDependencyGeneratePcm arm64_32 /Users/admin/builder/spi-builder-workspace/.derivedData/SDKExplicitPrecompiledModules/_Builtin_stdbool-A967K8W8YUYEC9SN52KJ7OO88.pcm
SwiftExplicitDependencyGeneratePcm arm64_32 /Users/admin/builder/spi-builder-workspace/.derivedData/SDKExplicitPrecompiledModules/_Builtin_stdarg-D305JG44A2WPI6CJY37X3QJE8.pcm
SwiftExplicitDependencyGeneratePcm arm64_32 /Users/admin/builder/spi-builder-workspace/.derivedData/SDKExplicitPrecompiledModules/ptrcheck-7ELIH9BTIGVKX3UBITM9N72WD.pcm
SwiftExplicitDependencyGeneratePcm arm64_32 /Users/admin/builder/spi-builder-workspace/.derivedData/SDKExplicitPrecompiledModules/_Builtin_float-6KO8O3PEWRCA4WC6PPLOYO6WJ.pcm
SwiftExplicitDependencyGeneratePcm arm64 /Users/admin/builder/spi-builder-workspace/.derivedData/SDKExplicitPrecompiledModules/_SwiftConcurrencyShims-659N52XSKR5F0QSB880BH2FJR.pcm
SwiftExplicitDependencyGeneratePcm arm64_32 /Users/admin/builder/spi-builder-workspace/.derivedData/SDKExplicitPrecompiledModules/_Builtin_stddef-H44EFHQX6XSS5MZ7QP6YJZ76.pcm
SwiftExplicitDependencyGeneratePcm arm64_32 /Users/admin/builder/spi-builder-workspace/.derivedData/SDKExplicitPrecompiledModules/ptrauth-BFXF358ME5AK535N5A9Z766WU.pcm
SwiftExplicitDependencyGeneratePcm arm64 /Users/admin/builder/spi-builder-workspace/.derivedData/SDKExplicitPrecompiledModules/_DarwinFoundation1-7SPX3MD0HMP55E4OLNCPNDQ53.pcm
SwiftExplicitDependencyGeneratePcm arm64_32 /Users/admin/builder/spi-builder-workspace/.derivedData/SDKExplicitPrecompiledModules/_DarwinFoundation1-2GWF9RFMPLQW4PDHS3NARVI3G.pcm
SwiftExplicitDependencyGeneratePcm arm64_32 /Users/admin/builder/spi-builder-workspace/.derivedData/SDKExplicitPrecompiledModules/_Builtin_limits-3VKBU2AFTD65PAJZ5CJ3LHFM2.pcm
SwiftExplicitDependencyGeneratePcm arm64_32 /Users/admin/builder/spi-builder-workspace/.derivedData/SDKExplicitPrecompiledModules/_DarwinFoundation2-9MY8GOSYRO0M9MKNXF6D3MBNK.pcm
SwiftExplicitDependencyGeneratePcm arm64 /Users/admin/builder/spi-builder-workspace/.derivedData/SDKExplicitPrecompiledModules/_DarwinFoundation2-D0XAPJU49S5E9XMKYOFGSTB1Q.pcm
SwiftExplicitDependencyGeneratePcm arm64 /Users/admin/builder/spi-builder-workspace/.derivedData/SDKExplicitPrecompiledModules/_Builtin_limits-9GWPA2B0H20DYUNYHYCWKABJG.pcm
SwiftExplicitDependencyGeneratePcm arm64 /Users/admin/builder/spi-builder-workspace/.derivedData/SDKExplicitPrecompiledModules/_Builtin_stdint-8XMILLJZEGRN2XG7XZUXZ5RLX.pcm
SwiftExplicitDependencyGeneratePcm arm64 /Users/admin/builder/spi-builder-workspace/.derivedData/SDKExplicitPrecompiledModules/sys_types-2KXQLI78OUCDP779AE68GZJ2.pcm
SwiftExplicitDependencyGeneratePcm arm64 /Users/admin/builder/spi-builder-workspace/.derivedData/SDKExplicitPrecompiledModules/string_h-E6PRXK75PHIPCZFWOFCQ3QBMK.pcm
SwiftExplicitDependencyGeneratePcm arm64 /Users/admin/builder/spi-builder-workspace/.derivedData/SDKExplicitPrecompiledModules/_Builtin_tgmath-8NQ96OZ0YHXEC24JI95P01UF8.pcm
SwiftExplicitDependencyGeneratePcm arm64_32 /Users/admin/builder/spi-builder-workspace/.derivedData/SDKExplicitPrecompiledModules/_Builtin_tgmath-23PGCKURCQILXMK0MYZRYDCOU.pcm
SwiftExplicitDependencyGeneratePcm arm64_32 /Users/admin/builder/spi-builder-workspace/.derivedData/SDKExplicitPrecompiledModules/_Builtin_stdint-1HMXWI3V0V4TXHRWZOMZGZ80Y.pcm
SwiftExplicitDependencyGeneratePcm arm64_32 /Users/admin/builder/spi-builder-workspace/.derivedData/SDKExplicitPrecompiledModules/string_h-BFVLUQUSBZWYMLCU9QI7VZALW.pcm
SwiftExplicitDependencyGeneratePcm arm64_32 /Users/admin/builder/spi-builder-workspace/.derivedData/SDKExplicitPrecompiledModules/sys_types-8TLLMW08ZJWDGIIPKOYFGHHZW.pcm
SwiftExplicitDependencyGeneratePcm arm64 /Users/admin/builder/spi-builder-workspace/.derivedData/SDKExplicitPrecompiledModules/_Builtin_stdatomic-7JEFA3KBJJJN6TKJWY3OG1VG5.pcm
SwiftExplicitDependencyGeneratePcm arm64 /Users/admin/builder/spi-builder-workspace/.derivedData/SDKExplicitPrecompiledModules/_DarwinFoundation3-B97LRG0E9GON2NUE65TVG81HU.pcm
SwiftExplicitDependencyGeneratePcm arm64 /Users/admin/builder/spi-builder-workspace/.derivedData/SDKExplicitPrecompiledModules/_Builtin_intrinsics-75960HIPCIYA06IUW8FIIPQT.pcm
SwiftExplicitDependencyGeneratePcm arm64_32 /Users/admin/builder/spi-builder-workspace/.derivedData/SDKExplicitPrecompiledModules/_DarwinFoundation3-3DUTYQDQSD9HUAAVY947NMWOI.pcm
SwiftExplicitDependencyGeneratePcm arm64_32 /Users/admin/builder/spi-builder-workspace/.derivedData/SDKExplicitPrecompiledModules/_Builtin_intrinsics-196IIAKDQVU42DLOZP9OQCV76.pcm
SwiftExplicitDependencyGeneratePcm arm64_32 /Users/admin/builder/spi-builder-workspace/.derivedData/SDKExplicitPrecompiledModules/_Builtin_stdatomic-1TY035TURL76BF2U98PZPPZRX.pcm
SwiftExplicitDependencyGeneratePcm arm64_32 /Users/admin/builder/spi-builder-workspace/.derivedData/SDKExplicitPrecompiledModules/_Builtin_inttypes-D2KPCR4PEX9AQA33NGLUT5SBR.pcm
SwiftExplicitDependencyGeneratePcm arm64 /Users/admin/builder/spi-builder-workspace/.derivedData/SDKExplicitPrecompiledModules/_Builtin_inttypes-3UQSCM7WNM9EK4HZML8TY5J3D.pcm
SwiftExplicitDependencyGeneratePcm arm64 /Users/admin/builder/spi-builder-workspace/.derivedData/SDKExplicitPrecompiledModules/Darwin-3984OXKFNSPE77NT743WK8SEX.pcm
SwiftExplicitDependencyGeneratePcm arm64_32 /Users/admin/builder/spi-builder-workspace/.derivedData/SDKExplicitPrecompiledModules/Darwin-3FVT1SKLN2ZQ5RVOABMTQBB34.pcm
SwiftExplicitDependencyGeneratePcm arm64_32 /Users/admin/builder/spi-builder-workspace/.derivedData/SDKExplicitPrecompiledModules/simd-21UNWYOBUZI1LVSQ99S1XBLMO.pcm
SwiftExplicitDependencyGeneratePcm arm64 /Users/admin/builder/spi-builder-workspace/.derivedData/SDKExplicitPrecompiledModules/simd-EH08NODU6574T74ZKU61VP9BW.pcm
SwiftExplicitDependencyGeneratePcm arm64_32 /Users/admin/builder/spi-builder-workspace/.derivedData/SDKExplicitPrecompiledModules/ObjectiveC-6IJNELR2E80E7LUKESVCP2KET.pcm
SwiftExplicitDependencyGeneratePcm arm64_32 /Users/admin/builder/spi-builder-workspace/.derivedData/SDKExplicitPrecompiledModules/MachO-56838ZJ0NC1EBAJ0O6O8QMPDX.pcm
SwiftExplicitDependencyGeneratePcm arm64 /Users/admin/builder/spi-builder-workspace/.derivedData/SDKExplicitPrecompiledModules/ObjectiveC-72IVD3VS2RS8Q28D9PIMY0KQP.pcm
SwiftExplicitDependencyGeneratePcm arm64 /Users/admin/builder/spi-builder-workspace/.derivedData/SDKExplicitPrecompiledModules/MachO-2U90NNSAQILBNBPS1SA4F8TYP.pcm
SwiftExplicitDependencyGeneratePcm arm64 /Users/admin/builder/spi-builder-workspace/.derivedData/SDKExplicitPrecompiledModules/os_object-3SDKD7F87FTZ26OON37DRYT6O.pcm
SwiftExplicitDependencyGeneratePcm arm64_32 /Users/admin/builder/spi-builder-workspace/.derivedData/SDKExplicitPrecompiledModules/os_object-5YWTC6L4756IWSTPGXS5NM0D0.pcm
SwiftExplicitDependencyGeneratePcm arm64 /Users/admin/builder/spi-builder-workspace/.derivedData/SDKExplicitPrecompiledModules/os_workgroup-89GG5G7YC2D0ZTK6AZXXQ20DH.pcm
SwiftExplicitDependencyGeneratePcm arm64_32 /Users/admin/builder/spi-builder-workspace/.derivedData/SDKExplicitPrecompiledModules/os_workgroup-5JHTPDMNBUNHLJI8LPHKQK1JK.pcm
SwiftExplicitDependencyGeneratePcm arm64_32 /Users/admin/builder/spi-builder-workspace/.derivedData/SDKExplicitPrecompiledModules/Spatial-CWVWNML3T0NXVHZDKVLD3X1YZ.pcm
SwiftExplicitDependencyGeneratePcm arm64 /Users/admin/builder/spi-builder-workspace/.derivedData/SDKExplicitPrecompiledModules/Spatial-44FJGYXFAT2AQAW9Z6T7YS02U.pcm
SwiftExplicitDependencyGeneratePcm arm64_32 /Users/admin/builder/spi-builder-workspace/.derivedData/SDKExplicitPrecompiledModules/Dispatch-2P62F1T4XV63S4P99TUDTOK2Q.pcm
SwiftExplicitDependencyGeneratePcm arm64 /Users/admin/builder/spi-builder-workspace/.derivedData/SDKExplicitPrecompiledModules/Dispatch-1NLJOVAK60XP0DUB05XA59EIM.pcm
SwiftExplicitDependencyGeneratePcm arm64 /Users/admin/builder/spi-builder-workspace/.derivedData/SDKExplicitPrecompiledModules/CoreFoundation-8T2L24YC5NU7WO6WQJWRY7W08.pcm
SwiftExplicitDependencyGeneratePcm arm64 /Users/admin/builder/spi-builder-workspace/.derivedData/SDKExplicitPrecompiledModules/XPC-40DR0X1DHKGCV4J1IOLFS8MOU.pcm
SwiftExplicitDependencyGeneratePcm arm64_32 /Users/admin/builder/spi-builder-workspace/.derivedData/SDKExplicitPrecompiledModules/XPC-81Y45QFY96XYYFCW2GT6FY8S4.pcm
SwiftExplicitDependencyGeneratePcm arm64_32 /Users/admin/builder/spi-builder-workspace/.derivedData/SDKExplicitPrecompiledModules/CoreFoundation-8E6Y4BA3EXYKUGJ24GT9LGV3N.pcm
SwiftExplicitDependencyGeneratePcm arm64 /Users/admin/builder/spi-builder-workspace/.derivedData/SDKExplicitPrecompiledModules/os-5DIL6Z9LFIGLMZAHM7X2T5435.pcm
SwiftExplicitDependencyGeneratePcm arm64_32 /Users/admin/builder/spi-builder-workspace/.derivedData/SDKExplicitPrecompiledModules/os-E5IGB442IA6SBB25TTCOLK2OC.pcm
SwiftExplicitDependencyGeneratePcm arm64 /Users/admin/builder/spi-builder-workspace/.derivedData/SDKExplicitPrecompiledModules/CoreGraphics-DWNZ73GEH98SBJXZ7DEXB420K.pcm
SwiftExplicitDependencyGeneratePcm arm64 /Users/admin/builder/spi-builder-workspace/.derivedData/SDKExplicitPrecompiledModules/Security-6RZ6YBRU8WCUHRFFRVUK5WKMM.pcm
SwiftExplicitDependencyGeneratePcm arm64_32 /Users/admin/builder/spi-builder-workspace/.derivedData/SDKExplicitPrecompiledModules/Security-D7TOWF88VWF67TB9HAFP5UWB1.pcm
SwiftExplicitDependencyGeneratePcm arm64_32 /Users/admin/builder/spi-builder-workspace/.derivedData/SDKExplicitPrecompiledModules/CoreGraphics-9FDXYX6BKBUT6TJ2VF819E7T5.pcm
SwiftExplicitDependencyGeneratePcm arm64_32 /Users/admin/builder/spi-builder-workspace/.derivedData/SDKExplicitPrecompiledModules/Foundation-BJ2VQGI3OGR34500MEQ1VKHPH.pcm
SwiftExplicitDependencyGeneratePcm arm64 /Users/admin/builder/spi-builder-workspace/.derivedData/SDKExplicitPrecompiledModules/Foundation-DLBKUSGXN8QHAT8W0OARR9S8A.pcm
SwiftExplicitDependencyGeneratePcm arm64 /Users/admin/builder/spi-builder-workspace/.derivedData/SDKExplicitPrecompiledModules/CoreText-970YJN6NIYGK1316L35Z0O8QT.pcm
SwiftExplicitDependencyGeneratePcm arm64 /Users/admin/builder/spi-builder-workspace/.derivedData/SDKExplicitPrecompiledModules/CoreVideo-8MRR5MNWUOAW2DBPGUQ8FKK4.pcm
SwiftExplicitDependencyGeneratePcm arm64_32 /Users/admin/builder/spi-builder-workspace/.derivedData/SDKExplicitPrecompiledModules/CoreText-C9X2REPZN2V5BSU4G80FCETDR.pcm
SwiftExplicitDependencyGeneratePcm arm64_32 /Users/admin/builder/spi-builder-workspace/.derivedData/SDKExplicitPrecompiledModules/CoreVideo-2P8HI0403J99LBDPKNFJ5D4DL.pcm
SwiftExplicitDependencyGeneratePcm arm64 /Users/admin/builder/spi-builder-workspace/.derivedData/SDKExplicitPrecompiledModules/DataDetection-7BNVI1SZW5ISQL5SX4WL2X7I5.pcm
SwiftExplicitDependencyGeneratePcm arm64 /Users/admin/builder/spi-builder-workspace/.derivedData/SDKExplicitPrecompiledModules/UniformTypeIdentifiers-8L08Q8DQJV8C4AW84YVGFGTRN.pcm
SwiftExplicitDependencyGeneratePcm arm64 /Users/admin/builder/spi-builder-workspace/.derivedData/SDKExplicitPrecompiledModules/UserNotifications-ARAH8MEQ0C2L0FBO39HITJMAO.pcm
SwiftExplicitDependencyGeneratePcm arm64 /Users/admin/builder/spi-builder-workspace/.derivedData/SDKExplicitPrecompiledModules/Accessibility-27QMG6ZQ1NKYTNBYFPM1XKNFC.pcm
SwiftExplicitDependencyGeneratePcm arm64 /Users/admin/builder/spi-builder-workspace/.derivedData/SDKExplicitPrecompiledModules/UIUtilities-IR7RNW23VAUKYI9MLCS9NL9A.pcm
SwiftExplicitDependencyGeneratePcm arm64 /Users/admin/builder/spi-builder-workspace/.derivedData/SDKExplicitPrecompiledModules/OSLog-B7VGO357Y3GJG35TST7DKDSI3.pcm
SwiftExplicitDependencyGeneratePcm arm64 /Users/admin/builder/spi-builder-workspace/.derivedData/SDKExplicitPrecompiledModules/Symbols-3EFABTJ9L5PQDJ7RQCYQWEJMM.pcm
SwiftExplicitDependencyGeneratePcm arm64 /Users/admin/builder/spi-builder-workspace/.derivedData/SDKExplicitPrecompiledModules/CoreTransferable-9PPG3SLJ55T4LITIFYX2M0NOZ.pcm
SwiftExplicitDependencyGeneratePcm arm64 /Users/admin/builder/spi-builder-workspace/.derivedData/SDKExplicitPrecompiledModules/QuartzCore-94KFMWNOU7ZLUZNB4T5DLZC9D.pcm
SwiftExplicitDependencyGeneratePcm arm64 /Users/admin/builder/spi-builder-workspace/.derivedData/SDKExplicitPrecompiledModules/_LocationEssentials-5ZZDGDXB6HLQUC72SJW7YJ7MK.pcm
SwiftExplicitDependencyGeneratePcm arm64_32 /Users/admin/builder/spi-builder-workspace/.derivedData/SDKExplicitPrecompiledModules/UniformTypeIdentifiers-CJZ3NTHPSBH4XWX5EVOG56UZS.pcm
SwiftExplicitDependencyGeneratePcm arm64_32 /Users/admin/builder/spi-builder-workspace/.derivedData/SDKExplicitPrecompiledModules/_LocationEssentials-AQ1OL9QKC3LQLY5CNSRM1HB53.pcm
SwiftExplicitDependencyGeneratePcm arm64_32 /Users/admin/builder/spi-builder-workspace/.derivedData/SDKExplicitPrecompiledModules/DataDetection-U9BF7WHFVA6BZGFXXXP272PS.pcm
SwiftExplicitDependencyGeneratePcm arm64_32 /Users/admin/builder/spi-builder-workspace/.derivedData/SDKExplicitPrecompiledModules/QuartzCore-6375NPYACK5NYVHPMC1QQ8MC2.pcm
SwiftExplicitDependencyGeneratePcm arm64 /Users/admin/builder/spi-builder-workspace/.derivedData/SDKExplicitPrecompiledModules/CoreLocation-ACKJ9K7ABI14F97Y46Y6SRR17.pcm
SwiftExplicitDependencyGeneratePcm arm64_32 /Users/admin/builder/spi-builder-workspace/.derivedData/SDKExplicitPrecompiledModules/OSLog-D9AVFY0KWO7RVBIQ73CBIJVCN.pcm
SwiftExplicitDependencyGeneratePcm arm64_32 /Users/admin/builder/spi-builder-workspace/.derivedData/SDKExplicitPrecompiledModules/Accessibility-F385OMZ5GYBUY5O4QAJB4NRII.pcm
SwiftExplicitDependencyGeneratePcm arm64_32 /Users/admin/builder/spi-builder-workspace/.derivedData/SDKExplicitPrecompiledModules/Symbols-1H97WMG76HU94F5VGJR19PXFY.pcm
SwiftExplicitDependencyGeneratePcm arm64_32 /Users/admin/builder/spi-builder-workspace/.derivedData/SDKExplicitPrecompiledModules/UserNotifications-6TBN8TEAKO014N1T2QD926XED.pcm
SwiftExplicitDependencyGeneratePcm arm64_32 /Users/admin/builder/spi-builder-workspace/.derivedData/SDKExplicitPrecompiledModules/UIUtilities-9YFVNIMRC5HRVOIARNWHP1E3H.pcm
SwiftExplicitDependencyGeneratePcm arm64 /Users/admin/builder/spi-builder-workspace/.derivedData/SDKExplicitPrecompiledModules/SwiftUICore-C1DST1IX2Z0PTH5SJJZ1IULRB.pcm
SwiftExplicitDependencyGeneratePcm arm64_32 /Users/admin/builder/spi-builder-workspace/.derivedData/SDKExplicitPrecompiledModules/CoreLocation-8XU5YMYM4P11RQMYCQAG65ITK.pcm
SwiftExplicitDependencyGeneratePcm arm64_32 /Users/admin/builder/spi-builder-workspace/.derivedData/SDKExplicitPrecompiledModules/CoreTransferable-5D4IR6X37682FPHJ5CBPTKQV6.pcm
SwiftExplicitDependencyGeneratePcm arm64 /Users/admin/builder/spi-builder-workspace/.derivedData/SDKExplicitPrecompiledModules/CoreMotion-6RD5K48QT1F4L9CATNFD2O7YB.pcm
SwiftExplicitDependencyGeneratePcm arm64_32 /Users/admin/builder/spi-builder-workspace/.derivedData/SDKExplicitPrecompiledModules/SwiftUICore-3Q7WLRD8MR9R3NGIPUBQCP6F6.pcm
SwiftExplicitDependencyGeneratePcm arm64_32 /Users/admin/builder/spi-builder-workspace/.derivedData/SDKExplicitPrecompiledModules/CoreMotion-1XGTVTE5PP32UHME8AC63TL6.pcm
SwiftExplicitDependencyGeneratePcm arm64 /Users/admin/builder/spi-builder-workspace/.derivedData/SDKExplicitPrecompiledModules/UIKit-27R3P1YMV4C6JLDT661G3MRIA.pcm
SwiftExplicitDependencyGeneratePcm arm64_32 /Users/admin/builder/spi-builder-workspace/.derivedData/SDKExplicitPrecompiledModules/UIKit-6PPV7YPZ89CZPHYAP072QH8B6.pcm
SwiftEmitModule normal arm64 Emitting\ module\ for\ BBLoader (in target 'BBLoader' from project 'BBLoader')
/Users/admin/builder/spi-builder-workspace/Sources/BBLoader/BBAnimatedLoader/BBAnimatedLoader.swift:27:32: error: 'UIViewController' is unavailable in watchOS
25 | import UIKit
26 |
27 | public class BBAnimatedLoader: UIViewController {
   |                                `- error: 'UIViewController' is unavailable in watchOS
28 |
29 |     public var loadable: BBAnimatable
/Applications/Xcode-27.0.0-Release.Candidate.app/Contents/Developer/Platforms/WatchOS.platform/Developer/SDKs/WatchOS27.0.sdk/System/Library/Frameworks/UIKit.framework/Headers/UIViewController.h:104:12: note: 'UIViewController' has been explicitly marked unavailable here
102 |
103 | UIKIT_EXTERN API_AVAILABLE(ios(2.0)) API_UNAVAILABLE(watchos) NS_SWIFT_UI_ACTOR
104 | @interface UIViewController : UIResponder <NSCoding, UIAppearanceContainer, UITraitEnvironment, UIContentContainer, UIFocusEnvironment>
    |            `- note: 'UIViewController' has been explicitly marked unavailable here
105 |
106 | /*
/Users/admin/builder/spi-builder-workspace/Sources/BBLoader/BBMulticolorSpinnerView/BBMulticolorSpinnerView.swift:39:32: error: 'CAShapeLayer' is unavailable in watchOS
 37 |     public var sizeWidthMultiplier: CGFloat = 0.5
 38 |
 39 |     public override var layer: CAShapeLayer {
    |                                `- error: 'CAShapeLayer' is unavailable in watchOS
 40 |         get {
 41 |             return super.layer as! CAShapeLayer
/Applications/Xcode-27.0.0-Release.Candidate.app/Contents/Developer/Platforms/WatchOS.platform/Developer/SDKs/WatchOS27.0.sdk/System/Library/Frameworks/QuartzCore.framework/Headers/CAShapeLayer.h:40:12: note: 'CAShapeLayer' has been explicitly marked unavailable here
 38 |
 39 | API_AVAILABLE(macos(10.6), ios(3.0), tvos(9.0)) API_UNAVAILABLE(watchos)
 40 | @interface CAShapeLayer : CALayer
    |            `- note: 'CAShapeLayer' has been explicitly marked unavailable here
 41 |
 42 | /* The path defining the shape to be rendered. If the path extends
/Users/admin/builder/spi-builder-workspace/Sources/BBLoader/BBMulticolorSpinnerView/BBMulticolorSpinnerView.swift:28:39: error: 'UIView' is unavailable in watchOS
 26 |
 27 | @IBDesignable
 28 | public class BBMulticolorSpinnerView: UIView {
    |                                       `- error: 'UIView' is unavailable in watchOS
 29 |
 30 |     /// Animating line width. Defaults to 4.
/Applications/Xcode-27.0.0-Release.Candidate.app/Contents/Developer/Platforms/WatchOS.platform/Developer/SDKs/WatchOS27.0.sdk/System/Library/Frameworks/UIKit.framework/Headers/UIView.h:152:12: note: 'UIView' has been explicitly marked unavailable here
150 |
151 | UIKIT_EXTERN API_AVAILABLE(ios(2.0)) API_UNAVAILABLE(watchos) NS_SWIFT_UI_ACTOR
152 | @interface UIView : UIResponder <NSCoding, UIAppearance, UIAppearanceContainer, UIDynamicItem, UITraitEnvironment, UICoordinateSpace, UIFocusItem, UIFocusItemContainer, CALayerDelegate>
    |            `- note: 'UIView' has been explicitly marked unavailable here
153 |
154 | @property(class, nonatomic, readonly) Class layerClass;                        // default is [CALayer class]. Used when creating the underlying layer for the view.
/Users/admin/builder/spi-builder-workspace/Sources/BBLoader/BBQuadRotatingSquaresToCircles/BBQuadRotatingSquaresToCircles.swift:55:33: error: 'CAShapeLayer' is unavailable in watchOS
 53 |
 54 |     /// Multiple shapes to be used for the animation.
 55 |     private var loaderShapes = [CAShapeLayer(), CAShapeLayer(), CAShapeLayer(), CAShapeLayer()]
    |                                 `- error: 'CAShapeLayer' is unavailable in watchOS
 56 |
 57 |     public override init(frame: CGRect) {
/Applications/Xcode-27.0.0-Release.Candidate.app/Contents/Developer/Platforms/WatchOS.platform/Developer/SDKs/WatchOS27.0.sdk/System/Library/Frameworks/QuartzCore.framework/Headers/CAShapeLayer.h:40:12: note: 'CAShapeLayer' has been explicitly marked unavailable here
 38 |
 39 | API_AVAILABLE(macos(10.6), ios(3.0), tvos(9.0)) API_UNAVAILABLE(watchos)
 40 | @interface CAShapeLayer : CALayer
    |            `- note: 'CAShapeLayer' has been explicitly marked unavailable here
 41 |
 42 | /* The path defining the shape to be rendered. If the path extends
/Users/admin/builder/spi-builder-workspace/Sources/BBLoader/BBQuadRotatingSquaresToCircles/BBQuadRotatingSquaresToCircles.swift:55:49: error: 'CAShapeLayer' is unavailable in watchOS
 53 |
 54 |     /// Multiple shapes to be used for the animation.
 55 |     private var loaderShapes = [CAShapeLayer(), CAShapeLayer(), CAShapeLayer(), CAShapeLayer()]
    |                                                 `- error: 'CAShapeLayer' is unavailable in watchOS
 56 |
 57 |     public override init(frame: CGRect) {
/Applications/Xcode-27.0.0-Release.Candidate.app/Contents/Developer/Platforms/WatchOS.platform/Developer/SDKs/WatchOS27.0.sdk/System/Library/Frameworks/QuartzCore.framework/Headers/CAShapeLayer.h:40:12: note: 'CAShapeLayer' has been explicitly marked unavailable here
 38 |
 39 | API_AVAILABLE(macos(10.6), ios(3.0), tvos(9.0)) API_UNAVAILABLE(watchos)
 40 | @interface CAShapeLayer : CALayer
    |            `- note: 'CAShapeLayer' has been explicitly marked unavailable here
 41 |
 42 | /* The path defining the shape to be rendered. If the path extends
/Users/admin/builder/spi-builder-workspace/Sources/BBLoader/BBQuadRotatingSquaresToCircles/BBQuadRotatingSquaresToCircles.swift:55:65: error: 'CAShapeLayer' is unavailable in watchOS
 53 |
 54 |     /// Multiple shapes to be used for the animation.
 55 |     private var loaderShapes = [CAShapeLayer(), CAShapeLayer(), CAShapeLayer(), CAShapeLayer()]
    |                                                                 `- error: 'CAShapeLayer' is unavailable in watchOS
 56 |
 57 |     public override init(frame: CGRect) {
/Applications/Xcode-27.0.0-Release.Candidate.app/Contents/Developer/Platforms/WatchOS.platform/Developer/SDKs/WatchOS27.0.sdk/System/Library/Frameworks/QuartzCore.framework/Headers/CAShapeLayer.h:40:12: note: 'CAShapeLayer' has been explicitly marked unavailable here
 38 |
 39 | API_AVAILABLE(macos(10.6), ios(3.0), tvos(9.0)) API_UNAVAILABLE(watchos)
 40 | @interface CAShapeLayer : CALayer
    |            `- note: 'CAShapeLayer' has been explicitly marked unavailable here
 41 |
 42 | /* The path defining the shape to be rendered. If the path extends
/Users/admin/builder/spi-builder-workspace/Sources/BBLoader/BBQuadRotatingSquaresToCircles/BBQuadRotatingSquaresToCircles.swift:55:81: error: 'CAShapeLayer' is unavailable in watchOS
 53 |
 54 |     /// Multiple shapes to be used for the animation.
 55 |     private var loaderShapes = [CAShapeLayer(), CAShapeLayer(), CAShapeLayer(), CAShapeLayer()]
    |                                                                                 `- error: 'CAShapeLayer' is unavailable in watchOS
 56 |
 57 |     public override init(frame: CGRect) {
/Applications/Xcode-27.0.0-Release.Candidate.app/Contents/Developer/Platforms/WatchOS.platform/Developer/SDKs/WatchOS27.0.sdk/System/Library/Frameworks/QuartzCore.framework/Headers/CAShapeLayer.h:40:12: note: 'CAShapeLayer' has been explicitly marked unavailable here
 38 |
 39 | API_AVAILABLE(macos(10.6), ios(3.0), tvos(9.0)) API_UNAVAILABLE(watchos)
 40 | @interface CAShapeLayer : CALayer
    |            `- note: 'CAShapeLayer' has been explicitly marked unavailable here
 41 |
 42 | /* The path defining the shape to be rendered. If the path extends
/Users/admin/builder/spi-builder-workspace/Sources/BBLoader/BBQuadRotatingSquaresToCircles/BBQuadRotatingSquaresToCircles.swift:27:46: error: 'UIView' is unavailable in watchOS
 25 | import UIKit
 26 |
 27 | public class BBQuadRotatingSquaresToCircles: UIView {
    |                                              `- error: 'UIView' is unavailable in watchOS
 28 |
 29 |     /// Animation cycle duration.
/Applications/Xcode-27.0.0-Release.Candidate.app/Contents/Developer/Platforms/WatchOS.platform/Developer/SDKs/WatchOS27.0.sdk/System/Library/Frameworks/UIKit.framework/Headers/UIView.h:152:12: note: 'UIView' has been explicitly marked unavailable here
150 |
151 | UIKIT_EXTERN API_AVAILABLE(ios(2.0)) API_UNAVAILABLE(watchos) NS_SWIFT_UI_ACTOR
152 | @interface UIView : UIResponder <NSCoding, UIAppearance, UIAppearanceContainer, UIDynamicItem, UITraitEnvironment, UICoordinateSpace, UIFocusItem, UIFocusItemContainer, CALayerDelegate>
    |            `- note: 'UIView' has been explicitly marked unavailable here
153 |
154 | @property(class, nonatomic, readonly) Class layerClass;                        // default is [CALayer class]. Used when creating the underlying layer for the view.
/Users/admin/builder/spi-builder-workspace/Sources/BBLoader/BBQuadRotatingSquaresToCircles/BBRotatingAnimatingCubesHelpers.swift:27:11: error: 'CALayer' is unavailable in watchOS
25 | import UIKit
26 |
27 | extension CALayer {
   |           `- error: 'CALayer' is unavailable in watchOS
28 |
29 |     func rotationAnimation(angles: [CGFloat], duration: Double) {
/Applications/Xcode-27.0.0-Release.Candidate.app/Contents/Developer/Platforms/WatchOS.platform/Developer/SDKs/WatchOS27.0.sdk/System/Library/Frameworks/QuartzCore.framework/Headers/CALayer.h:117:12: note: 'CALayer' has been explicitly marked unavailable here
 115 |
 116 | API_AVAILABLE(macos(10.5), ios(2.0), tvos(9.0)) API_UNAVAILABLE(watchos)
 117 | @interface CALayer : NSObject <NSSecureCoding, CAMediaTiming>
     |            `- note: 'CALayer' has been explicitly marked unavailable here
 118 |
 119 | /** Layer creation and initialization. **/
/Users/admin/builder/spi-builder-workspace/Sources/BBLoader/BBQuadRotatingSquaresToCircles/BBRotatingAnimatingCubesHelpers.swift:45:11: error: 'CAShapeLayer' is unavailable in watchOS
43 | }
44 |
45 | extension CAShapeLayer {
   |           `- error: 'CAShapeLayer' is unavailable in watchOS
46 |
47 |     func animateCorners(duration: Double) {
/Applications/Xcode-27.0.0-Release.Candidate.app/Contents/Developer/Platforms/WatchOS.platform/Developer/SDKs/WatchOS27.0.sdk/System/Library/Frameworks/QuartzCore.framework/Headers/CAShapeLayer.h:40:12: note: 'CAShapeLayer' has been explicitly marked unavailable here
 38 |
 39 | API_AVAILABLE(macos(10.6), ios(3.0), tvos(9.0)) API_UNAVAILABLE(watchos)
 40 | @interface CAShapeLayer : CALayer
    |            `- note: 'CAShapeLayer' has been explicitly marked unavailable here
 41 |
 42 | /* The path defining the shape to be rendered. If the path extends
/Users/admin/builder/spi-builder-workspace/Sources/BBLoader/Main/BBLoader.swift:27:29: error: 'UIAlertController' is unavailable in watchOS
25 | import UIKit
26 |
27 | public typealias BBLoader = UIAlertController
   |                             `- error: 'UIAlertController' is unavailable in watchOS
28 |
29 | public extension BBLoader {
/Applications/Xcode-27.0.0-Release.Candidate.app/Contents/Developer/Platforms/WatchOS.platform/Developer/SDKs/WatchOS27.0.sdk/System/Library/Frameworks/UIKit.framework/Headers/UIAlertController.h:43:12: note: 'UIAlertController' has been explicitly marked unavailable here
41 |
42 | UIKIT_EXTERN API_AVAILABLE(ios(8.0)) API_UNAVAILABLE(watchos) NS_SWIFT_UI_ACTOR
43 | @interface UIAlertController : UIViewController
   |            `- note: 'UIAlertController' has been explicitly marked unavailable here
44 |
45 | + (instancetype)alertControllerWithTitle:(nullable NSString *)title message:(nullable NSString *)message preferredStyle:(UIAlertControllerStyle)preferredStyle;
/Users/admin/builder/spi-builder-workspace/Sources/BBLoader/Main/BBLoader.swift:31:35: error: 'UIActivityIndicatorView' is unavailable in watchOS
29 | public extension BBLoader {
30 |
31 |     static let loadingIndicator = UIActivityIndicatorView()
   |                                   `- error: 'UIActivityIndicatorView' is unavailable in watchOS
32 |
33 |     convenience init(title: String = "", message: String = "") {
/Applications/Xcode-27.0.0-Release.Candidate.app/Contents/Developer/Platforms/WatchOS.platform/Developer/SDKs/WatchOS27.0.sdk/System/Library/Frameworks/UIKit.framework/Headers/UIActivityIndicatorView.h:24:12: note: 'UIActivityIndicatorView' has been explicitly marked unavailable here
22 |
23 | UIKIT_EXTERN API_AVAILABLE(ios(2.0)) API_UNAVAILABLE(watchos) NS_SWIFT_UI_ACTOR
24 | @interface UIActivityIndicatorView : UIView <NSCoding>
   |            `- note: 'UIActivityIndicatorView' has been explicitly marked unavailable here
25 |
26 | - (instancetype)initWithActivityIndicatorStyle:(UIActivityIndicatorViewStyle)style NS_DESIGNATED_INITIALIZER; // sizes the view according to the style
/Users/admin/builder/spi-builder-workspace/Sources/BBLoader/Main/BBLoader.swift:31:35: error: 'init()' is unavailable in watchOS
29 | public extension BBLoader {
30 |
31 |     static let loadingIndicator = UIActivityIndicatorView()
   |                                   `- error: 'init()' is unavailable in watchOS
32 |
33 |     convenience init(title: String = "", message: String = "") {
/Applications/Xcode-27.0.0-Release.Candidate.app/Contents/Developer/Platforms/WatchOS.platform/Developer/SDKs/WatchOS27.0.sdk/System/Library/Frameworks/UIKit.framework/Headers/UIView.h:158:1: note: 'init()' has been explicitly marked unavailable here
156 | - (instancetype)initWithFrame:(CGRect)frame NS_DESIGNATED_INITIALIZER;
157 | - (nullable instancetype)initWithCoder:(NSCoder *)coder NS_DESIGNATED_INITIALIZER;
158 | - (instancetype)init API_AVAILABLE(ios(2.0), tvos(9.0), visionos(1.0)) API_UNAVAILABLE(watchos);
    | `- note: 'init()' has been explicitly marked unavailable here
159 |
160 | @property(nonatomic,getter=isUserInteractionEnabled) BOOL userInteractionEnabled;  // default is YES. if set to NO, user events (touch, keys) are ignored and removed from the event queue.
/Users/admin/builder/spi-builder-workspace/Sources/BBLoader/Main/BBLoaderHelpers.swift:29:32: error: 'UIActivityIndicatorView' is unavailable in watchOS
27 | public extension BBLoader {
28 |
29 |     var loadingIndicatorStyle: UIActivityIndicatorView.Style {
   |                                `- error: 'UIActivityIndicatorView' is unavailable in watchOS
30 |         set {
31 |             BBLoader.loadingIndicator.style = newValue
/Applications/Xcode-27.0.0-Release.Candidate.app/Contents/Developer/Platforms/WatchOS.platform/Developer/SDKs/WatchOS27.0.sdk/System/Library/Frameworks/UIKit.framework/Headers/UIActivityIndicatorView.h:24:12: note: 'UIActivityIndicatorView' has been explicitly marked unavailable here
22 |
23 | UIKIT_EXTERN API_AVAILABLE(ios(2.0)) API_UNAVAILABLE(watchos) NS_SWIFT_UI_ACTOR
24 | @interface UIActivityIndicatorView : UIView <NSCoding>
   |            `- note: 'UIActivityIndicatorView' has been explicitly marked unavailable here
25 |
26 | - (instancetype)initWithActivityIndicatorStyle:(UIActivityIndicatorViewStyle)style NS_DESIGNATED_INITIALIZER; // sizes the view according to the style
/Users/admin/builder/spi-builder-workspace/Sources/BBLoader/Protocols/BBAnimatable.swift:35:11: error: 'UIActivityIndicatorView' is unavailable in watchOS
33 | }
34 |
35 | extension UIActivityIndicatorView: BBAnimatable { }
   |           `- error: 'UIActivityIndicatorView' is unavailable in watchOS
36 |
/Applications/Xcode-27.0.0-Release.Candidate.app/Contents/Developer/Platforms/WatchOS.platform/Developer/SDKs/WatchOS27.0.sdk/System/Library/Frameworks/UIKit.framework/Headers/UIActivityIndicatorView.h:24:12: note: 'UIActivityIndicatorView' has been explicitly marked unavailable here
22 |
23 | UIKIT_EXTERN API_AVAILABLE(ios(2.0)) API_UNAVAILABLE(watchos) NS_SWIFT_UI_ACTOR
24 | @interface UIActivityIndicatorView : UIView <NSCoding>
   |            `- note: 'UIActivityIndicatorView' has been explicitly marked unavailable here
25 |
26 | - (instancetype)initWithActivityIndicatorStyle:(UIActivityIndicatorViewStyle)style NS_DESIGNATED_INITIALIZER; // sizes the view according to the style
/Users/admin/builder/spi-builder-workspace/Sources/BBLoader/Protocols/BBLoaderPresentable.swift:57:44: error: 'UIViewController' is unavailable in watchOS
55 |     }
56 |
57 |     private func handleDismissal(_ loader: UIViewController,
   |                                            `- error: 'UIViewController' is unavailable in watchOS
58 |                                  after duration: Double) -> Void {
59 |         if !duration.isZero {
/Applications/Xcode-27.0.0-Release.Candidate.app/Contents/Developer/Platforms/WatchOS.platform/Developer/SDKs/WatchOS27.0.sdk/System/Library/Frameworks/UIKit.framework/Headers/UIViewController.h:104:12: note: 'UIViewController' has been explicitly marked unavailable here
102 |
103 | UIKIT_EXTERN API_AVAILABLE(ios(2.0)) API_UNAVAILABLE(watchos) NS_SWIFT_UI_ACTOR
104 | @interface UIViewController : UIResponder <NSCoding, UIAppearanceContainer, UITraitEnvironment, UIContentContainer, UIFocusEnvironment>
    |            `- note: 'UIViewController' has been explicitly marked unavailable here
105 |
106 | /*
/Users/admin/builder/spi-builder-workspace/Sources/BBLoader/Protocols/BBLoaderPresentable.swift:27:18: error: 'UIViewController' is unavailable in watchOS
25 | import UIKit
26 |
27 | public extension UIViewController {
   |                  `- error: 'UIViewController' is unavailable in watchOS
28 |
29 |     func presentBBLoader(duration: Double                   = 0,
/Applications/Xcode-27.0.0-Release.Candidate.app/Contents/Developer/Platforms/WatchOS.platform/Developer/SDKs/WatchOS27.0.sdk/System/Library/Frameworks/UIKit.framework/Headers/UIViewController.h:104:12: note: 'UIViewController' has been explicitly marked unavailable here
102 |
103 | UIKIT_EXTERN API_AVAILABLE(ios(2.0)) API_UNAVAILABLE(watchos) NS_SWIFT_UI_ACTOR
104 | @interface UIViewController : UIResponder <NSCoding, UIAppearanceContainer, UITraitEnvironment, UIContentContainer, UIFocusEnvironment>
    |            `- note: 'UIViewController' has been explicitly marked unavailable here
105 |
106 | /*
Failed frontend command:
SwiftCompile normal arm64 (in target 'BBLoader' from project 'BBLoader')
    cd /Users/admin/builder/spi-builder-workspace/.swiftpm/xcode

/Applications/Xcode-27.0.0-Release.Candidate.app/Contents/Developer/Toolchains/XcodeDefault.xctoolchain/usr/bin/swift-frontend -frontend -emit-module -experimental-skip-non-inlinable-function-bodies-without-types /Users/admin/builder/spi-builder-workspace/Sources/BBLoader/BBAnimatedLoader/BBAnimatedLoader.swift /Users/admin/builder/spi-builder-workspace/Sources/BBLoader/BBAnimatedLoader/BBAnimationType.swift /Users/admin/builder/spi-builder-workspace/Sources/BBLoader/BBMulticolorSpinnerView/BBMulticolorSpinnerView.swift /Users/admin/builder/spi-builder-workspace/Sources/BBLoader/BBQuadRotatingSquaresToCircles/BBQuadRotatingSquaresToCircles.swift /Users/admin/builder/spi-builder-workspace/Sources/BBLoader/BBQuadRotatingSquaresToCircles/BBRotatingAnimatingCubesHelpers.swift /Users/admin/builder/spi-builder-workspace/Sources/BBLoader/Main/BBLoader.swift /Users/admin/builder/spi-builder-workspace/Sources/BBLoader/Main/BBLoaderHelpers.swift /Users/admin/builder/spi-builder-workspace/Sources/BBLoader/Protocols/BBAnimatable.swift /Users/admin/builder/spi-builder-workspace/Sources/BBLoader/Protocols/BBLoaderPresentable.swift -target arm64-apple-watchos9.0 -disable-cross-import-overlay-search -load-resolved-plugin /Applications/Xcode-27.0.0-Release.Candidate.app/Contents/Developer/Platforms/WatchOS.platform/Developer/usr/lib/swift/host/plugins/libFoundationMacros.dylib\#/Applications/Xcode-27.0.0-Release.Candidate.app/Contents/Developer/Platforms/WatchOS.platform/Developer/usr/bin/swift-plugin-server\#FoundationMacros -load-resolved-plugin /Applications/Xcode-27.0.0-Release.Candidate.app/Contents/Developer/Platforms/WatchOS.platform/Developer/usr/lib/swift/host/plugins/libObservationMacros.dylib\#/Applications/Xcode-27.0.0-Release.Candidate.app/Contents/Developer/Platforms/WatchOS.platform/Developer/usr/bin/swift-plugin-server\#ObservationMacros -load-resolved-plugin /Applications/Xcode-27.0.0-Release.Candidate.app/Contents/Developer/Platforms/WatchOS.platform/Developer/usr/lib/swift/host/plugins/libSwiftMacros.dylib\#/Applications/Xcode-27.0.0-Release.Candidate.app/Contents/Developer/Platforms/WatchOS.platform/Developer/usr/bin/swift-plugin-server\#SwiftMacros -load-resolved-plugin /Applications/Xcode-27.0.0-Release.Candidate.app/Contents/Developer/Platforms/WatchOS.platform/Developer/usr/lib/swift/host/plugins/libSwiftUIMacros.dylib\#/Applications/Xcode-27.0.0-Release.Candidate.app/Contents/Developer/Platforms/WatchOS.platform/Developer/usr/bin/swift-plugin-server\#SwiftUIMacros -disable-implicit-swift-modules -Xcc -fno-implicit-modules -Xcc -fno-implicit-module-maps -explicit-swift-module-map-file /Users/admin/builder/spi-builder-workspace/.derivedData/Build/Intermediates.noindex/BBLoader.build/Debug-watchos/BBLoader-t.build/Objects-normal/arm64/BBLoader-dependencies-1.json -Xllvm -aarch64-use-tbi -enable-objc-interop -stack-check -sdk /Applications/Xcode-27.0.0-Release.Candidate.app/Contents/Developer/Platforms/WatchOS.platform/Developer/SDKs/WatchOS27.0.sdk -I /Users/admin/builder/spi-builder-workspace/.derivedData/Build/Products/Debug-watchos -Isystem /Applications/Xcode-27.0.0-Release.Candidate.app/Contents/Developer/Platforms/WatchOS.platform/Developer/usr/lib -F /Users/admin/builder/spi-builder-workspace/.derivedData/Build/Products/Debug-watchos -F /Applications/Xcode-27.0.0-Release.Candidate.app/Contents/Developer/Platforms/WatchOS.platform/Developer/Library/Frameworks -F /Applications/Xcode-27.0.0-Release.Candidate.app/Contents/Developer/Platforms/WatchOS.platform/Developer/SDKs/WatchOS27.0.sdk/Developer/Library/Frameworks -module-cache-path /Users/admin/builder/spi-builder-workspace/.derivedData/Build/Intermediates.noindex/SwiftExplicitPrecompiledModules -no-color-diagnostics -Xcc -fno-color-diagnostics -enable-testing -g -debug-info-format\=dwarf -dwarf-version\=4 -profile-generate -profile-coverage-mapping -swift-version 5 -Onone -D SWIFT_PACKAGE -D DEBUG -D SWIFT_MODULE_RESOURCE_BUNDLE_UNAVAILABLE -D Xcode -serialize-debugging-options -enable-experimental-feature DebugDescriptionMacro -empty-abi-descriptor -validate-clang-modules-once -clang-build-session-file /Users/admin/builder/spi-builder-workspace/.derivedData/ModuleCache.noindex/Session.modulevalidation -Xcc -working-directory -Xcc /Users/admin/builder/spi-builder-workspace/.swiftpm/xcode -enable-anonymous-context-mangled-names -file-compilation-dir /Users/admin/builder/spi-builder-workspace/.swiftpm/xcode -Xcc -D_LIBCPP_HARDENING_MODE\=_LIBCPP_HARDENING_MODE_DEBUG -Xcc -ivfsstatcache -Xcc /Users/admin/builder/spi-builder-workspace/.derivedData/SDKStatCaches.noindex/watchos27.0-24R360-e829b21a6f8c9b70876ba0858053c04477534ef55a1706bf4c1112bbb242f0a2.sdkstatcache -Xcc -fmodules-prune-interval\=86400 -Xcc -fmodules-prune-after\=345600 -Xcc -I/Users/admin/builder/spi-builder-workspace/.derivedData/Build/Products/Debug-watchos/include -Xcc -I/Users/admin/builder/spi-builder-workspace/.derivedData/Build/Intermediates.noindex/BBLoader.build/Debug-watchos/BBLoader-t.build/DerivedSources-normal/arm64 -Xcc -I/Users/admin/builder/spi-builder-workspace/.derivedData/Build/Intermediates.noindex/BBLoader.build/Debug-watchos/BBLoader-t.build/DerivedSources/arm64 -Xcc -I/Users/admin/builder/spi-builder-workspace/.derivedData/Build/Intermediates.noindex/BBLoader.build/Debug-watchos/BBLoader-t.build/DerivedSources -Xcc -DSWIFT_PACKAGE -Xcc -DDEBUG\=1 -no-auto-bridging-header-chaining -module-name BBLoader -const-gather-protocols-file /Users/admin/builder/spi-builder-workspace/.derivedData/Build/Intermediates.noindex/BBLoader.build/Debug-watchos/BBLoader-t.build/Objects-normal/arm64/BBLoader_const_extract_protocols.json -disable-clang-spi -clang-target arm64-apple-watchos27.0 -target-sdk-version 27.0 -target-sdk-name watchos27.0 -in-process-plugin-server-path /Applications/Xcode-27.0.0-Release.Candidate.app/Contents/Developer/Toolchains/XcodeDefault.xctoolchain/usr/lib/swift/host/libSwiftInProcPluginServer.dylib -emit-module-doc-path /Users/admin/builder/spi-builder-workspace/.derivedData/Build/Intermediates.noindex/BBLoader.build/Debug-watchos/BBLoader-t.build/Objects-normal/arm64/BBLoader.swiftdoc -emit-module-source-info-path /Users/admin/builder/spi-builder-workspace/.derivedData/Build/Intermediates.noindex/BBLoader.build/Debug-watchos/BBLoader-t.build/Objects-normal/arm64/BBLoader.swiftsourceinfo -emit-objc-header-path /Users/admin/builder/spi-builder-workspace/.derivedData/Build/Intermediates.noindex/BBLoader.build/Debug-watchos/BBLoader-t.build/Objects-normal/arm64/BBLoader-Swift.h -serialize-diagnostics-path /Users/admin/builder/spi-builder-workspace/.derivedData/Build/Intermediates.noindex/BBLoader.build/Debug-watchos/BBLoader-t.build/Objects-normal/arm64/BBLoader-primary-emit-module.dia -emit-dependencies-path /Users/admin/builder/spi-builder-workspace/.derivedData/Build/Intermediates.noindex/BBLoader.build/Debug-watchos/BBLoader-t.build/Objects-normal/arm64/BBLoader-primary-emit-module.d -parse-as-library -o /Users/admin/builder/spi-builder-workspace/.derivedData/Build/Intermediates.noindex/BBLoader.build/Debug-watchos/BBLoader-t.build/Objects-normal/arm64/BBLoader.swiftmodule -emit-abi-descriptor-path /Users/admin/builder/spi-builder-workspace/.derivedData/Build/Intermediates.noindex/BBLoader.build/Debug-watchos/BBLoader-t.build/Objects-normal/arm64/BBLoader.abi.json
SwiftCompile normal arm64 Compiling\ BBLoader.swift /Users/admin/builder/spi-builder-workspace/Sources/BBLoader/Main/BBLoader.swift (in target 'BBLoader' from project 'BBLoader')
SwiftCompile normal arm64 /Users/admin/builder/spi-builder-workspace/Sources/BBLoader/Main/BBLoader.swift (in target 'BBLoader' from project 'BBLoader')
    cd /Users/admin/builder/spi-builder-workspace/.swiftpm/xcode
    builtin-SwiftPerFileCompile BBLoader.swift
/Users/admin/builder/spi-builder-workspace/Sources/BBLoader/Main/BBLoader.swift:27:29: error: 'UIAlertController' is unavailable in watchOS
25 | import UIKit
26 |
27 | public typealias BBLoader = UIAlertController
   |                             `- error: 'UIAlertController' is unavailable in watchOS
28 |
29 | public extension BBLoader {
/Applications/Xcode-27.0.0-Release.Candidate.app/Contents/Developer/Platforms/WatchOS.platform/Developer/SDKs/WatchOS27.0.sdk/System/Library/Frameworks/UIKit.framework/Headers/UIAlertController.h:43:12: note: 'UIAlertController' has been explicitly marked unavailable here
41 |
42 | UIKIT_EXTERN API_AVAILABLE(ios(8.0)) API_UNAVAILABLE(watchos) NS_SWIFT_UI_ACTOR
43 | @interface UIAlertController : UIViewController
   |            `- note: 'UIAlertController' has been explicitly marked unavailable here
44 |
45 | + (instancetype)alertControllerWithTitle:(nullable NSString *)title message:(nullable NSString *)message preferredStyle:(UIAlertControllerStyle)preferredStyle;
/Users/admin/builder/spi-builder-workspace/Sources/BBLoader/Main/BBLoader.swift:31:35: error: 'UIActivityIndicatorView' is unavailable in watchOS
29 | public extension BBLoader {
30 |
31 |     static let loadingIndicator = UIActivityIndicatorView()
   |                                   `- error: 'UIActivityIndicatorView' is unavailable in watchOS
32 |
33 |     convenience init(title: String = "", message: String = "") {
/Applications/Xcode-27.0.0-Release.Candidate.app/Contents/Developer/Platforms/WatchOS.platform/Developer/SDKs/WatchOS27.0.sdk/System/Library/Frameworks/UIKit.framework/Headers/UIActivityIndicatorView.h:24:12: note: 'UIActivityIndicatorView' has been explicitly marked unavailable here
22 |
23 | UIKIT_EXTERN API_AVAILABLE(ios(2.0)) API_UNAVAILABLE(watchos) NS_SWIFT_UI_ACTOR
24 | @interface UIActivityIndicatorView : UIView <NSCoding>
   |            `- note: 'UIActivityIndicatorView' has been explicitly marked unavailable here
25 |
26 | - (instancetype)initWithActivityIndicatorStyle:(UIActivityIndicatorViewStyle)style NS_DESIGNATED_INITIALIZER; // sizes the view according to the style
/Users/admin/builder/spi-builder-workspace/Sources/BBLoader/Main/BBLoader.swift:31:35: error: 'init()' is unavailable in watchOS
29 | public extension BBLoader {
30 |
31 |     static let loadingIndicator = UIActivityIndicatorView()
   |                                   `- error: 'init()' is unavailable in watchOS
32 |
33 |     convenience init(title: String = "", message: String = "") {
/Applications/Xcode-27.0.0-Release.Candidate.app/Contents/Developer/Platforms/WatchOS.platform/Developer/SDKs/WatchOS27.0.sdk/System/Library/Frameworks/UIKit.framework/Headers/UIView.h:158:1: note: 'init()' has been explicitly marked unavailable here
156 | - (instancetype)initWithFrame:(CGRect)frame NS_DESIGNATED_INITIALIZER;
157 | - (nullable instancetype)initWithCoder:(NSCoder *)coder NS_DESIGNATED_INITIALIZER;
158 | - (instancetype)init API_AVAILABLE(ios(2.0), tvos(9.0), visionos(1.0)) API_UNAVAILABLE(watchos);
    | `- note: 'init()' has been explicitly marked unavailable here
159 |
160 | @property(nonatomic,getter=isUserInteractionEnabled) BOOL userInteractionEnabled;  // default is YES. if set to NO, user events (touch, keys) are ignored and removed from the event queue.
/Users/admin/builder/spi-builder-workspace/Sources/BBLoader/Main/BBLoader.swift:42:50: error: 'large' is unavailable in watchOS
40 |         let loadingIndicator = BBLoader.loadingIndicator
41 |         if #available(iOS 13.0, tvOS 13.0, *) {
42 |             loadingIndicator.style            = .large
   |                                                  `- error: 'large' is unavailable in watchOS
43 |         } else {
44 |             loadingIndicator.style            = .whiteLarge
UIKit.UIActivityIndicatorView.Style.large:4:10: note: 'large' has been explicitly marked unavailable here
2 |   enum Style {
3 | @available(watchOS, unavailable)
4 |     case large  }
  |          `- note: 'large' has been explicitly marked unavailable here
5 | }
6 |
/Users/admin/builder/spi-builder-workspace/Sources/BBLoader/Main/BBLoader.swift:44:50: error: 'whiteLarge' is unavailable in watchOS
42 |             loadingIndicator.style            = .large
43 |         } else {
44 |             loadingIndicator.style            = .whiteLarge
   |                                                  `- error: 'whiteLarge' is unavailable in watchOS
45 |         }
46 |
UIKit.UIActivityIndicatorView.Style.whiteLarge:4:10: note: 'whiteLarge' has been explicitly marked unavailable here
2 |   enum Style {
3 | @available(watchOS, unavailable)
4 |     case whiteLarge  }
  |          `- note: 'whiteLarge' has been explicitly marked unavailable here
5 | }
6 |
SwiftCompile normal arm64 Compiling\ BBLoaderPresentable.swift /Users/admin/builder/spi-builder-workspace/Sources/BBLoader/Protocols/BBLoaderPresentable.swift (in target 'BBLoader' from project 'BBLoader')
/Users/admin/builder/spi-builder-workspace/Sources/BBLoader/Protocols/BBLoaderPresentable.swift:57:44: error: 'UIViewController' is unavailable in watchOS
55 |     }
56 |
57 |     private func handleDismissal(_ loader: UIViewController,
   |                                            `- error: 'UIViewController' is unavailable in watchOS
58 |                                  after duration: Double) -> Void {
59 |         if !duration.isZero {
/Applications/Xcode-27.0.0-Release.Candidate.app/Contents/Developer/Platforms/WatchOS.platform/Developer/SDKs/WatchOS27.0.sdk/System/Library/Frameworks/UIKit.framework/Headers/UIViewController.h:104:12: note: 'UIViewController' has been explicitly marked unavailable here
102 |
103 | UIKIT_EXTERN API_AVAILABLE(ios(2.0)) API_UNAVAILABLE(watchos) NS_SWIFT_UI_ACTOR
104 | @interface UIViewController : UIResponder <NSCoding, UIAppearanceContainer, UITraitEnvironment, UIContentContainer, UIFocusEnvironment>
    |            `- note: 'UIViewController' has been explicitly marked unavailable here
105 |
106 | /*
SwiftCompile normal arm64 /Users/admin/builder/spi-builder-workspace/Sources/BBLoader/Protocols/BBLoaderPresentable.swift (in target 'BBLoader' from project 'BBLoader')
    cd /Users/admin/builder/spi-builder-workspace/.swiftpm/xcode
    builtin-SwiftPerFileCompile BBLoaderPresentable.swift
SwiftCompile normal arm64 Compiling\ BBAnimatable.swift /Users/admin/builder/spi-builder-workspace/Sources/BBLoader/Protocols/BBAnimatable.swift (in target 'BBLoader' from project 'BBLoader')
SwiftCompile normal arm64 /Users/admin/builder/spi-builder-workspace/Sources/BBLoader/Protocols/BBAnimatable.swift (in target 'BBLoader' from project 'BBLoader')
    cd /Users/admin/builder/spi-builder-workspace/.swiftpm/xcode
    builtin-SwiftPerFileCompile BBAnimatable.swift
SwiftCompile normal arm64 Compiling\ BBLoaderHelpers.swift /Users/admin/builder/spi-builder-workspace/Sources/BBLoader/Main/BBLoaderHelpers.swift (in target 'BBLoader' from project 'BBLoader')
/Users/admin/builder/spi-builder-workspace/Sources/BBLoader/Main/BBLoaderHelpers.swift:29:32: error: 'UIActivityIndicatorView' is unavailable in watchOS
27 | public extension BBLoader {
28 |
29 |     var loadingIndicatorStyle: UIActivityIndicatorView.Style {
   |                                `- error: 'UIActivityIndicatorView' is unavailable in watchOS
30 |         set {
31 |             BBLoader.loadingIndicator.style = newValue
/Applications/Xcode-27.0.0-Release.Candidate.app/Contents/Developer/Platforms/WatchOS.platform/Developer/SDKs/WatchOS27.0.sdk/System/Library/Frameworks/UIKit.framework/Headers/UIActivityIndicatorView.h:24:12: note: 'UIActivityIndicatorView' has been explicitly marked unavailable here
22 |
23 | UIKIT_EXTERN API_AVAILABLE(ios(2.0)) API_UNAVAILABLE(watchos) NS_SWIFT_UI_ACTOR
24 | @interface UIActivityIndicatorView : UIView <NSCoding>
   |            `- note: 'UIActivityIndicatorView' has been explicitly marked unavailable here
25 |
26 | - (instancetype)initWithActivityIndicatorStyle:(UIActivityIndicatorViewStyle)style NS_DESIGNATED_INITIALIZER; // sizes the view according to the style
/Users/admin/builder/spi-builder-workspace/Sources/BBLoader/Main/BBLoader.swift:31:35: error: 'UIActivityIndicatorView' is unavailable in watchOS
29 | public extension BBLoader {
30 |
31 |     static let loadingIndicator = UIActivityIndicatorView()
   |                                   `- error: 'UIActivityIndicatorView' is unavailable in watchOS
32 |
33 |     convenience init(title: String = "", message: String = "") {
/Applications/Xcode-27.0.0-Release.Candidate.app/Contents/Developer/Platforms/WatchOS.platform/Developer/SDKs/WatchOS27.0.sdk/System/Library/Frameworks/UIKit.framework/Headers/UIActivityIndicatorView.h:24:12: note: 'UIActivityIndicatorView' has been explicitly marked unavailable here
22 |
23 | UIKIT_EXTERN API_AVAILABLE(ios(2.0)) API_UNAVAILABLE(watchos) NS_SWIFT_UI_ACTOR
24 | @interface UIActivityIndicatorView : UIView <NSCoding>
   |            `- note: 'UIActivityIndicatorView' has been explicitly marked unavailable here
25 |
26 | - (instancetype)initWithActivityIndicatorStyle:(UIActivityIndicatorViewStyle)style NS_DESIGNATED_INITIALIZER; // sizes the view according to the style
SwiftCompile normal arm64 /Users/admin/builder/spi-builder-workspace/Sources/BBLoader/Main/BBLoaderHelpers.swift (in target 'BBLoader' from project 'BBLoader')
    cd /Users/admin/builder/spi-builder-workspace/.swiftpm/xcode
    builtin-SwiftPerFileCompile BBLoaderHelpers.swift
SwiftCompile normal arm64 Compiling\ BBMulticolorSpinnerView.swift /Users/admin/builder/spi-builder-workspace/Sources/BBLoader/BBMulticolorSpinnerView/BBMulticolorSpinnerView.swift (in target 'BBLoader' from project 'BBLoader')
/Users/admin/builder/spi-builder-workspace/Sources/BBLoader/BBMulticolorSpinnerView/BBMulticolorSpinnerView.swift:39:32: error: 'CAShapeLayer' is unavailable in watchOS
 37 |     public var sizeWidthMultiplier: CGFloat = 0.5
 38 |
 39 |     public override var layer: CAShapeLayer {
    |                                `- error: 'CAShapeLayer' is unavailable in watchOS
 40 |         get {
 41 |             return super.layer as! CAShapeLayer
/Applications/Xcode-27.0.0-Release.Candidate.app/Contents/Developer/Platforms/WatchOS.platform/Developer/SDKs/WatchOS27.0.sdk/System/Library/Frameworks/QuartzCore.framework/Headers/CAShapeLayer.h:40:12: note: 'CAShapeLayer' has been explicitly marked unavailable here
 38 |
 39 | API_AVAILABLE(macos(10.6), ios(3.0), tvos(9.0)) API_UNAVAILABLE(watchos)
 40 | @interface CAShapeLayer : CALayer
    |            `- note: 'CAShapeLayer' has been explicitly marked unavailable here
 41 |
 42 | /* The path defining the shape to be rendered. If the path extends
/Users/admin/builder/spi-builder-workspace/Sources/BBLoader/BBMulticolorSpinnerView/BBMulticolorSpinnerView.swift:28:39: error: 'UIView' is unavailable in watchOS
 26 |
 27 | @IBDesignable
 28 | public class BBMulticolorSpinnerView: UIView {
    |                                       `- error: 'UIView' is unavailable in watchOS
 29 |
 30 |     /// Animating line width. Defaults to 4.
/Applications/Xcode-27.0.0-Release.Candidate.app/Contents/Developer/Platforms/WatchOS.platform/Developer/SDKs/WatchOS27.0.sdk/System/Library/Frameworks/UIKit.framework/Headers/UIView.h:152:12: note: 'UIView' has been explicitly marked unavailable here
150 |
151 | UIKIT_EXTERN API_AVAILABLE(ios(2.0)) API_UNAVAILABLE(watchos) NS_SWIFT_UI_ACTOR
152 | @interface UIView : UIResponder <NSCoding, UIAppearance, UIAppearanceContainer, UIDynamicItem, UITraitEnvironment, UICoordinateSpace, UIFocusItem, UIFocusItemContainer, CALayerDelegate>
    |            `- note: 'UIView' has been explicitly marked unavailable here
153 |
154 | @property(class, nonatomic, readonly) Class layerClass;                        // default is [CALayer class]. Used when creating the underlying layer for the view.
/Users/admin/builder/spi-builder-workspace/Sources/BBLoader/BBMulticolorSpinnerView/BBMulticolorSpinnerView.swift:41:36: error: 'CAShapeLayer' is unavailable in watchOS
 39 |     public override var layer: CAShapeLayer {
 40 |         get {
 41 |             return super.layer as! CAShapeLayer
    |                                    `- error: 'CAShapeLayer' is unavailable in watchOS
 42 |         }
 43 |     }
/Applications/Xcode-27.0.0-Release.Candidate.app/Contents/Developer/Platforms/WatchOS.platform/Developer/SDKs/WatchOS27.0.sdk/System/Library/Frameworks/QuartzCore.framework/Headers/CAShapeLayer.h:40:12: note: 'CAShapeLayer' has been explicitly marked unavailable here
 38 |
 39 | API_AVAILABLE(macos(10.6), ios(3.0), tvos(9.0)) API_UNAVAILABLE(watchos)
 40 | @interface CAShapeLayer : CALayer
    |            `- note: 'CAShapeLayer' has been explicitly marked unavailable here
 41 |
 42 | /* The path defining the shape to be rendered. If the path extends
/Users/admin/builder/spi-builder-workspace/Sources/BBLoader/BBMulticolorSpinnerView/BBMulticolorSpinnerView.swift:46:16: error: 'CAShapeLayer' is unavailable in watchOS
 44 |
 45 |     public override class var layerClass: AnyClass {
 46 |         return CAShapeLayer.self
    |                `- error: 'CAShapeLayer' is unavailable in watchOS
 47 |     }
 48 |
/Applications/Xcode-27.0.0-Release.Candidate.app/Contents/Developer/Platforms/WatchOS.platform/Developer/SDKs/WatchOS27.0.sdk/System/Library/Frameworks/QuartzCore.framework/Headers/CAShapeLayer.h:40:12: note: 'CAShapeLayer' has been explicitly marked unavailable here
 38 |
 39 | API_AVAILABLE(macos(10.6), ios(3.0), tvos(9.0)) API_UNAVAILABLE(watchos)
 40 | @interface CAShapeLayer : CALayer
    |            `- note: 'CAShapeLayer' has been explicitly marked unavailable here
 41 |
 42 | /* The path defining the shape to be rendered. If the path extends
/Users/admin/builder/spi-builder-workspace/Sources/BBLoader/BBMulticolorSpinnerView/BBMulticolorSpinnerView.swift:98:13: error: 'NSLayoutConstraint' is unavailable in watchOS
 96 |         guard let superview = superview else { return }
 97 |         if animationSize == .zero {
 98 |             NSLayoutConstraint.activate([
    |             `- error: 'NSLayoutConstraint' is unavailable in watchOS
 99 |                 widthAnchor.constraint(equalTo: superview.widthAnchor, multiplier: sizeWidthMultiplier),
100 |                 heightAnchor.constraint(equalTo: widthAnchor)
/Applications/Xcode-27.0.0-Release.Candidate.app/Contents/Developer/Platforms/WatchOS.platform/Developer/SDKs/WatchOS27.0.sdk/System/Library/Frameworks/UIKit.framework/Headers/NSLayoutConstraint.h:126:12: note: 'NSLayoutConstraint' has been explicitly marked unavailable here
124 |
125 | NSLAYOUTCONSTRAINT_EXTERN API_AVAILABLE(macos(10.7), ios(6.0), tvos(9.0)) API_UNAVAILABLE(watchos) NS_SWIFT_UI_ACTOR
126 | @interface NSLayoutConstraint : NSObject
    |            `- note: 'NSLayoutConstraint' has been explicitly marked unavailable here
127 |
128 | /* Create an array of constraints using an ASCII-art-like visual format string.  The values of the `metrics` dictionary should be NSNumber (or some other type that responds to -doubleValue and returns a double).
/Users/admin/builder/spi-builder-workspace/Sources/BBLoader/BBMulticolorSpinnerView/BBMulticolorSpinnerView.swift:103:13: error: 'NSLayoutConstraint' is unavailable in watchOS
101 |             ])
102 |         } else {
103 |             NSLayoutConstraint.activate([
    |             `- error: 'NSLayoutConstraint' is unavailable in watchOS
104 |                 widthAnchor.constraint(equalToConstant: animationSize.width),
105 |                 heightAnchor.constraint(equalToConstant: animationSize.height)
/Applications/Xcode-27.0.0-Release.Candidate.app/Contents/Developer/Platforms/WatchOS.platform/Developer/SDKs/WatchOS27.0.sdk/System/Library/Frameworks/UIKit.framework/Headers/NSLayoutConstraint.h:126:12: note: 'NSLayoutConstraint' has been explicitly marked unavailable here
124 |
125 | NSLAYOUTCONSTRAINT_EXTERN API_AVAILABLE(macos(10.7), ios(6.0), tvos(9.0)) API_UNAVAILABLE(watchos) NS_SWIFT_UI_ACTOR
126 | @interface NSLayoutConstraint : NSObject
    |            `- note: 'NSLayoutConstraint' has been explicitly marked unavailable here
127 |
128 | /* Create an array of constraints using an ASCII-art-like visual format string.  The values of the `metrics` dictionary should be NSNumber (or some other type that responds to -doubleValue and returns a double).
SwiftCompile normal arm64 /Users/admin/builder/spi-builder-workspace/Sources/BBLoader/BBMulticolorSpinnerView/BBMulticolorSpinnerView.swift (in target 'BBLoader' from project 'BBLoader')
    cd /Users/admin/builder/spi-builder-workspace/.swiftpm/xcode
    builtin-SwiftPerFileCompile BBMulticolorSpinnerView.swift
SwiftCompile normal arm64 Compiling\ BBRotatingAnimatingCubesHelpers.swift /Users/admin/builder/spi-builder-workspace/Sources/BBLoader/BBQuadRotatingSquaresToCircles/BBRotatingAnimatingCubesHelpers.swift (in target 'BBLoader' from project 'BBLoader')
/Users/admin/builder/spi-builder-workspace/Sources/BBLoader/BBQuadRotatingSquaresToCircles/BBRotatingAnimatingCubesHelpers.swift:27:11: error: 'CALayer' is unavailable in watchOS
25 | import UIKit
26 |
27 | extension CALayer {
   |           `- error: 'CALayer' is unavailable in watchOS
28 |
29 |     func rotationAnimation(angles: [CGFloat], duration: Double) {
/Applications/Xcode-27.0.0-Release.Candidate.app/Contents/Developer/Platforms/WatchOS.platform/Developer/SDKs/WatchOS27.0.sdk/System/Library/Frameworks/QuartzCore.framework/Headers/CALayer.h:117:12: note: 'CALayer' has been explicitly marked unavailable here
 115 |
 116 | API_AVAILABLE(macos(10.5), ios(2.0), tvos(9.0)) API_UNAVAILABLE(watchos)
 117 | @interface CALayer : NSObject <NSSecureCoding, CAMediaTiming>
     |            `- note: 'CALayer' has been explicitly marked unavailable here
 118 |
 119 | /** Layer creation and initialization. **/
/Users/admin/builder/spi-builder-workspace/Sources/BBLoader/BBQuadRotatingSquaresToCircles/BBRotatingAnimatingCubesHelpers.swift:45:11: error: 'CAShapeLayer' is unavailable in watchOS
43 | }
44 |
45 | extension CAShapeLayer {
   |           `- error: 'CAShapeLayer' is unavailable in watchOS
46 |
47 |     func animateCorners(duration: Double) {
/Applications/Xcode-27.0.0-Release.Candidate.app/Contents/Developer/Platforms/WatchOS.platform/Developer/SDKs/WatchOS27.0.sdk/System/Library/Frameworks/QuartzCore.framework/Headers/CAShapeLayer.h:40:12: note: 'CAShapeLayer' has been explicitly marked unavailable here
 38 |
 39 | API_AVAILABLE(macos(10.6), ios(3.0), tvos(9.0)) API_UNAVAILABLE(watchos)
 40 | @interface CAShapeLayer : CALayer
    |            `- note: 'CAShapeLayer' has been explicitly marked unavailable here
 41 |
 42 | /* The path defining the shape to be rendered. If the path extends
/Users/admin/builder/spi-builder-workspace/Sources/BBLoader/BBQuadRotatingSquaresToCircles/BBRotatingAnimatingCubesHelpers.swift:30:45: error: 'CAKeyframeAnimation' is unavailable in watchOS
28 |
29 |     func rotationAnimation(angles: [CGFloat], duration: Double) {
30 |         let rotationAnimation             = CAKeyframeAnimation(keyPath: "transform.rotation.z")
   |                                             `- error: 'CAKeyframeAnimation' is unavailable in watchOS
31 |         rotationAnimation.duration        = duration
32 |         rotationAnimation.timingFunction  = CAMediaTimingFunction(name: .linear)
/Applications/Xcode-27.0.0-Release.Candidate.app/Contents/Developer/Platforms/WatchOS.platform/Developer/SDKs/WatchOS27.0.sdk/System/Library/Frameworks/QuartzCore.framework/Headers/CAAnimation.h:166:12: note: 'CAKeyframeAnimation' has been explicitly marked unavailable here
164 |
165 | API_AVAILABLE(macos(10.5), ios(2.0), tvos(9.0)) API_UNAVAILABLE(watchos)
166 | @interface CAKeyframeAnimation : CAPropertyAnimation
    |            `- note: 'CAKeyframeAnimation' has been explicitly marked unavailable here
167 |
168 | /* An array of objects providing the value of the animation function for
/Users/admin/builder/spi-builder-workspace/Sources/BBLoader/BBQuadRotatingSquaresToCircles/BBRotatingAnimatingCubesHelpers.swift:32:45: error: 'CAMediaTimingFunction' is unavailable in watchOS
30 |         let rotationAnimation             = CAKeyframeAnimation(keyPath: "transform.rotation.z")
31 |         rotationAnimation.duration        = duration
32 |         rotationAnimation.timingFunction  = CAMediaTimingFunction(name: .linear)
   |                                             `- error: 'CAMediaTimingFunction' is unavailable in watchOS
33 |         rotationAnimation.repeatCount     = .infinity
34 |         rotationAnimation.values          = angles
/Applications/Xcode-27.0.0-Release.Candidate.app/Contents/Developer/Platforms/WatchOS.platform/Developer/SDKs/WatchOS27.0.sdk/System/Library/Frameworks/QuartzCore.framework/Headers/CAMediaTimingFunction.h:24:12: note: 'CAMediaTimingFunction' has been explicitly marked unavailable here
22 |
23 | API_AVAILABLE(macos(10.5), ios(2.0), tvos(9.0)) API_UNAVAILABLE(watchos)
24 | @interface CAMediaTimingFunction : NSObject <NSSecureCoding>
   |            `- note: 'CAMediaTimingFunction' has been explicitly marked unavailable here
25 | {
26 | @private
/Users/admin/builder/spi-builder-workspace/Sources/BBLoader/BBQuadRotatingSquaresToCircles/BBRotatingAnimatingCubesHelpers.swift:32:74: error: 'linear' is unavailable in watchOS
30 |         let rotationAnimation             = CAKeyframeAnimation(keyPath: "transform.rotation.z")
31 |         rotationAnimation.duration        = duration
32 |         rotationAnimation.timingFunction  = CAMediaTimingFunction(name: .linear)
   |                                                                          `- error: 'linear' is unavailable in watchOS
33 |         rotationAnimation.repeatCount     = .infinity
34 |         rotationAnimation.values          = angles
/Applications/Xcode-27.0.0-Release.Candidate.app/Contents/Developer/Platforms/WatchOS.platform/Developer/SDKs/WatchOS27.0.sdk/System/Library/Frameworks/QuartzCore.framework/Headers/CAMediaTimingFunction.h:54:43: note: 'linear' has been explicitly marked unavailable here
52 | /** Timing function names. **/
53 |
54 | CA_EXTERN CAMediaTimingFunctionName const kCAMediaTimingFunctionLinear
   |                                           `- note: 'linear' has been explicitly marked unavailable here
55 |     API_AVAILABLE(macos(10.5), ios(2.0), tvos(9.0)) API_UNAVAILABLE(watchos);
56 | CA_EXTERN CAMediaTimingFunctionName const kCAMediaTimingFunctionEaseIn
/Users/admin/builder/spi-builder-workspace/Sources/BBLoader/BBQuadRotatingSquaresToCircles/BBRotatingAnimatingCubesHelpers.swift:37:13: error: 'CAMediaTimingFunction' is unavailable in watchOS
35 |         rotationAnimation.keyTimes        = [0, 0.25, 0.5, 0.75, 1]
36 |         rotationAnimation.timingFunctions = [
37 |             CAMediaTimingFunction(name: .linear),
   |             `- error: 'CAMediaTimingFunction' is unavailable in watchOS
38 |             CAMediaTimingFunction(name: .easeOut),
39 |             CAMediaTimingFunction(name: .easeInEaseOut)
/Applications/Xcode-27.0.0-Release.Candidate.app/Contents/Developer/Platforms/WatchOS.platform/Developer/SDKs/WatchOS27.0.sdk/System/Library/Frameworks/QuartzCore.framework/Headers/CAMediaTimingFunction.h:24:12: note: 'CAMediaTimingFunction' has been explicitly marked unavailable here
22 |
23 | API_AVAILABLE(macos(10.5), ios(2.0), tvos(9.0)) API_UNAVAILABLE(watchos)
24 | @interface CAMediaTimingFunction : NSObject <NSSecureCoding>
   |            `- note: 'CAMediaTimingFunction' has been explicitly marked unavailable here
25 | {
26 | @private
/Users/admin/builder/spi-builder-workspace/Sources/BBLoader/BBQuadRotatingSquaresToCircles/BBRotatingAnimatingCubesHelpers.swift:37:42: error: 'linear' is unavailable in watchOS
35 |         rotationAnimation.keyTimes        = [0, 0.25, 0.5, 0.75, 1]
36 |         rotationAnimation.timingFunctions = [
37 |             CAMediaTimingFunction(name: .linear),
   |                                          `- error: 'linear' is unavailable in watchOS
38 |             CAMediaTimingFunction(name: .easeOut),
39 |             CAMediaTimingFunction(name: .easeInEaseOut)
/Applications/Xcode-27.0.0-Release.Candidate.app/Contents/Developer/Platforms/WatchOS.platform/Developer/SDKs/WatchOS27.0.sdk/System/Library/Frameworks/QuartzCore.framework/Headers/CAMediaTimingFunction.h:54:43: note: 'linear' has been explicitly marked unavailable here
52 | /** Timing function names. **/
53 |
54 | CA_EXTERN CAMediaTimingFunctionName const kCAMediaTimingFunctionLinear
   |                                           `- note: 'linear' has been explicitly marked unavailable here
55 |     API_AVAILABLE(macos(10.5), ios(2.0), tvos(9.0)) API_UNAVAILABLE(watchos);
56 | CA_EXTERN CAMediaTimingFunctionName const kCAMediaTimingFunctionEaseIn
/Users/admin/builder/spi-builder-workspace/Sources/BBLoader/BBQuadRotatingSquaresToCircles/BBRotatingAnimatingCubesHelpers.swift:38:13: error: 'CAMediaTimingFunction' is unavailable in watchOS
36 |         rotationAnimation.timingFunctions = [
37 |             CAMediaTimingFunction(name: .linear),
38 |             CAMediaTimingFunction(name: .easeOut),
   |             `- error: 'CAMediaTimingFunction' is unavailable in watchOS
39 |             CAMediaTimingFunction(name: .easeInEaseOut)
40 |         ]
/Applications/Xcode-27.0.0-Release.Candidate.app/Contents/Developer/Platforms/WatchOS.platform/Developer/SDKs/WatchOS27.0.sdk/System/Library/Frameworks/QuartzCore.framework/Headers/CAMediaTimingFunction.h:24:12: note: 'CAMediaTimingFunction' has been explicitly marked unavailable here
22 |
23 | API_AVAILABLE(macos(10.5), ios(2.0), tvos(9.0)) API_UNAVAILABLE(watchos)
24 | @interface CAMediaTimingFunction : NSObject <NSSecureCoding>
   |            `- note: 'CAMediaTimingFunction' has been explicitly marked unavailable here
25 | {
26 | @private
/Users/admin/builder/spi-builder-workspace/Sources/BBLoader/BBQuadRotatingSquaresToCircles/BBRotatingAnimatingCubesHelpers.swift:38:42: error: 'easeOut' is unavailable in watchOS
36 |         rotationAnimation.timingFunctions = [
37 |             CAMediaTimingFunction(name: .linear),
38 |             CAMediaTimingFunction(name: .easeOut),
   |                                          `- error: 'easeOut' is unavailable in watchOS
39 |             CAMediaTimingFunction(name: .easeInEaseOut)
40 |         ]
/Applications/Xcode-27.0.0-Release.Candidate.app/Contents/Developer/Platforms/WatchOS.platform/Developer/SDKs/WatchOS27.0.sdk/System/Library/Frameworks/QuartzCore.framework/Headers/CAMediaTimingFunction.h:58:43: note: 'easeOut' has been explicitly marked unavailable here
56 | CA_EXTERN CAMediaTimingFunctionName const kCAMediaTimingFunctionEaseIn
57 |     API_AVAILABLE(macos(10.5), ios(2.0), tvos(9.0)) API_UNAVAILABLE(watchos);
58 | CA_EXTERN CAMediaTimingFunctionName const kCAMediaTimingFunctionEaseOut
   |                                           `- note: 'easeOut' has been explicitly marked unavailable here
59 |     API_AVAILABLE(macos(10.5), ios(2.0), tvos(9.0)) API_UNAVAILABLE(watchos);
60 | CA_EXTERN CAMediaTimingFunctionName const kCAMediaTimingFunctionEaseInEaseOut
/Users/admin/builder/spi-builder-workspace/Sources/BBLoader/BBQuadRotatingSquaresToCircles/BBRotatingAnimatingCubesHelpers.swift:39:13: error: 'CAMediaTimingFunction' is unavailable in watchOS
37 |             CAMediaTimingFunction(name: .linear),
38 |             CAMediaTimingFunction(name: .easeOut),
39 |             CAMediaTimingFunction(name: .easeInEaseOut)
   |             `- error: 'CAMediaTimingFunction' is unavailable in watchOS
40 |         ]
41 |         add(rotationAnimation, forKey: "transform.rotation.z")
/Applications/Xcode-27.0.0-Release.Candidate.app/Contents/Developer/Platforms/WatchOS.platform/Developer/SDKs/WatchOS27.0.sdk/System/Library/Frameworks/QuartzCore.framework/Headers/CAMediaTimingFunction.h:24:12: note: 'CAMediaTimingFunction' has been explicitly marked unavailable here
22 |
23 | API_AVAILABLE(macos(10.5), ios(2.0), tvos(9.0)) API_UNAVAILABLE(watchos)
24 | @interface CAMediaTimingFunction : NSObject <NSSecureCoding>
   |            `- note: 'CAMediaTimingFunction' has been explicitly marked unavailable here
25 | {
26 | @private
/Users/admin/builder/spi-builder-workspace/Sources/BBLoader/BBQuadRotatingSquaresToCircles/BBRotatingAnimatingCubesHelpers.swift:39:42: error: 'easeInEaseOut' is unavailable in watchOS
37 |             CAMediaTimingFunction(name: .linear),
38 |             CAMediaTimingFunction(name: .easeOut),
39 |             CAMediaTimingFunction(name: .easeInEaseOut)
   |                                          `- error: 'easeInEaseOut' is unavailable in watchOS
40 |         ]
41 |         add(rotationAnimation, forKey: "transform.rotation.z")
/Applications/Xcode-27.0.0-Release.Candidate.app/Contents/Developer/Platforms/WatchOS.platform/Developer/SDKs/WatchOS27.0.sdk/System/Library/Frameworks/QuartzCore.framework/Headers/CAMediaTimingFunction.h:60:43: note: 'easeInEaseOut' has been explicitly marked unavailable here
58 | CA_EXTERN CAMediaTimingFunctionName const kCAMediaTimingFunctionEaseOut
59 |     API_AVAILABLE(macos(10.5), ios(2.0), tvos(9.0)) API_UNAVAILABLE(watchos);
60 | CA_EXTERN CAMediaTimingFunctionName const kCAMediaTimingFunctionEaseInEaseOut
   |                                           `- note: 'easeInEaseOut' has been explicitly marked unavailable here
61 |     API_AVAILABLE(macos(10.5), ios(2.0), tvos(9.0)) API_UNAVAILABLE(watchos);
62 | CA_EXTERN CAMediaTimingFunctionName const kCAMediaTimingFunctionDefault
/Users/admin/builder/spi-builder-workspace/Sources/BBLoader/BBQuadRotatingSquaresToCircles/BBRotatingAnimatingCubesHelpers.swift:48:36: error: 'CABasicAnimation' is unavailable in watchOS
46 |
47 |     func animateCorners(duration: Double) {
48 |         let animation            = CABasicAnimation(keyPath: "cornerRadius")
   |                                    `- error: 'CABasicAnimation' is unavailable in watchOS
49 |         animation.duration       = duration
50 |         animation.toValue        = 0.0
/Applications/Xcode-27.0.0-Release.Candidate.app/Contents/Developer/Platforms/WatchOS.platform/Developer/SDKs/WatchOS27.0.sdk/System/Library/Frameworks/QuartzCore.framework/Headers/CAAnimation.h:130:12: note: 'CABasicAnimation' has been explicitly marked unavailable here
128 |
129 | API_AVAILABLE(macos(10.5), ios(2.0), tvos(9.0)) API_UNAVAILABLE(watchos)
130 | @interface CABasicAnimation : CAPropertyAnimation
    |            `- note: 'CABasicAnimation' has been explicitly marked unavailable here
131 |
132 | /* The objects defining the property values being interpolated between.
/Users/admin/builder/spi-builder-workspace/Sources/BBLoader/BBQuadRotatingSquaresToCircles/BBRotatingAnimatingCubesHelpers.swift:52:36: error: 'CAMediaTimingFunction' is unavailable in watchOS
50 |         animation.toValue        = 0.0
51 |         animation.fromValue      = bounds.midY
52 |         animation.timingFunction = CAMediaTimingFunction(name: .easeInEaseOut)
   |                                    `- error: 'CAMediaTimingFunction' is unavailable in watchOS
53 |         animation.fillMode       = .forwards
54 |         animation.repeatCount    = .infinity
/Applications/Xcode-27.0.0-Release.Candidate.app/Contents/Developer/Platforms/WatchOS.platform/Developer/SDKs/WatchOS27.0.sdk/System/Library/Frameworks/QuartzCore.framework/Headers/CAMediaTimingFunction.h:24:12: note: 'CAMediaTimingFunction' has been explicitly marked unavailable here
22 |
23 | API_AVAILABLE(macos(10.5), ios(2.0), tvos(9.0)) API_UNAVAILABLE(watchos)
24 | @interface CAMediaTimingFunction : NSObject <NSSecureCoding>
   |            `- note: 'CAMediaTimingFunction' has been explicitly marked unavailable here
25 | {
26 | @private
/Users/admin/builder/spi-builder-workspace/Sources/BBLoader/BBQuadRotatingSquaresToCircles/BBRotatingAnimatingCubesHelpers.swift:52:65: error: 'easeInEaseOut' is unavailable in watchOS
50 |         animation.toValue        = 0.0
51 |         animation.fromValue      = bounds.midY
52 |         animation.timingFunction = CAMediaTimingFunction(name: .easeInEaseOut)
   |                                                                 `- error: 'easeInEaseOut' is unavailable in watchOS
53 |         animation.fillMode       = .forwards
54 |         animation.repeatCount    = .infinity
/Applications/Xcode-27.0.0-Release.Candidate.app/Contents/Developer/Platforms/WatchOS.platform/Developer/SDKs/WatchOS27.0.sdk/System/Library/Frameworks/QuartzCore.framework/Headers/CAMediaTimingFunction.h:60:43: note: 'easeInEaseOut' has been explicitly marked unavailable here
58 | CA_EXTERN CAMediaTimingFunctionName const kCAMediaTimingFunctionEaseOut
59 |     API_AVAILABLE(macos(10.5), ios(2.0), tvos(9.0)) API_UNAVAILABLE(watchos);
60 | CA_EXTERN CAMediaTimingFunctionName const kCAMediaTimingFunctionEaseInEaseOut
   |                                           `- note: 'easeInEaseOut' has been explicitly marked unavailable here
61 |     API_AVAILABLE(macos(10.5), ios(2.0), tvos(9.0)) API_UNAVAILABLE(watchos);
62 | CA_EXTERN CAMediaTimingFunctionName const kCAMediaTimingFunctionDefault
/Users/admin/builder/spi-builder-workspace/Sources/BBLoader/BBQuadRotatingSquaresToCircles/BBRotatingAnimatingCubesHelpers.swift:53:37: error: 'forwards' is unavailable in watchOS
51 |         animation.fromValue      = bounds.midY
52 |         animation.timingFunction = CAMediaTimingFunction(name: .easeInEaseOut)
53 |         animation.fillMode       = .forwards
   |                                     `- error: 'forwards' is unavailable in watchOS
54 |         animation.repeatCount    = .infinity
55 |         animation.autoreverses   = true
/Applications/Xcode-27.0.0-Release.Candidate.app/Contents/Developer/Platforms/WatchOS.platform/Developer/SDKs/WatchOS27.0.sdk/System/Library/Frameworks/QuartzCore.framework/Headers/CAMediaTiming.h:86:39: note: 'forwards' has been explicitly marked unavailable here
84 | /* `fillMode' options. */
85 |
86 | CA_EXTERN CAMediaTimingFillMode const kCAFillModeForwards
   |                                       `- note: 'forwards' has been explicitly marked unavailable here
87 |     API_AVAILABLE(macos(10.5), ios(2.0), tvos(9.0)) API_UNAVAILABLE(watchos);
88 | CA_EXTERN CAMediaTimingFillMode const kCAFillModeBackwards
/Users/admin/builder/spi-builder-workspace/Sources/BBLoader/BBQuadRotatingSquaresToCircles/BBRotatingAnimatingCubesHelpers.swift:60:36: error: 'CABasicAnimation' is unavailable in watchOS
58 |
59 |     func animatePosition(point: CGPoint, duration: Double) {
60 |         let animation            = CABasicAnimation(keyPath: "position")
   |                                    `- error: 'CABasicAnimation' is unavailable in watchOS
61 |         animation.fromValue      = position
62 |         animation.toValue        = point
/Applications/Xcode-27.0.0-Release.Candidate.app/Contents/Developer/Platforms/WatchOS.platform/Developer/SDKs/WatchOS27.0.sdk/System/Library/Frameworks/QuartzCore.framework/Headers/CAAnimation.h:130:12: note: 'CABasicAnimation' has been explicitly marked unavailable here
128 |
129 | API_AVAILABLE(macos(10.5), ios(2.0), tvos(9.0)) API_UNAVAILABLE(watchos)
130 | @interface CABasicAnimation : CAPropertyAnimation
    |            `- note: 'CABasicAnimation' has been explicitly marked unavailable here
131 |
132 | /* The objects defining the property values being interpolated between.
/Users/admin/builder/spi-builder-workspace/Sources/BBLoader/BBQuadRotatingSquaresToCircles/BBRotatingAnimatingCubesHelpers.swift:66:36: error: 'CAMediaTimingFunction' is unavailable in watchOS
64 |         animation.repeatCount    = .infinity
65 |         animation.autoreverses   = true
66 |         animation.timingFunction = CAMediaTimingFunction(name: .easeInEaseOut)
   |                                    `- error: 'CAMediaTimingFunction' is unavailable in watchOS
67 |         add(animation, forKey: "position")
68 |     }
/Applications/Xcode-27.0.0-Release.Candidate.app/Contents/Developer/Platforms/WatchOS.platform/Developer/SDKs/WatchOS27.0.sdk/System/Library/Frameworks/QuartzCore.framework/Headers/CAMediaTimingFunction.h:24:12: note: 'CAMediaTimingFunction' has been explicitly marked unavailable here
22 |
23 | API_AVAILABLE(macos(10.5), ios(2.0), tvos(9.0)) API_UNAVAILABLE(watchos)
24 | @interface CAMediaTimingFunction : NSObject <NSSecureCoding>
   |            `- note: 'CAMediaTimingFunction' has been explicitly marked unavailable here
25 | {
26 | @private
SwiftCompile normal arm64 /Users/admin/builder/spi-builder-workspace/Sources/BBLoader/BBQuadRotatingSquaresToCircles/BBRotatingAnimatingCubesHelpers.swift (in target 'BBLoader' from project 'BBLoader')
    cd /Users/admin/builder/spi-builder-workspace/.swiftpm/xcode
    builtin-SwiftPerFileCompile BBRotatingAnimatingCubesHelpers.swift
SwiftCompile normal arm64 Compiling\ BBAnimationType.swift /Users/admin/builder/spi-builder-workspace/Sources/BBLoader/BBAnimatedLoader/BBAnimationType.swift (in target 'BBLoader' from project 'BBLoader')
SwiftCompile normal arm64 /Users/admin/builder/spi-builder-workspace/Sources/BBLoader/BBAnimatedLoader/BBAnimationType.swift (in target 'BBLoader' from project 'BBLoader')
    cd /Users/admin/builder/spi-builder-workspace/.swiftpm/xcode
    builtin-SwiftPerFileCompile BBAnimationType.swift
SwiftCompile normal arm64 Compiling\ BBAnimatedLoader.swift /Users/admin/builder/spi-builder-workspace/Sources/BBLoader/BBAnimatedLoader/BBAnimatedLoader.swift (in target 'BBLoader' from project 'BBLoader')
/Users/admin/builder/spi-builder-workspace/Sources/BBLoader/BBAnimatedLoader/BBAnimatedLoader.swift:27:32: error: 'UIViewController' is unavailable in watchOS
25 | import UIKit
26 |
27 | public class BBAnimatedLoader: UIViewController {
   |                                `- error: 'UIViewController' is unavailable in watchOS
28 |
29 |     public var loadable: BBAnimatable
/Applications/Xcode-27.0.0-Release.Candidate.app/Contents/Developer/Platforms/WatchOS.platform/Developer/SDKs/WatchOS27.0.sdk/System/Library/Frameworks/UIKit.framework/Headers/UIViewController.h:104:12: note: 'UIViewController' has been explicitly marked unavailable here
102 |
103 | UIKIT_EXTERN API_AVAILABLE(ios(2.0)) API_UNAVAILABLE(watchos) NS_SWIFT_UI_ACTOR
104 | @interface UIViewController : UIResponder <NSCoding, UIAppearanceContainer, UITraitEnvironment, UIContentContainer, UIFocusEnvironment>
    |            `- note: 'UIViewController' has been explicitly marked unavailable here
105 |
106 | /*
/Users/admin/builder/spi-builder-workspace/Sources/BBLoader/BBAnimatedLoader/BBAnimatedLoader.swift:35:24: error: 'UIActivityIndicatorView' is unavailable in watchOS
33 |         switch type {
34 |         case .default:
35 |             loadable = UIActivityIndicatorView(style: .whiteLarge)
   |                        `- error: 'UIActivityIndicatorView' is unavailable in watchOS
36 |         case .multicolorSpinner:
37 |             loadable = BBMulticolorSpinnerView()
/Applications/Xcode-27.0.0-Release.Candidate.app/Contents/Developer/Platforms/WatchOS.platform/Developer/SDKs/WatchOS27.0.sdk/System/Library/Frameworks/UIKit.framework/Headers/UIActivityIndicatorView.h:24:12: note: 'UIActivityIndicatorView' has been explicitly marked unavailable here
22 |
23 | UIKIT_EXTERN API_AVAILABLE(ios(2.0)) API_UNAVAILABLE(watchos) NS_SWIFT_UI_ACTOR
24 | @interface UIActivityIndicatorView : UIView <NSCoding>
   |            `- note: 'UIActivityIndicatorView' has been explicitly marked unavailable here
25 |
26 | - (instancetype)initWithActivityIndicatorStyle:(UIActivityIndicatorViewStyle)style NS_DESIGNATED_INITIALIZER; // sizes the view according to the style
/Users/admin/builder/spi-builder-workspace/Sources/BBLoader/BBAnimatedLoader/BBAnimatedLoader.swift:35:56: error: 'whiteLarge' is unavailable in watchOS
33 |         switch type {
34 |         case .default:
35 |             loadable = UIActivityIndicatorView(style: .whiteLarge)
   |                                                        `- error: 'whiteLarge' is unavailable in watchOS
36 |         case .multicolorSpinner:
37 |             loadable = BBMulticolorSpinnerView()
UIKit.UIActivityIndicatorView.Style.whiteLarge:4:10: note: 'whiteLarge' has been explicitly marked unavailable here
2 |   enum Style {
3 | @available(watchOS, unavailable)
4 |     case whiteLarge  }
  |          `- note: 'whiteLarge' has been explicitly marked unavailable here
5 | }
6 |
/Users/admin/builder/spi-builder-workspace/Sources/BBLoader/BBAnimatedLoader/BBAnimatedLoader.swift:37:24: error: 'init()' is unavailable in watchOS
35 |             loadable = UIActivityIndicatorView(style: .whiteLarge)
36 |         case .multicolorSpinner:
37 |             loadable = BBMulticolorSpinnerView()
   |                        `- error: 'init()' is unavailable in watchOS
38 |         case .quadRotatingSquaresToCircles:
39 |             loadable = BBQuadRotatingSquaresToCircles()
/Applications/Xcode-27.0.0-Release.Candidate.app/Contents/Developer/Platforms/WatchOS.platform/Developer/SDKs/WatchOS27.0.sdk/System/Library/Frameworks/UIKit.framework/Headers/UIView.h:158:1: note: 'init()' has been explicitly marked unavailable here
156 | - (instancetype)initWithFrame:(CGRect)frame NS_DESIGNATED_INITIALIZER;
157 | - (nullable instancetype)initWithCoder:(NSCoder *)coder NS_DESIGNATED_INITIALIZER;
158 | - (instancetype)init API_AVAILABLE(ios(2.0), tvos(9.0), visionos(1.0)) API_UNAVAILABLE(watchos);
    | `- note: 'init()' has been explicitly marked unavailable here
159 |
160 | @property(nonatomic,getter=isUserInteractionEnabled) BOOL userInteractionEnabled;  // default is YES. if set to NO, user events (touch, keys) are ignored and removed from the event queue.
/Users/admin/builder/spi-builder-workspace/Sources/BBLoader/BBAnimatedLoader/BBAnimatedLoader.swift:39:24: error: 'init()' is unavailable in watchOS
37 |             loadable = BBMulticolorSpinnerView()
38 |         case .quadRotatingSquaresToCircles:
39 |             loadable = BBQuadRotatingSquaresToCircles()
   |                        `- error: 'init()' is unavailable in watchOS
40 |         }
41 |         super.init(nibName: nil, bundle: nil)
/Applications/Xcode-27.0.0-Release.Candidate.app/Contents/Developer/Platforms/WatchOS.platform/Developer/SDKs/WatchOS27.0.sdk/System/Library/Frameworks/UIKit.framework/Headers/UIView.h:158:1: note: 'init()' has been explicitly marked unavailable here
156 | - (instancetype)initWithFrame:(CGRect)frame NS_DESIGNATED_INITIALIZER;
157 | - (nullable instancetype)initWithCoder:(NSCoder *)coder NS_DESIGNATED_INITIALIZER;
158 | - (instancetype)init API_AVAILABLE(ios(2.0), tvos(9.0), visionos(1.0)) API_UNAVAILABLE(watchos);
    | `- note: 'init()' has been explicitly marked unavailable here
159 |
160 | @property(nonatomic,getter=isUserInteractionEnabled) BOOL userInteractionEnabled;  // default is YES. if set to NO, user events (touch, keys) are ignored and removed from the event queue.
/Users/admin/builder/spi-builder-workspace/Sources/BBLoader/BBAnimatedLoader/BBAnimatedLoader.swift:59:48: error: 'UIView' is unavailable in watchOS
57 |
58 |     private func setupAnimatingViewConstraints() {
59 |         guard let animatingView = loadable as? UIView else { return }
   |                                                `- error: 'UIView' is unavailable in watchOS
60 |         view.addSubview(animatingView)
61 |         animatingView.translatesAutoresizingMaskIntoConstraints = false
/Applications/Xcode-27.0.0-Release.Candidate.app/Contents/Developer/Platforms/WatchOS.platform/Developer/SDKs/WatchOS27.0.sdk/System/Library/Frameworks/UIKit.framework/Headers/UIView.h:152:12: note: 'UIView' has been explicitly marked unavailable here
150 |
151 | UIKIT_EXTERN API_AVAILABLE(ios(2.0)) API_UNAVAILABLE(watchos) NS_SWIFT_UI_ACTOR
152 | @interface UIView : UIResponder <NSCoding, UIAppearance, UIAppearanceContainer, UIDynamicItem, UITraitEnvironment, UICoordinateSpace, UIFocusItem, UIFocusItemContainer, CALayerDelegate>
    |            `- note: 'UIView' has been explicitly marked unavailable here
153 |
154 | @property(class, nonatomic, readonly) Class layerClass;                        // default is [CALayer class]. Used when creating the underlying layer for the view.
SwiftCompile normal arm64 /Users/admin/builder/spi-builder-workspace/Sources/BBLoader/BBAnimatedLoader/BBAnimatedLoader.swift (in target 'BBLoader' from project 'BBLoader')
    cd /Users/admin/builder/spi-builder-workspace/.swiftpm/xcode
    builtin-SwiftPerFileCompile BBAnimatedLoader.swift
SwiftCompile normal arm64 Compiling\ BBQuadRotatingSquaresToCircles.swift /Users/admin/builder/spi-builder-workspace/Sources/BBLoader/BBQuadRotatingSquaresToCircles/BBQuadRotatingSquaresToCircles.swift (in target 'BBLoader' from project 'BBLoader')
/Users/admin/builder/spi-builder-workspace/Sources/BBLoader/BBQuadRotatingSquaresToCircles/BBQuadRotatingSquaresToCircles.swift:55:33: error: 'CAShapeLayer' is unavailable in watchOS
 53 |
 54 |     /// Multiple shapes to be used for the animation.
 55 |     private var loaderShapes = [CAShapeLayer(), CAShapeLayer(), CAShapeLayer(), CAShapeLayer()]
    |                                 `- error: 'CAShapeLayer' is unavailable in watchOS
 56 |
 57 |     public override init(frame: CGRect) {
/Applications/Xcode-27.0.0-Release.Candidate.app/Contents/Developer/Platforms/WatchOS.platform/Developer/SDKs/WatchOS27.0.sdk/System/Library/Frameworks/QuartzCore.framework/Headers/CAShapeLayer.h:40:12: note: 'CAShapeLayer' has been explicitly marked unavailable here
 38 |
 39 | API_AVAILABLE(macos(10.6), ios(3.0), tvos(9.0)) API_UNAVAILABLE(watchos)
 40 | @interface CAShapeLayer : CALayer
    |            `- note: 'CAShapeLayer' has been explicitly marked unavailable here
 41 |
 42 | /* The path defining the shape to be rendered. If the path extends
/Users/admin/builder/spi-builder-workspace/Sources/BBLoader/BBQuadRotatingSquaresToCircles/BBQuadRotatingSquaresToCircles.swift:55:49: error: 'CAShapeLayer' is unavailable in watchOS
 53 |
 54 |     /// Multiple shapes to be used for the animation.
 55 |     private var loaderShapes = [CAShapeLayer(), CAShapeLayer(), CAShapeLayer(), CAShapeLayer()]
    |                                                 `- error: 'CAShapeLayer' is unavailable in watchOS
 56 |
 57 |     public override init(frame: CGRect) {
/Applications/Xcode-27.0.0-Release.Candidate.app/Contents/Developer/Platforms/WatchOS.platform/Developer/SDKs/WatchOS27.0.sdk/System/Library/Frameworks/QuartzCore.framework/Headers/CAShapeLayer.h:40:12: note: 'CAShapeLayer' has been explicitly marked unavailable here
 38 |
 39 | API_AVAILABLE(macos(10.6), ios(3.0), tvos(9.0)) API_UNAVAILABLE(watchos)
 40 | @interface CAShapeLayer : CALayer
    |            `- note: 'CAShapeLayer' has been explicitly marked unavailable here
 41 |
 42 | /* The path defining the shape to be rendered. If the path extends
/Users/admin/builder/spi-builder-workspace/Sources/BBLoader/BBQuadRotatingSquaresToCircles/BBQuadRotatingSquaresToCircles.swift:55:65: error: 'CAShapeLayer' is unavailable in watchOS
 53 |
 54 |     /// Multiple shapes to be used for the animation.
 55 |     private var loaderShapes = [CAShapeLayer(), CAShapeLayer(), CAShapeLayer(), CAShapeLayer()]
    |                                                                 `- error: 'CAShapeLayer' is unavailable in watchOS
 56 |
 57 |     public override init(frame: CGRect) {
/Applications/Xcode-27.0.0-Release.Candidate.app/Contents/Developer/Platforms/WatchOS.platform/Developer/SDKs/WatchOS27.0.sdk/System/Library/Frameworks/QuartzCore.framework/Headers/CAShapeLayer.h:40:12: note: 'CAShapeLayer' has been explicitly marked unavailable here
 38 |
 39 | API_AVAILABLE(macos(10.6), ios(3.0), tvos(9.0)) API_UNAVAILABLE(watchos)
 40 | @interface CAShapeLayer : CALayer
    |            `- note: 'CAShapeLayer' has been explicitly marked unavailable here
 41 |
 42 | /* The path defining the shape to be rendered. If the path extends
/Users/admin/builder/spi-builder-workspace/Sources/BBLoader/BBQuadRotatingSquaresToCircles/BBQuadRotatingSquaresToCircles.swift:55:81: error: 'CAShapeLayer' is unavailable in watchOS
 53 |
 54 |     /// Multiple shapes to be used for the animation.
 55 |     private var loaderShapes = [CAShapeLayer(), CAShapeLayer(), CAShapeLayer(), CAShapeLayer()]
    |                                                                                 `- error: 'CAShapeLayer' is unavailable in watchOS
 56 |
 57 |     public override init(frame: CGRect) {
/Applications/Xcode-27.0.0-Release.Candidate.app/Contents/Developer/Platforms/WatchOS.platform/Developer/SDKs/WatchOS27.0.sdk/System/Library/Frameworks/QuartzCore.framework/Headers/CAShapeLayer.h:40:12: note: 'CAShapeLayer' has been explicitly marked unavailable here
 38 |
 39 | API_AVAILABLE(macos(10.6), ios(3.0), tvos(9.0)) API_UNAVAILABLE(watchos)
 40 | @interface CAShapeLayer : CALayer
    |            `- note: 'CAShapeLayer' has been explicitly marked unavailable here
 41 |
 42 | /* The path defining the shape to be rendered. If the path extends
SwiftCompile normal arm64 /Users/admin/builder/spi-builder-workspace/Sources/BBLoader/BBQuadRotatingSquaresToCircles/BBQuadRotatingSquaresToCircles.swift (in target 'BBLoader' from project 'BBLoader')
    cd /Users/admin/builder/spi-builder-workspace/.swiftpm/xcode
    builtin-SwiftPerFileCompile BBQuadRotatingSquaresToCircles.swift
SwiftEmitModule normal arm64_32 Emitting\ module\ for\ BBLoader (in target 'BBLoader' from project 'BBLoader')
SwiftCompile normal arm64_32 (in target 'BBLoader' from project 'BBLoader')
    cd /Users/admin/builder/spi-builder-workspace/.swiftpm/xcode

PruneExplicitPrecompiledModules /Users/admin/builder/spi-builder-workspace/.derivedData/Build/Intermediates.noindex/ExplicitPrecompiledModules
PruneExplicitPrecompiledModules /Users/admin/builder/spi-builder-workspace/.derivedData/Build/Intermediates.noindex/SwiftExplicitPrecompiledModules
PruneExplicitPrecompiledModules /Users/admin/builder/spi-builder-workspace/.derivedData/SDKExplicitPrecompiledModules
2026-09-17 11:49:19.345 xcodebuild[724:4584] [MT] IDERunDestination: Supported platforms for the buildables in the current scheme is empty.
** BUILD FAILED **
The following build commands failed:
	SwiftCompile normal arm64 (in target 'BBLoader' from project 'BBLoader')
	SwiftEmitModule normal arm64 Emitting\ module\ for\ BBLoader (in target 'BBLoader' from project 'BBLoader')
	Building workspace BBLoader with scheme BBLoader
(3 failures)
Command line invocation:
    /Applications/Xcode-27.0.0-Release.Candidate.app/Contents/Developer/usr/bin/xcodebuild -IDEClonedSourcePackagesDirPathOverride=/Users/admin/builder/spi-builder-workspace/.dependencies -resolvePackageDependencies
Resolve Package Graph
Resolved source packages:
  BBLoader: /Users/admin/builder/spi-builder-workspace
resolved source packages: BBLoader
2026-09-17 11:49:25.271 xcodebuild[851:5056] [MT] IDERunDestination: Supported platforms for the buildables in the current scheme is empty.
{
  "dependencies" : [
  ],
  "manifest_display_name" : "BBLoader",
  "name" : "BBLoader",
  "path" : "/Users/admin/builder/spi-builder-workspace",
  "platforms" : [
    {
      "name" : "ios",
      "version" : "9.0"
    }
  ],
  "products" : [
    {
      "name" : "BBLoader",
      "targets" : [
        "BBLoader"
      ],
      "type" : {
        "library" : [
          "automatic"
        ]
      }
    }
  ],
  "targets" : [
    {
      "c99name" : "BBLoaderTests",
      "module_type" : "SwiftTarget",
      "name" : "BBLoaderTests",
      "path" : "Tests/BBLoaderTests",
      "sources" : [
        "BBLoaderTests.swift",
        "XCTestManifests.swift"
      ],
      "target_dependencies" : [
        "BBLoader"
      ],
      "type" : "test"
    },
    {
      "c99name" : "BBLoader",
      "module_type" : "SwiftTarget",
      "name" : "BBLoader",
      "path" : "Sources/BBLoader",
      "product_memberships" : [
        "BBLoader"
      ],
      "sources" : [
        "BBAnimatedLoader/BBAnimatedLoader.swift",
        "BBAnimatedLoader/BBAnimationType.swift",
        "BBMulticolorSpinnerView/BBMulticolorSpinnerView.swift",
        "BBQuadRotatingSquaresToCircles/BBQuadRotatingSquaresToCircles.swift",
        "BBQuadRotatingSquaresToCircles/BBRotatingAnimatingCubesHelpers.swift",
        "Main/BBLoader.swift",
        "Main/BBLoaderHelpers.swift",
        "Protocols/BBAnimatable.swift",
        "Protocols/BBLoaderPresentable.swift"
      ],
      "type" : "library"
    }
  ],
  "tools_version" : "5.1"
}
{
  "workspace" : {
    "name" : "BBLoader",
    "schemes" : [
      "BBLoader"
    ]
  }
}
2026-09-17 11:49:26.445 xcodebuild[859:5128] [MT] IDERunDestination: Supported platforms for the buildables in the current scheme is empty.
Running build ...
env DEVELOPER_DIR=/Applications/Xcode-27.0.0-Release.Candidate.app xcrun xcodebuild -IDEClonedSourcePackagesDirPathOverride=$PWD/.dependencies -skipMacroValidation -skipPackagePluginValidation -derivedDataPath $PWD/.derivedData build -scheme BBLoader -destination generic/platform=watchOS
Command line invocation:
    /Applications/Xcode-27.0.0-Release.Candidate.app/Contents/Developer/usr/bin/xcodebuild -IDEClonedSourcePackagesDirPathOverride=/Users/admin/builder/spi-builder-workspace/.dependencies -skipMacroValidation -skipPackagePluginValidation -derivedDataPath /Users/admin/builder/spi-builder-workspace/.derivedData build -scheme BBLoader -destination generic/platform=watchOS
Resolve Package Graph
Resolved source packages:
  BBLoader: /Users/admin/builder/spi-builder-workspace
ComputePackagePrebuildTargetDependencyGraph
Prepare packages
CreateBuildRequest
SendProjectDescription
CreateBuildOperation
ComputeTargetDependencyGraph
note: Building targets in dependency order
note: Target dependency graph (2 targets)
    Target 'BBLoader-product' in project 'BBLoader'
        ➜ Explicit dependency on target 'BBLoader' in project 'BBLoader'
    Target 'BBLoader' in project 'BBLoader' (no dependencies)
GatherProvisioningInputs
CreateBuildDescription
ClangStatCache /Applications/Xcode-27.0.0-Release.Candidate.app/Contents/Developer/Toolchains/XcodeDefault.xctoolchain/usr/bin/clang-stat-cache /Applications/Xcode-27.0.0-Release.Candidate.app/Contents/Developer/Platforms/WatchOS.platform/Developer/SDKs/WatchOS27.0.sdk /Users/admin/builder/spi-builder-workspace/.derivedData/SDKStatCaches.noindex/watchos27.0-24R360-e829b21a6f8c9b70876ba0858053c04477534ef55a1706bf4c1112bbb242f0a2.sdkstatcache
    cd /Users/admin/builder/spi-builder-workspace/.swiftpm/xcode
    /Applications/Xcode-27.0.0-Release.Candidate.app/Contents/Developer/Toolchains/XcodeDefault.xctoolchain/usr/bin/clang-stat-cache /Applications/Xcode-27.0.0-Release.Candidate.app/Contents/Developer/Platforms/WatchOS.platform/Developer/SDKs/WatchOS27.0.sdk -o /Users/admin/builder/spi-builder-workspace/.derivedData/SDKStatCaches.noindex/watchos27.0-24R360-e829b21a6f8c9b70876ba0858053c04477534ef55a1706bf4c1112bbb242f0a2.sdkstatcache
SwiftDriver BBLoader normal arm64 com.apple.xcode.tools.swift.compiler (in target 'BBLoader' from project 'BBLoader')
    cd /Users/admin/builder/spi-builder-workspace/.swiftpm/xcode
    builtin-SwiftDriver -- /Applications/Xcode-27.0.0-Release.Candidate.app/Contents/Developer/Toolchains/XcodeDefault.xctoolchain/usr/bin/swiftc -parse-as-library -module-name BBLoader -Onone @/Users/admin/builder/spi-builder-workspace/.derivedData/Build/Intermediates.noindex/BBLoader.build/Debug-watchos/BBLoader-t.build/Objects-normal/arm64/BBLoader.SwiftFileList -DSWIFT_PACKAGE -DDEBUG -DSWIFT_MODULE_RESOURCE_BUNDLE_UNAVAILABLE -DXcode -plugin-path /Applications/Xcode-27.0.0-Release.Candidate.app/Contents/Developer/Toolchains/XcodeDefault.xctoolchain/usr/lib/swift/host/plugins/testing -enable-experimental-feature DebugDescriptionMacro -sdk /Applications/Xcode-27.0.0-Release.Candidate.app/Contents/Developer/Platforms/WatchOS.platform/Developer/SDKs/WatchOS27.0.sdk -target arm64-apple-watchos9.0 -g -module-cache-path /Users/admin/builder/spi-builder-workspace/.derivedData/ModuleCache.noindex -Xfrontend -serialize-debugging-options -profile-coverage-mapping -profile-generate -enable-testing -index-store-path /Users/admin/builder/spi-builder-workspace/.derivedData/Index.noindex/DataStore -Xcc -D_LIBCPP_HARDENING_MODE\=_LIBCPP_HARDENING_MODE_DEBUG -swift-version 5 -I /Users/admin/builder/spi-builder-workspace/.derivedData/Build/Products/Debug-watchos -Isystem /Applications/Xcode-27.0.0-Release.Candidate.app/Contents/Developer/Platforms/WatchOS.platform/Developer/usr/lib -F /Users/admin/builder/spi-builder-workspace/.derivedData/Build/Products/Debug-watchos -F /Applications/Xcode-27.0.0-Release.Candidate.app/Contents/Developer/Platforms/WatchOS.platform/Developer/Library/Frameworks -F /Applications/Xcode-27.0.0-Release.Candidate.app/Contents/Developer/Platforms/WatchOS.platform/Developer/SDKs/WatchOS27.0.sdk/Developer/Library/Frameworks -c -j10 -enable-batch-mode -incremental -Xcc -ivfsstatcache -Xcc /Users/admin/builder/spi-builder-workspace/.derivedData/SDKStatCaches.noindex/watchos27.0-24R360-e829b21a6f8c9b70876ba0858053c04477534ef55a1706bf4c1112bbb242f0a2.sdkstatcache -output-file-map /Users/admin/builder/spi-builder-workspace/.derivedData/Build/Intermediates.noindex/BBLoader.build/Debug-watchos/BBLoader-t.build/Objects-normal/arm64/BBLoader-OutputFileMap.json -save-temps -no-color-diagnostics -explicit-module-build -module-cache-path /Users/admin/builder/spi-builder-workspace/.derivedData/Build/Intermediates.noindex/SwiftExplicitPrecompiledModules -clang-scanner-module-cache-path /Users/admin/builder/spi-builder-workspace/.derivedData/ModuleCache.noindex -sdk-module-cache-path /Users/admin/builder/spi-builder-workspace/.derivedData/SDKExplicitPrecompiledModules -emit-dependencies -emit-module -emit-module-path /Users/admin/builder/spi-builder-workspace/.derivedData/Build/Intermediates.noindex/BBLoader.build/Debug-watchos/BBLoader-t.build/Objects-normal/arm64/BBLoader.swiftmodule -serialize-diagnostics -dependency-scan-serialize-diagnostics-path /Users/admin/builder/spi-builder-workspace/.derivedData/Build/Intermediates.noindex/BBLoader.build/Debug-watchos/BBLoader-t.build/Objects-normal/arm64/BBLoader-dependency-scan.dia -validate-clang-modules-once -clang-build-session-file /Users/admin/builder/spi-builder-workspace/.derivedData/ModuleCache.noindex/Session.modulevalidation -Xcc -fmodules-prune-interval\=86400 -Xcc -fmodules-prune-after\=345600 -emit-const-values -const-gather-protocols-list /Users/admin/builder/spi-builder-workspace/.derivedData/Build/Intermediates.noindex/BBLoader.build/Debug-watchos/BBLoader-t.build/Objects-normal/arm64/BBLoader_const_extract_protocols.json -Xcc -I/Users/admin/builder/spi-builder-workspace/.derivedData/Build/Products/Debug-watchos/include -Xcc -I/Users/admin/builder/spi-builder-workspace/.derivedData/Build/Intermediates.noindex/BBLoader.build/Debug-watchos/BBLoader-t.build/DerivedSources-normal/arm64 -Xcc -I/Users/admin/builder/spi-builder-workspace/.derivedData/Build/Intermediates.noindex/BBLoader.build/Debug-watchos/BBLoader-t.build/DerivedSources/arm64 -Xcc -I/Users/admin/builder/spi-builder-workspace/.derivedData/Build/Intermediates.noindex/BBLoader.build/Debug-watchos/BBLoader-t.build/DerivedSources -Xcc -DSWIFT_PACKAGE -Xcc -DDEBUG\=1 -emit-objc-header -emit-objc-header-path /Users/admin/builder/spi-builder-workspace/.derivedData/Build/Intermediates.noindex/BBLoader.build/Debug-watchos/BBLoader-t.build/Objects-normal/arm64/BBLoader-Swift.h -working-directory /Users/admin/builder/spi-builder-workspace/.swiftpm/xcode -experimental-emit-module-separately -disable-cmo
SwiftDriver BBLoader normal arm64_32 com.apple.xcode.tools.swift.compiler (in target 'BBLoader' from project 'BBLoader')
    cd /Users/admin/builder/spi-builder-workspace/.swiftpm/xcode
    builtin-SwiftDriver -- /Applications/Xcode-27.0.0-Release.Candidate.app/Contents/Developer/Toolchains/XcodeDefault.xctoolchain/usr/bin/swiftc -parse-as-library -module-name BBLoader -Onone @/Users/admin/builder/spi-builder-workspace/.derivedData/Build/Intermediates.noindex/BBLoader.build/Debug-watchos/BBLoader-t.build/Objects-normal/arm64_32/BBLoader.SwiftFileList -DSWIFT_PACKAGE -DDEBUG -DSWIFT_MODULE_RESOURCE_BUNDLE_UNAVAILABLE -DXcode -plugin-path /Applications/Xcode-27.0.0-Release.Candidate.app/Contents/Developer/Toolchains/XcodeDefault.xctoolchain/usr/lib/swift/host/plugins/testing -enable-experimental-feature DebugDescriptionMacro -sdk /Applications/Xcode-27.0.0-Release.Candidate.app/Contents/Developer/Platforms/WatchOS.platform/Developer/SDKs/WatchOS27.0.sdk -target arm64_32-apple-watchos9.0 -g -module-cache-path /Users/admin/builder/spi-builder-workspace/.derivedData/ModuleCache.noindex -Xfrontend -serialize-debugging-options -profile-coverage-mapping -profile-generate -enable-testing -index-store-path /Users/admin/builder/spi-builder-workspace/.derivedData/Index.noindex/DataStore -Xcc -D_LIBCPP_HARDENING_MODE\=_LIBCPP_HARDENING_MODE_DEBUG -swift-version 5 -I /Users/admin/builder/spi-builder-workspace/.derivedData/Build/Products/Debug-watchos -Isystem /Applications/Xcode-27.0.0-Release.Candidate.app/Contents/Developer/Platforms/WatchOS.platform/Developer/usr/lib -F /Users/admin/builder/spi-builder-workspace/.derivedData/Build/Products/Debug-watchos -F /Applications/Xcode-27.0.0-Release.Candidate.app/Contents/Developer/Platforms/WatchOS.platform/Developer/Library/Frameworks -F /Applications/Xcode-27.0.0-Release.Candidate.app/Contents/Developer/Platforms/WatchOS.platform/Developer/SDKs/WatchOS27.0.sdk/Developer/Library/Frameworks -c -j10 -enable-batch-mode -incremental -Xcc -ivfsstatcache -Xcc /Users/admin/builder/spi-builder-workspace/.derivedData/SDKStatCaches.noindex/watchos27.0-24R360-e829b21a6f8c9b70876ba0858053c04477534ef55a1706bf4c1112bbb242f0a2.sdkstatcache -output-file-map /Users/admin/builder/spi-builder-workspace/.derivedData/Build/Intermediates.noindex/BBLoader.build/Debug-watchos/BBLoader-t.build/Objects-normal/arm64_32/BBLoader-OutputFileMap.json -save-temps -no-color-diagnostics -explicit-module-build -module-cache-path /Users/admin/builder/spi-builder-workspace/.derivedData/Build/Intermediates.noindex/SwiftExplicitPrecompiledModules -clang-scanner-module-cache-path /Users/admin/builder/spi-builder-workspace/.derivedData/ModuleCache.noindex -sdk-module-cache-path /Users/admin/builder/spi-builder-workspace/.derivedData/SDKExplicitPrecompiledModules -emit-dependencies -emit-module -emit-module-path /Users/admin/builder/spi-builder-workspace/.derivedData/Build/Intermediates.noindex/BBLoader.build/Debug-watchos/BBLoader-t.build/Objects-normal/arm64_32/BBLoader.swiftmodule -serialize-diagnostics -dependency-scan-serialize-diagnostics-path /Users/admin/builder/spi-builder-workspace/.derivedData/Build/Intermediates.noindex/BBLoader.build/Debug-watchos/BBLoader-t.build/Objects-normal/arm64_32/BBLoader-dependency-scan.dia -validate-clang-modules-once -clang-build-session-file /Users/admin/builder/spi-builder-workspace/.derivedData/ModuleCache.noindex/Session.modulevalidation -Xcc -fmodules-prune-interval\=86400 -Xcc -fmodules-prune-after\=345600 -emit-const-values -const-gather-protocols-list /Users/admin/builder/spi-builder-workspace/.derivedData/Build/Intermediates.noindex/BBLoader.build/Debug-watchos/BBLoader-t.build/Objects-normal/arm64_32/BBLoader_const_extract_protocols.json -Xcc -I/Users/admin/builder/spi-builder-workspace/.derivedData/Build/Products/Debug-watchos/include -Xcc -I/Users/admin/builder/spi-builder-workspace/.derivedData/Build/Intermediates.noindex/BBLoader.build/Debug-watchos/BBLoader-t.build/DerivedSources-normal/arm64_32 -Xcc -I/Users/admin/builder/spi-builder-workspace/.derivedData/Build/Intermediates.noindex/BBLoader.build/Debug-watchos/BBLoader-t.build/DerivedSources/arm64_32 -Xcc -I/Users/admin/builder/spi-builder-workspace/.derivedData/Build/Intermediates.noindex/BBLoader.build/Debug-watchos/BBLoader-t.build/DerivedSources -Xcc -DSWIFT_PACKAGE -Xcc -DDEBUG\=1 -emit-objc-header -emit-objc-header-path /Users/admin/builder/spi-builder-workspace/.derivedData/Build/Intermediates.noindex/BBLoader.build/Debug-watchos/BBLoader-t.build/Objects-normal/arm64_32/BBLoader-Swift.h -working-directory /Users/admin/builder/spi-builder-workspace/.swiftpm/xcode -experimental-emit-module-separately -disable-cmo
SwiftCompile normal arm64 Compiling\ BBAnimationType.swift /Users/admin/builder/spi-builder-workspace/Sources/BBLoader/BBAnimatedLoader/BBAnimationType.swift (in target 'BBLoader' from project 'BBLoader')
SwiftCompile normal arm64 /Users/admin/builder/spi-builder-workspace/Sources/BBLoader/BBAnimatedLoader/BBAnimationType.swift (in target 'BBLoader' from project 'BBLoader')
    cd /Users/admin/builder/spi-builder-workspace/.swiftpm/xcode
    builtin-SwiftPerFileCompile BBAnimationType.swift
SwiftCompile normal arm64 Compiling\ BBQuadRotatingSquaresToCircles.swift /Users/admin/builder/spi-builder-workspace/Sources/BBLoader/BBQuadRotatingSquaresToCircles/BBQuadRotatingSquaresToCircles.swift (in target 'BBLoader' from project 'BBLoader')
/Users/admin/builder/spi-builder-workspace/Sources/BBLoader/BBQuadRotatingSquaresToCircles/BBQuadRotatingSquaresToCircles.swift:55:33: error: 'CAShapeLayer' is unavailable in watchOS
 53 |
 54 |     /// Multiple shapes to be used for the animation.
 55 |     private var loaderShapes = [CAShapeLayer(), CAShapeLayer(), CAShapeLayer(), CAShapeLayer()]
    |                                 `- error: 'CAShapeLayer' is unavailable in watchOS
 56 |
 57 |     public override init(frame: CGRect) {
/Applications/Xcode-27.0.0-Release.Candidate.app/Contents/Developer/Platforms/WatchOS.platform/Developer/SDKs/WatchOS27.0.sdk/System/Library/Frameworks/QuartzCore.framework/Headers/CAShapeLayer.h:40:12: note: 'CAShapeLayer' has been explicitly marked unavailable here
 38 |
 39 | API_AVAILABLE(macos(10.6), ios(3.0), tvos(9.0)) API_UNAVAILABLE(watchos)
 40 | @interface CAShapeLayer : CALayer
    |            `- note: 'CAShapeLayer' has been explicitly marked unavailable here
 41 |
 42 | /* The path defining the shape to be rendered. If the path extends
/Users/admin/builder/spi-builder-workspace/Sources/BBLoader/BBQuadRotatingSquaresToCircles/BBQuadRotatingSquaresToCircles.swift:55:49: error: 'CAShapeLayer' is unavailable in watchOS
 53 |
 54 |     /// Multiple shapes to be used for the animation.
 55 |     private var loaderShapes = [CAShapeLayer(), CAShapeLayer(), CAShapeLayer(), CAShapeLayer()]
    |                                                 `- error: 'CAShapeLayer' is unavailable in watchOS
 56 |
 57 |     public override init(frame: CGRect) {
/Applications/Xcode-27.0.0-Release.Candidate.app/Contents/Developer/Platforms/WatchOS.platform/Developer/SDKs/WatchOS27.0.sdk/System/Library/Frameworks/QuartzCore.framework/Headers/CAShapeLayer.h:40:12: note: 'CAShapeLayer' has been explicitly marked unavailable here
 38 |
 39 | API_AVAILABLE(macos(10.6), ios(3.0), tvos(9.0)) API_UNAVAILABLE(watchos)
 40 | @interface CAShapeLayer : CALayer
    |            `- note: 'CAShapeLayer' has been explicitly marked unavailable here
 41 |
 42 | /* The path defining the shape to be rendered. If the path extends
/Users/admin/builder/spi-builder-workspace/Sources/BBLoader/BBQuadRotatingSquaresToCircles/BBQuadRotatingSquaresToCircles.swift:55:65: error: 'CAShapeLayer' is unavailable in watchOS
 53 |
 54 |     /// Multiple shapes to be used for the animation.
 55 |     private var loaderShapes = [CAShapeLayer(), CAShapeLayer(), CAShapeLayer(), CAShapeLayer()]
    |                                                                 `- error: 'CAShapeLayer' is unavailable in watchOS
 56 |
 57 |     public override init(frame: CGRect) {
/Applications/Xcode-27.0.0-Release.Candidate.app/Contents/Developer/Platforms/WatchOS.platform/Developer/SDKs/WatchOS27.0.sdk/System/Library/Frameworks/QuartzCore.framework/Headers/CAShapeLayer.h:40:12: note: 'CAShapeLayer' has been explicitly marked unavailable here
 38 |
 39 | API_AVAILABLE(macos(10.6), ios(3.0), tvos(9.0)) API_UNAVAILABLE(watchos)
 40 | @interface CAShapeLayer : CALayer
    |            `- note: 'CAShapeLayer' has been explicitly marked unavailable here
 41 |
 42 | /* The path defining the shape to be rendered. If the path extends
/Users/admin/builder/spi-builder-workspace/Sources/BBLoader/BBQuadRotatingSquaresToCircles/BBQuadRotatingSquaresToCircles.swift:55:81: error: 'CAShapeLayer' is unavailable in watchOS
 53 |
 54 |     /// Multiple shapes to be used for the animation.
 55 |     private var loaderShapes = [CAShapeLayer(), CAShapeLayer(), CAShapeLayer(), CAShapeLayer()]
    |                                                                                 `- error: 'CAShapeLayer' is unavailable in watchOS
 56 |
 57 |     public override init(frame: CGRect) {
/Applications/Xcode-27.0.0-Release.Candidate.app/Contents/Developer/Platforms/WatchOS.platform/Developer/SDKs/WatchOS27.0.sdk/System/Library/Frameworks/QuartzCore.framework/Headers/CAShapeLayer.h:40:12: note: 'CAShapeLayer' has been explicitly marked unavailable here
 38 |
 39 | API_AVAILABLE(macos(10.6), ios(3.0), tvos(9.0)) API_UNAVAILABLE(watchos)
 40 | @interface CAShapeLayer : CALayer
    |            `- note: 'CAShapeLayer' has been explicitly marked unavailable here
 41 |
 42 | /* The path defining the shape to be rendered. If the path extends
/Users/admin/builder/spi-builder-workspace/Sources/BBLoader/BBQuadRotatingSquaresToCircles/BBQuadRotatingSquaresToCircles.swift:27:46: error: 'UIView' is unavailable in watchOS
 25 | import UIKit
 26 |
 27 | public class BBQuadRotatingSquaresToCircles: UIView {
    |                                              `- error: 'UIView' is unavailable in watchOS
 28 |
 29 |     /// Animation cycle duration.
/Applications/Xcode-27.0.0-Release.Candidate.app/Contents/Developer/Platforms/WatchOS.platform/Developer/SDKs/WatchOS27.0.sdk/System/Library/Frameworks/UIKit.framework/Headers/UIView.h:152:12: note: 'UIView' has been explicitly marked unavailable here
150 |
151 | UIKIT_EXTERN API_AVAILABLE(ios(2.0)) API_UNAVAILABLE(watchos) NS_SWIFT_UI_ACTOR
152 | @interface UIView : UIResponder <NSCoding, UIAppearance, UIAppearanceContainer, UIDynamicItem, UITraitEnvironment, UICoordinateSpace, UIFocusItem, UIFocusItemContainer, CALayerDelegate>
    |            `- note: 'UIView' has been explicitly marked unavailable here
153 |
154 | @property(class, nonatomic, readonly) Class layerClass;                        // default is [CALayer class]. Used when creating the underlying layer for the view.
/Users/admin/builder/spi-builder-workspace/Sources/BBLoader/BBQuadRotatingSquaresToCircles/BBQuadRotatingSquaresToCircles.swift:115:13: error: 'NSLayoutConstraint' is unavailable in watchOS
113 |         guard let superview = superview else { return }
114 |         if animationSize == .zero {
115 |             NSLayoutConstraint.activate([
    |             `- error: 'NSLayoutConstraint' is unavailable in watchOS
116 |                 widthAnchor.constraint(equalTo: superview.widthAnchor, multiplier: sizeWidthMultiplier),
117 |                 heightAnchor.constraint(equalTo: widthAnchor)
/Applications/Xcode-27.0.0-Release.Candidate.app/Contents/Developer/Platforms/WatchOS.platform/Developer/SDKs/WatchOS27.0.sdk/System/Library/Frameworks/UIKit.framework/Headers/NSLayoutConstraint.h:126:12: note: 'NSLayoutConstraint' has been explicitly marked unavailable here
124 |
125 | NSLAYOUTCONSTRAINT_EXTERN API_AVAILABLE(macos(10.7), ios(6.0), tvos(9.0)) API_UNAVAILABLE(watchos) NS_SWIFT_UI_ACTOR
126 | @interface NSLayoutConstraint : NSObject
    |            `- note: 'NSLayoutConstraint' has been explicitly marked unavailable here
127 |
128 | /* Create an array of constraints using an ASCII-art-like visual format string.  The values of the `metrics` dictionary should be NSNumber (or some other type that responds to -doubleValue and returns a double).
SwiftCompile normal arm64 /Users/admin/builder/spi-builder-workspace/Sources/BBLoader/BBQuadRotatingSquaresToCircles/BBQuadRotatingSquaresToCircles.swift (in target 'BBLoader' from project 'BBLoader')
    cd /Users/admin/builder/spi-builder-workspace/.swiftpm/xcode
    builtin-SwiftPerFileCompile BBQuadRotatingSquaresToCircles.swift
SwiftCompile normal arm64 Compiling\ BBRotatingAnimatingCubesHelpers.swift /Users/admin/builder/spi-builder-workspace/Sources/BBLoader/BBQuadRotatingSquaresToCircles/BBRotatingAnimatingCubesHelpers.swift (in target 'BBLoader' from project 'BBLoader')
/Users/admin/builder/spi-builder-workspace/Sources/BBLoader/BBQuadRotatingSquaresToCircles/BBRotatingAnimatingCubesHelpers.swift:27:11: error: 'CALayer' is unavailable in watchOS
25 | import UIKit
26 |
27 | extension CALayer {
   |           `- error: 'CALayer' is unavailable in watchOS
28 |
29 |     func rotationAnimation(angles: [CGFloat], duration: Double) {
/Applications/Xcode-27.0.0-Release.Candidate.app/Contents/Developer/Platforms/WatchOS.platform/Developer/SDKs/WatchOS27.0.sdk/System/Library/Frameworks/QuartzCore.framework/Headers/CALayer.h:117:12: note: 'CALayer' has been explicitly marked unavailable here
 115 |
 116 | API_AVAILABLE(macos(10.5), ios(2.0), tvos(9.0)) API_UNAVAILABLE(watchos)
 117 | @interface CALayer : NSObject <NSSecureCoding, CAMediaTiming>
     |            `- note: 'CALayer' has been explicitly marked unavailable here
 118 |
 119 | /** Layer creation and initialization. **/
/Users/admin/builder/spi-builder-workspace/Sources/BBLoader/BBQuadRotatingSquaresToCircles/BBRotatingAnimatingCubesHelpers.swift:45:11: error: 'CAShapeLayer' is unavailable in watchOS
43 | }
44 |
45 | extension CAShapeLayer {
   |           `- error: 'CAShapeLayer' is unavailable in watchOS
46 |
47 |     func animateCorners(duration: Double) {
/Applications/Xcode-27.0.0-Release.Candidate.app/Contents/Developer/Platforms/WatchOS.platform/Developer/SDKs/WatchOS27.0.sdk/System/Library/Frameworks/QuartzCore.framework/Headers/CAShapeLayer.h:40:12: note: 'CAShapeLayer' has been explicitly marked unavailable here
 38 |
 39 | API_AVAILABLE(macos(10.6), ios(3.0), tvos(9.0)) API_UNAVAILABLE(watchos)
 40 | @interface CAShapeLayer : CALayer
    |            `- note: 'CAShapeLayer' has been explicitly marked unavailable here
 41 |
 42 | /* The path defining the shape to be rendered. If the path extends
/Users/admin/builder/spi-builder-workspace/Sources/BBLoader/BBQuadRotatingSquaresToCircles/BBRotatingAnimatingCubesHelpers.swift:30:45: error: 'CAKeyframeAnimation' is unavailable in watchOS
28 |
29 |     func rotationAnimation(angles: [CGFloat], duration: Double) {
30 |         let rotationAnimation             = CAKeyframeAnimation(keyPath: "transform.rotation.z")
   |                                             `- error: 'CAKeyframeAnimation' is unavailable in watchOS
31 |         rotationAnimation.duration        = duration
32 |         rotationAnimation.timingFunction  = CAMediaTimingFunction(name: .linear)
/Applications/Xcode-27.0.0-Release.Candidate.app/Contents/Developer/Platforms/WatchOS.platform/Developer/SDKs/WatchOS27.0.sdk/System/Library/Frameworks/QuartzCore.framework/Headers/CAAnimation.h:166:12: note: 'CAKeyframeAnimation' has been explicitly marked unavailable here
164 |
165 | API_AVAILABLE(macos(10.5), ios(2.0), tvos(9.0)) API_UNAVAILABLE(watchos)
166 | @interface CAKeyframeAnimation : CAPropertyAnimation
    |            `- note: 'CAKeyframeAnimation' has been explicitly marked unavailable here
167 |
168 | /* An array of objects providing the value of the animation function for
/Users/admin/builder/spi-builder-workspace/Sources/BBLoader/BBQuadRotatingSquaresToCircles/BBRotatingAnimatingCubesHelpers.swift:32:45: error: 'CAMediaTimingFunction' is unavailable in watchOS
30 |         let rotationAnimation             = CAKeyframeAnimation(keyPath: "transform.rotation.z")
31 |         rotationAnimation.duration        = duration
32 |         rotationAnimation.timingFunction  = CAMediaTimingFunction(name: .linear)
   |                                             `- error: 'CAMediaTimingFunction' is unavailable in watchOS
33 |         rotationAnimation.repeatCount     = .infinity
34 |         rotationAnimation.values          = angles
/Applications/Xcode-27.0.0-Release.Candidate.app/Contents/Developer/Platforms/WatchOS.platform/Developer/SDKs/WatchOS27.0.sdk/System/Library/Frameworks/QuartzCore.framework/Headers/CAMediaTimingFunction.h:24:12: note: 'CAMediaTimingFunction' has been explicitly marked unavailable here
22 |
23 | API_AVAILABLE(macos(10.5), ios(2.0), tvos(9.0)) API_UNAVAILABLE(watchos)
24 | @interface CAMediaTimingFunction : NSObject <NSSecureCoding>
   |            `- note: 'CAMediaTimingFunction' has been explicitly marked unavailable here
25 | {
26 | @private
/Users/admin/builder/spi-builder-workspace/Sources/BBLoader/BBQuadRotatingSquaresToCircles/BBRotatingAnimatingCubesHelpers.swift:32:74: error: 'linear' is unavailable in watchOS
30 |         let rotationAnimation             = CAKeyframeAnimation(keyPath: "transform.rotation.z")
31 |         rotationAnimation.duration        = duration
32 |         rotationAnimation.timingFunction  = CAMediaTimingFunction(name: .linear)
   |                                                                          `- error: 'linear' is unavailable in watchOS
33 |         rotationAnimation.repeatCount     = .infinity
34 |         rotationAnimation.values          = angles
/Applications/Xcode-27.0.0-Release.Candidate.app/Contents/Developer/Platforms/WatchOS.platform/Developer/SDKs/WatchOS27.0.sdk/System/Library/Frameworks/QuartzCore.framework/Headers/CAMediaTimingFunction.h:54:43: note: 'linear' has been explicitly marked unavailable here
52 | /** Timing function names. **/
53 |
54 | CA_EXTERN CAMediaTimingFunctionName const kCAMediaTimingFunctionLinear
   |                                           `- note: 'linear' has been explicitly marked unavailable here
55 |     API_AVAILABLE(macos(10.5), ios(2.0), tvos(9.0)) API_UNAVAILABLE(watchos);
56 | CA_EXTERN CAMediaTimingFunctionName const kCAMediaTimingFunctionEaseIn
/Users/admin/builder/spi-builder-workspace/Sources/BBLoader/BBQuadRotatingSquaresToCircles/BBRotatingAnimatingCubesHelpers.swift:37:13: error: 'CAMediaTimingFunction' is unavailable in watchOS
35 |         rotationAnimation.keyTimes        = [0, 0.25, 0.5, 0.75, 1]
36 |         rotationAnimation.timingFunctions = [
37 |             CAMediaTimingFunction(name: .linear),
   |             `- error: 'CAMediaTimingFunction' is unavailable in watchOS
38 |             CAMediaTimingFunction(name: .easeOut),
39 |             CAMediaTimingFunction(name: .easeInEaseOut)
/Applications/Xcode-27.0.0-Release.Candidate.app/Contents/Developer/Platforms/WatchOS.platform/Developer/SDKs/WatchOS27.0.sdk/System/Library/Frameworks/QuartzCore.framework/Headers/CAMediaTimingFunction.h:24:12: note: 'CAMediaTimingFunction' has been explicitly marked unavailable here
22 |
23 | API_AVAILABLE(macos(10.5), ios(2.0), tvos(9.0)) API_UNAVAILABLE(watchos)
24 | @interface CAMediaTimingFunction : NSObject <NSSecureCoding>
   |            `- note: 'CAMediaTimingFunction' has been explicitly marked unavailable here
25 | {
26 | @private
/Users/admin/builder/spi-builder-workspace/Sources/BBLoader/BBQuadRotatingSquaresToCircles/BBRotatingAnimatingCubesHelpers.swift:37:42: error: 'linear' is unavailable in watchOS
35 |         rotationAnimation.keyTimes        = [0, 0.25, 0.5, 0.75, 1]
36 |         rotationAnimation.timingFunctions = [
37 |             CAMediaTimingFunction(name: .linear),
   |                                          `- error: 'linear' is unavailable in watchOS
38 |             CAMediaTimingFunction(name: .easeOut),
39 |             CAMediaTimingFunction(name: .easeInEaseOut)
/Applications/Xcode-27.0.0-Release.Candidate.app/Contents/Developer/Platforms/WatchOS.platform/Developer/SDKs/WatchOS27.0.sdk/System/Library/Frameworks/QuartzCore.framework/Headers/CAMediaTimingFunction.h:54:43: note: 'linear' has been explicitly marked unavailable here
52 | /** Timing function names. **/
53 |
54 | CA_EXTERN CAMediaTimingFunctionName const kCAMediaTimingFunctionLinear
   |                                           `- note: 'linear' has been explicitly marked unavailable here
55 |     API_AVAILABLE(macos(10.5), ios(2.0), tvos(9.0)) API_UNAVAILABLE(watchos);
56 | CA_EXTERN CAMediaTimingFunctionName const kCAMediaTimingFunctionEaseIn
/Users/admin/builder/spi-builder-workspace/Sources/BBLoader/BBQuadRotatingSquaresToCircles/BBRotatingAnimatingCubesHelpers.swift:38:13: error: 'CAMediaTimingFunction' is unavailable in watchOS
36 |         rotationAnimation.timingFunctions = [
37 |             CAMediaTimingFunction(name: .linear),
38 |             CAMediaTimingFunction(name: .easeOut),
   |             `- error: 'CAMediaTimingFunction' is unavailable in watchOS
39 |             CAMediaTimingFunction(name: .easeInEaseOut)
40 |         ]
/Applications/Xcode-27.0.0-Release.Candidate.app/Contents/Developer/Platforms/WatchOS.platform/Developer/SDKs/WatchOS27.0.sdk/System/Library/Frameworks/QuartzCore.framework/Headers/CAMediaTimingFunction.h:24:12: note: 'CAMediaTimingFunction' has been explicitly marked unavailable here
22 |
23 | API_AVAILABLE(macos(10.5), ios(2.0), tvos(9.0)) API_UNAVAILABLE(watchos)
24 | @interface CAMediaTimingFunction : NSObject <NSSecureCoding>
   |            `- note: 'CAMediaTimingFunction' has been explicitly marked unavailable here
25 | {
26 | @private
/Users/admin/builder/spi-builder-workspace/Sources/BBLoader/BBQuadRotatingSquaresToCircles/BBRotatingAnimatingCubesHelpers.swift:38:42: error: 'easeOut' is unavailable in watchOS
36 |         rotationAnimation.timingFunctions = [
37 |             CAMediaTimingFunction(name: .linear),
38 |             CAMediaTimingFunction(name: .easeOut),
   |                                          `- error: 'easeOut' is unavailable in watchOS
39 |             CAMediaTimingFunction(name: .easeInEaseOut)
40 |         ]
/Applications/Xcode-27.0.0-Release.Candidate.app/Contents/Developer/Platforms/WatchOS.platform/Developer/SDKs/WatchOS27.0.sdk/System/Library/Frameworks/QuartzCore.framework/Headers/CAMediaTimingFunction.h:58:43: note: 'easeOut' has been explicitly marked unavailable here
56 | CA_EXTERN CAMediaTimingFunctionName const kCAMediaTimingFunctionEaseIn
57 |     API_AVAILABLE(macos(10.5), ios(2.0), tvos(9.0)) API_UNAVAILABLE(watchos);
58 | CA_EXTERN CAMediaTimingFunctionName const kCAMediaTimingFunctionEaseOut
   |                                           `- note: 'easeOut' has been explicitly marked unavailable here
59 |     API_AVAILABLE(macos(10.5), ios(2.0), tvos(9.0)) API_UNAVAILABLE(watchos);
60 | CA_EXTERN CAMediaTimingFunctionName const kCAMediaTimingFunctionEaseInEaseOut
/Users/admin/builder/spi-builder-workspace/Sources/BBLoader/BBQuadRotatingSquaresToCircles/BBRotatingAnimatingCubesHelpers.swift:39:13: error: 'CAMediaTimingFunction' is unavailable in watchOS
37 |             CAMediaTimingFunction(name: .linear),
38 |             CAMediaTimingFunction(name: .easeOut),
39 |             CAMediaTimingFunction(name: .easeInEaseOut)
   |             `- error: 'CAMediaTimingFunction' is unavailable in watchOS
40 |         ]
41 |         add(rotationAnimation, forKey: "transform.rotation.z")
/Applications/Xcode-27.0.0-Release.Candidate.app/Contents/Developer/Platforms/WatchOS.platform/Developer/SDKs/WatchOS27.0.sdk/System/Library/Frameworks/QuartzCore.framework/Headers/CAMediaTimingFunction.h:24:12: note: 'CAMediaTimingFunction' has been explicitly marked unavailable here
22 |
23 | API_AVAILABLE(macos(10.5), ios(2.0), tvos(9.0)) API_UNAVAILABLE(watchos)
24 | @interface CAMediaTimingFunction : NSObject <NSSecureCoding>
   |            `- note: 'CAMediaTimingFunction' has been explicitly marked unavailable here
25 | {
26 | @private
/Users/admin/builder/spi-builder-workspace/Sources/BBLoader/BBQuadRotatingSquaresToCircles/BBRotatingAnimatingCubesHelpers.swift:39:42: error: 'easeInEaseOut' is unavailable in watchOS
37 |             CAMediaTimingFunction(name: .linear),
38 |             CAMediaTimingFunction(name: .easeOut),
39 |             CAMediaTimingFunction(name: .easeInEaseOut)
   |                                          `- error: 'easeInEaseOut' is unavailable in watchOS
40 |         ]
41 |         add(rotationAnimation, forKey: "transform.rotation.z")
/Applications/Xcode-27.0.0-Release.Candidate.app/Contents/Developer/Platforms/WatchOS.platform/Developer/SDKs/WatchOS27.0.sdk/System/Library/Frameworks/QuartzCore.framework/Headers/CAMediaTimingFunction.h:60:43: note: 'easeInEaseOut' has been explicitly marked unavailable here
58 | CA_EXTERN CAMediaTimingFunctionName const kCAMediaTimingFunctionEaseOut
59 |     API_AVAILABLE(macos(10.5), ios(2.0), tvos(9.0)) API_UNAVAILABLE(watchos);
60 | CA_EXTERN CAMediaTimingFunctionName const kCAMediaTimingFunctionEaseInEaseOut
   |                                           `- note: 'easeInEaseOut' has been explicitly marked unavailable here
61 |     API_AVAILABLE(macos(10.5), ios(2.0), tvos(9.0)) API_UNAVAILABLE(watchos);
62 | CA_EXTERN CAMediaTimingFunctionName const kCAMediaTimingFunctionDefault
/Users/admin/builder/spi-builder-workspace/Sources/BBLoader/BBQuadRotatingSquaresToCircles/BBRotatingAnimatingCubesHelpers.swift:48:36: error: 'CABasicAnimation' is unavailable in watchOS
46 |
47 |     func animateCorners(duration: Double) {
48 |         let animation            = CABasicAnimation(keyPath: "cornerRadius")
   |                                    `- error: 'CABasicAnimation' is unavailable in watchOS
49 |         animation.duration       = duration
50 |         animation.toValue        = 0.0
/Applications/Xcode-27.0.0-Release.Candidate.app/Contents/Developer/Platforms/WatchOS.platform/Developer/SDKs/WatchOS27.0.sdk/System/Library/Frameworks/QuartzCore.framework/Headers/CAAnimation.h:130:12: note: 'CABasicAnimation' has been explicitly marked unavailable here
128 |
129 | API_AVAILABLE(macos(10.5), ios(2.0), tvos(9.0)) API_UNAVAILABLE(watchos)
130 | @interface CABasicAnimation : CAPropertyAnimation
    |            `- note: 'CABasicAnimation' has been explicitly marked unavailable here
131 |
132 | /* The objects defining the property values being interpolated between.
/Users/admin/builder/spi-builder-workspace/Sources/BBLoader/BBQuadRotatingSquaresToCircles/BBRotatingAnimatingCubesHelpers.swift:52:36: error: 'CAMediaTimingFunction' is unavailable in watchOS
50 |         animation.toValue        = 0.0
51 |         animation.fromValue      = bounds.midY
52 |         animation.timingFunction = CAMediaTimingFunction(name: .easeInEaseOut)
   |                                    `- error: 'CAMediaTimingFunction' is unavailable in watchOS
53 |         animation.fillMode       = .forwards
54 |         animation.repeatCount    = .infinity
/Applications/Xcode-27.0.0-Release.Candidate.app/Contents/Developer/Platforms/WatchOS.platform/Developer/SDKs/WatchOS27.0.sdk/System/Library/Frameworks/QuartzCore.framework/Headers/CAMediaTimingFunction.h:24:12: note: 'CAMediaTimingFunction' has been explicitly marked unavailable here
22 |
23 | API_AVAILABLE(macos(10.5), ios(2.0), tvos(9.0)) API_UNAVAILABLE(watchos)
24 | @interface CAMediaTimingFunction : NSObject <NSSecureCoding>
   |            `- note: 'CAMediaTimingFunction' has been explicitly marked unavailable here
25 | {
26 | @private
/Users/admin/builder/spi-builder-workspace/Sources/BBLoader/BBQuadRotatingSquaresToCircles/BBRotatingAnimatingCubesHelpers.swift:52:65: error: 'easeInEaseOut' is unavailable in watchOS
50 |         animation.toValue        = 0.0
51 |         animation.fromValue      = bounds.midY
52 |         animation.timingFunction = CAMediaTimingFunction(name: .easeInEaseOut)
   |                                                                 `- error: 'easeInEaseOut' is unavailable in watchOS
53 |         animation.fillMode       = .forwards
54 |         animation.repeatCount    = .infinity
/Applications/Xcode-27.0.0-Release.Candidate.app/Contents/Developer/Platforms/WatchOS.platform/Developer/SDKs/WatchOS27.0.sdk/System/Library/Frameworks/QuartzCore.framework/Headers/CAMediaTimingFunction.h:60:43: note: 'easeInEaseOut' has been explicitly marked unavailable here
58 | CA_EXTERN CAMediaTimingFunctionName const kCAMediaTimingFunctionEaseOut
59 |     API_AVAILABLE(macos(10.5), ios(2.0), tvos(9.0)) API_UNAVAILABLE(watchos);
60 | CA_EXTERN CAMediaTimingFunctionName const kCAMediaTimingFunctionEaseInEaseOut
   |                                           `- note: 'easeInEaseOut' has been explicitly marked unavailable here
61 |     API_AVAILABLE(macos(10.5), ios(2.0), tvos(9.0)) API_UNAVAILABLE(watchos);
62 | CA_EXTERN CAMediaTimingFunctionName const kCAMediaTimingFunctionDefault
/Users/admin/builder/spi-builder-workspace/Sources/BBLoader/BBQuadRotatingSquaresToCircles/BBRotatingAnimatingCubesHelpers.swift:53:37: error: 'forwards' is unavailable in watchOS
51 |         animation.fromValue      = bounds.midY
52 |         animation.timingFunction = CAMediaTimingFunction(name: .easeInEaseOut)
53 |         animation.fillMode       = .forwards
   |                                     `- error: 'forwards' is unavailable in watchOS
54 |         animation.repeatCount    = .infinity
55 |         animation.autoreverses   = true
/Applications/Xcode-27.0.0-Release.Candidate.app/Contents/Developer/Platforms/WatchOS.platform/Developer/SDKs/WatchOS27.0.sdk/System/Library/Frameworks/QuartzCore.framework/Headers/CAMediaTiming.h:86:39: note: 'forwards' has been explicitly marked unavailable here
84 | /* `fillMode' options. */
85 |
86 | CA_EXTERN CAMediaTimingFillMode const kCAFillModeForwards
   |                                       `- note: 'forwards' has been explicitly marked unavailable here
87 |     API_AVAILABLE(macos(10.5), ios(2.0), tvos(9.0)) API_UNAVAILABLE(watchos);
88 | CA_EXTERN CAMediaTimingFillMode const kCAFillModeBackwards
/Users/admin/builder/spi-builder-workspace/Sources/BBLoader/BBQuadRotatingSquaresToCircles/BBRotatingAnimatingCubesHelpers.swift:60:36: error: 'CABasicAnimation' is unavailable in watchOS
58 |
59 |     func animatePosition(point: CGPoint, duration: Double) {
60 |         let animation            = CABasicAnimation(keyPath: "position")
   |                                    `- error: 'CABasicAnimation' is unavailable in watchOS
61 |         animation.fromValue      = position
62 |         animation.toValue        = point
/Applications/Xcode-27.0.0-Release.Candidate.app/Contents/Developer/Platforms/WatchOS.platform/Developer/SDKs/WatchOS27.0.sdk/System/Library/Frameworks/QuartzCore.framework/Headers/CAAnimation.h:130:12: note: 'CABasicAnimation' has been explicitly marked unavailable here
128 |
129 | API_AVAILABLE(macos(10.5), ios(2.0), tvos(9.0)) API_UNAVAILABLE(watchos)
130 | @interface CABasicAnimation : CAPropertyAnimation
    |            `- note: 'CABasicAnimation' has been explicitly marked unavailable here
131 |
132 | /* The objects defining the property values being interpolated between.
/Users/admin/builder/spi-builder-workspace/Sources/BBLoader/BBQuadRotatingSquaresToCircles/BBRotatingAnimatingCubesHelpers.swift:66:36: error: 'CAMediaTimingFunction' is unavailable in watchOS
64 |         animation.repeatCount    = .infinity
65 |         animation.autoreverses   = true
66 |         animation.timingFunction = CAMediaTimingFunction(name: .easeInEaseOut)
   |                                    `- error: 'CAMediaTimingFunction' is unavailable in watchOS
67 |         add(animation, forKey: "position")
68 |     }
/Applications/Xcode-27.0.0-Release.Candidate.app/Contents/Developer/Platforms/WatchOS.platform/Developer/SDKs/WatchOS27.0.sdk/System/Library/Frameworks/QuartzCore.framework/Headers/CAMediaTimingFunction.h:24:12: note: 'CAMediaTimingFunction' has been explicitly marked unavailable here
22 |
23 | API_AVAILABLE(macos(10.5), ios(2.0), tvos(9.0)) API_UNAVAILABLE(watchos)
24 | @interface CAMediaTimingFunction : NSObject <NSSecureCoding>
   |            `- note: 'CAMediaTimingFunction' has been explicitly marked unavailable here
25 | {
26 | @private
SwiftCompile normal arm64 /Users/admin/builder/spi-builder-workspace/Sources/BBLoader/BBQuadRotatingSquaresToCircles/BBRotatingAnimatingCubesHelpers.swift (in target 'BBLoader' from project 'BBLoader')
    cd /Users/admin/builder/spi-builder-workspace/.swiftpm/xcode
    builtin-SwiftPerFileCompile BBRotatingAnimatingCubesHelpers.swift
SwiftCompile normal arm64 Compiling\ BBMulticolorSpinnerView.swift /Users/admin/builder/spi-builder-workspace/Sources/BBLoader/BBMulticolorSpinnerView/BBMulticolorSpinnerView.swift (in target 'BBLoader' from project 'BBLoader')
/Users/admin/builder/spi-builder-workspace/Sources/BBLoader/BBMulticolorSpinnerView/BBMulticolorSpinnerView.swift:39:32: error: 'CAShapeLayer' is unavailable in watchOS
 37 |     public var sizeWidthMultiplier: CGFloat = 0.5
 38 |
 39 |     public override var layer: CAShapeLayer {
    |                                `- error: 'CAShapeLayer' is unavailable in watchOS
 40 |         get {
 41 |             return super.layer as! CAShapeLayer
/Applications/Xcode-27.0.0-Release.Candidate.app/Contents/Developer/Platforms/WatchOS.platform/Developer/SDKs/WatchOS27.0.sdk/System/Library/Frameworks/QuartzCore.framework/Headers/CAShapeLayer.h:40:12: note: 'CAShapeLayer' has been explicitly marked unavailable here
 38 |
 39 | API_AVAILABLE(macos(10.6), ios(3.0), tvos(9.0)) API_UNAVAILABLE(watchos)
 40 | @interface CAShapeLayer : CALayer
    |            `- note: 'CAShapeLayer' has been explicitly marked unavailable here
 41 |
 42 | /* The path defining the shape to be rendered. If the path extends
/Users/admin/builder/spi-builder-workspace/Sources/BBLoader/BBMulticolorSpinnerView/BBMulticolorSpinnerView.swift:28:39: error: 'UIView' is unavailable in watchOS
 26 |
 27 | @IBDesignable
 28 | public class BBMulticolorSpinnerView: UIView {
    |                                       `- error: 'UIView' is unavailable in watchOS
 29 |
 30 |     /// Animating line width. Defaults to 4.
/Applications/Xcode-27.0.0-Release.Candidate.app/Contents/Developer/Platforms/WatchOS.platform/Developer/SDKs/WatchOS27.0.sdk/System/Library/Frameworks/UIKit.framework/Headers/UIView.h:152:12: note: 'UIView' has been explicitly marked unavailable here
150 |
151 | UIKIT_EXTERN API_AVAILABLE(ios(2.0)) API_UNAVAILABLE(watchos) NS_SWIFT_UI_ACTOR
152 | @interface UIView : UIResponder <NSCoding, UIAppearance, UIAppearanceContainer, UIDynamicItem, UITraitEnvironment, UICoordinateSpace, UIFocusItem, UIFocusItemContainer, CALayerDelegate>
    |            `- note: 'UIView' has been explicitly marked unavailable here
153 |
154 | @property(class, nonatomic, readonly) Class layerClass;                        // default is [CALayer class]. Used when creating the underlying layer for the view.
/Users/admin/builder/spi-builder-workspace/Sources/BBLoader/BBMulticolorSpinnerView/BBMulticolorSpinnerView.swift:41:36: error: 'CAShapeLayer' is unavailable in watchOS
 39 |     public override var layer: CAShapeLayer {
 40 |         get {
 41 |             return super.layer as! CAShapeLayer
    |                                    `- error: 'CAShapeLayer' is unavailable in watchOS
 42 |         }
 43 |     }
/Applications/Xcode-27.0.0-Release.Candidate.app/Contents/Developer/Platforms/WatchOS.platform/Developer/SDKs/WatchOS27.0.sdk/System/Library/Frameworks/QuartzCore.framework/Headers/CAShapeLayer.h:40:12: note: 'CAShapeLayer' has been explicitly marked unavailable here
 38 |
 39 | API_AVAILABLE(macos(10.6), ios(3.0), tvos(9.0)) API_UNAVAILABLE(watchos)
 40 | @interface CAShapeLayer : CALayer
    |            `- note: 'CAShapeLayer' has been explicitly marked unavailable here
 41 |
 42 | /* The path defining the shape to be rendered. If the path extends
/Users/admin/builder/spi-builder-workspace/Sources/BBLoader/BBMulticolorSpinnerView/BBMulticolorSpinnerView.swift:46:16: error: 'CAShapeLayer' is unavailable in watchOS
 44 |
 45 |     public override class var layerClass: AnyClass {
 46 |         return CAShapeLayer.self
    |                `- error: 'CAShapeLayer' is unavailable in watchOS
 47 |     }
 48 |
/Applications/Xcode-27.0.0-Release.Candidate.app/Contents/Developer/Platforms/WatchOS.platform/Developer/SDKs/WatchOS27.0.sdk/System/Library/Frameworks/QuartzCore.framework/Headers/CAShapeLayer.h:40:12: note: 'CAShapeLayer' has been explicitly marked unavailable here
 38 |
 39 | API_AVAILABLE(macos(10.6), ios(3.0), tvos(9.0)) API_UNAVAILABLE(watchos)
 40 | @interface CAShapeLayer : CALayer
    |            `- note: 'CAShapeLayer' has been explicitly marked unavailable here
 41 |
 42 | /* The path defining the shape to be rendered. If the path extends
/Users/admin/builder/spi-builder-workspace/Sources/BBLoader/BBMulticolorSpinnerView/BBMulticolorSpinnerView.swift:98:13: error: 'NSLayoutConstraint' is unavailable in watchOS
 96 |         guard let superview = superview else { return }
 97 |         if animationSize == .zero {
 98 |             NSLayoutConstraint.activate([
    |             `- error: 'NSLayoutConstraint' is unavailable in watchOS
 99 |                 widthAnchor.constraint(equalTo: superview.widthAnchor, multiplier: sizeWidthMultiplier),
100 |                 heightAnchor.constraint(equalTo: widthAnchor)
/Applications/Xcode-27.0.0-Release.Candidate.app/Contents/Developer/Platforms/WatchOS.platform/Developer/SDKs/WatchOS27.0.sdk/System/Library/Frameworks/UIKit.framework/Headers/NSLayoutConstraint.h:126:12: note: 'NSLayoutConstraint' has been explicitly marked unavailable here
124 |
125 | NSLAYOUTCONSTRAINT_EXTERN API_AVAILABLE(macos(10.7), ios(6.0), tvos(9.0)) API_UNAVAILABLE(watchos) NS_SWIFT_UI_ACTOR
126 | @interface NSLayoutConstraint : NSObject
    |            `- note: 'NSLayoutConstraint' has been explicitly marked unavailable here
127 |
128 | /* Create an array of constraints using an ASCII-art-like visual format string.  The values of the `metrics` dictionary should be NSNumber (or some other type that responds to -doubleValue and returns a double).
/Users/admin/builder/spi-builder-workspace/Sources/BBLoader/BBMulticolorSpinnerView/BBMulticolorSpinnerView.swift:103:13: error: 'NSLayoutConstraint' is unavailable in watchOS
101 |             ])
102 |         } else {
103 |             NSLayoutConstraint.activate([
    |             `- error: 'NSLayoutConstraint' is unavailable in watchOS
104 |                 widthAnchor.constraint(equalToConstant: animationSize.width),
105 |                 heightAnchor.constraint(equalToConstant: animationSize.height)
/Applications/Xcode-27.0.0-Release.Candidate.app/Contents/Developer/Platforms/WatchOS.platform/Developer/SDKs/WatchOS27.0.sdk/System/Library/Frameworks/UIKit.framework/Headers/NSLayoutConstraint.h:126:12: note: 'NSLayoutConstraint' has been explicitly marked unavailable here
124 |
125 | NSLAYOUTCONSTRAINT_EXTERN API_AVAILABLE(macos(10.7), ios(6.0), tvos(9.0)) API_UNAVAILABLE(watchos) NS_SWIFT_UI_ACTOR
126 | @interface NSLayoutConstraint : NSObject
    |            `- note: 'NSLayoutConstraint' has been explicitly marked unavailable here
127 |
128 | /* Create an array of constraints using an ASCII-art-like visual format string.  The values of the `metrics` dictionary should be NSNumber (or some other type that responds to -doubleValue and returns a double).
/Users/admin/builder/spi-builder-workspace/Sources/BBLoader/BBMulticolorSpinnerView/BBMulticolorSpinnerView.swift:137:25: error: 'CAKeyframeAnimation' is unavailable in watchOS
135 |
136 |     func animateKeyPath(keyPath: String, duration: CFTimeInterval, times: [CFTimeInterval], values: [CGFloat]) {
137 |         let animation = CAKeyframeAnimation(keyPath: keyPath)
    |                         `- error: 'CAKeyframeAnimation' is unavailable in watchOS
138 |         animation.keyTimes = times as [NSNumber]?
139 |         animation.values = values
/Applications/Xcode-27.0.0-Release.Candidate.app/Contents/Developer/Platforms/WatchOS.platform/Developer/SDKs/WatchOS27.0.sdk/System/Library/Frameworks/QuartzCore.framework/Headers/CAAnimation.h:166:12: note: 'CAKeyframeAnimation' has been explicitly marked unavailable here
164 |
165 | API_AVAILABLE(macos(10.5), ios(2.0), tvos(9.0)) API_UNAVAILABLE(watchos)
166 | @interface CAKeyframeAnimation : CAPropertyAnimation
    |            `- note: 'CAKeyframeAnimation' has been explicitly marked unavailable here
167 |
168 | /* An array of objects providing the value of the animation function for
/Users/admin/builder/spi-builder-workspace/Sources/BBLoader/BBMulticolorSpinnerView/BBMulticolorSpinnerView.swift:140:38: error: 'linear' is unavailable in watchOS
138 |         animation.keyTimes = times as [NSNumber]?
139 |         animation.values = values
140 |         animation.calculationMode = .linear
    |                                      `- error: 'linear' is unavailable in watchOS
141 |         animation.duration = duration
142 |         animation.repeatCount = Float.infinity
/Applications/Xcode-27.0.0-Release.Candidate.app/Contents/Developer/Platforms/WatchOS.platform/Developer/SDKs/WatchOS27.0.sdk/System/Library/Frameworks/QuartzCore.framework/Headers/CAAnimation.h:238:44: note: 'linear' has been explicitly marked unavailable here
236 | /* `calculationMode' strings. */
237 |
238 | CA_EXTERN CAAnimationCalculationMode const kCAAnimationLinear
    |                                            `- note: 'linear' has been explicitly marked unavailable here
239 |     API_AVAILABLE(macos(10.5), ios(2.0), tvos(9.0)) API_UNAVAILABLE(watchos);
240 | CA_EXTERN CAAnimationCalculationMode const kCAAnimationDiscrete
SwiftCompile normal arm64 /Users/admin/builder/spi-builder-workspace/Sources/BBLoader/BBMulticolorSpinnerView/BBMulticolorSpinnerView.swift (in target 'BBLoader' from project 'BBLoader')
    cd /Users/admin/builder/spi-builder-workspace/.swiftpm/xcode
    builtin-SwiftPerFileCompile BBMulticolorSpinnerView.swift
SwiftCompile normal arm64 Compiling\ BBAnimatedLoader.swift /Users/admin/builder/spi-builder-workspace/Sources/BBLoader/BBAnimatedLoader/BBAnimatedLoader.swift (in target 'BBLoader' from project 'BBLoader')
/Users/admin/builder/spi-builder-workspace/Sources/BBLoader/BBAnimatedLoader/BBAnimatedLoader.swift:27:32: error: 'UIViewController' is unavailable in watchOS
25 | import UIKit
26 |
27 | public class BBAnimatedLoader: UIViewController {
   |                                `- error: 'UIViewController' is unavailable in watchOS
28 |
29 |     public var loadable: BBAnimatable
/Applications/Xcode-27.0.0-Release.Candidate.app/Contents/Developer/Platforms/WatchOS.platform/Developer/SDKs/WatchOS27.0.sdk/System/Library/Frameworks/UIKit.framework/Headers/UIViewController.h:104:12: note: 'UIViewController' has been explicitly marked unavailable here
102 |
103 | UIKIT_EXTERN API_AVAILABLE(ios(2.0)) API_UNAVAILABLE(watchos) NS_SWIFT_UI_ACTOR
104 | @interface UIViewController : UIResponder <NSCoding, UIAppearanceContainer, UITraitEnvironment, UIContentContainer, UIFocusEnvironment>
    |            `- note: 'UIViewController' has been explicitly marked unavailable here
105 |
106 | /*
/Users/admin/builder/spi-builder-workspace/Sources/BBLoader/BBAnimatedLoader/BBAnimatedLoader.swift:35:24: error: 'UIActivityIndicatorView' is unavailable in watchOS
33 |         switch type {
34 |         case .default:
35 |             loadable = UIActivityIndicatorView(style: .whiteLarge)
   |                        `- error: 'UIActivityIndicatorView' is unavailable in watchOS
36 |         case .multicolorSpinner:
37 |             loadable = BBMulticolorSpinnerView()
/Applications/Xcode-27.0.0-Release.Candidate.app/Contents/Developer/Platforms/WatchOS.platform/Developer/SDKs/WatchOS27.0.sdk/System/Library/Frameworks/UIKit.framework/Headers/UIActivityIndicatorView.h:24:12: note: 'UIActivityIndicatorView' has been explicitly marked unavailable here
22 |
23 | UIKIT_EXTERN API_AVAILABLE(ios(2.0)) API_UNAVAILABLE(watchos) NS_SWIFT_UI_ACTOR
24 | @interface UIActivityIndicatorView : UIView <NSCoding>
   |            `- note: 'UIActivityIndicatorView' has been explicitly marked unavailable here
25 |
26 | - (instancetype)initWithActivityIndicatorStyle:(UIActivityIndicatorViewStyle)style NS_DESIGNATED_INITIALIZER; // sizes the view according to the style
/Users/admin/builder/spi-builder-workspace/Sources/BBLoader/BBAnimatedLoader/BBAnimatedLoader.swift:35:56: error: 'whiteLarge' is unavailable in watchOS
33 |         switch type {
34 |         case .default:
35 |             loadable = UIActivityIndicatorView(style: .whiteLarge)
   |                                                        `- error: 'whiteLarge' is unavailable in watchOS
36 |         case .multicolorSpinner:
37 |             loadable = BBMulticolorSpinnerView()
UIKit.UIActivityIndicatorView.Style.whiteLarge:4:10: note: 'whiteLarge' has been explicitly marked unavailable here
2 |   enum Style {
3 | @available(watchOS, unavailable)
4 |     case whiteLarge  }
  |          `- note: 'whiteLarge' has been explicitly marked unavailable here
5 | }
6 |
/Users/admin/builder/spi-builder-workspace/Sources/BBLoader/BBAnimatedLoader/BBAnimatedLoader.swift:37:24: error: 'init()' is unavailable in watchOS
35 |             loadable = UIActivityIndicatorView(style: .whiteLarge)
36 |         case .multicolorSpinner:
37 |             loadable = BBMulticolorSpinnerView()
   |                        `- error: 'init()' is unavailable in watchOS
38 |         case .quadRotatingSquaresToCircles:
39 |             loadable = BBQuadRotatingSquaresToCircles()
/Applications/Xcode-27.0.0-Release.Candidate.app/Contents/Developer/Platforms/WatchOS.platform/Developer/SDKs/WatchOS27.0.sdk/System/Library/Frameworks/UIKit.framework/Headers/UIView.h:158:1: note: 'init()' has been explicitly marked unavailable here
156 | - (instancetype)initWithFrame:(CGRect)frame NS_DESIGNATED_INITIALIZER;
157 | - (nullable instancetype)initWithCoder:(NSCoder *)coder NS_DESIGNATED_INITIALIZER;
158 | - (instancetype)init API_AVAILABLE(ios(2.0), tvos(9.0), visionos(1.0)) API_UNAVAILABLE(watchos);
    | `- note: 'init()' has been explicitly marked unavailable here
159 |
160 | @property(nonatomic,getter=isUserInteractionEnabled) BOOL userInteractionEnabled;  // default is YES. if set to NO, user events (touch, keys) are ignored and removed from the event queue.
/Users/admin/builder/spi-builder-workspace/Sources/BBLoader/BBAnimatedLoader/BBAnimatedLoader.swift:39:24: error: 'init()' is unavailable in watchOS
37 |             loadable = BBMulticolorSpinnerView()
38 |         case .quadRotatingSquaresToCircles:
39 |             loadable = BBQuadRotatingSquaresToCircles()
   |                        `- error: 'init()' is unavailable in watchOS
40 |         }
41 |         super.init(nibName: nil, bundle: nil)
/Applications/Xcode-27.0.0-Release.Candidate.app/Contents/Developer/Platforms/WatchOS.platform/Developer/SDKs/WatchOS27.0.sdk/System/Library/Frameworks/UIKit.framework/Headers/UIView.h:158:1: note: 'init()' has been explicitly marked unavailable here
156 | - (instancetype)initWithFrame:(CGRect)frame NS_DESIGNATED_INITIALIZER;
157 | - (nullable instancetype)initWithCoder:(NSCoder *)coder NS_DESIGNATED_INITIALIZER;
158 | - (instancetype)init API_AVAILABLE(ios(2.0), tvos(9.0), visionos(1.0)) API_UNAVAILABLE(watchos);
    | `- note: 'init()' has been explicitly marked unavailable here
159 |
160 | @property(nonatomic,getter=isUserInteractionEnabled) BOOL userInteractionEnabled;  // default is YES. if set to NO, user events (touch, keys) are ignored and removed from the event queue.
/Users/admin/builder/spi-builder-workspace/Sources/BBLoader/BBAnimatedLoader/BBAnimatedLoader.swift:59:48: error: 'UIView' is unavailable in watchOS
57 |
58 |     private func setupAnimatingViewConstraints() {
59 |         guard let animatingView = loadable as? UIView else { return }
   |                                                `- error: 'UIView' is unavailable in watchOS
60 |         view.addSubview(animatingView)
61 |         animatingView.translatesAutoresizingMaskIntoConstraints = false
/Applications/Xcode-27.0.0-Release.Candidate.app/Contents/Developer/Platforms/WatchOS.platform/Developer/SDKs/WatchOS27.0.sdk/System/Library/Frameworks/UIKit.framework/Headers/UIView.h:152:12: note: 'UIView' has been explicitly marked unavailable here
150 |
151 | UIKIT_EXTERN API_AVAILABLE(ios(2.0)) API_UNAVAILABLE(watchos) NS_SWIFT_UI_ACTOR
152 | @interface UIView : UIResponder <NSCoding, UIAppearance, UIAppearanceContainer, UIDynamicItem, UITraitEnvironment, UICoordinateSpace, UIFocusItem, UIFocusItemContainer, CALayerDelegate>
    |            `- note: 'UIView' has been explicitly marked unavailable here
153 |
154 | @property(class, nonatomic, readonly) Class layerClass;                        // default is [CALayer class]. Used when creating the underlying layer for the view.
SwiftCompile normal arm64 /Users/admin/builder/spi-builder-workspace/Sources/BBLoader/BBAnimatedLoader/BBAnimatedLoader.swift (in target 'BBLoader' from project 'BBLoader')
    cd /Users/admin/builder/spi-builder-workspace/.swiftpm/xcode
    builtin-SwiftPerFileCompile BBAnimatedLoader.swift
SwiftCompile normal arm64 Compiling\ BBLoader.swift /Users/admin/builder/spi-builder-workspace/Sources/BBLoader/Main/BBLoader.swift (in target 'BBLoader' from project 'BBLoader')
/Users/admin/builder/spi-builder-workspace/Sources/BBLoader/Main/BBLoader.swift:27:29: error: 'UIAlertController' is unavailable in watchOS
25 | import UIKit
26 |
27 | public typealias BBLoader = UIAlertController
   |                             `- error: 'UIAlertController' is unavailable in watchOS
28 |
29 | public extension BBLoader {
/Applications/Xcode-27.0.0-Release.Candidate.app/Contents/Developer/Platforms/WatchOS.platform/Developer/SDKs/WatchOS27.0.sdk/System/Library/Frameworks/UIKit.framework/Headers/UIAlertController.h:43:12: note: 'UIAlertController' has been explicitly marked unavailable here
41 |
42 | UIKIT_EXTERN API_AVAILABLE(ios(8.0)) API_UNAVAILABLE(watchos) NS_SWIFT_UI_ACTOR
43 | @interface UIAlertController : UIViewController
   |            `- note: 'UIAlertController' has been explicitly marked unavailable here
44 |
45 | + (instancetype)alertControllerWithTitle:(nullable NSString *)title message:(nullable NSString *)message preferredStyle:(UIAlertControllerStyle)preferredStyle;
/Users/admin/builder/spi-builder-workspace/Sources/BBLoader/Main/BBLoader.swift:31:35: error: 'UIActivityIndicatorView' is unavailable in watchOS
29 | public extension BBLoader {
30 |
31 |     static let loadingIndicator = UIActivityIndicatorView()
   |                                   `- error: 'UIActivityIndicatorView' is unavailable in watchOS
32 |
33 |     convenience init(title: String = "", message: String = "") {
/Applications/Xcode-27.0.0-Release.Candidate.app/Contents/Developer/Platforms/WatchOS.platform/Developer/SDKs/WatchOS27.0.sdk/System/Library/Frameworks/UIKit.framework/Headers/UIActivityIndicatorView.h:24:12: note: 'UIActivityIndicatorView' has been explicitly marked unavailable here
22 |
23 | UIKIT_EXTERN API_AVAILABLE(ios(2.0)) API_UNAVAILABLE(watchos) NS_SWIFT_UI_ACTOR
24 | @interface UIActivityIndicatorView : UIView <NSCoding>
   |            `- note: 'UIActivityIndicatorView' has been explicitly marked unavailable here
25 |
26 | - (instancetype)initWithActivityIndicatorStyle:(UIActivityIndicatorViewStyle)style NS_DESIGNATED_INITIALIZER; // sizes the view according to the style
/Users/admin/builder/spi-builder-workspace/Sources/BBLoader/Main/BBLoader.swift:31:35: error: 'init()' is unavailable in watchOS
29 | public extension BBLoader {
30 |
31 |     static let loadingIndicator = UIActivityIndicatorView()
   |                                   `- error: 'init()' is unavailable in watchOS
32 |
33 |     convenience init(title: String = "", message: String = "") {
/Applications/Xcode-27.0.0-Release.Candidate.app/Contents/Developer/Platforms/WatchOS.platform/Developer/SDKs/WatchOS27.0.sdk/System/Library/Frameworks/UIKit.framework/Headers/UIView.h:158:1: note: 'init()' has been explicitly marked unavailable here
156 | - (instancetype)initWithFrame:(CGRect)frame NS_DESIGNATED_INITIALIZER;
157 | - (nullable instancetype)initWithCoder:(NSCoder *)coder NS_DESIGNATED_INITIALIZER;
158 | - (instancetype)init API_AVAILABLE(ios(2.0), tvos(9.0), visionos(1.0)) API_UNAVAILABLE(watchos);
    | `- note: 'init()' has been explicitly marked unavailable here
159 |
160 | @property(nonatomic,getter=isUserInteractionEnabled) BOOL userInteractionEnabled;  // default is YES. if set to NO, user events (touch, keys) are ignored and removed from the event queue.
/Users/admin/builder/spi-builder-workspace/Sources/BBLoader/Main/BBLoader.swift:42:50: error: 'large' is unavailable in watchOS
40 |         let loadingIndicator = BBLoader.loadingIndicator
41 |         if #available(iOS 13.0, tvOS 13.0, *) {
42 |             loadingIndicator.style            = .large
   |                                                  `- error: 'large' is unavailable in watchOS
43 |         } else {
44 |             loadingIndicator.style            = .whiteLarge
UIKit.UIActivityIndicatorView.Style.large:4:10: note: 'large' has been explicitly marked unavailable here
2 |   enum Style {
3 | @available(watchOS, unavailable)
4 |     case large  }
  |          `- note: 'large' has been explicitly marked unavailable here
5 | }
6 |
/Users/admin/builder/spi-builder-workspace/Sources/BBLoader/Main/BBLoader.swift:44:50: error: 'whiteLarge' is unavailable in watchOS
42 |             loadingIndicator.style            = .large
43 |         } else {
44 |             loadingIndicator.style            = .whiteLarge
   |                                                  `- error: 'whiteLarge' is unavailable in watchOS
45 |         }
46 |
UIKit.UIActivityIndicatorView.Style.whiteLarge:4:10: note: 'whiteLarge' has been explicitly marked unavailable here
2 |   enum Style {
3 | @available(watchOS, unavailable)
4 |     case whiteLarge  }
  |          `- note: 'whiteLarge' has been explicitly marked unavailable here
5 | }
6 |
SwiftCompile normal arm64 /Users/admin/builder/spi-builder-workspace/Sources/BBLoader/Main/BBLoader.swift (in target 'BBLoader' from project 'BBLoader')
    cd /Users/admin/builder/spi-builder-workspace/.swiftpm/xcode
    builtin-SwiftPerFileCompile BBLoader.swift
SwiftEmitModule normal arm64 Emitting\ module\ for\ BBLoader (in target 'BBLoader' from project 'BBLoader')
/Users/admin/builder/spi-builder-workspace/Sources/BBLoader/BBAnimatedLoader/BBAnimatedLoader.swift:27:32: error: 'UIViewController' is unavailable in watchOS
25 | import UIKit
26 |
27 | public class BBAnimatedLoader: UIViewController {
   |                                `- error: 'UIViewController' is unavailable in watchOS
28 |
29 |     public var loadable: BBAnimatable
/Applications/Xcode-27.0.0-Release.Candidate.app/Contents/Developer/Platforms/WatchOS.platform/Developer/SDKs/WatchOS27.0.sdk/System/Library/Frameworks/UIKit.framework/Headers/UIViewController.h:104:12: note: 'UIViewController' has been explicitly marked unavailable here
102 |
103 | UIKIT_EXTERN API_AVAILABLE(ios(2.0)) API_UNAVAILABLE(watchos) NS_SWIFT_UI_ACTOR
104 | @interface UIViewController : UIResponder <NSCoding, UIAppearanceContainer, UITraitEnvironment, UIContentContainer, UIFocusEnvironment>
    |            `- note: 'UIViewController' has been explicitly marked unavailable here
105 |
106 | /*
/Users/admin/builder/spi-builder-workspace/Sources/BBLoader/BBMulticolorSpinnerView/BBMulticolorSpinnerView.swift:39:32: error: 'CAShapeLayer' is unavailable in watchOS
 37 |     public var sizeWidthMultiplier: CGFloat = 0.5
 38 |
 39 |     public override var layer: CAShapeLayer {
    |                                `- error: 'CAShapeLayer' is unavailable in watchOS
 40 |         get {
 41 |             return super.layer as! CAShapeLayer
/Applications/Xcode-27.0.0-Release.Candidate.app/Contents/Developer/Platforms/WatchOS.platform/Developer/SDKs/WatchOS27.0.sdk/System/Library/Frameworks/QuartzCore.framework/Headers/CAShapeLayer.h:40:12: note: 'CAShapeLayer' has been explicitly marked unavailable here
 38 |
 39 | API_AVAILABLE(macos(10.6), ios(3.0), tvos(9.0)) API_UNAVAILABLE(watchos)
 40 | @interface CAShapeLayer : CALayer
    |            `- note: 'CAShapeLayer' has been explicitly marked unavailable here
 41 |
 42 | /* The path defining the shape to be rendered. If the path extends
/Users/admin/builder/spi-builder-workspace/Sources/BBLoader/BBMulticolorSpinnerView/BBMulticolorSpinnerView.swift:28:39: error: 'UIView' is unavailable in watchOS
 26 |
 27 | @IBDesignable
 28 | public class BBMulticolorSpinnerView: UIView {
    |                                       `- error: 'UIView' is unavailable in watchOS
 29 |
 30 |     /// Animating line width. Defaults to 4.
/Applications/Xcode-27.0.0-Release.Candidate.app/Contents/Developer/Platforms/WatchOS.platform/Developer/SDKs/WatchOS27.0.sdk/System/Library/Frameworks/UIKit.framework/Headers/UIView.h:152:12: note: 'UIView' has been explicitly marked unavailable here
150 |
151 | UIKIT_EXTERN API_AVAILABLE(ios(2.0)) API_UNAVAILABLE(watchos) NS_SWIFT_UI_ACTOR
152 | @interface UIView : UIResponder <NSCoding, UIAppearance, UIAppearanceContainer, UIDynamicItem, UITraitEnvironment, UICoordinateSpace, UIFocusItem, UIFocusItemContainer, CALayerDelegate>
    |            `- note: 'UIView' has been explicitly marked unavailable here
153 |
154 | @property(class, nonatomic, readonly) Class layerClass;                        // default is [CALayer class]. Used when creating the underlying layer for the view.
/Users/admin/builder/spi-builder-workspace/Sources/BBLoader/BBQuadRotatingSquaresToCircles/BBQuadRotatingSquaresToCircles.swift:55:33: error: 'CAShapeLayer' is unavailable in watchOS
 53 |
 54 |     /// Multiple shapes to be used for the animation.
 55 |     private var loaderShapes = [CAShapeLayer(), CAShapeLayer(), CAShapeLayer(), CAShapeLayer()]
    |                                 `- error: 'CAShapeLayer' is unavailable in watchOS
 56 |
 57 |     public override init(frame: CGRect) {
/Applications/Xcode-27.0.0-Release.Candidate.app/Contents/Developer/Platforms/WatchOS.platform/Developer/SDKs/WatchOS27.0.sdk/System/Library/Frameworks/QuartzCore.framework/Headers/CAShapeLayer.h:40:12: note: 'CAShapeLayer' has been explicitly marked unavailable here
 38 |
 39 | API_AVAILABLE(macos(10.6), ios(3.0), tvos(9.0)) API_UNAVAILABLE(watchos)
 40 | @interface CAShapeLayer : CALayer
    |            `- note: 'CAShapeLayer' has been explicitly marked unavailable here
 41 |
 42 | /* The path defining the shape to be rendered. If the path extends
/Users/admin/builder/spi-builder-workspace/Sources/BBLoader/BBQuadRotatingSquaresToCircles/BBQuadRotatingSquaresToCircles.swift:55:49: error: 'CAShapeLayer' is unavailable in watchOS
 53 |
 54 |     /// Multiple shapes to be used for the animation.
 55 |     private var loaderShapes = [CAShapeLayer(), CAShapeLayer(), CAShapeLayer(), CAShapeLayer()]
    |                                                 `- error: 'CAShapeLayer' is unavailable in watchOS
 56 |
 57 |     public override init(frame: CGRect) {
/Applications/Xcode-27.0.0-Release.Candidate.app/Contents/Developer/Platforms/WatchOS.platform/Developer/SDKs/WatchOS27.0.sdk/System/Library/Frameworks/QuartzCore.framework/Headers/CAShapeLayer.h:40:12: note: 'CAShapeLayer' has been explicitly marked unavailable here
 38 |
 39 | API_AVAILABLE(macos(10.6), ios(3.0), tvos(9.0)) API_UNAVAILABLE(watchos)
 40 | @interface CAShapeLayer : CALayer
    |            `- note: 'CAShapeLayer' has been explicitly marked unavailable here
 41 |
 42 | /* The path defining the shape to be rendered. If the path extends
/Users/admin/builder/spi-builder-workspace/Sources/BBLoader/BBQuadRotatingSquaresToCircles/BBQuadRotatingSquaresToCircles.swift:55:65: error: 'CAShapeLayer' is unavailable in watchOS
 53 |
 54 |     /// Multiple shapes to be used for the animation.
 55 |     private var loaderShapes = [CAShapeLayer(), CAShapeLayer(), CAShapeLayer(), CAShapeLayer()]
    |                                                                 `- error: 'CAShapeLayer' is unavailable in watchOS
 56 |
 57 |     public override init(frame: CGRect) {
/Applications/Xcode-27.0.0-Release.Candidate.app/Contents/Developer/Platforms/WatchOS.platform/Developer/SDKs/WatchOS27.0.sdk/System/Library/Frameworks/QuartzCore.framework/Headers/CAShapeLayer.h:40:12: note: 'CAShapeLayer' has been explicitly marked unavailable here
 38 |
 39 | API_AVAILABLE(macos(10.6), ios(3.0), tvos(9.0)) API_UNAVAILABLE(watchos)
 40 | @interface CAShapeLayer : CALayer
    |            `- note: 'CAShapeLayer' has been explicitly marked unavailable here
 41 |
 42 | /* The path defining the shape to be rendered. If the path extends
/Users/admin/builder/spi-builder-workspace/Sources/BBLoader/BBQuadRotatingSquaresToCircles/BBQuadRotatingSquaresToCircles.swift:55:81: error: 'CAShapeLayer' is unavailable in watchOS
 53 |
 54 |     /// Multiple shapes to be used for the animation.
 55 |     private var loaderShapes = [CAShapeLayer(), CAShapeLayer(), CAShapeLayer(), CAShapeLayer()]
    |                                                                                 `- error: 'CAShapeLayer' is unavailable in watchOS
 56 |
 57 |     public override init(frame: CGRect) {
/Applications/Xcode-27.0.0-Release.Candidate.app/Contents/Developer/Platforms/WatchOS.platform/Developer/SDKs/WatchOS27.0.sdk/System/Library/Frameworks/QuartzCore.framework/Headers/CAShapeLayer.h:40:12: note: 'CAShapeLayer' has been explicitly marked unavailable here
 38 |
 39 | API_AVAILABLE(macos(10.6), ios(3.0), tvos(9.0)) API_UNAVAILABLE(watchos)
 40 | @interface CAShapeLayer : CALayer
    |            `- note: 'CAShapeLayer' has been explicitly marked unavailable here
 41 |
 42 | /* The path defining the shape to be rendered. If the path extends
/Users/admin/builder/spi-builder-workspace/Sources/BBLoader/BBQuadRotatingSquaresToCircles/BBQuadRotatingSquaresToCircles.swift:27:46: error: 'UIView' is unavailable in watchOS
 25 | import UIKit
 26 |
 27 | public class BBQuadRotatingSquaresToCircles: UIView {
    |                                              `- error: 'UIView' is unavailable in watchOS
 28 |
 29 |     /// Animation cycle duration.
/Applications/Xcode-27.0.0-Release.Candidate.app/Contents/Developer/Platforms/WatchOS.platform/Developer/SDKs/WatchOS27.0.sdk/System/Library/Frameworks/UIKit.framework/Headers/UIView.h:152:12: note: 'UIView' has been explicitly marked unavailable here
150 |
151 | UIKIT_EXTERN API_AVAILABLE(ios(2.0)) API_UNAVAILABLE(watchos) NS_SWIFT_UI_ACTOR
152 | @interface UIView : UIResponder <NSCoding, UIAppearance, UIAppearanceContainer, UIDynamicItem, UITraitEnvironment, UICoordinateSpace, UIFocusItem, UIFocusItemContainer, CALayerDelegate>
    |            `- note: 'UIView' has been explicitly marked unavailable here
153 |
154 | @property(class, nonatomic, readonly) Class layerClass;                        // default is [CALayer class]. Used when creating the underlying layer for the view.
/Users/admin/builder/spi-builder-workspace/Sources/BBLoader/BBQuadRotatingSquaresToCircles/BBRotatingAnimatingCubesHelpers.swift:27:11: error: 'CALayer' is unavailable in watchOS
25 | import UIKit
26 |
27 | extension CALayer {
   |           `- error: 'CALayer' is unavailable in watchOS
28 |
29 |     func rotationAnimation(angles: [CGFloat], duration: Double) {
/Applications/Xcode-27.0.0-Release.Candidate.app/Contents/Developer/Platforms/WatchOS.platform/Developer/SDKs/WatchOS27.0.sdk/System/Library/Frameworks/QuartzCore.framework/Headers/CALayer.h:117:12: note: 'CALayer' has been explicitly marked unavailable here
 115 |
 116 | API_AVAILABLE(macos(10.5), ios(2.0), tvos(9.0)) API_UNAVAILABLE(watchos)
 117 | @interface CALayer : NSObject <NSSecureCoding, CAMediaTiming>
     |            `- note: 'CALayer' has been explicitly marked unavailable here
 118 |
 119 | /** Layer creation and initialization. **/
/Users/admin/builder/spi-builder-workspace/Sources/BBLoader/BBQuadRotatingSquaresToCircles/BBRotatingAnimatingCubesHelpers.swift:45:11: error: 'CAShapeLayer' is unavailable in watchOS
43 | }
44 |
45 | extension CAShapeLayer {
   |           `- error: 'CAShapeLayer' is unavailable in watchOS
46 |
47 |     func animateCorners(duration: Double) {
/Applications/Xcode-27.0.0-Release.Candidate.app/Contents/Developer/Platforms/WatchOS.platform/Developer/SDKs/WatchOS27.0.sdk/System/Library/Frameworks/QuartzCore.framework/Headers/CAShapeLayer.h:40:12: note: 'CAShapeLayer' has been explicitly marked unavailable here
 38 |
 39 | API_AVAILABLE(macos(10.6), ios(3.0), tvos(9.0)) API_UNAVAILABLE(watchos)
 40 | @interface CAShapeLayer : CALayer
    |            `- note: 'CAShapeLayer' has been explicitly marked unavailable here
 41 |
 42 | /* The path defining the shape to be rendered. If the path extends
/Users/admin/builder/spi-builder-workspace/Sources/BBLoader/Main/BBLoader.swift:27:29: error: 'UIAlertController' is unavailable in watchOS
25 | import UIKit
26 |
27 | public typealias BBLoader = UIAlertController
   |                             `- error: 'UIAlertController' is unavailable in watchOS
28 |
29 | public extension BBLoader {
/Applications/Xcode-27.0.0-Release.Candidate.app/Contents/Developer/Platforms/WatchOS.platform/Developer/SDKs/WatchOS27.0.sdk/System/Library/Frameworks/UIKit.framework/Headers/UIAlertController.h:43:12: note: 'UIAlertController' has been explicitly marked unavailable here
41 |
42 | UIKIT_EXTERN API_AVAILABLE(ios(8.0)) API_UNAVAILABLE(watchos) NS_SWIFT_UI_ACTOR
43 | @interface UIAlertController : UIViewController
   |            `- note: 'UIAlertController' has been explicitly marked unavailable here
44 |
45 | + (instancetype)alertControllerWithTitle:(nullable NSString *)title message:(nullable NSString *)message preferredStyle:(UIAlertControllerStyle)preferredStyle;
/Users/admin/builder/spi-builder-workspace/Sources/BBLoader/Main/BBLoader.swift:31:35: error: 'UIActivityIndicatorView' is unavailable in watchOS
29 | public extension BBLoader {
30 |
31 |     static let loadingIndicator = UIActivityIndicatorView()
   |                                   `- error: 'UIActivityIndicatorView' is unavailable in watchOS
32 |
33 |     convenience init(title: String = "", message: String = "") {
/Applications/Xcode-27.0.0-Release.Candidate.app/Contents/Developer/Platforms/WatchOS.platform/Developer/SDKs/WatchOS27.0.sdk/System/Library/Frameworks/UIKit.framework/Headers/UIActivityIndicatorView.h:24:12: note: 'UIActivityIndicatorView' has been explicitly marked unavailable here
22 |
23 | UIKIT_EXTERN API_AVAILABLE(ios(2.0)) API_UNAVAILABLE(watchos) NS_SWIFT_UI_ACTOR
24 | @interface UIActivityIndicatorView : UIView <NSCoding>
   |            `- note: 'UIActivityIndicatorView' has been explicitly marked unavailable here
25 |
26 | - (instancetype)initWithActivityIndicatorStyle:(UIActivityIndicatorViewStyle)style NS_DESIGNATED_INITIALIZER; // sizes the view according to the style
/Users/admin/builder/spi-builder-workspace/Sources/BBLoader/Main/BBLoader.swift:31:35: error: 'init()' is unavailable in watchOS
29 | public extension BBLoader {
30 |
31 |     static let loadingIndicator = UIActivityIndicatorView()
   |                                   `- error: 'init()' is unavailable in watchOS
32 |
33 |     convenience init(title: String = "", message: String = "") {
/Applications/Xcode-27.0.0-Release.Candidate.app/Contents/Developer/Platforms/WatchOS.platform/Developer/SDKs/WatchOS27.0.sdk/System/Library/Frameworks/UIKit.framework/Headers/UIView.h:158:1: note: 'init()' has been explicitly marked unavailable here
156 | - (instancetype)initWithFrame:(CGRect)frame NS_DESIGNATED_INITIALIZER;
157 | - (nullable instancetype)initWithCoder:(NSCoder *)coder NS_DESIGNATED_INITIALIZER;
158 | - (instancetype)init API_AVAILABLE(ios(2.0), tvos(9.0), visionos(1.0)) API_UNAVAILABLE(watchos);
    | `- note: 'init()' has been explicitly marked unavailable here
159 |
160 | @property(nonatomic,getter=isUserInteractionEnabled) BOOL userInteractionEnabled;  // default is YES. if set to NO, user events (touch, keys) are ignored and removed from the event queue.
/Users/admin/builder/spi-builder-workspace/Sources/BBLoader/Main/BBLoaderHelpers.swift:29:32: error: 'UIActivityIndicatorView' is unavailable in watchOS
27 | public extension BBLoader {
28 |
29 |     var loadingIndicatorStyle: UIActivityIndicatorView.Style {
   |                                `- error: 'UIActivityIndicatorView' is unavailable in watchOS
30 |         set {
31 |             BBLoader.loadingIndicator.style = newValue
/Applications/Xcode-27.0.0-Release.Candidate.app/Contents/Developer/Platforms/WatchOS.platform/Developer/SDKs/WatchOS27.0.sdk/System/Library/Frameworks/UIKit.framework/Headers/UIActivityIndicatorView.h:24:12: note: 'UIActivityIndicatorView' has been explicitly marked unavailable here
22 |
23 | UIKIT_EXTERN API_AVAILABLE(ios(2.0)) API_UNAVAILABLE(watchos) NS_SWIFT_UI_ACTOR
24 | @interface UIActivityIndicatorView : UIView <NSCoding>
   |            `- note: 'UIActivityIndicatorView' has been explicitly marked unavailable here
25 |
26 | - (instancetype)initWithActivityIndicatorStyle:(UIActivityIndicatorViewStyle)style NS_DESIGNATED_INITIALIZER; // sizes the view according to the style
/Users/admin/builder/spi-builder-workspace/Sources/BBLoader/Protocols/BBAnimatable.swift:35:11: error: 'UIActivityIndicatorView' is unavailable in watchOS
33 | }
34 |
35 | extension UIActivityIndicatorView: BBAnimatable { }
   |           `- error: 'UIActivityIndicatorView' is unavailable in watchOS
36 |
/Applications/Xcode-27.0.0-Release.Candidate.app/Contents/Developer/Platforms/WatchOS.platform/Developer/SDKs/WatchOS27.0.sdk/System/Library/Frameworks/UIKit.framework/Headers/UIActivityIndicatorView.h:24:12: note: 'UIActivityIndicatorView' has been explicitly marked unavailable here
22 |
23 | UIKIT_EXTERN API_AVAILABLE(ios(2.0)) API_UNAVAILABLE(watchos) NS_SWIFT_UI_ACTOR
24 | @interface UIActivityIndicatorView : UIView <NSCoding>
   |            `- note: 'UIActivityIndicatorView' has been explicitly marked unavailable here
25 |
26 | - (instancetype)initWithActivityIndicatorStyle:(UIActivityIndicatorViewStyle)style NS_DESIGNATED_INITIALIZER; // sizes the view according to the style
/Users/admin/builder/spi-builder-workspace/Sources/BBLoader/Protocols/BBLoaderPresentable.swift:57:44: error: 'UIViewController' is unavailable in watchOS
55 |     }
56 |
57 |     private func handleDismissal(_ loader: UIViewController,
   |                                            `- error: 'UIViewController' is unavailable in watchOS
58 |                                  after duration: Double) -> Void {
59 |         if !duration.isZero {
/Applications/Xcode-27.0.0-Release.Candidate.app/Contents/Developer/Platforms/WatchOS.platform/Developer/SDKs/WatchOS27.0.sdk/System/Library/Frameworks/UIKit.framework/Headers/UIViewController.h:104:12: note: 'UIViewController' has been explicitly marked unavailable here
102 |
103 | UIKIT_EXTERN API_AVAILABLE(ios(2.0)) API_UNAVAILABLE(watchos) NS_SWIFT_UI_ACTOR
104 | @interface UIViewController : UIResponder <NSCoding, UIAppearanceContainer, UITraitEnvironment, UIContentContainer, UIFocusEnvironment>
    |            `- note: 'UIViewController' has been explicitly marked unavailable here
105 |
106 | /*
/Users/admin/builder/spi-builder-workspace/Sources/BBLoader/Protocols/BBLoaderPresentable.swift:27:18: error: 'UIViewController' is unavailable in watchOS
25 | import UIKit
26 |
27 | public extension UIViewController {
   |                  `- error: 'UIViewController' is unavailable in watchOS
28 |
29 |     func presentBBLoader(duration: Double                   = 0,
/Applications/Xcode-27.0.0-Release.Candidate.app/Contents/Developer/Platforms/WatchOS.platform/Developer/SDKs/WatchOS27.0.sdk/System/Library/Frameworks/UIKit.framework/Headers/UIViewController.h:104:12: note: 'UIViewController' has been explicitly marked unavailable here
102 |
103 | UIKIT_EXTERN API_AVAILABLE(ios(2.0)) API_UNAVAILABLE(watchos) NS_SWIFT_UI_ACTOR
104 | @interface UIViewController : UIResponder <NSCoding, UIAppearanceContainer, UITraitEnvironment, UIContentContainer, UIFocusEnvironment>
    |            `- note: 'UIViewController' has been explicitly marked unavailable here
105 |
106 | /*
Failed frontend command:
/Applications/Xcode-27.0.0-Release.Candidate.app/Contents/Developer/Toolchains/XcodeDefault.xctoolchain/usr/bin/swift-frontend -frontend -emit-module -experimental-skip-non-inlinable-function-bodies-without-types /Users/admin/builder/spi-builder-workspace/Sources/BBLoader/BBAnimatedLoader/BBAnimatedLoader.swift /Users/admin/builder/spi-builder-workspace/Sources/BBLoader/BBAnimatedLoader/BBAnimationType.swift /Users/admin/builder/spi-builder-workspace/Sources/BBLoader/BBMulticolorSpinnerView/BBMulticolorSpinnerView.swift /Users/admin/builder/spi-builder-workspace/Sources/BBLoader/BBQuadRotatingSquaresToCircles/BBQuadRotatingSquaresToCircles.swift /Users/admin/builder/spi-builder-workspace/Sources/BBLoader/BBQuadRotatingSquaresToCircles/BBRotatingAnimatingCubesHelpers.swift /Users/admin/builder/spi-builder-workspace/Sources/BBLoader/Main/BBLoader.swift /Users/admin/builder/spi-builder-workspace/Sources/BBLoader/Main/BBLoaderHelpers.swift /Users/admin/builder/spi-builder-workspace/Sources/BBLoader/Protocols/BBAnimatable.swift /Users/admin/builder/spi-builder-workspace/Sources/BBLoader/Protocols/BBLoaderPresentable.swift -target arm64-apple-watchos9.0 -disable-cross-import-overlay-search -load-resolved-plugin /Applications/Xcode-27.0.0-Release.Candidate.app/Contents/Developer/Platforms/WatchOS.platform/Developer/usr/lib/swift/host/plugins/libFoundationMacros.dylib\#/Applications/Xcode-27.0.0-Release.Candidate.app/Contents/Developer/Platforms/WatchOS.platform/Developer/usr/bin/swift-plugin-server\#FoundationMacros -load-resolved-plugin /Applications/Xcode-27.0.0-Release.Candidate.app/Contents/Developer/Platforms/WatchOS.platform/Developer/usr/lib/swift/host/plugins/libObservationMacros.dylib\#/Applications/Xcode-27.0.0-Release.Candidate.app/Contents/Developer/Platforms/WatchOS.platform/Developer/usr/bin/swift-plugin-server\#ObservationMacros -load-resolved-plugin /Applications/Xcode-27.0.0-Release.Candidate.app/Contents/Developer/Platforms/WatchOS.platform/Developer/usr/lib/swift/host/plugins/libSwiftMacros.dylib\#/Applications/Xcode-27.0.0-Release.Candidate.app/Contents/Developer/Platforms/WatchOS.platform/Developer/usr/bin/swift-plugin-server\#SwiftMacros -load-resolved-plugin /Applications/Xcode-27.0.0-Release.Candidate.app/Contents/Developer/Platforms/WatchOS.platform/Developer/usr/lib/swift/host/plugins/libSwiftUIMacros.dylib\#/Applications/Xcode-27.0.0-Release.Candidate.app/Contents/Developer/Platforms/WatchOS.platform/Developer/usr/bin/swift-plugin-server\#SwiftUIMacros -disable-implicit-swift-modules -Xcc -fno-implicit-modules -Xcc -fno-implicit-module-maps -explicit-swift-module-map-file /Users/admin/builder/spi-builder-workspace/.derivedData/Build/Intermediates.noindex/BBLoader.build/Debug-watchos/BBLoader-t.build/Objects-normal/arm64/BBLoader-dependencies-2.json -Xllvm -aarch64-use-tbi -enable-objc-interop -stack-check -sdk /Applications/Xcode-27.0.0-Release.Candidate.app/Contents/Developer/Platforms/WatchOS.platform/Developer/SDKs/WatchOS27.0.sdk -I /Users/admin/builder/spi-builder-workspace/.derivedData/Build/Products/Debug-watchos -Isystem /Applications/Xcode-27.0.0-Release.Candidate.app/Contents/Developer/Platforms/WatchOS.platform/Developer/usr/lib -F /Users/admin/builder/spi-builder-workspace/.derivedData/Build/Products/Debug-watchos -F /Applications/Xcode-27.0.0-Release.Candidate.app/Contents/Developer/Platforms/WatchOS.platform/Developer/Library/Frameworks -F /Applications/Xcode-27.0.0-Release.Candidate.app/Contents/Developer/Platforms/WatchOS.platform/Developer/SDKs/WatchOS27.0.sdk/Developer/Library/Frameworks -module-cache-path /Users/admin/builder/spi-builder-workspace/.derivedData/Build/Intermediates.noindex/SwiftExplicitPrecompiledModules -no-color-diagnostics -Xcc -fno-color-diagnostics -enable-testing -g -debug-info-format\=dwarf -dwarf-version\=4 -profile-generate -profile-coverage-mapping -swift-version 5 -Onone -D SWIFT_PACKAGE -D DEBUG -D SWIFT_MODULE_RESOURCE_BUNDLE_UNAVAILABLE -D Xcode -serialize-debugging-options -enable-experimental-feature DebugDescriptionMacro -empty-abi-descriptor -validate-clang-modules-once -clang-build-session-file /Users/admin/builder/spi-builder-workspace/.derivedData/ModuleCache.noindex/Session.modulevalidation -Xcc -working-directory -Xcc /Users/admin/builder/spi-builder-workspace/.swiftpm/xcode -enable-anonymous-context-mangled-names -file-compilation-dir /Users/admin/builder/spi-builder-workspace/.swiftpm/xcode -Xcc -D_LIBCPP_HARDENING_MODE\=_LIBCPP_HARDENING_MODE_DEBUG -Xcc -ivfsstatcache -Xcc /Users/admin/builder/spi-builder-workspace/.derivedData/SDKStatCaches.noindex/watchos27.0-24R360-e829b21a6f8c9b70876ba0858053c04477534ef55a1706bf4c1112bbb242f0a2.sdkstatcache -Xcc -fmodules-prune-interval\=86400 -Xcc -fmodules-prune-after\=345600 -Xcc -I/Users/admin/builder/spi-builder-workspace/.derivedData/Build/Products/Debug-watchos/include -Xcc -I/Users/admin/builder/spi-builder-workspace/.derivedData/Build/Intermediates.noindex/BBLoader.build/Debug-watchos/BBLoader-t.build/DerivedSources-normal/arm64 -Xcc -I/Users/admin/builder/spi-builder-workspace/.derivedData/Build/Intermediates.noindex/BBLoader.build/Debug-watchos/BBLoader-t.build/DerivedSources/arm64 -Xcc -I/Users/admin/builder/spi-builder-workspace/.derivedData/Build/Intermediates.noindex/BBLoader.build/Debug-watchos/BBLoader-t.build/DerivedSources -Xcc -DSWIFT_PACKAGE -Xcc -DDEBUG\=1 -no-auto-bridging-header-chaining -module-name BBLoader -const-gather-protocols-file /Users/admin/builder/spi-builder-workspace/.derivedData/Build/Intermediates.noindex/BBLoader.build/Debug-watchos/BBLoader-t.build/Objects-normal/arm64/BBLoader_const_extract_protocols.json -disable-clang-spi -clang-target arm64-apple-watchos27.0 -target-sdk-version 27.0 -target-sdk-name watchos27.0 -in-process-plugin-server-path /Applications/Xcode-27.0.0-Release.Candidate.app/Contents/Developer/Toolchains/XcodeDefault.xctoolchain/usr/lib/swift/host/libSwiftInProcPluginServer.dylib -emit-module-doc-path /Users/admin/builder/spi-builder-workspace/.derivedData/Build/Intermediates.noindex/BBLoader.build/Debug-watchos/BBLoader-t.build/Objects-normal/arm64/BBLoader.swiftdoc -emit-module-source-info-path /Users/admin/builder/spi-builder-workspace/.derivedData/Build/Intermediates.noindex/BBLoader.build/Debug-watchos/BBLoader-t.build/Objects-normal/arm64/BBLoader.swiftsourceinfo -emit-objc-header-path /Users/admin/builder/spi-builder-workspace/.derivedData/Build/Intermediates.noindex/BBLoader.build/Debug-watchos/BBLoader-t.build/Objects-normal/arm64/BBLoader-Swift.h -serialize-diagnostics-path /Users/admin/builder/spi-builder-workspace/.derivedData/Build/Intermediates.noindex/BBLoader.build/Debug-watchos/BBLoader-t.build/Objects-normal/arm64/BBLoader-primary-emit-module.dia -emit-dependencies-path /Users/admin/builder/spi-builder-workspace/.derivedData/Build/Intermediates.noindex/BBLoader.build/Debug-watchos/BBLoader-t.build/Objects-normal/arm64/BBLoader-primary-emit-module.d -parse-as-library -o /Users/admin/builder/spi-builder-workspace/.derivedData/Build/Intermediates.noindex/BBLoader.build/Debug-watchos/BBLoader-t.build/Objects-normal/arm64/BBLoader.swiftmodule -emit-abi-descriptor-path /Users/admin/builder/spi-builder-workspace/.derivedData/Build/Intermediates.noindex/BBLoader.build/Debug-watchos/BBLoader-t.build/Objects-normal/arm64/BBLoader.abi.json
SwiftCompile normal arm64 (in target 'BBLoader' from project 'BBLoader')
    cd /Users/admin/builder/spi-builder-workspace/.swiftpm/xcode

SwiftCompile normal arm64 Compiling\ BBAnimatable.swift /Users/admin/builder/spi-builder-workspace/Sources/BBLoader/Protocols/BBAnimatable.swift (in target 'BBLoader' from project 'BBLoader')
SwiftCompile normal arm64 /Users/admin/builder/spi-builder-workspace/Sources/BBLoader/Protocols/BBAnimatable.swift (in target 'BBLoader' from project 'BBLoader')
    cd /Users/admin/builder/spi-builder-workspace/.swiftpm/xcode
    builtin-SwiftPerFileCompile BBAnimatable.swift
SwiftCompile normal arm64 Compiling\ BBLoaderHelpers.swift /Users/admin/builder/spi-builder-workspace/Sources/BBLoader/Main/BBLoaderHelpers.swift (in target 'BBLoader' from project 'BBLoader')
SwiftCompile normal arm64 /Users/admin/builder/spi-builder-workspace/Sources/BBLoader/Main/BBLoaderHelpers.swift (in target 'BBLoader' from project 'BBLoader')
    cd /Users/admin/builder/spi-builder-workspace/.swiftpm/xcode
    builtin-SwiftPerFileCompile BBLoaderHelpers.swift
/Users/admin/builder/spi-builder-workspace/Sources/BBLoader/Main/BBLoaderHelpers.swift:29:32: error: 'UIActivityIndicatorView' is unavailable in watchOS
27 | public extension BBLoader {
28 |
29 |     var loadingIndicatorStyle: UIActivityIndicatorView.Style {
   |                                `- error: 'UIActivityIndicatorView' is unavailable in watchOS
30 |         set {
31 |             BBLoader.loadingIndicator.style = newValue
/Applications/Xcode-27.0.0-Release.Candidate.app/Contents/Developer/Platforms/WatchOS.platform/Developer/SDKs/WatchOS27.0.sdk/System/Library/Frameworks/UIKit.framework/Headers/UIActivityIndicatorView.h:24:12: note: 'UIActivityIndicatorView' has been explicitly marked unavailable here
22 |
23 | UIKIT_EXTERN API_AVAILABLE(ios(2.0)) API_UNAVAILABLE(watchos) NS_SWIFT_UI_ACTOR
24 | @interface UIActivityIndicatorView : UIView <NSCoding>
   |            `- note: 'UIActivityIndicatorView' has been explicitly marked unavailable here
25 |
26 | - (instancetype)initWithActivityIndicatorStyle:(UIActivityIndicatorViewStyle)style NS_DESIGNATED_INITIALIZER; // sizes the view according to the style
/Users/admin/builder/spi-builder-workspace/Sources/BBLoader/Main/BBLoader.swift:31:35: error: 'UIActivityIndicatorView' is unavailable in watchOS
29 | public extension BBLoader {
30 |
31 |     static let loadingIndicator = UIActivityIndicatorView()
   |                                   `- error: 'UIActivityIndicatorView' is unavailable in watchOS
32 |
33 |     convenience init(title: String = "", message: String = "") {
/Applications/Xcode-27.0.0-Release.Candidate.app/Contents/Developer/Platforms/WatchOS.platform/Developer/SDKs/WatchOS27.0.sdk/System/Library/Frameworks/UIKit.framework/Headers/UIActivityIndicatorView.h:24:12: note: 'UIActivityIndicatorView' has been explicitly marked unavailable here
22 |
23 | UIKIT_EXTERN API_AVAILABLE(ios(2.0)) API_UNAVAILABLE(watchos) NS_SWIFT_UI_ACTOR
24 | @interface UIActivityIndicatorView : UIView <NSCoding>
   |            `- note: 'UIActivityIndicatorView' has been explicitly marked unavailable here
25 |
26 | - (instancetype)initWithActivityIndicatorStyle:(UIActivityIndicatorViewStyle)style NS_DESIGNATED_INITIALIZER; // sizes the view according to the style
SwiftCompile normal arm64 Compiling\ BBLoaderPresentable.swift /Users/admin/builder/spi-builder-workspace/Sources/BBLoader/Protocols/BBLoaderPresentable.swift (in target 'BBLoader' from project 'BBLoader')
/Users/admin/builder/spi-builder-workspace/Sources/BBLoader/Protocols/BBLoaderPresentable.swift:57:44: error: 'UIViewController' is unavailable in watchOS
55 |     }
56 |
57 |     private func handleDismissal(_ loader: UIViewController,
   |                                            `- error: 'UIViewController' is unavailable in watchOS
58 |                                  after duration: Double) -> Void {
59 |         if !duration.isZero {
/Applications/Xcode-27.0.0-Release.Candidate.app/Contents/Developer/Platforms/WatchOS.platform/Developer/SDKs/WatchOS27.0.sdk/System/Library/Frameworks/UIKit.framework/Headers/UIViewController.h:104:12: note: 'UIViewController' has been explicitly marked unavailable here
102 |
103 | UIKIT_EXTERN API_AVAILABLE(ios(2.0)) API_UNAVAILABLE(watchos) NS_SWIFT_UI_ACTOR
104 | @interface UIViewController : UIResponder <NSCoding, UIAppearanceContainer, UITraitEnvironment, UIContentContainer, UIFocusEnvironment>
    |            `- note: 'UIViewController' has been explicitly marked unavailable here
105 |
106 | /*
SwiftCompile normal arm64 /Users/admin/builder/spi-builder-workspace/Sources/BBLoader/Protocols/BBLoaderPresentable.swift (in target 'BBLoader' from project 'BBLoader')
    cd /Users/admin/builder/spi-builder-workspace/.swiftpm/xcode
    builtin-SwiftPerFileCompile BBLoaderPresentable.swift
SwiftEmitModule normal arm64_32 Emitting\ module\ for\ BBLoader (in target 'BBLoader' from project 'BBLoader')
SwiftCompile normal arm64_32 (in target 'BBLoader' from project 'BBLoader')
    cd /Users/admin/builder/spi-builder-workspace/.swiftpm/xcode

PruneExplicitPrecompiledModules /Users/admin/builder/spi-builder-workspace/.derivedData/Build/Intermediates.noindex/ExplicitPrecompiledModules
PruneExplicitPrecompiledModules /Users/admin/builder/spi-builder-workspace/.derivedData/Build/Intermediates.noindex/SwiftExplicitPrecompiledModules
PruneExplicitPrecompiledModules /Users/admin/builder/spi-builder-workspace/.derivedData/SDKExplicitPrecompiledModules
2026-09-17 11:49:27.353 xcodebuild[860:5152] [MT] IDERunDestination: Supported platforms for the buildables in the current scheme is empty.
** BUILD FAILED **
The following build commands failed:
	SwiftEmitModule normal arm64 Emitting\ module\ for\ BBLoader (in target 'BBLoader' from project 'BBLoader')
	SwiftCompile normal arm64 (in target 'BBLoader' from project 'BBLoader')
	Building workspace BBLoader with scheme BBLoader
(3 failures)
BUILD FAILURE 6.4 watchOS