The Swift Package Index logo.Swift Package Index

Build Information

Failed to build SQLiteExtensionKit, reference main (2638b1), with Swift 6.4 for Android on 23 Sep 2026 06:11:36 UTC.

Build Command

bash -c docker run --pull=always --rm -v "checkouts-54344843-0":/host -w "$PWD" -e JAVA_HOME="/root/.sdkman/candidates/java/current" -e SPI_BUILD="1" -e SPI_PROCESSING="1" registry.gitlab.com/saguaro1/spi-images:android-6.4-latest swift build --swift-sdk aarch64-unknown-linux-android28 2>&1

Build Log

========================================
RunAll
========================================
Builder version: 5.1.0
Interrupt handler set up.
========================================
Checkout
========================================
Clone URL: https://github.com/wendylabsinc/sqlite-extension-kit.git
Reference: main
Initialized empty Git repository in /host/spi-builder-workspace/.git/
hint: Using 'master' as the name for the initial branch. This default branch name
hint: is subject to change. To configure the initial branch name to use in all
hint: of your new repositories, which will suppress this warning, call:
hint:
hint: 	git config --global init.defaultBranch <name>
hint:
hint: Names commonly chosen instead of 'master' are 'main', 'trunk' and
hint: 'development'. The just-created branch can be renamed via this command:
hint:
hint: 	git branch -m <name>
From https://github.com/wendylabsinc/sqlite-extension-kit
 * branch            main       -> FETCH_HEAD
 * [new branch]      main       -> origin/main
HEAD is now at 2638b18 Merge pull request #8 from wendylabsinc/badges-license
Cloned https://github.com/wendylabsinc/sqlite-extension-kit.git
Revision (git rev-parse @):
2638b1817c54f7e5576448f326332438faa5a0f6
SUCCESS checkout https://github.com/wendylabsinc/sqlite-extension-kit.git at main
========================================
Build
========================================
Selected platform:         android
Swift version:             6.4
Building package at path:  $PWD
https://github.com/wendylabsinc/sqlite-extension-kit.git
Running build ...
bash -c docker run --pull=always --rm -v "checkouts-54344843-0":/host -w "$PWD" -e JAVA_HOME="/root/.sdkman/candidates/java/current" -e SPI_BUILD="1" -e SPI_PROCESSING="1" registry.gitlab.com/saguaro1/spi-images:android-6.4-latest swift build --swift-sdk aarch64-unknown-linux-android28 2>&1
android-6.4-latest: Pulling from saguaro1/spi-images
Digest: sha256:abadcff584c273feba50641b454858d377ba30b35ea7287a94f45ebd8afd0ea0
Status: Image is up to date for registry.gitlab.com/saguaro1/spi-images:android-6.4-latest
Fetching https://github.com/groue/GRDB.swift.git
Fetching https://github.com/swiftlang/swift-docc-plugin.git
[1/2345] Fetching swift-docc-plugin
Fetched https://github.com/swiftlang/swift-docc-plugin.git (0.54s)
[1/113886] Fetching grdb.swift
Fetched https://github.com/groue/GRDB.swift.git (7.17s)
Computing version for https://github.com/groue/GRDB.swift.git
Computed https://github.com/groue/GRDB.swift.git at 7.8.0 (8.27s)
Computing version for https://github.com/swiftlang/swift-docc-plugin.git
Computed https://github.com/swiftlang/swift-docc-plugin.git at 1.5.0 (1.05s)
Fetching https://github.com/swiftlang/swift-docc-symbolkit
[1/3829] Fetching swift-docc-symbolkit
Fetched https://github.com/swiftlang/swift-docc-symbolkit (0.62s)
Computing version for https://github.com/swiftlang/swift-docc-symbolkit
Computed https://github.com/swiftlang/swift-docc-symbolkit at 1.0.0 (0.85s)
Creating working copy for https://github.com/swiftlang/swift-docc-plugin.git
Working copy of https://github.com/swiftlang/swift-docc-plugin.git resolved at 1.5.0
Creating working copy for https://github.com/groue/GRDB.swift.git
Working copy of https://github.com/groue/GRDB.swift.git resolved at 7.8.0
Creating working copy for https://github.com/swiftlang/swift-docc-symbolkit
Working copy of https://github.com/swiftlang/swift-docc-symbolkit resolved at 1.0.0
Building for debugging...
[Constructing description]
[Planning deferred tasks]
In file included from /host/spi-builder-workspace/Sources/CSQLite/sqlite_snapshot_shim.c:1:
/host/spi-builder-workspace/Sources/CSQLite/include/sqlite3ext.h:9:10: fatal error: 'sqlite3.h' file not found
    9 | #include <sqlite3.h>
      |          ^~~~~~~~~~~
1 error generated.
error: CompileC /host/spi-builder-workspace/.build/out/Intermediates.noindex/SQLiteExtensionKit.build/Debug-android-aarch64/CSQLite-t.build/Objects-normal/aarch64/sqlite_snapshot_shim.o /host/spi-builder-workspace/Sources/CSQLite/sqlite_snapshot_shim.c normal aarch64 c com.apple.compilers.llvm.clang.1_0.compiler failed with a nonzero exit code. Command line:     cd /host

    Using response file: /host/spi-builder-workspace/.build/out/Intermediates.noindex/SQLiteExtensionKit.build/Debug-android-aarch64/CSQLite-t.build/Objects-normal/aarch64/9f65232cb83f8421e3a495a5062eba382369c975104ee97bafc405ab795bfc5e-common-args.resp

    /root/.local/share/swiftly/toolchains/6.4.x-snapshot-2026-09-04/usr/bin/clang -x c -target aarch64-unknown-linux-android28 -fmessage-length\=0 -fdiagnostics-show-note-include-stack -fmacro-backtrace-limit\=0 -fcolor-diagnostics -Wno-trigraphs -Wno-missing-field-initializers -Wno-missing-prototypes -Wno-return-type -Wno-missing-braces -Wparentheses -Wswitch -Wno-unused-function -Wno-unused-label -Wno-unused-parameter -Wno-unused-variable -Wunused-value -Wno-empty-body -Wno-uninitialized -Wno-unknown-pragmas -Wno-shadow -Wno-four-char-constants -Wno-conversion -Wno-constant-conversion -Wno-int-conversion -Wno-bool-conversion -Wno-enum-conversion -Wno-float-conversion -Wno-non-literal-null-conversion -Wno-objc-literal-conversion -Wno-shorten-64-to-32 -Wpointer-sign -Wno-newline-eof -Wno-implicit-fallthrough -fstrict-aliasing -Wdeprecated-declarations -Wno-sign-conversion -Wno-infinite-recursion -Wno-comma -Wno-block-capture-autoreleasing -Wno-strict-prototypes -Wno-semicolon-before-method-body --sysroot /android-ndk/android-ndk-r27d/toolchains/llvm/prebuilt/linux-x86_64/sysroot @/host/spi-builder-workspace/.build/out/Intermediates.noindex/SQLiteExtensionKit.build/Debug-android-aarch64/CSQLite-t.build/Objects-normal/aarch64/9f65232cb83f8421e3a495a5062eba382369c975104ee97bafc405ab795bfc5e-common-args.resp -MMD -MT dependencies -MF /host/spi-builder-workspace/.build/out/Intermediates.noindex/SQLiteExtensionKit.build/Debug-android-aarch64/CSQLite-t.build/Objects-normal/aarch64/sqlite_snapshot_shim.d --serialize-diagnostics /host/spi-builder-workspace/.build/out/Intermediates.noindex/SQLiteExtensionKit.build/Debug-android-aarch64/CSQLite-t.build/Objects-normal/aarch64/sqlite_snapshot_shim.dia -c /host/spi-builder-workspace/Sources/CSQLite/sqlite_snapshot_shim.c -o /host/spi-builder-workspace/.build/out/Intermediates.noindex/SQLiteExtensionKit.build/Debug-android-aarch64/CSQLite-t.build/Objects-normal/aarch64/sqlite_snapshot_shim.o
In file included from /host/spi-builder-workspace/Sources/CSQLite/sqlite_extension_init.c:1:
/host/spi-builder-workspace/Sources/CSQLite/include/sqlite3ext.h:9:10: fatal error: 'sqlite3.h' file not found
    9 | #include <sqlite3.h>
      |          ^~~~~~~~~~~
1 error generated.
error: CompileC /host/spi-builder-workspace/.build/out/Intermediates.noindex/SQLiteExtensionKit.build/Debug-android-aarch64/CSQLite-t.build/Objects-normal/aarch64/sqlite_extension_init.o /host/spi-builder-workspace/Sources/CSQLite/sqlite_extension_init.c normal aarch64 c com.apple.compilers.llvm.clang.1_0.compiler failed with a nonzero exit code. Command line:     cd /host

    Using response file: /host/spi-builder-workspace/.build/out/Intermediates.noindex/SQLiteExtensionKit.build/Debug-android-aarch64/CSQLite-t.build/Objects-normal/aarch64/9f65232cb83f8421e3a495a5062eba382369c975104ee97bafc405ab795bfc5e-common-args.resp

    /root/.local/share/swiftly/toolchains/6.4.x-snapshot-2026-09-04/usr/bin/clang -x c -target aarch64-unknown-linux-android28 -fmessage-length\=0 -fdiagnostics-show-note-include-stack -fmacro-backtrace-limit\=0 -fcolor-diagnostics -Wno-trigraphs -Wno-missing-field-initializers -Wno-missing-prototypes -Wno-return-type -Wno-missing-braces -Wparentheses -Wswitch -Wno-unused-function -Wno-unused-label -Wno-unused-parameter -Wno-unused-variable -Wunused-value -Wno-empty-body -Wno-uninitialized -Wno-unknown-pragmas -Wno-shadow -Wno-four-char-constants -Wno-conversion -Wno-constant-conversion -Wno-int-conversion -Wno-bool-conversion -Wno-enum-conversion -Wno-float-conversion -Wno-non-literal-null-conversion -Wno-objc-literal-conversion -Wno-shorten-64-to-32 -Wpointer-sign -Wno-newline-eof -Wno-implicit-fallthrough -fstrict-aliasing -Wdeprecated-declarations -Wno-sign-conversion -Wno-infinite-recursion -Wno-comma -Wno-block-capture-autoreleasing -Wno-strict-prototypes -Wno-semicolon-before-method-body --sysroot /android-ndk/android-ndk-r27d/toolchains/llvm/prebuilt/linux-x86_64/sysroot @/host/spi-builder-workspace/.build/out/Intermediates.noindex/SQLiteExtensionKit.build/Debug-android-aarch64/CSQLite-t.build/Objects-normal/aarch64/9f65232cb83f8421e3a495a5062eba382369c975104ee97bafc405ab795bfc5e-common-args.resp -MMD -MT dependencies -MF /host/spi-builder-workspace/.build/out/Intermediates.noindex/SQLiteExtensionKit.build/Debug-android-aarch64/CSQLite-t.build/Objects-normal/aarch64/sqlite_extension_init.d --serialize-diagnostics /host/spi-builder-workspace/.build/out/Intermediates.noindex/SQLiteExtensionKit.build/Debug-android-aarch64/CSQLite-t.build/Objects-normal/aarch64/sqlite_extension_init.dia -c /host/spi-builder-workspace/Sources/CSQLite/sqlite_extension_init.c -o /host/spi-builder-workspace/.build/out/Intermediates.noindex/SQLiteExtensionKit.build/Debug-android-aarch64/CSQLite-t.build/Objects-normal/aarch64/sqlite_extension_init.o
In file included from /host/spi-builder-workspace/Sources/CSQLite/SQLiteVirtualTable.c:1:
/host/spi-builder-workspace/Sources/CSQLite/include/SQLiteVirtualTable.h:4:10: fatal error: 'sqlite3.h' file not found
    4 | #include <sqlite3.h>
      |          ^~~~~~~~~~~
1 error generated.
error: CompileC /host/spi-builder-workspace/.build/out/Intermediates.noindex/SQLiteExtensionKit.build/Debug-android-aarch64/CSQLite-t.build/Objects-normal/aarch64/SQLiteVirtualTable.o /host/spi-builder-workspace/Sources/CSQLite/SQLiteVirtualTable.c normal aarch64 c com.apple.compilers.llvm.clang.1_0.compiler failed with a nonzero exit code. Command line:     cd /host

    Using response file: /host/spi-builder-workspace/.build/out/Intermediates.noindex/SQLiteExtensionKit.build/Debug-android-aarch64/CSQLite-t.build/Objects-normal/aarch64/9f65232cb83f8421e3a495a5062eba382369c975104ee97bafc405ab795bfc5e-common-args.resp

    /root/.local/share/swiftly/toolchains/6.4.x-snapshot-2026-09-04/usr/bin/clang -x c -target aarch64-unknown-linux-android28 -fmessage-length\=0 -fdiagnostics-show-note-include-stack -fmacro-backtrace-limit\=0 -fcolor-diagnostics -Wno-trigraphs -Wno-missing-field-initializers -Wno-missing-prototypes -Wno-return-type -Wno-missing-braces -Wparentheses -Wswitch -Wno-unused-function -Wno-unused-label -Wno-unused-parameter -Wno-unused-variable -Wunused-value -Wno-empty-body -Wno-uninitialized -Wno-unknown-pragmas -Wno-shadow -Wno-four-char-constants -Wno-conversion -Wno-constant-conversion -Wno-int-conversion -Wno-bool-conversion -Wno-enum-conversion -Wno-float-conversion -Wno-non-literal-null-conversion -Wno-objc-literal-conversion -Wno-shorten-64-to-32 -Wpointer-sign -Wno-newline-eof -Wno-implicit-fallthrough -fstrict-aliasing -Wdeprecated-declarations -Wno-sign-conversion -Wno-infinite-recursion -Wno-comma -Wno-block-capture-autoreleasing -Wno-strict-prototypes -Wno-semicolon-before-method-body --sysroot /android-ndk/android-ndk-r27d/toolchains/llvm/prebuilt/linux-x86_64/sysroot @/host/spi-builder-workspace/.build/out/Intermediates.noindex/SQLiteExtensionKit.build/Debug-android-aarch64/CSQLite-t.build/Objects-normal/aarch64/9f65232cb83f8421e3a495a5062eba382369c975104ee97bafc405ab795bfc5e-common-args.resp -MMD -MT dependencies -MF /host/spi-builder-workspace/.build/out/Intermediates.noindex/SQLiteExtensionKit.build/Debug-android-aarch64/CSQLite-t.build/Objects-normal/aarch64/SQLiteVirtualTable.d --serialize-diagnostics /host/spi-builder-workspace/.build/out/Intermediates.noindex/SQLiteExtensionKit.build/Debug-android-aarch64/CSQLite-t.build/Objects-normal/aarch64/SQLiteVirtualTable.dia -c /host/spi-builder-workspace/Sources/CSQLite/SQLiteVirtualTable.c -o /host/spi-builder-workspace/.build/out/Intermediates.noindex/SQLiteExtensionKit.build/Debug-android-aarch64/CSQLite-t.build/Objects-normal/aarch64/SQLiteVirtualTable.o
error: Build failed
BUILD FAILURE 6.4 android