Build Information
Failed to build OpenSRP, reference 0.2.2 (90d2b8), with Swift 6.4 for watchOS using Xcode 27.0 on 25 Sep 2026 15:47:27 UTC.
Build Command
env DEVELOPER_DIR=/Applications/Xcode-27.0.0-Release.Candidate.app xcrun xcodebuild -IDEClonedSourcePackagesDirPathOverride=$PWD/.dependencies -skipMacroValidation -skipPackagePluginValidation -derivedDataPath $PWD/.derivedData build -scheme OpenSRP -destination generic/platform=watchOSBuild Log
SwiftDriverJobDiscovery normal arm64 Compiling AsyncThrowingReplaySubject.swift, Streamed.swift, AsyncMergeSequence.swift, MergeStateMachine.swift (in target 'AsyncExtensions' from project 'AsyncExtensions')
SwiftDriverJobDiscovery normal arm64 Compiling AsyncTimerSequence.swift, AsyncHandleEventsSequence.swift, AsyncMapToResultSequence.swift (in target 'AsyncExtensions' from project 'AsyncExtensions')
SwiftDriverJobDiscovery normal arm64 Compiling AsyncMulticastSequence.swift, AsyncPrependSequence.swift, AsyncScanSequence.swift (in target 'AsyncExtensions' from project 'AsyncExtensions')
Ld /Users/admin/builder/spi-builder-workspace/.derivedData/Build/Intermediates.noindex/swift-binary-parsing.build/Debug-watchos/BinaryParsing-t.build/Objects-normal/arm64_32/Binary/BinaryParsing.o normal arm64_32 (in target 'BinaryParsing' from project 'swift-binary-parsing')
cd /Users/admin/builder/spi-builder-workspace/.dependencies/checkouts/swift-binary-parsing
/Applications/Xcode-27.0.0-Release.Candidate.app/Contents/Developer/Toolchains/XcodeDefault.xctoolchain/usr/bin/clang -Xlinker -reproducible -target arm64_32-apple-watchos9.0 -r -isysroot /Applications/Xcode-27.0.0-Release.Candidate.app/Contents/Developer/Platforms/WatchOS.platform/Developer/SDKs/WatchOS27.0.sdk -O0 -w -Xlinker -no_warn_duplicate_libraries -F/Users/admin/builder/spi-builder-workspace/.derivedData/Build/Intermediates.noindex/EagerLinkingTBDs/Debug-watchos -F/Users/admin/builder/spi-builder-workspace/.derivedData/Build/Products/Debug-watchos -iframework /Applications/Xcode-27.0.0-Release.Candidate.app/Contents/Developer/Platforms/WatchOS.platform/Developer/Library/Frameworks -iframework /Applications/Xcode-27.0.0-Release.Candidate.app/Contents/Developer/Platforms/WatchOS.platform/Developer/SDKs/WatchOS27.0.sdk/Developer/Library/Frameworks -filelist /Users/admin/builder/spi-builder-workspace/.derivedData/Build/Intermediates.noindex/swift-binary-parsing.build/Debug-watchos/BinaryParsing-t.build/Objects-normal/arm64_32/BinaryParsing.LinkFileList -nostdlib -Xlinker -object_path_lto -Xlinker /Users/admin/builder/spi-builder-workspace/.derivedData/Build/Intermediates.noindex/swift-binary-parsing.build/Debug-watchos/BinaryParsing-t.build/Objects-normal/arm64_32/BinaryParsing_lto.o -Xlinker -no_deduplicate -Xlinker -debug_variant -Xlinker -dependency_info -Xlinker /Users/admin/builder/spi-builder-workspace/.derivedData/Build/Intermediates.noindex/swift-binary-parsing.build/Debug-watchos/BinaryParsing-t.build/Objects-normal/arm64_32/BinaryParsing_dependency_info.dat -fobjc-link-runtime -L/Applications/Xcode-27.0.0-Release.Candidate.app/Contents/Developer/Toolchains/XcodeDefault.xctoolchain/usr/lib/swift/watchos -L/usr/lib/swift -Xlinker -add_ast_path -Xlinker /Users/admin/builder/spi-builder-workspace/.derivedData/Build/Intermediates.noindex/swift-binary-parsing.build/Debug-watchos/BinaryParsing-t.build/Objects-normal/arm64_32/BinaryParsing.swiftmodule -o /Users/admin/builder/spi-builder-workspace/.derivedData/Build/Intermediates.noindex/swift-binary-parsing.build/Debug-watchos/BinaryParsing-t.build/Objects-normal/arm64_32/Binary/BinaryParsing.o
Ld /Users/admin/builder/spi-builder-workspace/.derivedData/Build/Intermediates.noindex/swift-binary-parsing.build/Debug-watchos/BinaryParsing-t.build/Objects-normal/arm64/Binary/BinaryParsing.o normal arm64 (in target 'BinaryParsing' from project 'swift-binary-parsing')
cd /Users/admin/builder/spi-builder-workspace/.dependencies/checkouts/swift-binary-parsing
/Applications/Xcode-27.0.0-Release.Candidate.app/Contents/Developer/Toolchains/XcodeDefault.xctoolchain/usr/bin/clang -Xlinker -reproducible -target arm64-apple-watchos9.0 -r -isysroot /Applications/Xcode-27.0.0-Release.Candidate.app/Contents/Developer/Platforms/WatchOS.platform/Developer/SDKs/WatchOS27.0.sdk -O0 -w -Xlinker -no_warn_duplicate_libraries -F/Users/admin/builder/spi-builder-workspace/.derivedData/Build/Intermediates.noindex/EagerLinkingTBDs/Debug-watchos -F/Users/admin/builder/spi-builder-workspace/.derivedData/Build/Products/Debug-watchos -iframework /Applications/Xcode-27.0.0-Release.Candidate.app/Contents/Developer/Platforms/WatchOS.platform/Developer/Library/Frameworks -iframework /Applications/Xcode-27.0.0-Release.Candidate.app/Contents/Developer/Platforms/WatchOS.platform/Developer/SDKs/WatchOS27.0.sdk/Developer/Library/Frameworks -filelist /Users/admin/builder/spi-builder-workspace/.derivedData/Build/Intermediates.noindex/swift-binary-parsing.build/Debug-watchos/BinaryParsing-t.build/Objects-normal/arm64/BinaryParsing.LinkFileList -nostdlib -Xlinker -object_path_lto -Xlinker /Users/admin/builder/spi-builder-workspace/.derivedData/Build/Intermediates.noindex/swift-binary-parsing.build/Debug-watchos/BinaryParsing-t.build/Objects-normal/arm64/BinaryParsing_lto.o -Xlinker -no_deduplicate -Xlinker -debug_variant -Xlinker -dependency_info -Xlinker /Users/admin/builder/spi-builder-workspace/.derivedData/Build/Intermediates.noindex/swift-binary-parsing.build/Debug-watchos/BinaryParsing-t.build/Objects-normal/arm64/BinaryParsing_dependency_info.dat -fobjc-link-runtime -L/Applications/Xcode-27.0.0-Release.Candidate.app/Contents/Developer/Toolchains/XcodeDefault.xctoolchain/usr/lib/swift/watchos -L/usr/lib/swift -Xlinker -add_ast_path -Xlinker /Users/admin/builder/spi-builder-workspace/.derivedData/Build/Intermediates.noindex/swift-binary-parsing.build/Debug-watchos/BinaryParsing-t.build/Objects-normal/arm64/BinaryParsing.swiftmodule -o /Users/admin/builder/spi-builder-workspace/.derivedData/Build/Intermediates.noindex/swift-binary-parsing.build/Debug-watchos/BinaryParsing-t.build/Objects-normal/arm64/Binary/BinaryParsing.o
Ld /Users/admin/builder/spi-builder-workspace/.derivedData/Build/Intermediates.noindex/swift-async-algorithms.build/Debug-watchos/AsyncAlgorithms-t.build/Objects-normal/arm64_32/Binary/AsyncAlgorithms.o normal arm64_32 (in target 'AsyncAlgorithms' from project 'swift-async-algorithms')
cd /Users/admin/builder/spi-builder-workspace/.dependencies/checkouts/swift-async-algorithms
/Applications/Xcode-27.0.0-Release.Candidate.app/Contents/Developer/Toolchains/XcodeDefault.xctoolchain/usr/bin/clang -Xlinker -reproducible -target arm64_32-apple-watchos9.0 -r -isysroot /Applications/Xcode-27.0.0-Release.Candidate.app/Contents/Developer/Platforms/WatchOS.platform/Developer/SDKs/WatchOS27.0.sdk -O0 -w -Xlinker -no_warn_duplicate_libraries -F/Users/admin/builder/spi-builder-workspace/.derivedData/Build/Intermediates.noindex/EagerLinkingTBDs/Debug-watchos -F/Users/admin/builder/spi-builder-workspace/.derivedData/Build/Products/Debug-watchos/PackageFrameworks -F/Users/admin/builder/spi-builder-workspace/.derivedData/Build/Products/Debug-watchos -iframework /Applications/Xcode-27.0.0-Release.Candidate.app/Contents/Developer/Platforms/WatchOS.platform/Developer/Library/Frameworks -iframework /Applications/Xcode-27.0.0-Release.Candidate.app/Contents/Developer/Platforms/WatchOS.platform/Developer/SDKs/WatchOS27.0.sdk/Developer/Library/Frameworks -filelist /Users/admin/builder/spi-builder-workspace/.derivedData/Build/Intermediates.noindex/swift-async-algorithms.build/Debug-watchos/AsyncAlgorithms-t.build/Objects-normal/arm64_32/AsyncAlgorithms.LinkFileList -nostdlib -Xlinker -object_path_lto -Xlinker /Users/admin/builder/spi-builder-workspace/.derivedData/Build/Intermediates.noindex/swift-async-algorithms.build/Debug-watchos/AsyncAlgorithms-t.build/Objects-normal/arm64_32/AsyncAlgorithms_lto.o -Xlinker -no_deduplicate -Xlinker -debug_variant -Xlinker -dependency_info -Xlinker /Users/admin/builder/spi-builder-workspace/.derivedData/Build/Intermediates.noindex/swift-async-algorithms.build/Debug-watchos/AsyncAlgorithms-t.build/Objects-normal/arm64_32/AsyncAlgorithms_dependency_info.dat -fobjc-link-runtime -L/Applications/Xcode-27.0.0-Release.Candidate.app/Contents/Developer/Toolchains/XcodeDefault.xctoolchain/usr/lib/swift/watchos -L/usr/lib/swift -Xlinker -add_ast_path -Xlinker /Users/admin/builder/spi-builder-workspace/.derivedData/Build/Intermediates.noindex/swift-async-algorithms.build/Debug-watchos/AsyncAlgorithms-t.build/Objects-normal/arm64_32/AsyncAlgorithms.swiftmodule -o /Users/admin/builder/spi-builder-workspace/.derivedData/Build/Intermediates.noindex/swift-async-algorithms.build/Debug-watchos/AsyncAlgorithms-t.build/Objects-normal/arm64_32/Binary/AsyncAlgorithms.o
SwiftDriverJobDiscovery normal arm64_32 Compiling AsyncMulticastSequence.swift, AsyncPrependSequence.swift, AsyncScanSequence.swift (in target 'AsyncExtensions' from project 'AsyncExtensions')
SwiftDriver IEEE802 normal arm64_32 com.apple.xcode.tools.swift.compiler (in target 'IEEE802' from project 'IEEE802Swift')
cd /Users/admin/builder/spi-builder-workspace/.swiftpm/xcode
builtin-SwiftDriver -- /Applications/Xcode-27.0.0-Release.Candidate.app/Contents/Developer/Toolchains/XcodeDefault.xctoolchain/usr/bin/swiftc -parse-as-library -module-name IEEE802 -Onone @/Users/admin/builder/spi-builder-workspace/.derivedData/Build/Intermediates.noindex/IEEE802Swift.build/Debug-watchos/IEEE802-t.build/Objects-normal/arm64_32/IEEE802.SwiftFileList -DSWIFT_PACKAGE -DDEBUG -DSWIFT_MODULE_RESOURCE_BUNDLE_UNAVAILABLE -Xcc -fmodule-map-file\=/Users/admin/builder/spi-builder-workspace/.dependencies/checkouts/swift-system/Sources/CSystem/include/module.modulemap -DXcode -enable-experimental-feature StrictConcurrency -enable-experimental-feature NonisolatedNonsendingByDefault -plugin-path /Applications/Xcode-27.0.0-Release.Candidate.app/Contents/Developer/Toolchains/XcodeDefault.xctoolchain/usr/lib/swift/host/plugins/testing -enable-experimental-feature DebugDescriptionMacro -sdk /Applications/Xcode-27.0.0-Release.Candidate.app/Contents/Developer/Platforms/WatchOS.platform/Developer/SDKs/WatchOS27.0.sdk -target arm64_32-apple-watchos9.0 -g -module-cache-path /Users/admin/builder/spi-builder-workspace/.derivedData/ModuleCache.noindex -Xfrontend -serialize-debugging-options -profile-coverage-mapping -profile-generate -enable-testing -suppress-warnings -index-store-path /Users/admin/builder/spi-builder-workspace/.derivedData/Index.noindex/DataStore -Xcc -D_LIBCPP_HARDENING_MODE\=_LIBCPP_HARDENING_MODE_DEBUG -swift-version 6 -I /Users/admin/builder/spi-builder-workspace/.derivedData/Build/Products/Debug-watchos -Isystem /Applications/Xcode-27.0.0-Release.Candidate.app/Contents/Developer/Platforms/WatchOS.platform/Developer/usr/lib -F /Users/admin/builder/spi-builder-workspace/.derivedData/Build/Products/Debug-watchos/PackageFrameworks -F /Users/admin/builder/spi-builder-workspace/.derivedData/Build/Products/Debug-watchos -F /Applications/Xcode-27.0.0-Release.Candidate.app/Contents/Developer/Platforms/WatchOS.platform/Developer/Library/Frameworks -F /Applications/Xcode-27.0.0-Release.Candidate.app/Contents/Developer/Platforms/WatchOS.platform/Developer/SDKs/WatchOS27.0.sdk/Developer/Library/Frameworks -Xfrontend -load-plugin-executable -Xfrontend /Users/admin/builder/spi-builder-workspace/.derivedData/Build/Products/Debug/BinaryParsingMacros\#BinaryParsingMacros -c -j10 -enable-batch-mode -incremental -Xcc -ivfsstatcache -Xcc /Users/admin/builder/spi-builder-workspace/.derivedData/SDKStatCaches.noindex/watchos27.0-24R360-e829b21a6f8c9b70876ba0858053c04477534ef55a1706bf4c1112bbb242f0a2.sdkstatcache -output-file-map /Users/admin/builder/spi-builder-workspace/.derivedData/Build/Intermediates.noindex/IEEE802Swift.build/Debug-watchos/IEEE802-t.build/Objects-normal/arm64_32/IEEE802-OutputFileMap.json -save-temps -no-color-diagnostics -explicit-module-build -module-cache-path /Users/admin/builder/spi-builder-workspace/.derivedData/Build/Intermediates.noindex/SwiftExplicitPrecompiledModules -clang-scanner-module-cache-path /Users/admin/builder/spi-builder-workspace/.derivedData/ModuleCache.noindex -sdk-module-cache-path /Users/admin/builder/spi-builder-workspace/.derivedData/SDKExplicitPrecompiledModules -emit-dependencies -emit-module -emit-module-path /Users/admin/builder/spi-builder-workspace/.derivedData/Build/Intermediates.noindex/IEEE802Swift.build/Debug-watchos/IEEE802-t.build/Objects-normal/arm64_32/IEEE802.swiftmodule -serialize-diagnostics -dependency-scan-serialize-diagnostics-path /Users/admin/builder/spi-builder-workspace/.derivedData/Build/Intermediates.noindex/IEEE802Swift.build/Debug-watchos/IEEE802-t.build/Objects-normal/arm64_32/IEEE802-dependency-scan.dia -user-module-version 0.2.0 -validate-clang-modules-once -clang-build-session-file /Users/admin/builder/spi-builder-workspace/.derivedData/ModuleCache.noindex/Session.modulevalidation -Xcc -fmodules-prune-interval\=86400 -Xcc -fmodules-prune-after\=345600 -package-name ieee802swift -emit-const-values -const-gather-protocols-list /Users/admin/builder/spi-builder-workspace/.derivedData/Build/Intermediates.noindex/IEEE802Swift.build/Debug-watchos/IEEE802-t.build/Objects-normal/arm64_32/IEEE802_const_extract_protocols.json -Xcc -I/Users/admin/builder/spi-builder-workspace/.dependencies/checkouts/swift-system/Sources/CSystem/include -Xcc -I/Users/admin/builder/spi-builder-workspace/.derivedData/Build/Products/Debug-watchos/include -Xcc -I/Users/admin/builder/spi-builder-workspace/.derivedData/Build/Intermediates.noindex/IEEE802Swift.build/Debug-watchos/IEEE802-t.build/DerivedSources-normal/arm64_32 -Xcc -I/Users/admin/builder/spi-builder-workspace/.derivedData/Build/Intermediates.noindex/IEEE802Swift.build/Debug-watchos/IEEE802-t.build/DerivedSources/arm64_32 -Xcc -I/Users/admin/builder/spi-builder-workspace/.derivedData/Build/Intermediates.noindex/IEEE802Swift.build/Debug-watchos/IEEE802-t.build/DerivedSources -Xcc -DSWIFT_PACKAGE -Xcc -DDEBUG\=1 -emit-objc-header -emit-objc-header-path /Users/admin/builder/spi-builder-workspace/.derivedData/Build/Intermediates.noindex/IEEE802Swift.build/Debug-watchos/IEEE802-t.build/Objects-normal/arm64_32/IEEE802-Swift.h -working-directory /Users/admin/builder/spi-builder-workspace/.swiftpm/xcode -experimental-emit-module-separately -disable-cmo
SwiftDriver IEEE802 normal arm64 com.apple.xcode.tools.swift.compiler (in target 'IEEE802' from project 'IEEE802Swift')
cd /Users/admin/builder/spi-builder-workspace/.swiftpm/xcode
builtin-SwiftDriver -- /Applications/Xcode-27.0.0-Release.Candidate.app/Contents/Developer/Toolchains/XcodeDefault.xctoolchain/usr/bin/swiftc -parse-as-library -module-name IEEE802 -Onone @/Users/admin/builder/spi-builder-workspace/.derivedData/Build/Intermediates.noindex/IEEE802Swift.build/Debug-watchos/IEEE802-t.build/Objects-normal/arm64/IEEE802.SwiftFileList -DSWIFT_PACKAGE -DDEBUG -DSWIFT_MODULE_RESOURCE_BUNDLE_UNAVAILABLE -Xcc -fmodule-map-file\=/Users/admin/builder/spi-builder-workspace/.dependencies/checkouts/swift-system/Sources/CSystem/include/module.modulemap -DXcode -enable-experimental-feature StrictConcurrency -enable-experimental-feature NonisolatedNonsendingByDefault -plugin-path /Applications/Xcode-27.0.0-Release.Candidate.app/Contents/Developer/Toolchains/XcodeDefault.xctoolchain/usr/lib/swift/host/plugins/testing -enable-experimental-feature DebugDescriptionMacro -sdk /Applications/Xcode-27.0.0-Release.Candidate.app/Contents/Developer/Platforms/WatchOS.platform/Developer/SDKs/WatchOS27.0.sdk -target arm64-apple-watchos9.0 -g -module-cache-path /Users/admin/builder/spi-builder-workspace/.derivedData/ModuleCache.noindex -Xfrontend -serialize-debugging-options -profile-coverage-mapping -profile-generate -enable-testing -suppress-warnings -index-store-path /Users/admin/builder/spi-builder-workspace/.derivedData/Index.noindex/DataStore -Xcc -D_LIBCPP_HARDENING_MODE\=_LIBCPP_HARDENING_MODE_DEBUG -swift-version 6 -I /Users/admin/builder/spi-builder-workspace/.derivedData/Build/Products/Debug-watchos -Isystem /Applications/Xcode-27.0.0-Release.Candidate.app/Contents/Developer/Platforms/WatchOS.platform/Developer/usr/lib -F /Users/admin/builder/spi-builder-workspace/.derivedData/Build/Products/Debug-watchos/PackageFrameworks -F /Users/admin/builder/spi-builder-workspace/.derivedData/Build/Products/Debug-watchos -F /Applications/Xcode-27.0.0-Release.Candidate.app/Contents/Developer/Platforms/WatchOS.platform/Developer/Library/Frameworks -F /Applications/Xcode-27.0.0-Release.Candidate.app/Contents/Developer/Platforms/WatchOS.platform/Developer/SDKs/WatchOS27.0.sdk/Developer/Library/Frameworks -Xfrontend -load-plugin-executable -Xfrontend /Users/admin/builder/spi-builder-workspace/.derivedData/Build/Products/Debug/BinaryParsingMacros\#BinaryParsingMacros -c -j10 -enable-batch-mode -incremental -Xcc -ivfsstatcache -Xcc /Users/admin/builder/spi-builder-workspace/.derivedData/SDKStatCaches.noindex/watchos27.0-24R360-e829b21a6f8c9b70876ba0858053c04477534ef55a1706bf4c1112bbb242f0a2.sdkstatcache -output-file-map /Users/admin/builder/spi-builder-workspace/.derivedData/Build/Intermediates.noindex/IEEE802Swift.build/Debug-watchos/IEEE802-t.build/Objects-normal/arm64/IEEE802-OutputFileMap.json -save-temps -no-color-diagnostics -explicit-module-build -module-cache-path /Users/admin/builder/spi-builder-workspace/.derivedData/Build/Intermediates.noindex/SwiftExplicitPrecompiledModules -clang-scanner-module-cache-path /Users/admin/builder/spi-builder-workspace/.derivedData/ModuleCache.noindex -sdk-module-cache-path /Users/admin/builder/spi-builder-workspace/.derivedData/SDKExplicitPrecompiledModules -emit-dependencies -emit-module -emit-module-path /Users/admin/builder/spi-builder-workspace/.derivedData/Build/Intermediates.noindex/IEEE802Swift.build/Debug-watchos/IEEE802-t.build/Objects-normal/arm64/IEEE802.swiftmodule -serialize-diagnostics -dependency-scan-serialize-diagnostics-path /Users/admin/builder/spi-builder-workspace/.derivedData/Build/Intermediates.noindex/IEEE802Swift.build/Debug-watchos/IEEE802-t.build/Objects-normal/arm64/IEEE802-dependency-scan.dia -user-module-version 0.2.0 -validate-clang-modules-once -clang-build-session-file /Users/admin/builder/spi-builder-workspace/.derivedData/ModuleCache.noindex/Session.modulevalidation -Xcc -fmodules-prune-interval\=86400 -Xcc -fmodules-prune-after\=345600 -package-name ieee802swift -emit-const-values -const-gather-protocols-list /Users/admin/builder/spi-builder-workspace/.derivedData/Build/Intermediates.noindex/IEEE802Swift.build/Debug-watchos/IEEE802-t.build/Objects-normal/arm64/IEEE802_const_extract_protocols.json -Xcc -I/Users/admin/builder/spi-builder-workspace/.dependencies/checkouts/swift-system/Sources/CSystem/include -Xcc -I/Users/admin/builder/spi-builder-workspace/.derivedData/Build/Products/Debug-watchos/include -Xcc -I/Users/admin/builder/spi-builder-workspace/.derivedData/Build/Intermediates.noindex/IEEE802Swift.build/Debug-watchos/IEEE802-t.build/DerivedSources-normal/arm64 -Xcc -I/Users/admin/builder/spi-builder-workspace/.derivedData/Build/Intermediates.noindex/IEEE802Swift.build/Debug-watchos/IEEE802-t.build/DerivedSources/arm64 -Xcc -I/Users/admin/builder/spi-builder-workspace/.derivedData/Build/Intermediates.noindex/IEEE802Swift.build/Debug-watchos/IEEE802-t.build/DerivedSources -Xcc -DSWIFT_PACKAGE -Xcc -DDEBUG\=1 -emit-objc-header -emit-objc-header-path /Users/admin/builder/spi-builder-workspace/.derivedData/Build/Intermediates.noindex/IEEE802Swift.build/Debug-watchos/IEEE802-t.build/Objects-normal/arm64/IEEE802-Swift.h -working-directory /Users/admin/builder/spi-builder-workspace/.swiftpm/xcode -experimental-emit-module-separately -disable-cmo
CreateUniversalBinary /Users/admin/builder/spi-builder-workspace/.derivedData/Build/Products/Debug-watchos/BinaryParsing.o normal arm64\ arm64_32 (in target 'BinaryParsing' from project 'swift-binary-parsing')
cd /Users/admin/builder/spi-builder-workspace/.dependencies/checkouts/swift-binary-parsing
/Applications/Xcode-27.0.0-Release.Candidate.app/Contents/Developer/Toolchains/XcodeDefault.xctoolchain/usr/bin/lipo -create /Users/admin/builder/spi-builder-workspace/.derivedData/Build/Intermediates.noindex/swift-binary-parsing.build/Debug-watchos/BinaryParsing-t.build/Objects-normal/arm64/Binary/BinaryParsing.o /Users/admin/builder/spi-builder-workspace/.derivedData/Build/Intermediates.noindex/swift-binary-parsing.build/Debug-watchos/BinaryParsing-t.build/Objects-normal/arm64_32/Binary/BinaryParsing.o -output /Users/admin/builder/spi-builder-workspace/.derivedData/Build/Products/Debug-watchos/BinaryParsing.o
ExtractAppIntentsMetadata (in target 'BinaryParsing' from project 'swift-binary-parsing')
cd /Users/admin/builder/spi-builder-workspace/.dependencies/checkouts/swift-binary-parsing
/Applications/Xcode-27.0.0-Release.Candidate.app/Contents/Developer/Toolchains/XcodeDefault.xctoolchain/usr/bin/appintentsmetadataprocessor --toolchain-dir /var/run/com.apple.security.cryptexd/mnt/com.apple.MobileAsset.MetalToolchain-v27.1.266.1.aKVmK6/Metal.xctoolchain --module-name BinaryParsing --sdk-root /Applications/Xcode-27.0.0-Release.Candidate.app/Contents/Developer/Platforms/WatchOS.platform/Developer/SDKs/WatchOS27.0.sdk --xcode-version 27A266a --platform-family watchOS --deployment-target 9.0 --bundle-identifier swift-binary-parsing.BinaryParsing --output /Users/admin/builder/spi-builder-workspace/.derivedData/Build/Products/Debug-watchos/BinaryParsing.appintents --target-triple arm64-apple-watchos9.0 --target-triple arm64_32-apple-watchos9.0 --binary-file /Users/admin/builder/spi-builder-workspace/.derivedData/Build/Products/Debug-watchos/BinaryParsing.o --dependency-file /Users/admin/builder/spi-builder-workspace/.derivedData/Build/Intermediates.noindex/swift-binary-parsing.build/Debug-watchos/BinaryParsing-t.build/Objects-normal/arm64/BinaryParsing_dependency_info.dat --dependency-file /Users/admin/builder/spi-builder-workspace/.derivedData/Build/Intermediates.noindex/swift-binary-parsing.build/Debug-watchos/BinaryParsing-t.build/Objects-normal/arm64_32/BinaryParsing_dependency_info.dat --stringsdata-file /Users/admin/builder/spi-builder-workspace/.derivedData/Build/Intermediates.noindex/swift-binary-parsing.build/Debug-watchos/BinaryParsing-t.build/Objects-normal/arm64/ExtractedAppShortcutsMetadata.stringsdata --stringsdata-file /Users/admin/builder/spi-builder-workspace/.derivedData/Build/Intermediates.noindex/swift-binary-parsing.build/Debug-watchos/BinaryParsing-t.build/Objects-normal/arm64_32/ExtractedAppShortcutsMetadata.stringsdata --source-file-list /Users/admin/builder/spi-builder-workspace/.derivedData/Build/Intermediates.noindex/swift-binary-parsing.build/Debug-watchos/BinaryParsing-t.build/Objects-normal/arm64/BinaryParsing.SwiftFileList --source-file-list /Users/admin/builder/spi-builder-workspace/.derivedData/Build/Intermediates.noindex/swift-binary-parsing.build/Debug-watchos/BinaryParsing-t.build/Objects-normal/arm64_32/BinaryParsing.SwiftFileList --metadata-file-list /Users/admin/builder/spi-builder-workspace/.derivedData/Build/Intermediates.noindex/swift-binary-parsing.build/Debug-watchos/BinaryParsing-t.build/BinaryParsing.DependencyMetadataFileList --static-metadata-file-list /Users/admin/builder/spi-builder-workspace/.derivedData/Build/Intermediates.noindex/swift-binary-parsing.build/Debug-watchos/BinaryParsing-t.build/BinaryParsing.DependencyStaticMetadataFileList --swift-const-vals-list /Users/admin/builder/spi-builder-workspace/.derivedData/Build/Intermediates.noindex/swift-binary-parsing.build/Debug-watchos/BinaryParsing-t.build/Objects-normal/arm64/BinaryParsing.SwiftConstValuesFileList --swift-const-vals-list /Users/admin/builder/spi-builder-workspace/.derivedData/Build/Intermediates.noindex/swift-binary-parsing.build/Debug-watchos/BinaryParsing-t.build/Objects-normal/arm64_32/BinaryParsing.SwiftConstValuesFileList --force --compile-time-extraction --deployment-aware-processing --no-app-shortcuts-localization
2026-09-25 11:47:10.650 appintentsmetadataprocessor[2178:11910] Starting appintentsmetadataprocessor export
2026-09-25 11:47:10.741 appintentsmetadataprocessor[2178:11910] Extracted no relevant App Intents symbols, skipping writing output
SwiftEmitModule normal arm64 Emitting\ module\ for\ ServiceLifecycle (in target 'ServiceLifecycle' from project 'swift-service-lifecycle')
SwiftCompile normal arm64 (in target 'ServiceLifecycle' from project 'swift-service-lifecycle')
cd /Users/admin/builder/spi-builder-workspace/.swiftpm/xcode
SwiftCompile normal arm64 Compiling\ ServiceGroupConfiguration.swift /Users/admin/builder/spi-builder-workspace/.dependencies/checkouts/swift-service-lifecycle/Sources/ServiceLifecycle/ServiceGroupConfiguration.swift (in target 'ServiceLifecycle' from project 'swift-service-lifecycle')
SwiftCompile normal arm64 /Users/admin/builder/spi-builder-workspace/.dependencies/checkouts/swift-service-lifecycle/Sources/ServiceLifecycle/ServiceGroupConfiguration.swift (in target 'ServiceLifecycle' from project 'swift-service-lifecycle')
cd /Users/admin/builder/spi-builder-workspace/.swiftpm/xcode
builtin-SwiftPerFileCompile ServiceGroupConfiguration.swift
SwiftEmitModule normal arm64_32 Emitting\ module\ for\ ServiceLifecycle (in target 'ServiceLifecycle' from project 'swift-service-lifecycle')
SwiftCompile normal arm64_32 (in target 'ServiceLifecycle' from project 'swift-service-lifecycle')
cd /Users/admin/builder/spi-builder-workspace/.swiftpm/xcode
SwiftCompile normal arm64_32 Compiling\ ServiceGroupConfiguration.swift /Users/admin/builder/spi-builder-workspace/.dependencies/checkouts/swift-service-lifecycle/Sources/ServiceLifecycle/ServiceGroupConfiguration.swift (in target 'ServiceLifecycle' from project 'swift-service-lifecycle')
SwiftCompile normal arm64_32 /Users/admin/builder/spi-builder-workspace/.dependencies/checkouts/swift-service-lifecycle/Sources/ServiceLifecycle/ServiceGroupConfiguration.swift (in target 'ServiceLifecycle' from project 'swift-service-lifecycle')
cd /Users/admin/builder/spi-builder-workspace/.swiftpm/xcode
builtin-SwiftPerFileCompile ServiceGroupConfiguration.swift
SwiftDriverJobDiscovery normal arm64 Compiling AsyncSequence+FlatMapLatest.swift, AsyncSequence+Share.swift, AsyncSwitchToLatestSequence.swift (in target 'AsyncExtensions' from project 'AsyncExtensions')
SwiftCompile normal arm64_32 Compiling\ ClosureService.swift /Users/admin/builder/spi-builder-workspace/.dependencies/checkouts/swift-service-lifecycle/Sources/ServiceLifecycle/ClosureService.swift (in target 'ServiceLifecycle' from project 'swift-service-lifecycle')
SwiftCompile normal arm64_32 /Users/admin/builder/spi-builder-workspace/.dependencies/checkouts/swift-service-lifecycle/Sources/ServiceLifecycle/ClosureService.swift (in target 'ServiceLifecycle' from project 'swift-service-lifecycle')
cd /Users/admin/builder/spi-builder-workspace/.swiftpm/xcode
builtin-SwiftPerFileCompile ClosureService.swift
SwiftDriverJobDiscovery normal arm64_32 Compiling AsyncBufferedChannel.swift, AsyncThrowingBufferedChannel.swift, AsyncCurrentValueSubject.swift, AsyncPassthroughSubject.swift (in target 'AsyncExtensions' from project 'AsyncExtensions')
SwiftCompile normal arm64_32 Compiling\ AsyncCancelOnGracefulShutdownSequence.swift /Users/admin/builder/spi-builder-workspace/.dependencies/checkouts/swift-service-lifecycle/Sources/ServiceLifecycle/AsyncCancelOnGracefulShutdownSequence.swift (in target 'ServiceLifecycle' from project 'swift-service-lifecycle')
SwiftCompile normal arm64_32 /Users/admin/builder/spi-builder-workspace/.dependencies/checkouts/swift-service-lifecycle/Sources/ServiceLifecycle/AsyncCancelOnGracefulShutdownSequence.swift (in target 'ServiceLifecycle' from project 'swift-service-lifecycle')
cd /Users/admin/builder/spi-builder-workspace/.swiftpm/xcode
builtin-SwiftPerFileCompile AsyncCancelOnGracefulShutdownSequence.swift
SwiftDriverJobDiscovery normal arm64_32 Compiling AsyncWithLatestFrom2Sequence.swift, AsyncWithLatestFromSequence.swift, Termination.swift, AsyncEmptySequence.swift (in target 'AsyncExtensions' from project 'AsyncExtensions')
SwiftCompile normal arm64_32 Compiling\ ServiceGroup.swift /Users/admin/builder/spi-builder-workspace/.dependencies/checkouts/swift-service-lifecycle/Sources/ServiceLifecycle/ServiceGroup.swift (in target 'ServiceLifecycle' from project 'swift-service-lifecycle')
SwiftCompile normal arm64_32 /Users/admin/builder/spi-builder-workspace/.dependencies/checkouts/swift-service-lifecycle/Sources/ServiceLifecycle/ServiceGroup.swift (in target 'ServiceLifecycle' from project 'swift-service-lifecycle')
cd /Users/admin/builder/spi-builder-workspace/.swiftpm/xcode
builtin-SwiftPerFileCompile ServiceGroup.swift
SwiftCompile normal arm64_32 Compiling\ AsyncGracefulShutdownSequence.swift /Users/admin/builder/spi-builder-workspace/.dependencies/checkouts/swift-service-lifecycle/Sources/ServiceLifecycle/AsyncGracefulShutdownSequence.swift (in target 'ServiceLifecycle' from project 'swift-service-lifecycle')
SwiftCompile normal arm64_32 /Users/admin/builder/spi-builder-workspace/.dependencies/checkouts/swift-service-lifecycle/Sources/ServiceLifecycle/AsyncGracefulShutdownSequence.swift (in target 'ServiceLifecycle' from project 'swift-service-lifecycle')
cd /Users/admin/builder/spi-builder-workspace/.swiftpm/xcode
builtin-SwiftPerFileCompile AsyncGracefulShutdownSequence.swift
SwiftEmitModule normal arm64_32 Emitting\ module\ for\ IEEE802 (in target 'IEEE802' from project 'IEEE802Swift')
/Users/admin/builder/spi-builder-workspace/.dependencies/checkouts/IEEE802Swift/Sources/IEEE802/EUI48.swift:19:26: error: 'InlineArray' is only available in watchOS 26.0 or newer
17 | import SystemPackage
18 |
19 | public typealias EUI48 = InlineArray<6, UInt8>
| | `- error: 'InlineArray' is only available in watchOS 26.0 or newer
| `- note: add '@available' attribute to enclosing type alias
20 |
21 | public extension UInt64 {
/Users/admin/builder/spi-builder-workspace/.dependencies/checkouts/IEEE802Swift/Sources/IEEE802/SerDes.swift:130:50: error: 'count' is only available in watchOS 26.0 or newer
41 | /// array per value, and every method is inlinable so that callers in other modules can
42 | /// specialize them.
43 | public struct SerializationContext {
| `- note: add '@available' attribute to enclosing struct
44 | @usableFromInline
45 | var _bytes = [UInt8]()
:
126 |
127 | @inlinable
128 | public mutating func serialize(eui48: EUI48, at index: Int? = nil) {
| `- note: add '@available' attribute to enclosing instance method
129 | if let index {
130 | precondition(_bytes.count >= index + eui48.count)
| |- error: 'count' is only available in watchOS 26.0 or newer
| `- note: add 'if #available' version check
131 | for offset in eui48.indices {
132 | _bytes[index + offset] = eui48[offset]
/Users/admin/builder/spi-builder-workspace/.dependencies/checkouts/IEEE802Swift/Sources/IEEE802/SerDes.swift:131:27: error: 'indices' is only available in watchOS 26.0 or newer
41 | /// array per value, and every method is inlinable so that callers in other modules can
42 | /// specialize them.
43 | public struct SerializationContext {
| `- note: add '@available' attribute to enclosing struct
44 | @usableFromInline
45 | var _bytes = [UInt8]()
:
126 |
127 | @inlinable
128 | public mutating func serialize(eui48: EUI48, at index: Int? = nil) {
| `- note: add '@available' attribute to enclosing instance method
129 | if let index {
130 | precondition(_bytes.count >= index + eui48.count)
131 | for offset in eui48.indices {
| |- error: 'indices' is only available in watchOS 26.0 or newer
| `- note: add 'if #available' version check
132 | _bytes[index + offset] = eui48[offset]
133 | }
/Users/admin/builder/spi-builder-workspace/.dependencies/checkouts/IEEE802Swift/Sources/IEEE802/SerDes.swift:132:34: error: 'subscript(_:)' is only available in watchOS 26.0 or newer
41 | /// array per value, and every method is inlinable so that callers in other modules can
42 | /// specialize them.
43 | public struct SerializationContext {
| `- note: add '@available' attribute to enclosing struct
44 | @usableFromInline
45 | var _bytes = [UInt8]()
:
126 |
127 | @inlinable
128 | public mutating func serialize(eui48: EUI48, at index: Int? = nil) {
| `- note: add '@available' attribute to enclosing instance method
129 | if let index {
130 | precondition(_bytes.count >= index + eui48.count)
131 | for offset in eui48.indices {
132 | _bytes[index + offset] = eui48[offset]
| |- error: 'subscript(_:)' is only available in watchOS 26.0 or newer
| `- note: add 'if #available' version check
133 | }
134 | } else {
/Users/admin/builder/spi-builder-workspace/.dependencies/checkouts/IEEE802Swift/Sources/IEEE802/SerDes.swift:135:43: error: 'count' is only available in watchOS 26.0 or newer
41 | /// array per value, and every method is inlinable so that callers in other modules can
42 | /// specialize them.
43 | public struct SerializationContext {
| `- note: add '@available' attribute to enclosing struct
44 | @usableFromInline
45 | var _bytes = [UInt8]()
:
126 |
127 | @inlinable
128 | public mutating func serialize(eui48: EUI48, at index: Int? = nil) {
| `- note: add '@available' attribute to enclosing instance method
129 | if let index {
130 | precondition(_bytes.count >= index + eui48.count)
:
133 | }
134 | } else {
135 | _bytes.append(addingCapacity: eui48.count) { output in
| |- error: 'count' is only available in watchOS 26.0 or newer
| `- note: add 'if #available' version check
136 | for offset in eui48.indices {
137 | output.append(eui48[offset])
/Users/admin/builder/spi-builder-workspace/.dependencies/checkouts/IEEE802Swift/Sources/IEEE802/SerDes.swift:136:29: error: 'indices' is only available in watchOS 26.0 or newer
41 | /// array per value, and every method is inlinable so that callers in other modules can
42 | /// specialize them.
43 | public struct SerializationContext {
| `- note: add '@available' attribute to enclosing struct
44 | @usableFromInline
45 | var _bytes = [UInt8]()
:
126 |
127 | @inlinable
128 | public mutating func serialize(eui48: EUI48, at index: Int? = nil) {
| `- note: add '@available' attribute to enclosing instance method
129 | if let index {
130 | precondition(_bytes.count >= index + eui48.count)
:
134 | } else {
135 | _bytes.append(addingCapacity: eui48.count) { output in
136 | for offset in eui48.indices {
| |- error: 'indices' is only available in watchOS 26.0 or newer
| `- note: add 'if #available' version check
137 | output.append(eui48[offset])
138 | }
/Users/admin/builder/spi-builder-workspace/.dependencies/checkouts/IEEE802Swift/Sources/IEEE802/SerDes.swift:137:25: error: 'subscript(_:)' is only available in watchOS 26.0 or newer
41 | /// array per value, and every method is inlinable so that callers in other modules can
42 | /// specialize them.
43 | public struct SerializationContext {
| `- note: add '@available' attribute to enclosing struct
44 | @usableFromInline
45 | var _bytes = [UInt8]()
:
126 |
127 | @inlinable
128 | public mutating func serialize(eui48: EUI48, at index: Int? = nil) {
| `- note: add '@available' attribute to enclosing instance method
129 | if let index {
130 | precondition(_bytes.count >= index + eui48.count)
:
135 | _bytes.append(addingCapacity: eui48.count) { output in
136 | for offset in eui48.indices {
137 | output.append(eui48[offset])
| |- error: 'subscript(_:)' is only available in watchOS 26.0 or newer
| `- note: add 'if #available' version check
138 | }
139 | }
Failed frontend command:
/Applications/Xcode-27.0.0-Release.Candidate.app/Contents/Developer/Toolchains/XcodeDefault.xctoolchain/usr/bin/swift-frontend -frontend -emit-module -experimental-skip-non-inlinable-function-bodies-without-types /Users/admin/builder/spi-builder-workspace/.dependencies/checkouts/IEEE802Swift/Sources/IEEE802/EUI48.swift /Users/admin/builder/spi-builder-workspace/.dependencies/checkouts/IEEE802Swift/Sources/IEEE802/IEEE802Packet.swift /Users/admin/builder/spi-builder-workspace/.dependencies/checkouts/IEEE802Swift/Sources/IEEE802/SerDes.swift -target arm64_32-apple-watchos9.0 -disable-cross-import-overlay-search -load-resolved-plugin \#/Users/admin/builder/spi-builder-workspace/.derivedData/Build/Products/Debug/BinaryParsingMacros\#BinaryParsingMacros -load-resolved-plugin /Applications/Xcode-27.0.0-Release.Candidate.app/Contents/Developer/Platforms/WatchOS.platform/Developer/usr/lib/swift/host/plugins/libFoundationMacros.dylib\#/Applications/Xcode-27.0.0-Release.Candidate.app/Contents/Developer/Platforms/WatchOS.platform/Developer/usr/bin/swift-plugin-server\#FoundationMacros -load-resolved-plugin /Applications/Xcode-27.0.0-Release.Candidate.app/Contents/Developer/Platforms/WatchOS.platform/Developer/usr/lib/swift/host/plugins/libObservationMacros.dylib\#/Applications/Xcode-27.0.0-Release.Candidate.app/Contents/Developer/Platforms/WatchOS.platform/Developer/usr/bin/swift-plugin-server\#ObservationMacros -load-resolved-plugin /Applications/Xcode-27.0.0-Release.Candidate.app/Contents/Developer/Platforms/WatchOS.platform/Developer/usr/lib/swift/host/plugins/libSwiftMacros.dylib\#/Applications/Xcode-27.0.0-Release.Candidate.app/Contents/Developer/Platforms/WatchOS.platform/Developer/usr/bin/swift-plugin-server\#SwiftMacros -disable-implicit-swift-modules -Xcc -fno-implicit-modules -Xcc -fno-implicit-module-maps -explicit-swift-module-map-file /Users/admin/builder/spi-builder-workspace/.derivedData/Build/Intermediates.noindex/IEEE802Swift.build/Debug-watchos/IEEE802-t.build/Objects-normal/arm64_32/IEEE802-dependencies-1.json -enable-objc-interop -sdk /Applications/Xcode-27.0.0-Release.Candidate.app/Contents/Developer/Platforms/WatchOS.platform/Developer/SDKs/WatchOS27.0.sdk -I /Users/admin/builder/spi-builder-workspace/.derivedData/Build/Products/Debug-watchos -Isystem /Applications/Xcode-27.0.0-Release.Candidate.app/Contents/Developer/Platforms/WatchOS.platform/Developer/usr/lib -F /Users/admin/builder/spi-builder-workspace/.derivedData/Build/Products/Debug-watchos/PackageFrameworks -F /Users/admin/builder/spi-builder-workspace/.derivedData/Build/Products/Debug-watchos -F /Applications/Xcode-27.0.0-Release.Candidate.app/Contents/Developer/Platforms/WatchOS.platform/Developer/Library/Frameworks -F /Applications/Xcode-27.0.0-Release.Candidate.app/Contents/Developer/Platforms/WatchOS.platform/Developer/SDKs/WatchOS27.0.sdk/Developer/Library/Frameworks -module-cache-path /Users/admin/builder/spi-builder-workspace/.derivedData/Build/Intermediates.noindex/SwiftExplicitPrecompiledModules -no-color-diagnostics -Xcc -fno-color-diagnostics -enable-testing -g -debug-info-format\=dwarf -dwarf-version\=4 -suppress-warnings -profile-generate -profile-coverage-mapping -swift-version 6 -Onone -D SWIFT_PACKAGE -D DEBUG -D SWIFT_MODULE_RESOURCE_BUNDLE_UNAVAILABLE -D Xcode -serialize-debugging-options -load-plugin-executable /Users/admin/builder/spi-builder-workspace/.derivedData/Build/Products/Debug/BinaryParsingMacros\#BinaryParsingMacros -enable-experimental-feature StrictConcurrency -enable-experimental-feature NonisolatedNonsendingByDefault -enable-experimental-feature DebugDescriptionMacro -empty-abi-descriptor -user-module-version 0.2.0 -validate-clang-modules-once -clang-build-session-file /Users/admin/builder/spi-builder-workspace/.derivedData/ModuleCache.noindex/Session.modulevalidation -Xcc -working-directory -Xcc /Users/admin/builder/spi-builder-workspace/.swiftpm/xcode -enable-anonymous-context-mangled-names -file-compilation-dir /Users/admin/builder/spi-builder-workspace/.swiftpm/xcode -Xcc -fmodule-map-file\=/Users/admin/builder/spi-builder-workspace/.dependencies/checkouts/swift-system/Sources/CSystem/include/module.modulemap -Xcc -D_LIBCPP_HARDENING_MODE\=_LIBCPP_HARDENING_MODE_DEBUG -Xcc -ivfsstatcache -Xcc /Users/admin/builder/spi-builder-workspace/.derivedData/SDKStatCaches.noindex/watchos27.0-24R360-e829b21a6f8c9b70876ba0858053c04477534ef55a1706bf4c1112bbb242f0a2.sdkstatcache -Xcc -fmodules-prune-interval\=86400 -Xcc -fmodules-prune-after\=345600 -Xcc -I/Users/admin/builder/spi-builder-workspace/.dependencies/checkouts/swift-system/Sources/CSystem/include -Xcc -I/Users/admin/builder/spi-builder-workspace/.derivedData/Build/Products/Debug-watchos/include -Xcc -I/Users/admin/builder/spi-builder-workspace/.derivedData/Build/Intermediates.noindex/IEEE802Swift.build/Debug-watchos/IEEE802-t.build/DerivedSources-normal/arm64_32 -Xcc -I/Users/admin/builder/spi-builder-workspace/.derivedData/Build/Intermediates.noindex/IEEE802Swift.build/Debug-watchos/IEEE802-t.build/DerivedSources/arm64_32 -Xcc -I/Users/admin/builder/spi-builder-workspace/.derivedData/Build/Intermediates.noindex/IEEE802Swift.build/Debug-watchos/IEEE802-t.build/DerivedSources -Xcc -DSWIFT_PACKAGE -Xcc -DDEBUG\=1 -no-auto-bridging-header-chaining -module-name IEEE802 -package-name ieee802swift -const-gather-protocols-file /Users/admin/builder/spi-builder-workspace/.derivedData/Build/Intermediates.noindex/IEEE802Swift.build/Debug-watchos/IEEE802-t.build/Objects-normal/arm64_32/IEEE802_const_extract_protocols.json -disable-clang-spi -clang-target arm64_32-apple-watchos27.0 -target-sdk-version 27.0 -target-sdk-name watchos27.0 -in-process-plugin-server-path /Applications/Xcode-27.0.0-Release.Candidate.app/Contents/Developer/Toolchains/XcodeDefault.xctoolchain/usr/lib/swift/host/libSwiftInProcPluginServer.dylib -emit-module-doc-path /Users/admin/builder/spi-builder-workspace/.derivedData/Build/Intermediates.noindex/IEEE802Swift.build/Debug-watchos/IEEE802-t.build/Objects-normal/arm64_32/IEEE802.swiftdoc -emit-module-source-info-path /Users/admin/builder/spi-builder-workspace/.derivedData/Build/Intermediates.noindex/IEEE802Swift.build/Debug-watchos/IEEE802-t.build/Objects-normal/arm64_32/IEEE802.swiftsourceinfo -emit-objc-header-path /Users/admin/builder/spi-builder-workspace/.derivedData/Build/Intermediates.noindex/IEEE802Swift.build/Debug-watchos/IEEE802-t.build/Objects-normal/arm64_32/IEEE802-Swift.h -serialize-diagnostics-path /Users/admin/builder/spi-builder-workspace/.derivedData/Build/Intermediates.noindex/IEEE802Swift.build/Debug-watchos/IEEE802-t.build/Objects-normal/arm64_32/IEEE802-primary-emit-module.dia -emit-dependencies-path /Users/admin/builder/spi-builder-workspace/.derivedData/Build/Intermediates.noindex/IEEE802Swift.build/Debug-watchos/IEEE802-t.build/Objects-normal/arm64_32/IEEE802-primary-emit-module.d -parse-as-library -o /Users/admin/builder/spi-builder-workspace/.derivedData/Build/Intermediates.noindex/IEEE802Swift.build/Debug-watchos/IEEE802-t.build/Objects-normal/arm64_32/IEEE802.swiftmodule -emit-abi-descriptor-path /Users/admin/builder/spi-builder-workspace/.derivedData/Build/Intermediates.noindex/IEEE802Swift.build/Debug-watchos/IEEE802-t.build/Objects-normal/arm64_32/IEEE802.abi.json
SwiftCompile normal arm64_32 (in target 'IEEE802' from project 'IEEE802Swift')
cd /Users/admin/builder/spi-builder-workspace/.swiftpm/xcode
SwiftDriverJobDiscovery normal arm64_32 Compiling ClosureService.swift (in target 'ServiceLifecycle' from project 'swift-service-lifecycle')
SwiftEmitModule normal arm64 Emitting\ module\ for\ IEEE802 (in target 'IEEE802' from project 'IEEE802Swift')
/Users/admin/builder/spi-builder-workspace/.dependencies/checkouts/IEEE802Swift/Sources/IEEE802/EUI48.swift:19:26: error: 'InlineArray' is only available in watchOS 26.0 or newer
17 | import SystemPackage
18 |
19 | public typealias EUI48 = InlineArray<6, UInt8>
| | `- error: 'InlineArray' is only available in watchOS 26.0 or newer
| `- note: add '@available' attribute to enclosing type alias
20 |
21 | public extension UInt64 {
SwiftCompile normal arm64 (in target 'IEEE802' from project 'IEEE802Swift')
cd /Users/admin/builder/spi-builder-workspace/.swiftpm/xcode
SwiftDriverJobDiscovery normal arm64 Compiling ServiceGroupConfiguration.swift (in target 'ServiceLifecycle' from project 'swift-service-lifecycle')
SwiftCompile normal arm64 Compiling\ ServiceGroup.swift /Users/admin/builder/spi-builder-workspace/.dependencies/checkouts/swift-service-lifecycle/Sources/ServiceLifecycle/ServiceGroup.swift (in target 'ServiceLifecycle' from project 'swift-service-lifecycle')
SwiftCompile normal arm64 /Users/admin/builder/spi-builder-workspace/.dependencies/checkouts/swift-service-lifecycle/Sources/ServiceLifecycle/ServiceGroup.swift (in target 'ServiceLifecycle' from project 'swift-service-lifecycle')
cd /Users/admin/builder/spi-builder-workspace/.swiftpm/xcode
builtin-SwiftPerFileCompile ServiceGroup.swift
SwiftDriverJobDiscovery normal arm64_32 Compiling AsyncGracefulShutdownSequence.swift (in target 'ServiceLifecycle' from project 'swift-service-lifecycle')
SwiftCompile normal arm64 Compiling\ AsyncCancelOnGracefulShutdownSequence.swift /Users/admin/builder/spi-builder-workspace/.dependencies/checkouts/swift-service-lifecycle/Sources/ServiceLifecycle/AsyncCancelOnGracefulShutdownSequence.swift (in target 'ServiceLifecycle' from project 'swift-service-lifecycle')
SwiftCompile normal arm64 /Users/admin/builder/spi-builder-workspace/.dependencies/checkouts/swift-service-lifecycle/Sources/ServiceLifecycle/AsyncCancelOnGracefulShutdownSequence.swift (in target 'ServiceLifecycle' from project 'swift-service-lifecycle')
cd /Users/admin/builder/spi-builder-workspace/.swiftpm/xcode
builtin-SwiftPerFileCompile AsyncCancelOnGracefulShutdownSequence.swift
SwiftDriverJobDiscovery normal arm64_32 Compiling ServiceGroupConfiguration.swift (in target 'ServiceLifecycle' from project 'swift-service-lifecycle')
SwiftCompile normal arm64_32 Compiling\ ServiceRunnerError.swift /Users/admin/builder/spi-builder-workspace/.dependencies/checkouts/swift-service-lifecycle/Sources/ServiceLifecycle/ServiceRunnerError.swift (in target 'ServiceLifecycle' from project 'swift-service-lifecycle')
SwiftCompile normal arm64_32 /Users/admin/builder/spi-builder-workspace/.dependencies/checkouts/swift-service-lifecycle/Sources/ServiceLifecycle/ServiceRunnerError.swift (in target 'ServiceLifecycle' from project 'swift-service-lifecycle')
cd /Users/admin/builder/spi-builder-workspace/.swiftpm/xcode
builtin-SwiftPerFileCompile ServiceRunnerError.swift
SwiftDriverJobDiscovery normal arm64_32 Compiling AsyncCancelOnGracefulShutdownSequence.swift (in target 'ServiceLifecycle' from project 'swift-service-lifecycle')
SwiftCompile normal arm64_32 Compiling\ GracefulShutdown.swift /Users/admin/builder/spi-builder-workspace/.dependencies/checkouts/swift-service-lifecycle/Sources/ServiceLifecycle/GracefulShutdown.swift (in target 'ServiceLifecycle' from project 'swift-service-lifecycle')
SwiftCompile normal arm64_32 /Users/admin/builder/spi-builder-workspace/.dependencies/checkouts/swift-service-lifecycle/Sources/ServiceLifecycle/GracefulShutdown.swift (in target 'ServiceLifecycle' from project 'swift-service-lifecycle')
cd /Users/admin/builder/spi-builder-workspace/.swiftpm/xcode
builtin-SwiftPerFileCompile GracefulShutdown.swift
SwiftDriverJobDiscovery normal arm64_32 Emitting module for ServiceLifecycle (in target 'ServiceLifecycle' from project 'swift-service-lifecycle')
SwiftDriver\ Compilation\ Requirements ServiceLifecycle normal arm64_32 com.apple.xcode.tools.swift.compiler (in target 'ServiceLifecycle' from project 'swift-service-lifecycle')
cd /Users/admin/builder/spi-builder-workspace/.swiftpm/xcode
builtin-Swift-Compilation-Requirements -- /Applications/Xcode-27.0.0-Release.Candidate.app/Contents/Developer/Toolchains/XcodeDefault.xctoolchain/usr/bin/swiftc -parse-as-library -module-name ServiceLifecycle -Onone @/Users/admin/builder/spi-builder-workspace/.derivedData/Build/Intermediates.noindex/swift-service-lifecycle.build/Debug-watchos/ServiceLifecycle-t.build/Objects-normal/arm64_32/ServiceLifecycle.SwiftFileList -DSWIFT_PACKAGE -DDEBUG -DSWIFT_MODULE_RESOURCE_BUNDLE_UNAVAILABLE -DXcode -plugin-path /Applications/Xcode-27.0.0-Release.Candidate.app/Contents/Developer/Toolchains/XcodeDefault.xctoolchain/usr/lib/swift/host/plugins/testing -enable-experimental-feature DebugDescriptionMacro -sdk /Applications/Xcode-27.0.0-Release.Candidate.app/Contents/Developer/Platforms/WatchOS.platform/Developer/SDKs/WatchOS27.0.sdk -target arm64_32-apple-watchos9.0 -g -module-cache-path /Users/admin/builder/spi-builder-workspace/.derivedData/ModuleCache.noindex -Xfrontend -serialize-debugging-options -profile-coverage-mapping -profile-generate -enable-testing -suppress-warnings -index-store-path /Users/admin/builder/spi-builder-workspace/.derivedData/Index.noindex/DataStore -Xcc -D_LIBCPP_HARDENING_MODE\=_LIBCPP_HARDENING_MODE_DEBUG -swift-version 6 -I /Users/admin/builder/spi-builder-workspace/.derivedData/Build/Products/Debug-watchos -Isystem /Applications/Xcode-27.0.0-Release.Candidate.app/Contents/Developer/Platforms/WatchOS.platform/Developer/usr/lib -F /Users/admin/builder/spi-builder-workspace/.derivedData/Build/Products/Debug-watchos/PackageFrameworks -F /Users/admin/builder/spi-builder-workspace/.derivedData/Build/Products/Debug-watchos -F /Applications/Xcode-27.0.0-Release.Candidate.app/Contents/Developer/Platforms/WatchOS.platform/Developer/Library/Frameworks -F /Applications/Xcode-27.0.0-Release.Candidate.app/Contents/Developer/Platforms/WatchOS.platform/Developer/SDKs/WatchOS27.0.sdk/Developer/Library/Frameworks -c -j10 -enable-batch-mode -incremental -Xcc -ivfsstatcache -Xcc /Users/admin/builder/spi-builder-workspace/.derivedData/SDKStatCaches.noindex/watchos27.0-24R360-e829b21a6f8c9b70876ba0858053c04477534ef55a1706bf4c1112bbb242f0a2.sdkstatcache -output-file-map /Users/admin/builder/spi-builder-workspace/.derivedData/Build/Intermediates.noindex/swift-service-lifecycle.build/Debug-watchos/ServiceLifecycle-t.build/Objects-normal/arm64_32/ServiceLifecycle-OutputFileMap.json -save-temps -no-color-diagnostics -explicit-module-build -module-cache-path /Users/admin/builder/spi-builder-workspace/.derivedData/Build/Intermediates.noindex/SwiftExplicitPrecompiledModules -clang-scanner-module-cache-path /Users/admin/builder/spi-builder-workspace/.derivedData/ModuleCache.noindex -sdk-module-cache-path /Users/admin/builder/spi-builder-workspace/.derivedData/SDKExplicitPrecompiledModules -emit-dependencies -emit-module -emit-module-path /Users/admin/builder/spi-builder-workspace/.derivedData/Build/Intermediates.noindex/swift-service-lifecycle.build/Debug-watchos/ServiceLifecycle-t.build/Objects-normal/arm64_32/ServiceLifecycle.swiftmodule -serialize-diagnostics -dependency-scan-serialize-diagnostics-path /Users/admin/builder/spi-builder-workspace/.derivedData/Build/Intermediates.noindex/swift-service-lifecycle.build/Debug-watchos/ServiceLifecycle-t.build/Objects-normal/arm64_32/ServiceLifecycle-dependency-scan.dia -user-module-version 2.12.0 -validate-clang-modules-once -clang-build-session-file /Users/admin/builder/spi-builder-workspace/.derivedData/ModuleCache.noindex/Session.modulevalidation -Xcc -fmodules-prune-interval\=86400 -Xcc -fmodules-prune-after\=345600 -package-name swift_service_lifecycle -emit-const-values -const-gather-protocols-list /Users/admin/builder/spi-builder-workspace/.derivedData/Build/Intermediates.noindex/swift-service-lifecycle.build/Debug-watchos/ServiceLifecycle-t.build/Objects-normal/arm64_32/ServiceLifecycle_const_extract_protocols.json -Xcc -I/Users/admin/builder/spi-builder-workspace/.derivedData/Build/Products/Debug-watchos/include -Xcc -I/Users/admin/builder/spi-builder-workspace/.derivedData/Build/Intermediates.noindex/swift-service-lifecycle.build/Debug-watchos/ServiceLifecycle-t.build/DerivedSources-normal/arm64_32 -Xcc -I/Users/admin/builder/spi-builder-workspace/.derivedData/Build/Intermediates.noindex/swift-service-lifecycle.build/Debug-watchos/ServiceLifecycle-t.build/DerivedSources/arm64_32 -Xcc -I/Users/admin/builder/spi-builder-workspace/.derivedData/Build/Intermediates.noindex/swift-service-lifecycle.build/Debug-watchos/ServiceLifecycle-t.build/DerivedSources -Xcc -DSWIFT_PACKAGE -Xcc -DDEBUG\=1 -emit-objc-header -emit-objc-header-path /Users/admin/builder/spi-builder-workspace/.derivedData/Build/Intermediates.noindex/swift-service-lifecycle.build/Debug-watchos/ServiceLifecycle-t.build/Objects-normal/arm64_32/ServiceLifecycle-Swift.h -working-directory /Users/admin/builder/spi-builder-workspace/.swiftpm/xcode -experimental-emit-module-separately -disable-cmo
SwiftDriverJobDiscovery normal arm64 Emitting module for ServiceLifecycle (in target 'ServiceLifecycle' from project 'swift-service-lifecycle')
SwiftDriver\ Compilation\ Requirements ServiceLifecycle normal arm64 com.apple.xcode.tools.swift.compiler (in target 'ServiceLifecycle' from project 'swift-service-lifecycle')
cd /Users/admin/builder/spi-builder-workspace/.swiftpm/xcode
builtin-Swift-Compilation-Requirements -- /Applications/Xcode-27.0.0-Release.Candidate.app/Contents/Developer/Toolchains/XcodeDefault.xctoolchain/usr/bin/swiftc -parse-as-library -module-name ServiceLifecycle -Onone @/Users/admin/builder/spi-builder-workspace/.derivedData/Build/Intermediates.noindex/swift-service-lifecycle.build/Debug-watchos/ServiceLifecycle-t.build/Objects-normal/arm64/ServiceLifecycle.SwiftFileList -DSWIFT_PACKAGE -DDEBUG -DSWIFT_MODULE_RESOURCE_BUNDLE_UNAVAILABLE -DXcode -plugin-path /Applications/Xcode-27.0.0-Release.Candidate.app/Contents/Developer/Toolchains/XcodeDefault.xctoolchain/usr/lib/swift/host/plugins/testing -enable-experimental-feature DebugDescriptionMacro -sdk /Applications/Xcode-27.0.0-Release.Candidate.app/Contents/Developer/Platforms/WatchOS.platform/Developer/SDKs/WatchOS27.0.sdk -target arm64-apple-watchos9.0 -g -module-cache-path /Users/admin/builder/spi-builder-workspace/.derivedData/ModuleCache.noindex -Xfrontend -serialize-debugging-options -profile-coverage-mapping -profile-generate -enable-testing -suppress-warnings -index-store-path /Users/admin/builder/spi-builder-workspace/.derivedData/Index.noindex/DataStore -Xcc -D_LIBCPP_HARDENING_MODE\=_LIBCPP_HARDENING_MODE_DEBUG -swift-version 6 -I /Users/admin/builder/spi-builder-workspace/.derivedData/Build/Products/Debug-watchos -Isystem /Applications/Xcode-27.0.0-Release.Candidate.app/Contents/Developer/Platforms/WatchOS.platform/Developer/usr/lib -F /Users/admin/builder/spi-builder-workspace/.derivedData/Build/Products/Debug-watchos/PackageFrameworks -F /Users/admin/builder/spi-builder-workspace/.derivedData/Build/Products/Debug-watchos -F /Applications/Xcode-27.0.0-Release.Candidate.app/Contents/Developer/Platforms/WatchOS.platform/Developer/Library/Frameworks -F /Applications/Xcode-27.0.0-Release.Candidate.app/Contents/Developer/Platforms/WatchOS.platform/Developer/SDKs/WatchOS27.0.sdk/Developer/Library/Frameworks -c -j10 -enable-batch-mode -incremental -Xcc -ivfsstatcache -Xcc /Users/admin/builder/spi-builder-workspace/.derivedData/SDKStatCaches.noindex/watchos27.0-24R360-e829b21a6f8c9b70876ba0858053c04477534ef55a1706bf4c1112bbb242f0a2.sdkstatcache -output-file-map /Users/admin/builder/spi-builder-workspace/.derivedData/Build/Intermediates.noindex/swift-service-lifecycle.build/Debug-watchos/ServiceLifecycle-t.build/Objects-normal/arm64/ServiceLifecycle-OutputFileMap.json -save-temps -no-color-diagnostics -explicit-module-build -module-cache-path /Users/admin/builder/spi-builder-workspace/.derivedData/Build/Intermediates.noindex/SwiftExplicitPrecompiledModules -clang-scanner-module-cache-path /Users/admin/builder/spi-builder-workspace/.derivedData/ModuleCache.noindex -sdk-module-cache-path /Users/admin/builder/spi-builder-workspace/.derivedData/SDKExplicitPrecompiledModules -emit-dependencies -emit-module -emit-module-path /Users/admin/builder/spi-builder-workspace/.derivedData/Build/Intermediates.noindex/swift-service-lifecycle.build/Debug-watchos/ServiceLifecycle-t.build/Objects-normal/arm64/ServiceLifecycle.swiftmodule -serialize-diagnostics -dependency-scan-serialize-diagnostics-path /Users/admin/builder/spi-builder-workspace/.derivedData/Build/Intermediates.noindex/swift-service-lifecycle.build/Debug-watchos/ServiceLifecycle-t.build/Objects-normal/arm64/ServiceLifecycle-dependency-scan.dia -user-module-version 2.12.0 -validate-clang-modules-once -clang-build-session-file /Users/admin/builder/spi-builder-workspace/.derivedData/ModuleCache.noindex/Session.modulevalidation -Xcc -fmodules-prune-interval\=86400 -Xcc -fmodules-prune-after\=345600 -package-name swift_service_lifecycle -emit-const-values -const-gather-protocols-list /Users/admin/builder/spi-builder-workspace/.derivedData/Build/Intermediates.noindex/swift-service-lifecycle.build/Debug-watchos/ServiceLifecycle-t.build/Objects-normal/arm64/ServiceLifecycle_const_extract_protocols.json -Xcc -I/Users/admin/builder/spi-builder-workspace/.derivedData/Build/Products/Debug-watchos/include -Xcc -I/Users/admin/builder/spi-builder-workspace/.derivedData/Build/Intermediates.noindex/swift-service-lifecycle.build/Debug-watchos/ServiceLifecycle-t.build/DerivedSources-normal/arm64 -Xcc -I/Users/admin/builder/spi-builder-workspace/.derivedData/Build/Intermediates.noindex/swift-service-lifecycle.build/Debug-watchos/ServiceLifecycle-t.build/DerivedSources/arm64 -Xcc -I/Users/admin/builder/spi-builder-workspace/.derivedData/Build/Intermediates.noindex/swift-service-lifecycle.build/Debug-watchos/ServiceLifecycle-t.build/DerivedSources -Xcc -DSWIFT_PACKAGE -Xcc -DDEBUG\=1 -emit-objc-header -emit-objc-header-path /Users/admin/builder/spi-builder-workspace/.derivedData/Build/Intermediates.noindex/swift-service-lifecycle.build/Debug-watchos/ServiceLifecycle-t.build/Objects-normal/arm64/ServiceLifecycle-Swift.h -working-directory /Users/admin/builder/spi-builder-workspace/.swiftpm/xcode -experimental-emit-module-separately -disable-cmo
Copy /Users/admin/builder/spi-builder-workspace/.derivedData/Build/Products/Debug-watchos/ServiceLifecycle.swiftmodule/arm64_32-apple-watchos.swiftmodule /Users/admin/builder/spi-builder-workspace/.derivedData/Build/Intermediates.noindex/swift-service-lifecycle.build/Debug-watchos/ServiceLifecycle-t.build/Objects-normal/arm64_32/ServiceLifecycle.swiftmodule (in target 'ServiceLifecycle' from project 'swift-service-lifecycle')
cd /Users/admin/builder/spi-builder-workspace/.dependencies/checkouts/swift-service-lifecycle
builtin-copy -exclude .DS_Store -exclude CVS -exclude .svn -exclude .git -exclude .hg -resolve-src-symlinks -rename /Users/admin/builder/spi-builder-workspace/.derivedData/Build/Intermediates.noindex/swift-service-lifecycle.build/Debug-watchos/ServiceLifecycle-t.build/Objects-normal/arm64_32/ServiceLifecycle.swiftmodule /Users/admin/builder/spi-builder-workspace/.derivedData/Build/Products/Debug-watchos/ServiceLifecycle.swiftmodule/arm64_32-apple-watchos.swiftmodule
SwiftMergeGeneratedHeaders /Users/admin/builder/spi-builder-workspace/.derivedData/Build/Intermediates.noindex/GeneratedModuleMaps-watchos/ServiceLifecycle-Swift.h /Users/admin/builder/spi-builder-workspace/.derivedData/Build/Intermediates.noindex/swift-service-lifecycle.build/Debug-watchos/ServiceLifecycle-t.build/Objects-normal/arm64/ServiceLifecycle-Swift.h /Users/admin/builder/spi-builder-workspace/.derivedData/Build/Intermediates.noindex/swift-service-lifecycle.build/Debug-watchos/ServiceLifecycle-t.build/Objects-normal/arm64_32/ServiceLifecycle-Swift.h (in target 'ServiceLifecycle' from project 'swift-service-lifecycle')
cd /Users/admin/builder/spi-builder-workspace/.dependencies/checkouts/swift-service-lifecycle
builtin-swiftHeaderTool -arch arm64 /Users/admin/builder/spi-builder-workspace/.derivedData/Build/Intermediates.noindex/swift-service-lifecycle.build/Debug-watchos/ServiceLifecycle-t.build/Objects-normal/arm64/ServiceLifecycle-Swift.h -arch arm64_32 /Users/admin/builder/spi-builder-workspace/.derivedData/Build/Intermediates.noindex/swift-service-lifecycle.build/Debug-watchos/ServiceLifecycle-t.build/Objects-normal/arm64_32/ServiceLifecycle-Swift.h -o /Users/admin/builder/spi-builder-workspace/.derivedData/Build/Intermediates.noindex/GeneratedModuleMaps-watchos/ServiceLifecycle-Swift.h
Copy /Users/admin/builder/spi-builder-workspace/.derivedData/Build/Products/Debug-watchos/ServiceLifecycle.swiftmodule/arm64_32-apple-watchos.swiftdoc /Users/admin/builder/spi-builder-workspace/.derivedData/Build/Intermediates.noindex/swift-service-lifecycle.build/Debug-watchos/ServiceLifecycle-t.build/Objects-normal/arm64_32/ServiceLifecycle.swiftdoc (in target 'ServiceLifecycle' from project 'swift-service-lifecycle')
cd /Users/admin/builder/spi-builder-workspace/.dependencies/checkouts/swift-service-lifecycle
builtin-copy -exclude .DS_Store -exclude CVS -exclude .svn -exclude .git -exclude .hg -resolve-src-symlinks -rename /Users/admin/builder/spi-builder-workspace/.derivedData/Build/Intermediates.noindex/swift-service-lifecycle.build/Debug-watchos/ServiceLifecycle-t.build/Objects-normal/arm64_32/ServiceLifecycle.swiftdoc /Users/admin/builder/spi-builder-workspace/.derivedData/Build/Products/Debug-watchos/ServiceLifecycle.swiftmodule/arm64_32-apple-watchos.swiftdoc
Copy /Users/admin/builder/spi-builder-workspace/.derivedData/Build/Products/Debug-watchos/ServiceLifecycle.swiftmodule/arm64_32-apple-watchos.abi.json /Users/admin/builder/spi-builder-workspace/.derivedData/Build/Intermediates.noindex/swift-service-lifecycle.build/Debug-watchos/ServiceLifecycle-t.build/Objects-normal/arm64_32/ServiceLifecycle.abi.json (in target 'ServiceLifecycle' from project 'swift-service-lifecycle')
cd /Users/admin/builder/spi-builder-workspace/.dependencies/checkouts/swift-service-lifecycle
builtin-copy -exclude .DS_Store -exclude CVS -exclude .svn -exclude .git -exclude .hg -resolve-src-symlinks -rename /Users/admin/builder/spi-builder-workspace/.derivedData/Build/Intermediates.noindex/swift-service-lifecycle.build/Debug-watchos/ServiceLifecycle-t.build/Objects-normal/arm64_32/ServiceLifecycle.abi.json /Users/admin/builder/spi-builder-workspace/.derivedData/Build/Products/Debug-watchos/ServiceLifecycle.swiftmodule/arm64_32-apple-watchos.abi.json
Copy /Users/admin/builder/spi-builder-workspace/.derivedData/Build/Products/Debug-watchos/ServiceLifecycle.swiftmodule/arm64-apple-watchos.swiftmodule /Users/admin/builder/spi-builder-workspace/.derivedData/Build/Intermediates.noindex/swift-service-lifecycle.build/Debug-watchos/ServiceLifecycle-t.build/Objects-normal/arm64/ServiceLifecycle.swiftmodule (in target 'ServiceLifecycle' from project 'swift-service-lifecycle')
cd /Users/admin/builder/spi-builder-workspace/.dependencies/checkouts/swift-service-lifecycle
builtin-copy -exclude .DS_Store -exclude CVS -exclude .svn -exclude .git -exclude .hg -resolve-src-symlinks -rename /Users/admin/builder/spi-builder-workspace/.derivedData/Build/Intermediates.noindex/swift-service-lifecycle.build/Debug-watchos/ServiceLifecycle-t.build/Objects-normal/arm64/ServiceLifecycle.swiftmodule /Users/admin/builder/spi-builder-workspace/.derivedData/Build/Products/Debug-watchos/ServiceLifecycle.swiftmodule/arm64-apple-watchos.swiftmodule
Copy /Users/admin/builder/spi-builder-workspace/.derivedData/Build/Products/Debug-watchos/ServiceLifecycle.swiftmodule/arm64-apple-watchos.swiftdoc /Users/admin/builder/spi-builder-workspace/.derivedData/Build/Intermediates.noindex/swift-service-lifecycle.build/Debug-watchos/ServiceLifecycle-t.build/Objects-normal/arm64/ServiceLifecycle.swiftdoc (in target 'ServiceLifecycle' from project 'swift-service-lifecycle')
cd /Users/admin/builder/spi-builder-workspace/.dependencies/checkouts/swift-service-lifecycle
builtin-copy -exclude .DS_Store -exclude CVS -exclude .svn -exclude .git -exclude .hg -resolve-src-symlinks -rename /Users/admin/builder/spi-builder-workspace/.derivedData/Build/Intermediates.noindex/swift-service-lifecycle.build/Debug-watchos/ServiceLifecycle-t.build/Objects-normal/arm64/ServiceLifecycle.swiftdoc /Users/admin/builder/spi-builder-workspace/.derivedData/Build/Products/Debug-watchos/ServiceLifecycle.swiftmodule/arm64-apple-watchos.swiftdoc
Copy /Users/admin/builder/spi-builder-workspace/.derivedData/Build/Products/Debug-watchos/ServiceLifecycle.swiftmodule/arm64-apple-watchos.abi.json /Users/admin/builder/spi-builder-workspace/.derivedData/Build/Intermediates.noindex/swift-service-lifecycle.build/Debug-watchos/ServiceLifecycle-t.build/Objects-normal/arm64/ServiceLifecycle.abi.json (in target 'ServiceLifecycle' from project 'swift-service-lifecycle')
cd /Users/admin/builder/spi-builder-workspace/.dependencies/checkouts/swift-service-lifecycle
builtin-copy -exclude .DS_Store -exclude CVS -exclude .svn -exclude .git -exclude .hg -resolve-src-symlinks -rename /Users/admin/builder/spi-builder-workspace/.derivedData/Build/Intermediates.noindex/swift-service-lifecycle.build/Debug-watchos/ServiceLifecycle-t.build/Objects-normal/arm64/ServiceLifecycle.abi.json /Users/admin/builder/spi-builder-workspace/.derivedData/Build/Products/Debug-watchos/ServiceLifecycle.swiftmodule/arm64-apple-watchos.abi.json
Copy /Users/admin/builder/spi-builder-workspace/.derivedData/Build/Products/Debug-watchos/ServiceLifecycle.swiftmodule/Project/arm64_32-apple-watchos.swiftsourceinfo /Users/admin/builder/spi-builder-workspace/.derivedData/Build/Intermediates.noindex/swift-service-lifecycle.build/Debug-watchos/ServiceLifecycle-t.build/Objects-normal/arm64_32/ServiceLifecycle.swiftsourceinfo (in target 'ServiceLifecycle' from project 'swift-service-lifecycle')
cd /Users/admin/builder/spi-builder-workspace/.dependencies/checkouts/swift-service-lifecycle
builtin-copy -exclude .DS_Store -exclude CVS -exclude .svn -exclude .git -exclude .hg -resolve-src-symlinks -rename /Users/admin/builder/spi-builder-workspace/.derivedData/Build/Intermediates.noindex/swift-service-lifecycle.build/Debug-watchos/ServiceLifecycle-t.build/Objects-normal/arm64_32/ServiceLifecycle.swiftsourceinfo /Users/admin/builder/spi-builder-workspace/.derivedData/Build/Products/Debug-watchos/ServiceLifecycle.swiftmodule/Project/arm64_32-apple-watchos.swiftsourceinfo
Copy /Users/admin/builder/spi-builder-workspace/.derivedData/Build/Products/Debug-watchos/ServiceLifecycle.swiftmodule/Project/arm64-apple-watchos.swiftsourceinfo /Users/admin/builder/spi-builder-workspace/.derivedData/Build/Intermediates.noindex/swift-service-lifecycle.build/Debug-watchos/ServiceLifecycle-t.build/Objects-normal/arm64/ServiceLifecycle.swiftsourceinfo (in target 'ServiceLifecycle' from project 'swift-service-lifecycle')
cd /Users/admin/builder/spi-builder-workspace/.dependencies/checkouts/swift-service-lifecycle
builtin-copy -exclude .DS_Store -exclude CVS -exclude .svn -exclude .git -exclude .hg -resolve-src-symlinks -rename /Users/admin/builder/spi-builder-workspace/.derivedData/Build/Intermediates.noindex/swift-service-lifecycle.build/Debug-watchos/ServiceLifecycle-t.build/Objects-normal/arm64/ServiceLifecycle.swiftsourceinfo /Users/admin/builder/spi-builder-workspace/.derivedData/Build/Products/Debug-watchos/ServiceLifecycle.swiftmodule/Project/arm64-apple-watchos.swiftsourceinfo
SwiftCompile normal arm64 Compiling\ GracefulShutdown.swift /Users/admin/builder/spi-builder-workspace/.dependencies/checkouts/swift-service-lifecycle/Sources/ServiceLifecycle/GracefulShutdown.swift (in target 'ServiceLifecycle' from project 'swift-service-lifecycle')
SwiftCompile normal arm64 /Users/admin/builder/spi-builder-workspace/.dependencies/checkouts/swift-service-lifecycle/Sources/ServiceLifecycle/GracefulShutdown.swift (in target 'ServiceLifecycle' from project 'swift-service-lifecycle')
cd /Users/admin/builder/spi-builder-workspace/.swiftpm/xcode
builtin-SwiftPerFileCompile GracefulShutdown.swift
PruneExplicitPrecompiledModules /Users/admin/builder/spi-builder-workspace/.derivedData/SDKExplicitPrecompiledModules
PruneExplicitPrecompiledModules /Users/admin/builder/spi-builder-workspace/.derivedData/Build/Intermediates.noindex/ExplicitPrecompiledModules
PruneExplicitPrecompiledModules /Users/admin/builder/spi-builder-workspace/.derivedData/Build/Intermediates.noindex/SwiftExplicitPrecompiledModules
2026-09-25 11:46:45.472 xcodebuild[1303:7102] [MT] IDERunDestination: Supported platforms for the buildables in the current scheme is empty.
** BUILD FAILED **
The following build commands failed:
SwiftEmitModule normal arm64_32 Emitting\ module\ for\ IEEE802 (in target 'IEEE802' from project 'IEEE802Swift')
SwiftCompile normal arm64_32 (in target 'IEEE802' from project 'IEEE802Swift')
Building workspace OpenSRP with scheme OpenSRP
(3 failures)
Command line invocation:
/Applications/Xcode-27.0.0-Release.Candidate.app/Contents/Developer/usr/bin/xcodebuild -IDEClonedSourcePackagesDirPathOverride=/Users/admin/builder/spi-builder-workspace/.dependencies -resolvePackageDependencies
Resolve Package Graph
Resolved source packages:
swift-log: https://github.com/apple/swift-log @ 1.15.1
IEEE802Swift: https://github.com/PADL/IEEE802Swift @ 0.2.0
IORingSwift: https://github.com/PADL/IORingSwift @ 2.1.1
swift-system: https://github.com/apple/swift-system @ 1.8.1
swift-syntax: https://github.com/swiftlang/swift-syntax.git @ 602.0.0
swift-service-lifecycle: https://github.com/swift-server/swift-service-lifecycle @ 2.12.0
OpenSRP: /Users/admin/builder/spi-builder-workspace
swift-binary-parsing: https://github.com/apple/swift-binary-parsing @ 0.0.2
swift-async-queue: https://github.com/dfed/swift-async-queue @ 1.1.0
swift-argument-parser: https://github.com/apple/swift-argument-parser @ 1.8.2
swift-collections: https://github.com/apple/swift-collections.git @ 1.7.0
swift-atomics: https://github.com/apple/swift-atomics.git @ 1.3.1
swift-algorithms: https://github.com/apple/swift-algorithms @ 1.2.1
AsyncExtensions: https://github.com/lhoward/AsyncExtensions @ 0.9.7
swift-numerics: https://github.com/apple/swift-numerics.git @ 1.1.1
swift-async-algorithms: https://github.com/apple/swift-async-algorithms @ 1.1.6
SocketAddress: https://github.com/PADL/SocketAddress @ 0.5.2
resolved source packages: swift-log, IEEE802Swift, IORingSwift, swift-system, swift-syntax, swift-service-lifecycle, OpenSRP, swift-binary-parsing, swift-async-queue, swift-argument-parser, swift-collections, swift-atomics, swift-algorithms, AsyncExtensions, swift-numerics, swift-async-algorithms, SocketAddress
2026-09-25 11:47:14.439 xcodebuild[2197:12077] [MT] IDERunDestination: Supported platforms for the buildables in the current scheme is empty.
{
"dependencies" : [
{
"identity" : "swift-async-algorithms",
"requirement" : {
"range" : [
{
"lower_bound" : "1.0.0",
"upper_bound" : "2.0.0"
}
]
},
"type" : "sourceControl",
"url" : "https://github.com/apple/swift-async-algorithms"
},
{
"identity" : "swift-log",
"requirement" : {
"range" : [
{
"lower_bound" : "1.6.2",
"upper_bound" : "2.0.0"
}
]
},
"type" : "sourceControl",
"url" : "https://github.com/apple/swift-log"
},
{
"identity" : "swift-algorithms",
"requirement" : {
"range" : [
{
"lower_bound" : "1.2.0",
"upper_bound" : "2.0.0"
}
]
},
"type" : "sourceControl",
"url" : "https://github.com/apple/swift-algorithms"
},
{
"identity" : "swift-collections",
"requirement" : {
"range" : [
{
"lower_bound" : "1.1.0",
"upper_bound" : "2.0.0"
}
]
},
"type" : "sourceControl",
"url" : "https://github.com/apple/swift-collections.git"
},
{
"identity" : "swift-system",
"requirement" : {
"range" : [
{
"lower_bound" : "1.2.1",
"upper_bound" : "2.0.0"
}
]
},
"type" : "sourceControl",
"url" : "https://github.com/apple/swift-system"
},
{
"identity" : "swift-argument-parser",
"requirement" : {
"range" : [
{
"lower_bound" : "1.2.0",
"upper_bound" : "2.0.0"
}
]
},
"type" : "sourceControl",
"url" : "https://github.com/apple/swift-argument-parser"
},
{
"identity" : "socketaddress",
"requirement" : {
"range" : [
{
"lower_bound" : "0.4.5",
"upper_bound" : "1.0.0"
}
]
},
"type" : "sourceControl",
"url" : "https://github.com/PADL/SocketAddress"
},
{
"identity" : "asyncextensions",
"requirement" : {
"range" : [
{
"lower_bound" : "0.9.2",
"upper_bound" : "1.0.0"
}
]
},
"type" : "sourceControl",
"url" : "https://github.com/lhoward/AsyncExtensions"
},
{
"identity" : "swift-service-lifecycle",
"requirement" : {
"range" : [
{
"lower_bound" : "2.3.0",
"upper_bound" : "3.0.0"
}
]
},
"type" : "sourceControl",
"url" : "https://github.com/swift-server/swift-service-lifecycle"
},
{
"identity" : "flyingfox",
"requirement" : {
"branch" : [
"main"
]
},
"type" : "sourceControl",
"url" : "https://github.com/swhitty/FlyingFox"
},
{
"identity" : "flyingfoxmacros",
"requirement" : {
"branch" : [
"main"
]
},
"type" : "sourceControl",
"url" : "https://github.com/swhitty/FlyingFoxMacros"
},
{
"identity" : "anycodable",
"requirement" : {
"range" : [
{
"lower_bound" : "0.6.7",
"upper_bound" : "1.0.0"
}
]
},
"type" : "sourceControl",
"url" : "https://github.com/Flight-School/AnyCodable"
},
{
"identity" : "swift-binary-parsing",
"requirement" : {
"range" : [
{
"lower_bound" : "0.0.2",
"upper_bound" : "1.0.0"
}
]
},
"type" : "sourceControl",
"url" : "https://github.com/apple/swift-binary-parsing"
},
{
"identity" : "swift-async-queue",
"requirement" : {
"range" : [
{
"lower_bound" : "1.0.0",
"upper_bound" : "2.0.0"
}
]
},
"type" : "sourceControl",
"url" : "https://github.com/dfed/swift-async-queue"
},
{
"identity" : "ieee802swift",
"requirement" : {
"range" : [
{
"lower_bound" : "0.1.0",
"upper_bound" : "1.0.0"
}
]
},
"type" : "sourceControl",
"url" : "https://github.com/PADL/IEEE802Swift"
}
],
"manifest_display_name" : "OpenSRP",
"name" : "OpenSRP",
"path" : "/Users/admin/builder/spi-builder-workspace",
"platforms" : [
{
"name" : "macos",
"version" : "26.0"
}
],
"products" : [
{
"name" : "MRP",
"targets" : [
"MRP"
],
"type" : {
"library" : [
"automatic"
]
}
}
],
"targets" : [
{
"c99name" : "PMC",
"module_type" : "SwiftTarget",
"name" : "PMC",
"path" : "Sources/PMC",
"product_dependencies" : [
"IEEE802",
"BinaryParsing",
"AsyncExtensions",
"SocketAddress",
"AsyncAlgorithms",
"SystemPackage"
],
"product_memberships" : [
"MRP"
],
"sources" : [
"PTPManagementClient.swift",
"PTPManagementDataSets.swift",
"PTPManagementNP.swift",
"PTPManagementTypes.swift",
"PTPTypes.swift",
"Task+Timeout.swift"
],
"type" : "library"
},
{
"c99name" : "MSTP",
"module_type" : "SwiftTarget",
"name" : "MSTP",
"path" : "Sources/MSTP",
"product_dependencies" : [
"SocketAddress"
],
"product_memberships" : [
"MRP"
],
"sources" : [
"MSTPControlClient.swift"
],
"type" : "library"
},
{
"c99name" : "MRPTests",
"module_type" : "SwiftTarget",
"name" : "MRPTests",
"path" : "Tests/MRPTests",
"sources" : [
"MRPTests.swift"
],
"target_dependencies" : [
"MRP"
],
"type" : "test"
},
{
"c99name" : "MRP",
"module_type" : "SwiftTarget",
"name" : "MRP",
"path" : "Sources/MRP",
"product_dependencies" : [
"IEEE802",
"BinaryParsing",
"AsyncExtensions",
"SocketAddress",
"Algorithms",
"OrderedCollections",
"AsyncAlgorithms",
"Logging",
"ServiceLifecycle",
"SystemPackage",
"AsyncQueue"
],
"product_memberships" : [
"MRP"
],
"sources" : [
"Applications/MMRP/MMRPApplication.swift",
"Applications/MMRP/MMRPAttributes.swift",
"Applications/MMRP/MMRPHandler.swift",
"Applications/MSRP/CBSParams.swift",
"Applications/MSRP/MSRPApplication.swift",
"Applications/MSRP/MSRPAttributes.swift",
"Applications/MSRP/MSRPHandler.swift",
"Applications/MSRP/MSRPTypes.swift",
"Applications/MVRP/MVRPApplication.swift",
"Applications/MVRP/MVRPAttributes.swift",
"Applications/MVRP/MVRPHandler.swift",
"Base/CountedBarrier.swift",
"Base/Error.swift",
"Base/Event.swift",
"Base/MRPController.swift",
"Base/MRPTimerConfiguration.swift",
"Base/PDU.swift",
"Base/Timer.swift",
"Base/Types.swift",
"Base/Utility.swift",
"Base/VLAN.swift",
"Base/Value.swift",
"Model/Applicant.swift",
"Model/Application.swift",
"Model/AttributeValue.swift",
"Model/BaseApplication.swift",
"Model/Bridge.swift",
"Model/LeaveAll.swift",
"Model/Participant.swift",
"Model/Port.swift",
"Model/Registrar.swift",
"Model/RestApiApplication.swift",
"Platform/LinuxPlatform.swift",
"RestApi/DeviceHandler.swift",
"RestApi/MRPHandler.swift",
"RestApi/RestApiHandler.swift",
"RestApi/Utils.swift"
],
"target_dependencies" : [
"PMC",
"MSTP"
],
"type" : "library"
}
],
"tools_version" : "6.2"
}
{
"workspace" : {
"name" : "OpenSRP",
"schemes" : [
"AsyncExtensions",
"OpenSRP"
]
}
}
2026-09-25 11:47:17.949 xcodebuild[2214:12208] [MT] IDERunDestination: Supported platforms for the buildables in the current scheme is empty.
{
"workspace" : {
"name" : "OpenSRP",
"schemes" : [
"AsyncExtensions",
"OpenSRP"
]
}
}
2026-09-25 11:47:21.219 xcodebuild[2225:12300] [MT] IDERunDestination: Supported platforms for the buildables in the current scheme is empty.
Running build ...
env DEVELOPER_DIR=/Applications/Xcode-27.0.0-Release.Candidate.app xcrun xcodebuild -IDEClonedSourcePackagesDirPathOverride=$PWD/.dependencies -skipMacroValidation -skipPackagePluginValidation -derivedDataPath $PWD/.derivedData build -scheme OpenSRP -destination generic/platform=watchOS
Command line invocation:
/Applications/Xcode-27.0.0-Release.Candidate.app/Contents/Developer/usr/bin/xcodebuild -IDEClonedSourcePackagesDirPathOverride=/Users/admin/builder/spi-builder-workspace/.dependencies -skipMacroValidation -skipPackagePluginValidation -derivedDataPath /Users/admin/builder/spi-builder-workspace/.derivedData build -scheme OpenSRP -destination generic/platform=watchOS
Resolve Package Graph
Resolved source packages:
swift-system: https://github.com/apple/swift-system @ 1.8.1
swift-syntax: https://github.com/swiftlang/swift-syntax.git @ 602.0.0
swift-atomics: https://github.com/apple/swift-atomics.git @ 1.3.1
swift-argument-parser: https://github.com/apple/swift-argument-parser @ 1.8.2
OpenSRP: /Users/admin/builder/spi-builder-workspace
swift-async-algorithms: https://github.com/apple/swift-async-algorithms @ 1.1.6
swift-numerics: https://github.com/apple/swift-numerics.git @ 1.1.1
IORingSwift: https://github.com/PADL/IORingSwift @ 2.1.1
SocketAddress: https://github.com/PADL/SocketAddress @ 0.5.2
AsyncExtensions: https://github.com/lhoward/AsyncExtensions @ 0.9.7
swift-algorithms: https://github.com/apple/swift-algorithms @ 1.2.1
swift-async-queue: https://github.com/dfed/swift-async-queue @ 1.1.0
swift-binary-parsing: https://github.com/apple/swift-binary-parsing @ 0.0.2
swift-service-lifecycle: https://github.com/swift-server/swift-service-lifecycle @ 2.12.0
IEEE802Swift: https://github.com/PADL/IEEE802Swift @ 0.2.0
swift-collections: https://github.com/apple/swift-collections.git @ 1.7.0
swift-log: https://github.com/apple/swift-log @ 1.15.1
ComputePackagePrebuildTargetDependencyGraph
Prepare packages
CreateBuildRequest
SendProjectDescription
CreateBuildOperation
ComputeTargetDependencyGraph
note: Building targets in dependency order
note: Target dependency graph (47 targets)
Target 'MRP-product' in project 'OpenSRP'
➜ Explicit dependency on target 'MRP' in project 'OpenSRP'
➜ Explicit dependency on target 'PMC' in project 'OpenSRP'
➜ Explicit dependency on target 'MSTP' in project 'OpenSRP'
➜ Explicit dependency on target 'IEEE802-product' in project 'IEEE802Swift'
➜ Explicit dependency on target 'BinaryParsing-product' in project 'swift-binary-parsing'
➜ Explicit dependency on target 'AsyncExtensions-product' in project 'AsyncExtensions'
➜ Explicit dependency on target 'SocketAddress-product' in project 'SocketAddress'
➜ Explicit dependency on target 'AsyncAlgorithms-product' in project 'swift-async-algorithms'
➜ Explicit dependency on target 'SystemPackage-product' in project 'swift-system'
➜ Explicit dependency on target 'Algorithms-product' in project 'swift-algorithms'
➜ Explicit dependency on target 'OrderedCollections-product' in project 'swift-collections'
➜ Explicit dependency on target 'Logging-product' in project 'swift-log'
➜ Explicit dependency on target 'ServiceLifecycle-product' in project 'swift-service-lifecycle'
➜ Explicit dependency on target 'AsyncQueue-product' in project 'swift-async-queue'
Target 'MRP' in project 'OpenSRP'
➜ Explicit dependency on target 'PMC' in project 'OpenSRP'
➜ Explicit dependency on target 'MSTP' in project 'OpenSRP'
➜ Explicit dependency on target 'IEEE802-product' in project 'IEEE802Swift'
➜ Explicit dependency on target 'BinaryParsing-product' in project 'swift-binary-parsing'
➜ Explicit dependency on target 'AsyncExtensions-product' in project 'AsyncExtensions'
➜ Explicit dependency on target 'SocketAddress-product' in project 'SocketAddress'
➜ Explicit dependency on target 'AsyncAlgorithms-product' in project 'swift-async-algorithms'
➜ Explicit dependency on target 'SystemPackage-product' in project 'swift-system'
➜ Explicit dependency on target 'Algorithms-product' in project 'swift-algorithms'
➜ Explicit dependency on target 'OrderedCollections-product' in project 'swift-collections'
➜ Explicit dependency on target 'Logging-product' in project 'swift-log'
➜ Explicit dependency on target 'ServiceLifecycle-product' in project 'swift-service-lifecycle'
➜ Explicit dependency on target 'AsyncQueue-product' in project 'swift-async-queue'
Target 'AsyncQueue-product' in project 'swift-async-queue'
➜ Explicit dependency on target 'AsyncQueue' in project 'swift-async-queue'
Target 'AsyncQueue' in project 'swift-async-queue' (no dependencies)
Target 'ServiceLifecycle-product' in project 'swift-service-lifecycle'
➜ Explicit dependency on target 'ServiceLifecycle' in project 'swift-service-lifecycle'
➜ Explicit dependency on target 'ConcurrencyHelpers' in project 'swift-service-lifecycle'
➜ Explicit dependency on target 'UnixSignals' in project 'swift-service-lifecycle'
➜ Explicit dependency on target 'Logging-product' in project 'swift-log'
➜ Explicit dependency on target 'AsyncAlgorithms-product' in project 'swift-async-algorithms'
Target 'ServiceLifecycle' in project 'swift-service-lifecycle'
➜ Explicit dependency on target 'ConcurrencyHelpers' in project 'swift-service-lifecycle'
➜ Explicit dependency on target 'UnixSignals' in project 'swift-service-lifecycle'
➜ Explicit dependency on target 'Logging-product' in project 'swift-log'
➜ Explicit dependency on target 'AsyncAlgorithms-product' in project 'swift-async-algorithms'
Target 'UnixSignals' in project 'swift-service-lifecycle'
➜ Explicit dependency on target 'ConcurrencyHelpers' in project 'swift-service-lifecycle'
Target 'ConcurrencyHelpers' in project 'swift-service-lifecycle' (no dependencies)
Target 'Logging-product' in project 'swift-log'
➜ Explicit dependency on target 'Logging' in project 'swift-log'
Target 'Logging' in project 'swift-log' (no dependencies)
Target 'Algorithms-product' in project 'swift-algorithms'
➜ Explicit dependency on target 'Algorithms' in project 'swift-algorithms'
➜ Explicit dependency on target 'RealModule-product' in project 'swift-numerics'
Target 'Algorithms' in project 'swift-algorithms'
➜ Explicit dependency on target 'RealModule-product' in project 'swift-numerics'
Target 'RealModule-product' in project 'swift-numerics'
➜ Explicit dependency on target 'RealModule' in project 'swift-numerics'
➜ Explicit dependency on target '_NumericsShims' in project 'swift-numerics'
Target 'RealModule' in project 'swift-numerics'
➜ Explicit dependency on target '_NumericsShims' in project 'swift-numerics'
Target '_NumericsShims' in project 'swift-numerics' (no dependencies)
Target 'MSTP' in project 'OpenSRP'
➜ Explicit dependency on target 'SocketAddress-product' in project 'SocketAddress'
Target 'PMC' in project 'OpenSRP'
➜ Explicit dependency on target 'IEEE802-product' in project 'IEEE802Swift'
➜ Explicit dependency on target 'BinaryParsing-product' in project 'swift-binary-parsing'
➜ Explicit dependency on target 'AsyncExtensions-product' in project 'AsyncExtensions'
➜ Explicit dependency on target 'SocketAddress-product' in project 'SocketAddress'
➜ Explicit dependency on target 'AsyncAlgorithms-product' in project 'swift-async-algorithms'
➜ Explicit dependency on target 'SystemPackage-product' in project 'swift-system'
Target 'AsyncAlgorithms-product' in project 'swift-async-algorithms'
➜ Explicit dependency on target 'AsyncAlgorithms' in project 'swift-async-algorithms'
➜ Explicit dependency on target 'OrderedCollections-product' in project 'swift-collections'
➜ Explicit dependency on target 'DequeModule-product' in project 'swift-collections'
Target 'AsyncAlgorithms' in project 'swift-async-algorithms'
➜ Explicit dependency on target 'OrderedCollections-product' in project 'swift-collections'
➜ Explicit dependency on target 'DequeModule-product' in project 'swift-collections'
Target 'DequeModule-product' in project 'swift-collections'
➜ Explicit dependency on target 'DequeModule' in project 'swift-collections'
➜ Explicit dependency on target 'InternalCollectionsUtilities' in project 'swift-collections'
➜ Explicit dependency on target 'SpanPreview' in project 'swift-collections'
Target 'OrderedCollections-product' in project 'swift-collections'
➜ Explicit dependency on target 'OrderedCollections' in project 'swift-collections'
➜ Explicit dependency on target 'InternalCollectionsUtilities' in project 'swift-collections'
Target 'SocketAddress-product' in project 'SocketAddress'
➜ Explicit dependency on target 'SocketAddress' in project 'SocketAddress'
➜ Explicit dependency on target 'SystemPackage-product' in project 'swift-system'
Target 'SocketAddress' in project 'SocketAddress'
➜ Explicit dependency on target 'CLinuxSockAddr' in project 'SocketAddress'
➜ Explicit dependency on target 'SystemPackage-product' in project 'swift-system'
Target 'CLinuxSockAddr' in project 'SocketAddress' (no dependencies)
Target 'AsyncExtensions-product' in project 'AsyncExtensions'
➜ Explicit dependency on target 'AsyncExtensions' in project 'AsyncExtensions'
➜ Explicit dependency on target 'Collections-product' in project 'swift-collections'
➜ Explicit dependency on target 'Atomics-product' in project 'swift-atomics'
Target 'AsyncExtensions' in project 'AsyncExtensions'
➜ Explicit dependency on target 'Collections-product' in project 'swift-collections'
➜ Explicit dependency on target 'Atomics-product' in project 'swift-atomics'
Target 'Atomics-product' in project 'swift-atomics'
➜ Explicit dependency on target 'Atomics' in project 'swift-atomics'
➜ Explicit dependency on target '_AtomicsShims' in project 'swift-atomics'
Target 'Atomics' in project 'swift-atomics'
➜ Explicit dependency on target '_AtomicsShims' in project 'swift-atomics'
Target '_AtomicsShims' in project 'swift-atomics' (no dependencies)
Target 'Collections-product' in project 'swift-collections'
➜ Explicit dependency on target 'Collections' in project 'swift-collections'
➜ Explicit dependency on target 'InternalCollectionsUtilities' in project 'swift-collections'
➜ Explicit dependency on target 'BitCollections' in project 'swift-collections'
➜ Explicit dependency on target 'SpanPreview' in project 'swift-collections'
➜ Explicit dependency on target 'DequeModule' in project 'swift-collections'
➜ Explicit dependency on target 'HashTreeCollections' in project 'swift-collections'
➜ Explicit dependency on target 'HeapModule' in project 'swift-collections'
➜ Explicit dependency on target 'OrderedCollections' in project 'swift-collections'
➜ Explicit dependency on target '_RopeModule' in project 'swift-collections'
Target 'Collections' in project 'swift-collections'
➜ Explicit dependency on target 'InternalCollectionsUtilities' in project 'swift-collections'
➜ Explicit dependency on target 'BitCollections' in project 'swift-collections'
➜ Explicit dependency on target 'SpanPreview' in project 'swift-collections'
➜ Explicit dependency on target 'DequeModule' in project 'swift-collections'
➜ Explicit dependency on target 'HashTreeCollections' in project 'swift-collections'
➜ Explicit dependency on target 'HeapModule' in project 'swift-collections'
➜ Explicit dependency on target 'OrderedCollections' in project 'swift-collections'
➜ Explicit dependency on target '_RopeModule' in project 'swift-collections'
Target '_RopeModule' in project 'swift-collections'
➜ Explicit dependency on target 'InternalCollectionsUtilities' in project 'swift-collections'
Target 'OrderedCollections' in project 'swift-collections'
➜ Explicit dependency on target 'InternalCollectionsUtilities' in project 'swift-collections'
Target 'HeapModule' in project 'swift-collections'
➜ Explicit dependency on target 'InternalCollectionsUtilities' in project 'swift-collections'
Target 'HashTreeCollections' in project 'swift-collections'
➜ Explicit dependency on target 'InternalCollectionsUtilities' in project 'swift-collections'
Target 'DequeModule' in project 'swift-collections'
➜ Explicit dependency on target 'InternalCollectionsUtilities' in project 'swift-collections'
➜ Explicit dependency on target 'SpanPreview' in project 'swift-collections'
Target 'SpanPreview' in project 'swift-collections'
➜ Explicit dependency on target 'InternalCollectionsUtilities' in project 'swift-collections'
Target 'BitCollections' in project 'swift-collections'
➜ Explicit dependency on target 'InternalCollectionsUtilities' in project 'swift-collections'
Target 'InternalCollectionsUtilities' in project 'swift-collections' (no dependencies)
Target 'IEEE802-product' in project 'IEEE802Swift'
➜ Explicit dependency on target 'IEEE802' in project 'IEEE802Swift'
➜ Explicit dependency on target 'SystemPackage-product' in project 'swift-system'
➜ Explicit dependency on target 'BinaryParsing-product' in project 'swift-binary-parsing'
Target 'IEEE802' in project 'IEEE802Swift'
➜ Explicit dependency on target 'SystemPackage-product' in project 'swift-system'
➜ Explicit dependency on target 'BinaryParsing-product' in project 'swift-binary-parsing'
Target 'BinaryParsing-product' in project 'swift-binary-parsing'
➜ Explicit dependency on target 'BinaryParsing' in project 'swift-binary-parsing'
➜ Explicit dependency on target 'BinaryParsingMacros' in project 'swift-binary-parsing'
Target 'BinaryParsing' in project 'swift-binary-parsing'
➜ Explicit dependency on target 'BinaryParsingMacros' in project 'swift-binary-parsing'
Target 'BinaryParsingMacros' in project 'swift-binary-parsing' (no dependencies)
Target 'SystemPackage-product' in project 'swift-system'
➜ Explicit dependency on target 'SystemPackage' in project 'swift-system'
➜ Explicit dependency on target 'CSystem' in project 'swift-system'
Target 'SystemPackage' in project 'swift-system'
➜ Explicit dependency on target 'CSystem' in project 'swift-system'
Target 'CSystem' in project 'swift-system' (no dependencies)
GatherProvisioningInputs
CreateBuildDescription
ClangStatCache /Applications/Xcode-27.0.0-Release.Candidate.app/Contents/Developer/Toolchains/XcodeDefault.xctoolchain/usr/bin/clang-stat-cache /Applications/Xcode-27.0.0-Release.Candidate.app/Contents/Developer/Platforms/WatchOS.platform/Developer/SDKs/WatchOS27.0.sdk /Users/admin/builder/spi-builder-workspace/.derivedData/SDKStatCaches.noindex/watchos27.0-24R360-e829b21a6f8c9b70876ba0858053c04477534ef55a1706bf4c1112bbb242f0a2.sdkstatcache
cd /Users/admin/builder/spi-builder-workspace/.swiftpm/xcode
/Applications/Xcode-27.0.0-Release.Candidate.app/Contents/Developer/Toolchains/XcodeDefault.xctoolchain/usr/bin/clang-stat-cache /Applications/Xcode-27.0.0-Release.Candidate.app/Contents/Developer/Platforms/WatchOS.platform/Developer/SDKs/WatchOS27.0.sdk -o /Users/admin/builder/spi-builder-workspace/.derivedData/SDKStatCaches.noindex/watchos27.0-24R360-e829b21a6f8c9b70876ba0858053c04477534ef55a1706bf4c1112bbb242f0a2.sdkstatcache
ClangStatCache /Applications/Xcode-27.0.0-Release.Candidate.app/Contents/Developer/Toolchains/XcodeDefault.xctoolchain/usr/bin/clang-stat-cache /Applications/Xcode-27.0.0-Release.Candidate.app/Contents/Developer/Platforms/MacOSX.platform/Developer/SDKs/MacOSX27.0.sdk /Users/admin/builder/spi-builder-workspace/.derivedData/SDKStatCaches.noindex/macosx27.0-26A425-e829b21a6f8c9b70876ba0858053c0446a22442a12e9d48fe1a705f55a1adfc4.sdkstatcache
cd /Users/admin/builder/spi-builder-workspace/.swiftpm/xcode
/Applications/Xcode-27.0.0-Release.Candidate.app/Contents/Developer/Toolchains/XcodeDefault.xctoolchain/usr/bin/clang-stat-cache /Applications/Xcode-27.0.0-Release.Candidate.app/Contents/Developer/Platforms/MacOSX.platform/Developer/SDKs/MacOSX27.0.sdk -o /Users/admin/builder/spi-builder-workspace/.derivedData/SDKStatCaches.noindex/macosx27.0-26A425-e829b21a6f8c9b70876ba0858053c0446a22442a12e9d48fe1a705f55a1adfc4.sdkstatcache
SwiftDriver ServiceLifecycle normal arm64_32 com.apple.xcode.tools.swift.compiler (in target 'ServiceLifecycle' from project 'swift-service-lifecycle')
cd /Users/admin/builder/spi-builder-workspace/.swiftpm/xcode
builtin-SwiftDriver -- /Applications/Xcode-27.0.0-Release.Candidate.app/Contents/Developer/Toolchains/XcodeDefault.xctoolchain/usr/bin/swiftc -parse-as-library -module-name ServiceLifecycle -Onone @/Users/admin/builder/spi-builder-workspace/.derivedData/Build/Intermediates.noindex/swift-service-lifecycle.build/Debug-watchos/ServiceLifecycle-t.build/Objects-normal/arm64_32/ServiceLifecycle.SwiftFileList -DSWIFT_PACKAGE -DDEBUG -DSWIFT_MODULE_RESOURCE_BUNDLE_UNAVAILABLE -DXcode -plugin-path /Applications/Xcode-27.0.0-Release.Candidate.app/Contents/Developer/Toolchains/XcodeDefault.xctoolchain/usr/lib/swift/host/plugins/testing -enable-experimental-feature DebugDescriptionMacro -sdk /Applications/Xcode-27.0.0-Release.Candidate.app/Contents/Developer/Platforms/WatchOS.platform/Developer/SDKs/WatchOS27.0.sdk -target arm64_32-apple-watchos9.0 -g -module-cache-path /Users/admin/builder/spi-builder-workspace/.derivedData/ModuleCache.noindex -Xfrontend -serialize-debugging-options -profile-coverage-mapping -profile-generate -enable-testing -suppress-warnings -index-store-path /Users/admin/builder/spi-builder-workspace/.derivedData/Index.noindex/DataStore -Xcc -D_LIBCPP_HARDENING_MODE\=_LIBCPP_HARDENING_MODE_DEBUG -swift-version 6 -I /Users/admin/builder/spi-builder-workspace/.derivedData/Build/Products/Debug-watchos -Isystem /Applications/Xcode-27.0.0-Release.Candidate.app/Contents/Developer/Platforms/WatchOS.platform/Developer/usr/lib -F /Users/admin/builder/spi-builder-workspace/.derivedData/Build/Products/Debug-watchos/PackageFrameworks -F /Users/admin/builder/spi-builder-workspace/.derivedData/Build/Products/Debug-watchos -F /Applications/Xcode-27.0.0-Release.Candidate.app/Contents/Developer/Platforms/WatchOS.platform/Developer/Library/Frameworks -F /Applications/Xcode-27.0.0-Release.Candidate.app/Contents/Developer/Platforms/WatchOS.platform/Developer/SDKs/WatchOS27.0.sdk/Developer/Library/Frameworks -c -j10 -enable-batch-mode -incremental -Xcc -ivfsstatcache -Xcc /Users/admin/builder/spi-builder-workspace/.derivedData/SDKStatCaches.noindex/watchos27.0-24R360-e829b21a6f8c9b70876ba0858053c04477534ef55a1706bf4c1112bbb242f0a2.sdkstatcache -output-file-map /Users/admin/builder/spi-builder-workspace/.derivedData/Build/Intermediates.noindex/swift-service-lifecycle.build/Debug-watchos/ServiceLifecycle-t.build/Objects-normal/arm64_32/ServiceLifecycle-OutputFileMap.json -save-temps -no-color-diagnostics -explicit-module-build -module-cache-path /Users/admin/builder/spi-builder-workspace/.derivedData/Build/Intermediates.noindex/SwiftExplicitPrecompiledModules -clang-scanner-module-cache-path /Users/admin/builder/spi-builder-workspace/.derivedData/ModuleCache.noindex -sdk-module-cache-path /Users/admin/builder/spi-builder-workspace/.derivedData/SDKExplicitPrecompiledModules -emit-dependencies -emit-module -emit-module-path /Users/admin/builder/spi-builder-workspace/.derivedData/Build/Intermediates.noindex/swift-service-lifecycle.build/Debug-watchos/ServiceLifecycle-t.build/Objects-normal/arm64_32/ServiceLifecycle.swiftmodule -serialize-diagnostics -dependency-scan-serialize-diagnostics-path /Users/admin/builder/spi-builder-workspace/.derivedData/Build/Intermediates.noindex/swift-service-lifecycle.build/Debug-watchos/ServiceLifecycle-t.build/Objects-normal/arm64_32/ServiceLifecycle-dependency-scan.dia -user-module-version 2.12.0 -validate-clang-modules-once -clang-build-session-file /Users/admin/builder/spi-builder-workspace/.derivedData/ModuleCache.noindex/Session.modulevalidation -Xcc -fmodules-prune-interval\=86400 -Xcc -fmodules-prune-after\=345600 -package-name swift_service_lifecycle -emit-const-values -const-gather-protocols-list /Users/admin/builder/spi-builder-workspace/.derivedData/Build/Intermediates.noindex/swift-service-lifecycle.build/Debug-watchos/ServiceLifecycle-t.build/Objects-normal/arm64_32/ServiceLifecycle_const_extract_protocols.json -Xcc -I/Users/admin/builder/spi-builder-workspace/.derivedData/Build/Products/Debug-watchos/include -Xcc -I/Users/admin/builder/spi-builder-workspace/.derivedData/Build/Intermediates.noindex/swift-service-lifecycle.build/Debug-watchos/ServiceLifecycle-t.build/DerivedSources-normal/arm64_32 -Xcc -I/Users/admin/builder/spi-builder-workspace/.derivedData/Build/Intermediates.noindex/swift-service-lifecycle.build/Debug-watchos/ServiceLifecycle-t.build/DerivedSources/arm64_32 -Xcc -I/Users/admin/builder/spi-builder-workspace/.derivedData/Build/Intermediates.noindex/swift-service-lifecycle.build/Debug-watchos/ServiceLifecycle-t.build/DerivedSources -Xcc -DSWIFT_PACKAGE -Xcc -DDEBUG\=1 -emit-objc-header -emit-objc-header-path /Users/admin/builder/spi-builder-workspace/.derivedData/Build/Intermediates.noindex/swift-service-lifecycle.build/Debug-watchos/ServiceLifecycle-t.build/Objects-normal/arm64_32/ServiceLifecycle-Swift.h -working-directory /Users/admin/builder/spi-builder-workspace/.swiftpm/xcode -experimental-emit-module-separately -disable-cmo
SwiftDriver IEEE802 normal arm64_32 com.apple.xcode.tools.swift.compiler (in target 'IEEE802' from project 'IEEE802Swift')
cd /Users/admin/builder/spi-builder-workspace/.swiftpm/xcode
builtin-SwiftDriver -- /Applications/Xcode-27.0.0-Release.Candidate.app/Contents/Developer/Toolchains/XcodeDefault.xctoolchain/usr/bin/swiftc -parse-as-library -module-name IEEE802 -Onone @/Users/admin/builder/spi-builder-workspace/.derivedData/Build/Intermediates.noindex/IEEE802Swift.build/Debug-watchos/IEEE802-t.build/Objects-normal/arm64_32/IEEE802.SwiftFileList -DSWIFT_PACKAGE -DDEBUG -DSWIFT_MODULE_RESOURCE_BUNDLE_UNAVAILABLE -Xcc -fmodule-map-file\=/Users/admin/builder/spi-builder-workspace/.dependencies/checkouts/swift-system/Sources/CSystem/include/module.modulemap -DXcode -enable-experimental-feature StrictConcurrency -enable-experimental-feature NonisolatedNonsendingByDefault -plugin-path /Applications/Xcode-27.0.0-Release.Candidate.app/Contents/Developer/Toolchains/XcodeDefault.xctoolchain/usr/lib/swift/host/plugins/testing -enable-experimental-feature DebugDescriptionMacro -sdk /Applications/Xcode-27.0.0-Release.Candidate.app/Contents/Developer/Platforms/WatchOS.platform/Developer/SDKs/WatchOS27.0.sdk -target arm64_32-apple-watchos9.0 -g -module-cache-path /Users/admin/builder/spi-builder-workspace/.derivedData/ModuleCache.noindex -Xfrontend -serialize-debugging-options -profile-coverage-mapping -profile-generate -enable-testing -suppress-warnings -index-store-path /Users/admin/builder/spi-builder-workspace/.derivedData/Index.noindex/DataStore -Xcc -D_LIBCPP_HARDENING_MODE\=_LIBCPP_HARDENING_MODE_DEBUG -swift-version 6 -I /Users/admin/builder/spi-builder-workspace/.derivedData/Build/Products/Debug-watchos -Isystem /Applications/Xcode-27.0.0-Release.Candidate.app/Contents/Developer/Platforms/WatchOS.platform/Developer/usr/lib -F /Users/admin/builder/spi-builder-workspace/.derivedData/Build/Products/Debug-watchos/PackageFrameworks -F /Users/admin/builder/spi-builder-workspace/.derivedData/Build/Products/Debug-watchos -F /Applications/Xcode-27.0.0-Release.Candidate.app/Contents/Developer/Platforms/WatchOS.platform/Developer/Library/Frameworks -F /Applications/Xcode-27.0.0-Release.Candidate.app/Contents/Developer/Platforms/WatchOS.platform/Developer/SDKs/WatchOS27.0.sdk/Developer/Library/Frameworks -Xfrontend -load-plugin-executable -Xfrontend /Users/admin/builder/spi-builder-workspace/.derivedData/Build/Products/Debug/BinaryParsingMacros\#BinaryParsingMacros -c -j10 -enable-batch-mode -incremental -Xcc -ivfsstatcache -Xcc /Users/admin/builder/spi-builder-workspace/.derivedData/SDKStatCaches.noindex/watchos27.0-24R360-e829b21a6f8c9b70876ba0858053c04477534ef55a1706bf4c1112bbb242f0a2.sdkstatcache -output-file-map /Users/admin/builder/spi-builder-workspace/.derivedData/Build/Intermediates.noindex/IEEE802Swift.build/Debug-watchos/IEEE802-t.build/Objects-normal/arm64_32/IEEE802-OutputFileMap.json -save-temps -no-color-diagnostics -explicit-module-build -module-cache-path /Users/admin/builder/spi-builder-workspace/.derivedData/Build/Intermediates.noindex/SwiftExplicitPrecompiledModules -clang-scanner-module-cache-path /Users/admin/builder/spi-builder-workspace/.derivedData/ModuleCache.noindex -sdk-module-cache-path /Users/admin/builder/spi-builder-workspace/.derivedData/SDKExplicitPrecompiledModules -emit-dependencies -emit-module -emit-module-path /Users/admin/builder/spi-builder-workspace/.derivedData/Build/Intermediates.noindex/IEEE802Swift.build/Debug-watchos/IEEE802-t.build/Objects-normal/arm64_32/IEEE802.swiftmodule -serialize-diagnostics -dependency-scan-serialize-diagnostics-path /Users/admin/builder/spi-builder-workspace/.derivedData/Build/Intermediates.noindex/IEEE802Swift.build/Debug-watchos/IEEE802-t.build/Objects-normal/arm64_32/IEEE802-dependency-scan.dia -user-module-version 0.2.0 -validate-clang-modules-once -clang-build-session-file /Users/admin/builder/spi-builder-workspace/.derivedData/ModuleCache.noindex/Session.modulevalidation -Xcc -fmodules-prune-interval\=86400 -Xcc -fmodules-prune-after\=345600 -package-name ieee802swift -emit-const-values -const-gather-protocols-list /Users/admin/builder/spi-builder-workspace/.derivedData/Build/Intermediates.noindex/IEEE802Swift.build/Debug-watchos/IEEE802-t.build/Objects-normal/arm64_32/IEEE802_const_extract_protocols.json -Xcc -I/Users/admin/builder/spi-builder-workspace/.dependencies/checkouts/swift-system/Sources/CSystem/include -Xcc -I/Users/admin/builder/spi-builder-workspace/.derivedData/Build/Products/Debug-watchos/include -Xcc -I/Users/admin/builder/spi-builder-workspace/.derivedData/Build/Intermediates.noindex/IEEE802Swift.build/Debug-watchos/IEEE802-t.build/DerivedSources-normal/arm64_32 -Xcc -I/Users/admin/builder/spi-builder-workspace/.derivedData/Build/Intermediates.noindex/IEEE802Swift.build/Debug-watchos/IEEE802-t.build/DerivedSources/arm64_32 -Xcc -I/Users/admin/builder/spi-builder-workspace/.derivedData/Build/Intermediates.noindex/IEEE802Swift.build/Debug-watchos/IEEE802-t.build/DerivedSources -Xcc -DSWIFT_PACKAGE -Xcc -DDEBUG\=1 -emit-objc-header -emit-objc-header-path /Users/admin/builder/spi-builder-workspace/.derivedData/Build/Intermediates.noindex/IEEE802Swift.build/Debug-watchos/IEEE802-t.build/Objects-normal/arm64_32/IEEE802-Swift.h -working-directory /Users/admin/builder/spi-builder-workspace/.swiftpm/xcode -experimental-emit-module-separately -disable-cmo
SwiftDriver ServiceLifecycle normal arm64 com.apple.xcode.tools.swift.compiler (in target 'ServiceLifecycle' from project 'swift-service-lifecycle')
cd /Users/admin/builder/spi-builder-workspace/.swiftpm/xcode
builtin-SwiftDriver -- /Applications/Xcode-27.0.0-Release.Candidate.app/Contents/Developer/Toolchains/XcodeDefault.xctoolchain/usr/bin/swiftc -parse-as-library -module-name ServiceLifecycle -Onone @/Users/admin/builder/spi-builder-workspace/.derivedData/Build/Intermediates.noindex/swift-service-lifecycle.build/Debug-watchos/ServiceLifecycle-t.build/Objects-normal/arm64/ServiceLifecycle.SwiftFileList -DSWIFT_PACKAGE -DDEBUG -DSWIFT_MODULE_RESOURCE_BUNDLE_UNAVAILABLE -DXcode -plugin-path /Applications/Xcode-27.0.0-Release.Candidate.app/Contents/Developer/Toolchains/XcodeDefault.xctoolchain/usr/lib/swift/host/plugins/testing -enable-experimental-feature DebugDescriptionMacro -sdk /Applications/Xcode-27.0.0-Release.Candidate.app/Contents/Developer/Platforms/WatchOS.platform/Developer/SDKs/WatchOS27.0.sdk -target arm64-apple-watchos9.0 -g -module-cache-path /Users/admin/builder/spi-builder-workspace/.derivedData/ModuleCache.noindex -Xfrontend -serialize-debugging-options -profile-coverage-mapping -profile-generate -enable-testing -suppress-warnings -index-store-path /Users/admin/builder/spi-builder-workspace/.derivedData/Index.noindex/DataStore -Xcc -D_LIBCPP_HARDENING_MODE\=_LIBCPP_HARDENING_MODE_DEBUG -swift-version 6 -I /Users/admin/builder/spi-builder-workspace/.derivedData/Build/Products/Debug-watchos -Isystem /Applications/Xcode-27.0.0-Release.Candidate.app/Contents/Developer/Platforms/WatchOS.platform/Developer/usr/lib -F /Users/admin/builder/spi-builder-workspace/.derivedData/Build/Products/Debug-watchos/PackageFrameworks -F /Users/admin/builder/spi-builder-workspace/.derivedData/Build/Products/Debug-watchos -F /Applications/Xcode-27.0.0-Release.Candidate.app/Contents/Developer/Platforms/WatchOS.platform/Developer/Library/Frameworks -F /Applications/Xcode-27.0.0-Release.Candidate.app/Contents/Developer/Platforms/WatchOS.platform/Developer/SDKs/WatchOS27.0.sdk/Developer/Library/Frameworks -c -j10 -enable-batch-mode -incremental -Xcc -ivfsstatcache -Xcc /Users/admin/builder/spi-builder-workspace/.derivedData/SDKStatCaches.noindex/watchos27.0-24R360-e829b21a6f8c9b70876ba0858053c04477534ef55a1706bf4c1112bbb242f0a2.sdkstatcache -output-file-map /Users/admin/builder/spi-builder-workspace/.derivedData/Build/Intermediates.noindex/swift-service-lifecycle.build/Debug-watchos/ServiceLifecycle-t.build/Objects-normal/arm64/ServiceLifecycle-OutputFileMap.json -save-temps -no-color-diagnostics -explicit-module-build -module-cache-path /Users/admin/builder/spi-builder-workspace/.derivedData/Build/Intermediates.noindex/SwiftExplicitPrecompiledModules -clang-scanner-module-cache-path /Users/admin/builder/spi-builder-workspace/.derivedData/ModuleCache.noindex -sdk-module-cache-path /Users/admin/builder/spi-builder-workspace/.derivedData/SDKExplicitPrecompiledModules -emit-dependencies -emit-module -emit-module-path /Users/admin/builder/spi-builder-workspace/.derivedData/Build/Intermediates.noindex/swift-service-lifecycle.build/Debug-watchos/ServiceLifecycle-t.build/Objects-normal/arm64/ServiceLifecycle.swiftmodule -serialize-diagnostics -dependency-scan-serialize-diagnostics-path /Users/admin/builder/spi-builder-workspace/.derivedData/Build/Intermediates.noindex/swift-service-lifecycle.build/Debug-watchos/ServiceLifecycle-t.build/Objects-normal/arm64/ServiceLifecycle-dependency-scan.dia -user-module-version 2.12.0 -validate-clang-modules-once -clang-build-session-file /Users/admin/builder/spi-builder-workspace/.derivedData/ModuleCache.noindex/Session.modulevalidation -Xcc -fmodules-prune-interval\=86400 -Xcc -fmodules-prune-after\=345600 -package-name swift_service_lifecycle -emit-const-values -const-gather-protocols-list /Users/admin/builder/spi-builder-workspace/.derivedData/Build/Intermediates.noindex/swift-service-lifecycle.build/Debug-watchos/ServiceLifecycle-t.build/Objects-normal/arm64/ServiceLifecycle_const_extract_protocols.json -Xcc -I/Users/admin/builder/spi-builder-workspace/.derivedData/Build/Products/Debug-watchos/include -Xcc -I/Users/admin/builder/spi-builder-workspace/.derivedData/Build/Intermediates.noindex/swift-service-lifecycle.build/Debug-watchos/ServiceLifecycle-t.build/DerivedSources-normal/arm64 -Xcc -I/Users/admin/builder/spi-builder-workspace/.derivedData/Build/Intermediates.noindex/swift-service-lifecycle.build/Debug-watchos/ServiceLifecycle-t.build/DerivedSources/arm64 -Xcc -I/Users/admin/builder/spi-builder-workspace/.derivedData/Build/Intermediates.noindex/swift-service-lifecycle.build/Debug-watchos/ServiceLifecycle-t.build/DerivedSources -Xcc -DSWIFT_PACKAGE -Xcc -DDEBUG\=1 -emit-objc-header -emit-objc-header-path /Users/admin/builder/spi-builder-workspace/.derivedData/Build/Intermediates.noindex/swift-service-lifecycle.build/Debug-watchos/ServiceLifecycle-t.build/Objects-normal/arm64/ServiceLifecycle-Swift.h -working-directory /Users/admin/builder/spi-builder-workspace/.swiftpm/xcode -experimental-emit-module-separately -disable-cmo
SwiftDriver IEEE802 normal arm64 com.apple.xcode.tools.swift.compiler (in target 'IEEE802' from project 'IEEE802Swift')
cd /Users/admin/builder/spi-builder-workspace/.swiftpm/xcode
builtin-SwiftDriver -- /Applications/Xcode-27.0.0-Release.Candidate.app/Contents/Developer/Toolchains/XcodeDefault.xctoolchain/usr/bin/swiftc -parse-as-library -module-name IEEE802 -Onone @/Users/admin/builder/spi-builder-workspace/.derivedData/Build/Intermediates.noindex/IEEE802Swift.build/Debug-watchos/IEEE802-t.build/Objects-normal/arm64/IEEE802.SwiftFileList -DSWIFT_PACKAGE -DDEBUG -DSWIFT_MODULE_RESOURCE_BUNDLE_UNAVAILABLE -Xcc -fmodule-map-file\=/Users/admin/builder/spi-builder-workspace/.dependencies/checkouts/swift-system/Sources/CSystem/include/module.modulemap -DXcode -enable-experimental-feature StrictConcurrency -enable-experimental-feature NonisolatedNonsendingByDefault -plugin-path /Applications/Xcode-27.0.0-Release.Candidate.app/Contents/Developer/Toolchains/XcodeDefault.xctoolchain/usr/lib/swift/host/plugins/testing -enable-experimental-feature DebugDescriptionMacro -sdk /Applications/Xcode-27.0.0-Release.Candidate.app/Contents/Developer/Platforms/WatchOS.platform/Developer/SDKs/WatchOS27.0.sdk -target arm64-apple-watchos9.0 -g -module-cache-path /Users/admin/builder/spi-builder-workspace/.derivedData/ModuleCache.noindex -Xfrontend -serialize-debugging-options -profile-coverage-mapping -profile-generate -enable-testing -suppress-warnings -index-store-path /Users/admin/builder/spi-builder-workspace/.derivedData/Index.noindex/DataStore -Xcc -D_LIBCPP_HARDENING_MODE\=_LIBCPP_HARDENING_MODE_DEBUG -swift-version 6 -I /Users/admin/builder/spi-builder-workspace/.derivedData/Build/Products/Debug-watchos -Isystem /Applications/Xcode-27.0.0-Release.Candidate.app/Contents/Developer/Platforms/WatchOS.platform/Developer/usr/lib -F /Users/admin/builder/spi-builder-workspace/.derivedData/Build/Products/Debug-watchos/PackageFrameworks -F /Users/admin/builder/spi-builder-workspace/.derivedData/Build/Products/Debug-watchos -F /Applications/Xcode-27.0.0-Release.Candidate.app/Contents/Developer/Platforms/WatchOS.platform/Developer/Library/Frameworks -F /Applications/Xcode-27.0.0-Release.Candidate.app/Contents/Developer/Platforms/WatchOS.platform/Developer/SDKs/WatchOS27.0.sdk/Developer/Library/Frameworks -Xfrontend -load-plugin-executable -Xfrontend /Users/admin/builder/spi-builder-workspace/.derivedData/Build/Products/Debug/BinaryParsingMacros\#BinaryParsingMacros -c -j10 -enable-batch-mode -incremental -Xcc -ivfsstatcache -Xcc /Users/admin/builder/spi-builder-workspace/.derivedData/SDKStatCaches.noindex/watchos27.0-24R360-e829b21a6f8c9b70876ba0858053c04477534ef55a1706bf4c1112bbb242f0a2.sdkstatcache -output-file-map /Users/admin/builder/spi-builder-workspace/.derivedData/Build/Intermediates.noindex/IEEE802Swift.build/Debug-watchos/IEEE802-t.build/Objects-normal/arm64/IEEE802-OutputFileMap.json -save-temps -no-color-diagnostics -explicit-module-build -module-cache-path /Users/admin/builder/spi-builder-workspace/.derivedData/Build/Intermediates.noindex/SwiftExplicitPrecompiledModules -clang-scanner-module-cache-path /Users/admin/builder/spi-builder-workspace/.derivedData/ModuleCache.noindex -sdk-module-cache-path /Users/admin/builder/spi-builder-workspace/.derivedData/SDKExplicitPrecompiledModules -emit-dependencies -emit-module -emit-module-path /Users/admin/builder/spi-builder-workspace/.derivedData/Build/Intermediates.noindex/IEEE802Swift.build/Debug-watchos/IEEE802-t.build/Objects-normal/arm64/IEEE802.swiftmodule -serialize-diagnostics -dependency-scan-serialize-diagnostics-path /Users/admin/builder/spi-builder-workspace/.derivedData/Build/Intermediates.noindex/IEEE802Swift.build/Debug-watchos/IEEE802-t.build/Objects-normal/arm64/IEEE802-dependency-scan.dia -user-module-version 0.2.0 -validate-clang-modules-once -clang-build-session-file /Users/admin/builder/spi-builder-workspace/.derivedData/ModuleCache.noindex/Session.modulevalidation -Xcc -fmodules-prune-interval\=86400 -Xcc -fmodules-prune-after\=345600 -package-name ieee802swift -emit-const-values -const-gather-protocols-list /Users/admin/builder/spi-builder-workspace/.derivedData/Build/Intermediates.noindex/IEEE802Swift.build/Debug-watchos/IEEE802-t.build/Objects-normal/arm64/IEEE802_const_extract_protocols.json -Xcc -I/Users/admin/builder/spi-builder-workspace/.dependencies/checkouts/swift-system/Sources/CSystem/include -Xcc -I/Users/admin/builder/spi-builder-workspace/.derivedData/Build/Products/Debug-watchos/include -Xcc -I/Users/admin/builder/spi-builder-workspace/.derivedData/Build/Intermediates.noindex/IEEE802Swift.build/Debug-watchos/IEEE802-t.build/DerivedSources-normal/arm64 -Xcc -I/Users/admin/builder/spi-builder-workspace/.derivedData/Build/Intermediates.noindex/IEEE802Swift.build/Debug-watchos/IEEE802-t.build/DerivedSources/arm64 -Xcc -I/Users/admin/builder/spi-builder-workspace/.derivedData/Build/Intermediates.noindex/IEEE802Swift.build/Debug-watchos/IEEE802-t.build/DerivedSources -Xcc -DSWIFT_PACKAGE -Xcc -DDEBUG\=1 -emit-objc-header -emit-objc-header-path /Users/admin/builder/spi-builder-workspace/.derivedData/Build/Intermediates.noindex/IEEE802Swift.build/Debug-watchos/IEEE802-t.build/Objects-normal/arm64/IEEE802-Swift.h -working-directory /Users/admin/builder/spi-builder-workspace/.swiftpm/xcode -experimental-emit-module-separately -disable-cmo
SwiftDriver AsyncExtensions normal arm64 com.apple.xcode.tools.swift.compiler (in target 'AsyncExtensions' from project 'AsyncExtensions')
cd /Users/admin/builder/spi-builder-workspace/.swiftpm/xcode
builtin-SwiftDriver -- /Applications/Xcode-27.0.0-Release.Candidate.app/Contents/Developer/Toolchains/XcodeDefault.xctoolchain/usr/bin/swiftc -parse-as-library -module-name AsyncExtensions -Onone @/Users/admin/builder/spi-builder-workspace/.derivedData/Build/Intermediates.noindex/AsyncExtensions.build/Debug-watchos/AsyncExtensions-t.build/Objects-normal/arm64/AsyncExtensions.SwiftFileList -DSWIFT_PACKAGE -DDEBUG -DSWIFT_MODULE_RESOURCE_BUNDLE_UNAVAILABLE -Xcc -fmodule-map-file\=/Users/admin/builder/spi-builder-workspace/.dependencies/checkouts/swift-atomics/Sources/_AtomicsShims/include/module.modulemap -DXcode -plugin-path /Applications/Xcode-27.0.0-Release.Candidate.app/Contents/Developer/Toolchains/XcodeDefault.xctoolchain/usr/lib/swift/host/plugins/testing -enable-experimental-feature DebugDescriptionMacro -sdk /Applications/Xcode-27.0.0-Release.Candidate.app/Contents/Developer/Platforms/WatchOS.platform/Developer/SDKs/WatchOS27.0.sdk -target arm64-apple-watchos9.0 -g -module-cache-path /Users/admin/builder/spi-builder-workspace/.derivedData/ModuleCache.noindex -Xfrontend -serialize-debugging-options -profile-coverage-mapping -profile-generate -enable-testing -suppress-warnings -index-store-path /Users/admin/builder/spi-builder-workspace/.derivedData/Index.noindex/DataStore -Xcc -D_LIBCPP_HARDENING_MODE\=_LIBCPP_HARDENING_MODE_DEBUG -swift-version 5 -I /Users/admin/builder/spi-builder-workspace/.derivedData/Build/Products/Debug-watchos -Isystem /Applications/Xcode-27.0.0-Release.Candidate.app/Contents/Developer/Platforms/WatchOS.platform/Developer/usr/lib -F /Users/admin/builder/spi-builder-workspace/.derivedData/Build/Products/Debug-watchos/PackageFrameworks -F /Users/admin/builder/spi-builder-workspace/.derivedData/Build/Products/Debug-watchos -F /Applications/Xcode-27.0.0-Release.Candidate.app/Contents/Developer/Platforms/WatchOS.platform/Developer/Library/Frameworks -F /Applications/Xcode-27.0.0-Release.Candidate.app/Contents/Developer/Platforms/WatchOS.platform/Developer/SDKs/WatchOS27.0.sdk/Developer/Library/Frameworks -c -j10 -enable-batch-mode -incremental -Xcc -ivfsstatcache -Xcc /Users/admin/builder/spi-builder-workspace/.derivedData/SDKStatCaches.noindex/watchos27.0-24R360-e829b21a6f8c9b70876ba0858053c04477534ef55a1706bf4c1112bbb242f0a2.sdkstatcache -output-file-map /Users/admin/builder/spi-builder-workspace/.derivedData/Build/Intermediates.noindex/AsyncExtensions.build/Debug-watchos/AsyncExtensions-t.build/Objects-normal/arm64/AsyncExtensions-OutputFileMap.json -save-temps -no-color-diagnostics -explicit-module-build -module-cache-path /Users/admin/builder/spi-builder-workspace/.derivedData/Build/Intermediates.noindex/SwiftExplicitPrecompiledModules -clang-scanner-module-cache-path /Users/admin/builder/spi-builder-workspace/.derivedData/ModuleCache.noindex -sdk-module-cache-path /Users/admin/builder/spi-builder-workspace/.derivedData/SDKExplicitPrecompiledModules -emit-dependencies -emit-module -emit-module-path /Users/admin/builder/spi-builder-workspace/.derivedData/Build/Intermediates.noindex/AsyncExtensions.build/Debug-watchos/AsyncExtensions-t.build/Objects-normal/arm64/AsyncExtensions.swiftmodule -serialize-diagnostics -dependency-scan-serialize-diagnostics-path /Users/admin/builder/spi-builder-workspace/.derivedData/Build/Intermediates.noindex/AsyncExtensions.build/Debug-watchos/AsyncExtensions-t.build/Objects-normal/arm64/AsyncExtensions-dependency-scan.dia -user-module-version 0.9.7 -validate-clang-modules-once -clang-build-session-file /Users/admin/builder/spi-builder-workspace/.derivedData/ModuleCache.noindex/Session.modulevalidation -Xcc -fmodules-prune-interval\=86400 -Xcc -fmodules-prune-after\=345600 -package-name asyncextensions -emit-const-values -const-gather-protocols-list /Users/admin/builder/spi-builder-workspace/.derivedData/Build/Intermediates.noindex/AsyncExtensions.build/Debug-watchos/AsyncExtensions-t.build/Objects-normal/arm64/AsyncExtensions_const_extract_protocols.json -Xcc -I/Users/admin/builder/spi-builder-workspace/.dependencies/checkouts/swift-atomics/Sources/_AtomicsShims/include -Xcc -I/Users/admin/builder/spi-builder-workspace/.derivedData/Build/Products/Debug-watchos/include -Xcc -I/Users/admin/builder/spi-builder-workspace/.derivedData/Build/Intermediates.noindex/AsyncExtensions.build/Debug-watchos/AsyncExtensions-t.build/DerivedSources-normal/arm64 -Xcc -I/Users/admin/builder/spi-builder-workspace/.derivedData/Build/Intermediates.noindex/AsyncExtensions.build/Debug-watchos/AsyncExtensions-t.build/DerivedSources/arm64 -Xcc -I/Users/admin/builder/spi-builder-workspace/.derivedData/Build/Intermediates.noindex/AsyncExtensions.build/Debug-watchos/AsyncExtensions-t.build/DerivedSources -Xcc -DSWIFT_PACKAGE -Xcc -DDEBUG\=1 -emit-objc-header -emit-objc-header-path /Users/admin/builder/spi-builder-workspace/.derivedData/Build/Intermediates.noindex/AsyncExtensions.build/Debug-watchos/AsyncExtensions-t.build/Objects-normal/arm64/AsyncExtensions-Swift.h -working-directory /Users/admin/builder/spi-builder-workspace/.swiftpm/xcode -experimental-emit-module-separately -disable-cmo
SwiftDriver AsyncExtensions normal arm64_32 com.apple.xcode.tools.swift.compiler (in target 'AsyncExtensions' from project 'AsyncExtensions')
cd /Users/admin/builder/spi-builder-workspace/.swiftpm/xcode
builtin-SwiftDriver -- /Applications/Xcode-27.0.0-Release.Candidate.app/Contents/Developer/Toolchains/XcodeDefault.xctoolchain/usr/bin/swiftc -parse-as-library -module-name AsyncExtensions -Onone @/Users/admin/builder/spi-builder-workspace/.derivedData/Build/Intermediates.noindex/AsyncExtensions.build/Debug-watchos/AsyncExtensions-t.build/Objects-normal/arm64_32/AsyncExtensions.SwiftFileList -DSWIFT_PACKAGE -DDEBUG -DSWIFT_MODULE_RESOURCE_BUNDLE_UNAVAILABLE -Xcc -fmodule-map-file\=/Users/admin/builder/spi-builder-workspace/.dependencies/checkouts/swift-atomics/Sources/_AtomicsShims/include/module.modulemap -DXcode -plugin-path /Applications/Xcode-27.0.0-Release.Candidate.app/Contents/Developer/Toolchains/XcodeDefault.xctoolchain/usr/lib/swift/host/plugins/testing -enable-experimental-feature DebugDescriptionMacro -sdk /Applications/Xcode-27.0.0-Release.Candidate.app/Contents/Developer/Platforms/WatchOS.platform/Developer/SDKs/WatchOS27.0.sdk -target arm64_32-apple-watchos9.0 -g -module-cache-path /Users/admin/builder/spi-builder-workspace/.derivedData/ModuleCache.noindex -Xfrontend -serialize-debugging-options -profile-coverage-mapping -profile-generate -enable-testing -suppress-warnings -index-store-path /Users/admin/builder/spi-builder-workspace/.derivedData/Index.noindex/DataStore -Xcc -D_LIBCPP_HARDENING_MODE\=_LIBCPP_HARDENING_MODE_DEBUG -swift-version 5 -I /Users/admin/builder/spi-builder-workspace/.derivedData/Build/Products/Debug-watchos -Isystem /Applications/Xcode-27.0.0-Release.Candidate.app/Contents/Developer/Platforms/WatchOS.platform/Developer/usr/lib -F /Users/admin/builder/spi-builder-workspace/.derivedData/Build/Products/Debug-watchos/PackageFrameworks -F /Users/admin/builder/spi-builder-workspace/.derivedData/Build/Products/Debug-watchos -F /Applications/Xcode-27.0.0-Release.Candidate.app/Contents/Developer/Platforms/WatchOS.platform/Developer/Library/Frameworks -F /Applications/Xcode-27.0.0-Release.Candidate.app/Contents/Developer/Platforms/WatchOS.platform/Developer/SDKs/WatchOS27.0.sdk/Developer/Library/Frameworks -c -j10 -enable-batch-mode -incremental -Xcc -ivfsstatcache -Xcc /Users/admin/builder/spi-builder-workspace/.derivedData/SDKStatCaches.noindex/watchos27.0-24R360-e829b21a6f8c9b70876ba0858053c04477534ef55a1706bf4c1112bbb242f0a2.sdkstatcache -output-file-map /Users/admin/builder/spi-builder-workspace/.derivedData/Build/Intermediates.noindex/AsyncExtensions.build/Debug-watchos/AsyncExtensions-t.build/Objects-normal/arm64_32/AsyncExtensions-OutputFileMap.json -save-temps -no-color-diagnostics -explicit-module-build -module-cache-path /Users/admin/builder/spi-builder-workspace/.derivedData/Build/Intermediates.noindex/SwiftExplicitPrecompiledModules -clang-scanner-module-cache-path /Users/admin/builder/spi-builder-workspace/.derivedData/ModuleCache.noindex -sdk-module-cache-path /Users/admin/builder/spi-builder-workspace/.derivedData/SDKExplicitPrecompiledModules -emit-dependencies -emit-module -emit-module-path /Users/admin/builder/spi-builder-workspace/.derivedData/Build/Intermediates.noindex/AsyncExtensions.build/Debug-watchos/AsyncExtensions-t.build/Objects-normal/arm64_32/AsyncExtensions.swiftmodule -serialize-diagnostics -dependency-scan-serialize-diagnostics-path /Users/admin/builder/spi-builder-workspace/.derivedData/Build/Intermediates.noindex/AsyncExtensions.build/Debug-watchos/AsyncExtensions-t.build/Objects-normal/arm64_32/AsyncExtensions-dependency-scan.dia -user-module-version 0.9.7 -validate-clang-modules-once -clang-build-session-file /Users/admin/builder/spi-builder-workspace/.derivedData/ModuleCache.noindex/Session.modulevalidation -Xcc -fmodules-prune-interval\=86400 -Xcc -fmodules-prune-after\=345600 -package-name asyncextensions -emit-const-values -const-gather-protocols-list /Users/admin/builder/spi-builder-workspace/.derivedData/Build/Intermediates.noindex/AsyncExtensions.build/Debug-watchos/AsyncExtensions-t.build/Objects-normal/arm64_32/AsyncExtensions_const_extract_protocols.json -Xcc -I/Users/admin/builder/spi-builder-workspace/.dependencies/checkouts/swift-atomics/Sources/_AtomicsShims/include -Xcc -I/Users/admin/builder/spi-builder-workspace/.derivedData/Build/Products/Debug-watchos/include -Xcc -I/Users/admin/builder/spi-builder-workspace/.derivedData/Build/Intermediates.noindex/AsyncExtensions.build/Debug-watchos/AsyncExtensions-t.build/DerivedSources-normal/arm64_32 -Xcc -I/Users/admin/builder/spi-builder-workspace/.derivedData/Build/Intermediates.noindex/AsyncExtensions.build/Debug-watchos/AsyncExtensions-t.build/DerivedSources/arm64_32 -Xcc -I/Users/admin/builder/spi-builder-workspace/.derivedData/Build/Intermediates.noindex/AsyncExtensions.build/Debug-watchos/AsyncExtensions-t.build/DerivedSources -Xcc -DSWIFT_PACKAGE -Xcc -DDEBUG\=1 -emit-objc-header -emit-objc-header-path /Users/admin/builder/spi-builder-workspace/.derivedData/Build/Intermediates.noindex/AsyncExtensions.build/Debug-watchos/AsyncExtensions-t.build/Objects-normal/arm64_32/AsyncExtensions-Swift.h -working-directory /Users/admin/builder/spi-builder-workspace/.swiftpm/xcode -experimental-emit-module-separately -disable-cmo
SwiftDriver AsyncAlgorithms normal arm64 com.apple.xcode.tools.swift.compiler (in target 'AsyncAlgorithms' from project 'swift-async-algorithms')
cd /Users/admin/builder/spi-builder-workspace/.swiftpm/xcode
builtin-SwiftDriver -- /Applications/Xcode-27.0.0-Release.Candidate.app/Contents/Developer/Toolchains/XcodeDefault.xctoolchain/usr/bin/swiftc -parse-as-library -module-name AsyncAlgorithms -Onone @/Users/admin/builder/spi-builder-workspace/.derivedData/Build/Intermediates.noindex/swift-async-algorithms.build/Debug-watchos/AsyncAlgorithms-t.build/Objects-normal/arm64/AsyncAlgorithms.SwiftFileList -DSWIFT_PACKAGE -DDEBUG -DSWIFT_MODULE_RESOURCE_BUNDLE_UNAVAILABLE -DXcode -enable-experimental-feature AvailabilityMacro\=AsyncAlgorithms\ 1.0:macOS\ 10.15,\ iOS\ 13.0,\ tvOS\ 13.0,\ watchOS\ 6.0 -enable-experimental-feature AvailabilityMacro\=AsyncAlgorithms\ 1.1:macOS\ 15.0,\ iOS\ 18.0,\ tvOS\ 18.0,\ watchOS\ 11.0,\ visionOS\ 2.0 -enable-experimental-feature AvailabilityMacro\=AsyncAlgorithms\ 1.2:macOS\ 15.0,\ iOS\ 18.0,\ tvOS\ 18.0,\ watchOS\ 11.0,\ visionOS\ 2.0 -enable-experimental-feature AvailabilityMacro\=AsyncAlgorithms\ 1.3:macOS\ 15.0,\ iOS\ 18.0,\ tvOS\ 18.0,\ watchOS\ 11.0,\ visionOS\ 2.0 -enable-experimental-feature StrictConcurrency\=complete -plugin-path /Applications/Xcode-27.0.0-Release.Candidate.app/Contents/Developer/Toolchains/XcodeDefault.xctoolchain/usr/lib/swift/host/plugins/testing -enable-experimental-feature DebugDescriptionMacro -sdk /Applications/Xcode-27.0.0-Release.Candidate.app/Contents/Developer/Platforms/WatchOS.platform/Developer/SDKs/WatchOS27.0.sdk -target arm64-apple-watchos9.0 -g -module-cache-path /Users/admin/builder/spi-builder-workspace/.derivedData/ModuleCache.noindex -Xfrontend -serialize-debugging-options -profile-coverage-mapping -profile-generate -enable-testing -suppress-warnings -index-store-path /Users/admin/builder/spi-builder-workspace/.derivedData/Index.noindex/DataStore -Xcc -D_LIBCPP_HARDENING_MODE\=_LIBCPP_HARDENING_MODE_DEBUG -swift-version 6 -I /Users/admin/builder/spi-builder-workspace/.derivedData/Build/Products/Debug-watchos -Isystem /Applications/Xcode-27.0.0-Release.Candidate.app/Contents/Developer/Platforms/WatchOS.platform/Developer/usr/lib -F /Users/admin/builder/spi-builder-workspace/.derivedData/Build/Products/Debug-watchos/PackageFrameworks -F /Users/admin/builder/spi-builder-workspace/.derivedData/Build/Products/Debug-watchos -F /Applications/Xcode-27.0.0-Release.Candidate.app/Contents/Developer/Platforms/WatchOS.platform/Developer/Library/Frameworks -F /Applications/Xcode-27.0.0-Release.Candidate.app/Contents/Developer/Platforms/WatchOS.platform/Developer/SDKs/WatchOS27.0.sdk/Developer/Library/Frameworks -c -j10 -enable-batch-mode -incremental -Xcc -ivfsstatcache -Xcc /Users/admin/builder/spi-builder-workspace/.derivedData/SDKStatCaches.noindex/watchos27.0-24R360-e829b21a6f8c9b70876ba0858053c04477534ef55a1706bf4c1112bbb242f0a2.sdkstatcache -output-file-map /Users/admin/builder/spi-builder-workspace/.derivedData/Build/Intermediates.noindex/swift-async-algorithms.build/Debug-watchos/AsyncAlgorithms-t.build/Objects-normal/arm64/AsyncAlgorithms-OutputFileMap.json -save-temps -no-color-diagnostics -explicit-module-build -module-cache-path /Users/admin/builder/spi-builder-workspace/.derivedData/Build/Intermediates.noindex/SwiftExplicitPrecompiledModules -clang-scanner-module-cache-path /Users/admin/builder/spi-builder-workspace/.derivedData/ModuleCache.noindex -sdk-module-cache-path /Users/admin/builder/spi-builder-workspace/.derivedData/SDKExplicitPrecompiledModules -emit-dependencies -emit-module -emit-module-path /Users/admin/builder/spi-builder-workspace/.derivedData/Build/Intermediates.noindex/swift-async-algorithms.build/Debug-watchos/AsyncAlgorithms-t.build/Objects-normal/arm64/AsyncAlgorithms.swiftmodule -serialize-diagnostics -dependency-scan-serialize-diagnostics-path /Users/admin/builder/spi-builder-workspace/.derivedData/Build/Intermediates.noindex/swift-async-algorithms.build/Debug-watchos/AsyncAlgorithms-t.build/Objects-normal/arm64/AsyncAlgorithms-dependency-scan.dia -user-module-version 1.1.6 -validate-clang-modules-once -clang-build-session-file /Users/admin/builder/spi-builder-workspace/.derivedData/ModuleCache.noindex/Session.modulevalidation -Xcc -fmodules-prune-interval\=86400 -Xcc -fmodules-prune-after\=345600 -package-name swift_async_algorithms -emit-const-values -const-gather-protocols-list /Users/admin/builder/spi-builder-workspace/.derivedData/Build/Intermediates.noindex/swift-async-algorithms.build/Debug-watchos/AsyncAlgorithms-t.build/Objects-normal/arm64/AsyncAlgorithms_const_extract_protocols.json -Xcc -I/Users/admin/builder/spi-builder-workspace/.derivedData/Build/Products/Debug-watchos/include -Xcc -I/Users/admin/builder/spi-builder-workspace/.derivedData/Build/Intermediates.noindex/swift-async-algorithms.build/Debug-watchos/AsyncAlgorithms-t.build/DerivedSources-normal/arm64 -Xcc -I/Users/admin/builder/spi-builder-workspace/.derivedData/Build/Intermediates.noindex/swift-async-algorithms.build/Debug-watchos/AsyncAlgorithms-t.build/DerivedSources/arm64 -Xcc -I/Users/admin/builder/spi-builder-workspace/.derivedData/Build/Intermediates.noindex/swift-async-algorithms.build/Debug-watchos/AsyncAlgorithms-t.build/DerivedSources -Xcc -DSWIFT_PACKAGE -Xcc -DDEBUG\=1 -emit-objc-header -emit-objc-header-path /Users/admin/builder/spi-builder-workspace/.derivedData/Build/Intermediates.noindex/swift-async-algorithms.build/Debug-watchos/AsyncAlgorithms-t.build/Objects-normal/arm64/AsyncAlgorithms-Swift.h -working-directory /Users/admin/builder/spi-builder-workspace/.swiftpm/xcode -experimental-emit-module-separately -disable-cmo
SwiftEmitModule normal arm64_32 Emitting\ module\ for\ IEEE802 (in target 'IEEE802' from project 'IEEE802Swift')
/Users/admin/builder/spi-builder-workspace/.dependencies/checkouts/IEEE802Swift/Sources/IEEE802/EUI48.swift:19:26: error: 'InlineArray' is only available in watchOS 26.0 or newer
17 | import SystemPackage
18 |
19 | public typealias EUI48 = InlineArray<6, UInt8>
| | `- error: 'InlineArray' is only available in watchOS 26.0 or newer
| `- note: add '@available' attribute to enclosing type alias
20 |
21 | public extension UInt64 {
/Users/admin/builder/spi-builder-workspace/.dependencies/checkouts/IEEE802Swift/Sources/IEEE802/SerDes.swift:130:50: error: 'count' is only available in watchOS 26.0 or newer
41 | /// array per value, and every method is inlinable so that callers in other modules can
42 | /// specialize them.
43 | public struct SerializationContext {
| `- note: add '@available' attribute to enclosing struct
44 | @usableFromInline
45 | var _bytes = [UInt8]()
:
126 |
127 | @inlinable
128 | public mutating func serialize(eui48: EUI48, at index: Int? = nil) {
| `- note: add '@available' attribute to enclosing instance method
129 | if let index {
130 | precondition(_bytes.count >= index + eui48.count)
| |- error: 'count' is only available in watchOS 26.0 or newer
| `- note: add 'if #available' version check
131 | for offset in eui48.indices {
132 | _bytes[index + offset] = eui48[offset]
/Users/admin/builder/spi-builder-workspace/.dependencies/checkouts/IEEE802Swift/Sources/IEEE802/SerDes.swift:131:27: error: 'indices' is only available in watchOS 26.0 or newer
41 | /// array per value, and every method is inlinable so that callers in other modules can
42 | /// specialize them.
43 | public struct SerializationContext {
| `- note: add '@available' attribute to enclosing struct
44 | @usableFromInline
45 | var _bytes = [UInt8]()
:
126 |
127 | @inlinable
128 | public mutating func serialize(eui48: EUI48, at index: Int? = nil) {
| `- note: add '@available' attribute to enclosing instance method
129 | if let index {
130 | precondition(_bytes.count >= index + eui48.count)
131 | for offset in eui48.indices {
| |- error: 'indices' is only available in watchOS 26.0 or newer
| `- note: add 'if #available' version check
132 | _bytes[index + offset] = eui48[offset]
133 | }
/Users/admin/builder/spi-builder-workspace/.dependencies/checkouts/IEEE802Swift/Sources/IEEE802/SerDes.swift:132:34: error: 'subscript(_:)' is only available in watchOS 26.0 or newer
41 | /// array per value, and every method is inlinable so that callers in other modules can
42 | /// specialize them.
43 | public struct SerializationContext {
| `- note: add '@available' attribute to enclosing struct
44 | @usableFromInline
45 | var _bytes = [UInt8]()
:
126 |
127 | @inlinable
128 | public mutating func serialize(eui48: EUI48, at index: Int? = nil) {
| `- note: add '@available' attribute to enclosing instance method
129 | if let index {
130 | precondition(_bytes.count >= index + eui48.count)
131 | for offset in eui48.indices {
132 | _bytes[index + offset] = eui48[offset]
| |- error: 'subscript(_:)' is only available in watchOS 26.0 or newer
| `- note: add 'if #available' version check
133 | }
134 | } else {
/Users/admin/builder/spi-builder-workspace/.dependencies/checkouts/IEEE802Swift/Sources/IEEE802/SerDes.swift:135:43: error: 'count' is only available in watchOS 26.0 or newer
41 | /// array per value, and every method is inlinable so that callers in other modules can
42 | /// specialize them.
43 | public struct SerializationContext {
| `- note: add '@available' attribute to enclosing struct
44 | @usableFromInline
45 | var _bytes = [UInt8]()
:
126 |
127 | @inlinable
128 | public mutating func serialize(eui48: EUI48, at index: Int? = nil) {
| `- note: add '@available' attribute to enclosing instance method
129 | if let index {
130 | precondition(_bytes.count >= index + eui48.count)
:
133 | }
134 | } else {
135 | _bytes.append(addingCapacity: eui48.count) { output in
| |- error: 'count' is only available in watchOS 26.0 or newer
| `- note: add 'if #available' version check
136 | for offset in eui48.indices {
137 | output.append(eui48[offset])
/Users/admin/builder/spi-builder-workspace/.dependencies/checkouts/IEEE802Swift/Sources/IEEE802/SerDes.swift:136:29: error: 'indices' is only available in watchOS 26.0 or newer
41 | /// array per value, and every method is inlinable so that callers in other modules can
42 | /// specialize them.
43 | public struct SerializationContext {
| `- note: add '@available' attribute to enclosing struct
44 | @usableFromInline
45 | var _bytes = [UInt8]()
:
126 |
127 | @inlinable
128 | public mutating func serialize(eui48: EUI48, at index: Int? = nil) {
| `- note: add '@available' attribute to enclosing instance method
129 | if let index {
130 | precondition(_bytes.count >= index + eui48.count)
:
134 | } else {
135 | _bytes.append(addingCapacity: eui48.count) { output in
136 | for offset in eui48.indices {
| |- error: 'indices' is only available in watchOS 26.0 or newer
| `- note: add 'if #available' version check
137 | output.append(eui48[offset])
138 | }
/Users/admin/builder/spi-builder-workspace/.dependencies/checkouts/IEEE802Swift/Sources/IEEE802/SerDes.swift:137:25: error: 'subscript(_:)' is only available in watchOS 26.0 or newer
41 | /// array per value, and every method is inlinable so that callers in other modules can
42 | /// specialize them.
43 | public struct SerializationContext {
| `- note: add '@available' attribute to enclosing struct
44 | @usableFromInline
45 | var _bytes = [UInt8]()
:
126 |
127 | @inlinable
128 | public mutating func serialize(eui48: EUI48, at index: Int? = nil) {
| `- note: add '@available' attribute to enclosing instance method
129 | if let index {
130 | precondition(_bytes.count >= index + eui48.count)
:
135 | _bytes.append(addingCapacity: eui48.count) { output in
136 | for offset in eui48.indices {
137 | output.append(eui48[offset])
| |- error: 'subscript(_:)' is only available in watchOS 26.0 or newer
| `- note: add 'if #available' version check
138 | }
139 | }
Failed frontend command:
/Applications/Xcode-27.0.0-Release.Candidate.app/Contents/Developer/Toolchains/XcodeDefault.xctoolchain/usr/bin/swift-frontend -frontend -emit-module -experimental-skip-non-inlinable-function-bodies-without-types /Users/admin/builder/spi-builder-workspace/.dependencies/checkouts/IEEE802Swift/Sources/IEEE802/EUI48.swift /Users/admin/builder/spi-builder-workspace/.dependencies/checkouts/IEEE802Swift/Sources/IEEE802/IEEE802Packet.swift /Users/admin/builder/spi-builder-workspace/.dependencies/checkouts/IEEE802Swift/Sources/IEEE802/SerDes.swift -target arm64_32-apple-watchos9.0 -disable-cross-import-overlay-search -load-resolved-plugin \#/Users/admin/builder/spi-builder-workspace/.derivedData/Build/Products/Debug/BinaryParsingMacros\#BinaryParsingMacros -load-resolved-plugin /Applications/Xcode-27.0.0-Release.Candidate.app/Contents/Developer/Platforms/WatchOS.platform/Developer/usr/lib/swift/host/plugins/libFoundationMacros.dylib\#/Applications/Xcode-27.0.0-Release.Candidate.app/Contents/Developer/Platforms/WatchOS.platform/Developer/usr/bin/swift-plugin-server\#FoundationMacros -load-resolved-plugin /Applications/Xcode-27.0.0-Release.Candidate.app/Contents/Developer/Platforms/WatchOS.platform/Developer/usr/lib/swift/host/plugins/libObservationMacros.dylib\#/Applications/Xcode-27.0.0-Release.Candidate.app/Contents/Developer/Platforms/WatchOS.platform/Developer/usr/bin/swift-plugin-server\#ObservationMacros -load-resolved-plugin /Applications/Xcode-27.0.0-Release.Candidate.app/Contents/Developer/Platforms/WatchOS.platform/Developer/usr/lib/swift/host/plugins/libSwiftMacros.dylib\#/Applications/Xcode-27.0.0-Release.Candidate.app/Contents/Developer/Platforms/WatchOS.platform/Developer/usr/bin/swift-plugin-server\#SwiftMacros -disable-implicit-swift-modules -Xcc -fno-implicit-modules -Xcc -fno-implicit-module-maps -explicit-swift-module-map-file /Users/admin/builder/spi-builder-workspace/.derivedData/Build/Intermediates.noindex/IEEE802Swift.build/Debug-watchos/IEEE802-t.build/Objects-normal/arm64_32/IEEE802-dependencies-1.json -enable-objc-interop -sdk /Applications/Xcode-27.0.0-Release.Candidate.app/Contents/Developer/Platforms/WatchOS.platform/Developer/SDKs/WatchOS27.0.sdk -I /Users/admin/builder/spi-builder-workspace/.derivedData/Build/Products/Debug-watchos -Isystem /Applications/Xcode-27.0.0-Release.Candidate.app/Contents/Developer/Platforms/WatchOS.platform/Developer/usr/lib -F /Users/admin/builder/spi-builder-workspace/.derivedData/Build/Products/Debug-watchos/PackageFrameworks -F /Users/admin/builder/spi-builder-workspace/.derivedData/Build/Products/Debug-watchos -F /Applications/Xcode-27.0.0-Release.Candidate.app/Contents/Developer/Platforms/WatchOS.platform/Developer/Library/Frameworks -F /Applications/Xcode-27.0.0-Release.Candidate.app/Contents/Developer/Platforms/WatchOS.platform/Developer/SDKs/WatchOS27.0.sdk/Developer/Library/Frameworks -module-cache-path /Users/admin/builder/spi-builder-workspace/.derivedData/Build/Intermediates.noindex/SwiftExplicitPrecompiledModules -no-color-diagnostics -Xcc -fno-color-diagnostics -enable-testing -g -debug-info-format\=dwarf -dwarf-version\=4 -suppress-warnings -profile-generate -profile-coverage-mapping -swift-version 6 -Onone -D SWIFT_PACKAGE -D DEBUG -D SWIFT_MODULE_RESOURCE_BUNDLE_UNAVAILABLE -D Xcode -serialize-debugging-options -load-plugin-executable /Users/admin/builder/spi-builder-workspace/.derivedData/Build/Products/Debug/BinaryParsingMacros\#BinaryParsingMacros -enable-experimental-feature StrictConcurrency -enable-experimental-feature NonisolatedNonsendingByDefault -enable-experimental-feature DebugDescriptionMacro -empty-abi-descriptor -user-module-version 0.2.0 -validate-clang-modules-once -clang-build-session-file /Users/admin/builder/spi-builder-workspace/.derivedData/ModuleCache.noindex/Session.modulevalidation -Xcc -working-directory -Xcc /Users/admin/builder/spi-builder-workspace/.swiftpm/xcode -enable-anonymous-context-mangled-names -file-compilation-dir /Users/admin/builder/spi-builder-workspace/.swiftpm/xcode -Xcc -fmodule-map-file\=/Users/admin/builder/spi-builder-workspace/.dependencies/checkouts/swift-system/Sources/CSystem/include/module.modulemap -Xcc -D_LIBCPP_HARDENING_MODE\=_LIBCPP_HARDENING_MODE_DEBUG -Xcc -ivfsstatcache -Xcc /Users/admin/builder/spi-builder-workspace/.derivedData/SDKStatCaches.noindex/watchos27.0-24R360-e829b21a6f8c9b70876ba0858053c04477534ef55a1706bf4c1112bbb242f0a2.sdkstatcache -Xcc -fmodules-prune-interval\=86400 -Xcc -fmodules-prune-after\=345600 -Xcc -I/Users/admin/builder/spi-builder-workspace/.dependencies/checkouts/swift-system/Sources/CSystem/include -Xcc -I/Users/admin/builder/spi-builder-workspace/.derivedData/Build/Products/Debug-watchos/include -Xcc -I/Users/admin/builder/spi-builder-workspace/.derivedData/Build/Intermediates.noindex/IEEE802Swift.build/Debug-watchos/IEEE802-t.build/DerivedSources-normal/arm64_32 -Xcc -I/Users/admin/builder/spi-builder-workspace/.derivedData/Build/Intermediates.noindex/IEEE802Swift.build/Debug-watchos/IEEE802-t.build/DerivedSources/arm64_32 -Xcc -I/Users/admin/builder/spi-builder-workspace/.derivedData/Build/Intermediates.noindex/IEEE802Swift.build/Debug-watchos/IEEE802-t.build/DerivedSources -Xcc -DSWIFT_PACKAGE -Xcc -DDEBUG\=1 -no-auto-bridging-header-chaining -module-name IEEE802 -package-name ieee802swift -const-gather-protocols-file /Users/admin/builder/spi-builder-workspace/.derivedData/Build/Intermediates.noindex/IEEE802Swift.build/Debug-watchos/IEEE802-t.build/Objects-normal/arm64_32/IEEE802_const_extract_protocols.json -disable-clang-spi -clang-target arm64_32-apple-watchos27.0 -target-sdk-version 27.0 -target-sdk-name watchos27.0 -in-process-plugin-server-path /Applications/Xcode-27.0.0-Release.Candidate.app/Contents/Developer/Toolchains/XcodeDefault.xctoolchain/usr/lib/swift/host/libSwiftInProcPluginServer.dylib -emit-module-doc-path /Users/admin/builder/spi-builder-workspace/.derivedData/Build/Intermediates.noindex/IEEE802Swift.build/Debug-watchos/IEEE802-t.build/Objects-normal/arm64_32/IEEE802.swiftdoc -emit-module-source-info-path /Users/admin/builder/spi-builder-workspace/.derivedData/Build/Intermediates.noindex/IEEE802Swift.build/Debug-watchos/IEEE802-t.build/Objects-normal/arm64_32/IEEE802.swiftsourceinfo -emit-objc-header-path /Users/admin/builder/spi-builder-workspace/.derivedData/Build/Intermediates.noindex/IEEE802Swift.build/Debug-watchos/IEEE802-t.build/Objects-normal/arm64_32/IEEE802-Swift.h -serialize-diagnostics-path /Users/admin/builder/spi-builder-workspace/.derivedData/Build/Intermediates.noindex/IEEE802Swift.build/Debug-watchos/IEEE802-t.build/Objects-normal/arm64_32/IEEE802-primary-emit-module.dia -emit-dependencies-path /Users/admin/builder/spi-builder-workspace/.derivedData/Build/Intermediates.noindex/IEEE802Swift.build/Debug-watchos/IEEE802-t.build/Objects-normal/arm64_32/IEEE802-primary-emit-module.d -parse-as-library -o /Users/admin/builder/spi-builder-workspace/.derivedData/Build/Intermediates.noindex/IEEE802Swift.build/Debug-watchos/IEEE802-t.build/Objects-normal/arm64_32/IEEE802.swiftmodule -emit-abi-descriptor-path /Users/admin/builder/spi-builder-workspace/.derivedData/Build/Intermediates.noindex/IEEE802Swift.build/Debug-watchos/IEEE802-t.build/Objects-normal/arm64_32/IEEE802.abi.json
SwiftCompile normal arm64_32 (in target 'IEEE802' from project 'IEEE802Swift')
cd /Users/admin/builder/spi-builder-workspace/.swiftpm/xcode
SwiftCompile normal arm64_32 Compiling\ EUI48.swift /Users/admin/builder/spi-builder-workspace/.dependencies/checkouts/IEEE802Swift/Sources/IEEE802/EUI48.swift (in target 'IEEE802' from project 'IEEE802Swift')
/Users/admin/builder/spi-builder-workspace/.dependencies/checkouts/IEEE802Swift/Sources/IEEE802/EUI48.swift:19:26: error: 'InlineArray' is only available in watchOS 26.0 or newer
17 | import SystemPackage
18 |
19 | public typealias EUI48 = InlineArray<6, UInt8>
| | `- error: 'InlineArray' is only available in watchOS 26.0 or newer
| `- note: add '@available' attribute to enclosing type alias
20 |
21 | public extension UInt64 {
/Users/admin/builder/spi-builder-workspace/.dependencies/checkouts/IEEE802Swift/Sources/IEEE802/EUI48.swift:24:14: error: 'subscript(_:)' is only available in watchOS 26.0 or newer
19 | public typealias EUI48 = InlineArray<6, UInt8>
20 |
21 | public extension UInt64 {
| `- note: add '@available' attribute to enclosing extension
22 | init(eui48: EUI48) {
| `- note: add '@available' attribute to enclosing initializer
23 | self =
24 | UInt64(eui48[0]) << 40 |
| |- error: 'subscript(_:)' is only available in watchOS 26.0 or newer
| `- note: add 'if #available' version check
25 | UInt64(eui48[1]) << 32 |
26 | UInt64(eui48[2]) << 24 |
/Users/admin/builder/spi-builder-workspace/.dependencies/checkouts/IEEE802Swift/Sources/IEEE802/EUI48.swift:25:14: error: 'subscript(_:)' is only available in watchOS 26.0 or newer
19 | public typealias EUI48 = InlineArray<6, UInt8>
20 |
21 | public extension UInt64 {
| `- note: add '@available' attribute to enclosing extension
22 | init(eui48: EUI48) {
| `- note: add '@available' attribute to enclosing initializer
23 | self =
24 | UInt64(eui48[0]) << 40 |
25 | UInt64(eui48[1]) << 32 |
| |- error: 'subscript(_:)' is only available in watchOS 26.0 or newer
| `- note: add 'if #available' version check
26 | UInt64(eui48[2]) << 24 |
27 | UInt64(eui48[3]) << 16 |
/Users/admin/builder/spi-builder-workspace/.dependencies/checkouts/IEEE802Swift/Sources/IEEE802/EUI48.swift:26:14: error: 'subscript(_:)' is only available in watchOS 26.0 or newer
19 | public typealias EUI48 = InlineArray<6, UInt8>
20 |
21 | public extension UInt64 {
| `- note: add '@available' attribute to enclosing extension
22 | init(eui48: EUI48) {
| `- note: add '@available' attribute to enclosing initializer
23 | self =
24 | UInt64(eui48[0]) << 40 |
25 | UInt64(eui48[1]) << 32 |
26 | UInt64(eui48[2]) << 24 |
| |- error: 'subscript(_:)' is only available in watchOS 26.0 or newer
| `- note: add 'if #available' version check
27 | UInt64(eui48[3]) << 16 |
28 | UInt64(eui48[4]) << 8 |
/Users/admin/builder/spi-builder-workspace/.dependencies/checkouts/IEEE802Swift/Sources/IEEE802/EUI48.swift:27:14: error: 'subscript(_:)' is only available in watchOS 26.0 or newer
19 | public typealias EUI48 = InlineArray<6, UInt8>
20 |
21 | public extension UInt64 {
| `- note: add '@available' attribute to enclosing extension
22 | init(eui48: EUI48) {
| `- note: add '@available' attribute to enclosing initializer
23 | self =
24 | UInt64(eui48[0]) << 40 |
25 | UInt64(eui48[1]) << 32 |
26 | UInt64(eui48[2]) << 24 |
27 | UInt64(eui48[3]) << 16 |
| |- error: 'subscript(_:)' is only available in watchOS 26.0 or newer
| `- note: add 'if #available' version check
28 | UInt64(eui48[4]) << 8 |
29 | UInt64(eui48[5]) << 0
/Users/admin/builder/spi-builder-workspace/.dependencies/checkouts/IEEE802Swift/Sources/IEEE802/EUI48.swift:28:14: error: 'subscript(_:)' is only available in watchOS 26.0 or newer
19 | public typealias EUI48 = InlineArray<6, UInt8>
20 |
21 | public extension UInt64 {
| `- note: add '@available' attribute to enclosing extension
22 | init(eui48: EUI48) {
| `- note: add '@available' attribute to enclosing initializer
23 | self =
24 | UInt64(eui48[0]) << 40 |
:
26 | UInt64(eui48[2]) << 24 |
27 | UInt64(eui48[3]) << 16 |
28 | UInt64(eui48[4]) << 8 |
| |- error: 'subscript(_:)' is only available in watchOS 26.0 or newer
| `- note: add 'if #available' version check
29 | UInt64(eui48[5]) << 0
30 | }
/Users/admin/builder/spi-builder-workspace/.dependencies/checkouts/IEEE802Swift/Sources/IEEE802/EUI48.swift:29:14: error: 'subscript(_:)' is only available in watchOS 26.0 or newer
19 | public typealias EUI48 = InlineArray<6, UInt8>
20 |
21 | public extension UInt64 {
| `- note: add '@available' attribute to enclosing extension
22 | init(eui48: EUI48) {
| `- note: add '@available' attribute to enclosing initializer
23 | self =
24 | UInt64(eui48[0]) << 40 |
:
27 | UInt64(eui48[3]) << 16 |
28 | UInt64(eui48[4]) << 8 |
29 | UInt64(eui48[5]) << 0
| |- error: 'subscript(_:)' is only available in watchOS 26.0 or newer
| `- note: add 'if #available' version check
30 | }
31 |
/Users/admin/builder/spi-builder-workspace/.dependencies/checkouts/IEEE802Swift/Sources/IEEE802/EUI48.swift:59:3: error: 'subscript(_:)' is only available in watchOS 26.0 or newer
56 | public let IndividualLANScopeGroupAddress: EUI48 = [0x01, 0x80, 0xC2, 0x00, 0x00, 0x0E]
57 |
58 | public func _isLinkLocal(macAddress: EUI48) -> Bool {
| `- note: add '@available' attribute to enclosing global function
59 | macAddress[0] == 0x01 && macAddress[1] == 0x80 && macAddress[2] == 0xC2 && macAddress[3] ==
| |- error: 'subscript(_:)' is only available in watchOS 26.0 or newer
| `- note: add 'if #available' version check
60 | 0x00 &&
61 | macAddress[4] == 0x00 && macAddress[5] & 0xF0 == 0
/Users/admin/builder/spi-builder-workspace/.dependencies/checkouts/IEEE802Swift/Sources/IEEE802/EUI48.swift:59:28: error: 'subscript(_:)' is only available in watchOS 26.0 or newer
56 | public let IndividualLANScopeGroupAddress: EUI48 = [0x01, 0x80, 0xC2, 0x00, 0x00, 0x0E]
57 |
58 | public func _isLinkLocal(macAddress: EUI48) -> Bool {
| `- note: add '@available' attribute to enclosing global function
59 | macAddress[0] == 0x01 && macAddress[1] == 0x80 && macAddress[2] == 0xC2 && macAddress[3] ==
| |- error: 'subscript(_:)' is only available in watchOS 26.0 or newer
| `- note: add 'if #available' version check
60 | 0x00 &&
61 | macAddress[4] == 0x00 && macAddress[5] & 0xF0 == 0
/Users/admin/builder/spi-builder-workspace/.dependencies/checkouts/IEEE802Swift/Sources/IEEE802/EUI48.swift:59:53: error: 'subscript(_:)' is only available in watchOS 26.0 or newer
56 | public let IndividualLANScopeGroupAddress: EUI48 = [0x01, 0x80, 0xC2, 0x00, 0x00, 0x0E]
57 |
58 | public func _isLinkLocal(macAddress: EUI48) -> Bool {
| `- note: add '@available' attribute to enclosing global function
59 | macAddress[0] == 0x01 && macAddress[1] == 0x80 && macAddress[2] == 0xC2 && macAddress[3] ==
| |- error: 'subscript(_:)' is only available in watchOS 26.0 or newer
| `- note: add 'if #available' version check
60 | 0x00 &&
61 | macAddress[4] == 0x00 && macAddress[5] & 0xF0 == 0
/Users/admin/builder/spi-builder-workspace/.dependencies/checkouts/IEEE802Swift/Sources/IEEE802/EUI48.swift:59:78: error: 'subscript(_:)' is only available in watchOS 26.0 or newer
56 | public let IndividualLANScopeGroupAddress: EUI48 = [0x01, 0x80, 0xC2, 0x00, 0x00, 0x0E]
57 |
58 | public func _isLinkLocal(macAddress: EUI48) -> Bool {
| `- note: add '@available' attribute to enclosing global function
59 | macAddress[0] == 0x01 && macAddress[1] == 0x80 && macAddress[2] == 0xC2 && macAddress[3] ==
| |- error: 'subscript(_:)' is only available in watchOS 26.0 or newer
| `- note: add 'if #available' version check
60 | 0x00 &&
61 | macAddress[4] == 0x00 && macAddress[5] & 0xF0 == 0
/Users/admin/builder/spi-builder-workspace/.dependencies/checkouts/IEEE802Swift/Sources/IEEE802/EUI48.swift:61:5: error: 'subscript(_:)' is only available in watchOS 26.0 or newer
56 | public let IndividualLANScopeGroupAddress: EUI48 = [0x01, 0x80, 0xC2, 0x00, 0x00, 0x0E]
57 |
58 | public func _isLinkLocal(macAddress: EUI48) -> Bool {
| `- note: add '@available' attribute to enclosing global function
59 | macAddress[0] == 0x01 && macAddress[1] == 0x80 && macAddress[2] == 0xC2 && macAddress[3] ==
60 | 0x00 &&
61 | macAddress[4] == 0x00 && macAddress[5] & 0xF0 == 0
| |- error: 'subscript(_:)' is only available in watchOS 26.0 or newer
| `- note: add 'if #available' version check
62 | }
63 |
/Users/admin/builder/spi-builder-workspace/.dependencies/checkouts/IEEE802Swift/Sources/IEEE802/EUI48.swift:61:30: error: 'subscript(_:)' is only available in watchOS 26.0 or newer
56 | public let IndividualLANScopeGroupAddress: EUI48 = [0x01, 0x80, 0xC2, 0x00, 0x00, 0x0E]
57 |
58 | public func _isLinkLocal(macAddress: EUI48) -> Bool {
| `- note: add '@available' attribute to enclosing global function
59 | macAddress[0] == 0x01 && macAddress[1] == 0x80 && macAddress[2] == 0xC2 && macAddress[3] ==
60 | 0x00 &&
61 | macAddress[4] == 0x00 && macAddress[5] & 0xF0 == 0
| |- error: 'subscript(_:)' is only available in watchOS 26.0 or newer
| `- note: add 'if #available' version check
62 | }
63 |
/Users/admin/builder/spi-builder-workspace/.dependencies/checkouts/IEEE802Swift/Sources/IEEE802/EUI48.swift:72:3: error: 'subscript(_:)' is only available in watchOS 26.0 or newer
69 | }
70 |
71 | public func _isEqualMacAddress(_ lhs: EUI48, _ rhs: EUI48) -> Bool {
| `- note: add '@available' attribute to enclosing global function
72 | lhs[0] == rhs[0] &&
| |- error: 'subscript(_:)' is only available in watchOS 26.0 or newer
| `- note: add 'if #available' version check
73 | lhs[1] == rhs[1] &&
74 | lhs[2] == rhs[2] &&
/Users/admin/builder/spi-builder-workspace/.dependencies/checkouts/IEEE802Swift/Sources/IEEE802/EUI48.swift:72:13: error: 'subscript(_:)' is only available in watchOS 26.0 or newer
69 | }
70 |
71 | public func _isEqualMacAddress(_ lhs: EUI48, _ rhs: EUI48) -> Bool {
| `- note: add '@available' attribute to enclosing global function
72 | lhs[0] == rhs[0] &&
| |- error: 'subscript(_:)' is only available in watchOS 26.0 or newer
| `- note: add 'if #available' version check
73 | lhs[1] == rhs[1] &&
74 | lhs[2] == rhs[2] &&
/Users/admin/builder/spi-builder-workspace/.dependencies/checkouts/IEEE802Swift/Sources/IEEE802/EUI48.swift:73:5: error: 'subscript(_:)' is only available in watchOS 26.0 or newer
69 | }
70 |
71 | public func _isEqualMacAddress(_ lhs: EUI48, _ rhs: EUI48) -> Bool {
| `- note: add '@available' attribute to enclosing global function
72 | lhs[0] == rhs[0] &&
73 | lhs[1] == rhs[1] &&
| |- error: 'subscript(_:)' is only available in watchOS 26.0 or newer
| `- note: add 'if #available' version check
74 | lhs[2] == rhs[2] &&
75 | lhs[3] == rhs[3] &&
/Users/admin/builder/spi-builder-workspace/.dependencies/checkouts/IEEE802Swift/Sources/IEEE802/EUI48.swift:73:15: error: 'subscript(_:)' is only available in watchOS 26.0 or newer
69 | }
70 |
71 | public func _isEqualMacAddress(_ lhs: EUI48, _ rhs: EUI48) -> Bool {
| `- note: add '@available' attribute to enclosing global function
72 | lhs[0] == rhs[0] &&
73 | lhs[1] == rhs[1] &&
| |- error: 'subscript(_:)' is only available in watchOS 26.0 or newer
| `- note: add 'if #available' version check
74 | lhs[2] == rhs[2] &&
75 | lhs[3] == rhs[3] &&
/Users/admin/builder/spi-builder-workspace/.dependencies/checkouts/IEEE802Swift/Sources/IEEE802/EUI48.swift:74:5: error: 'subscript(_:)' is only available in watchOS 26.0 or newer
69 | }
70 |
71 | public func _isEqualMacAddress(_ lhs: EUI48, _ rhs: EUI48) -> Bool {
| `- note: add '@available' attribute to enclosing global function
72 | lhs[0] == rhs[0] &&
73 | lhs[1] == rhs[1] &&
74 | lhs[2] == rhs[2] &&
| |- error: 'subscript(_:)' is only available in watchOS 26.0 or newer
| `- note: add 'if #available' version check
75 | lhs[3] == rhs[3] &&
76 | lhs[4] == rhs[4] &&
/Users/admin/builder/spi-builder-workspace/.dependencies/checkouts/IEEE802Swift/Sources/IEEE802/EUI48.swift:74:15: error: 'subscript(_:)' is only available in watchOS 26.0 or newer
69 | }
70 |
71 | public func _isEqualMacAddress(_ lhs: EUI48, _ rhs: EUI48) -> Bool {
| `- note: add '@available' attribute to enclosing global function
72 | lhs[0] == rhs[0] &&
73 | lhs[1] == rhs[1] &&
74 | lhs[2] == rhs[2] &&
| |- error: 'subscript(_:)' is only available in watchOS 26.0 or newer
| `- note: add 'if #available' version check
75 | lhs[3] == rhs[3] &&
76 | lhs[4] == rhs[4] &&
/Users/admin/builder/spi-builder-workspace/.dependencies/checkouts/IEEE802Swift/Sources/IEEE802/EUI48.swift:75:5: error: 'subscript(_:)' is only available in watchOS 26.0 or newer
69 | }
70 |
71 | public func _isEqualMacAddress(_ lhs: EUI48, _ rhs: EUI48) -> Bool {
| `- note: add '@available' attribute to enclosing global function
72 | lhs[0] == rhs[0] &&
73 | lhs[1] == rhs[1] &&
74 | lhs[2] == rhs[2] &&
75 | lhs[3] == rhs[3] &&
| |- error: 'subscript(_:)' is only available in watchOS 26.0 or newer
| `- note: add 'if #available' version check
76 | lhs[4] == rhs[4] &&
77 | lhs[5] == rhs[5]
/Users/admin/builder/spi-builder-workspace/.dependencies/checkouts/IEEE802Swift/Sources/IEEE802/EUI48.swift:75:15: error: 'subscript(_:)' is only available in watchOS 26.0 or newer
69 | }
70 |
71 | public func _isEqualMacAddress(_ lhs: EUI48, _ rhs: EUI48) -> Bool {
| `- note: add '@available' attribute to enclosing global function
72 | lhs[0] == rhs[0] &&
73 | lhs[1] == rhs[1] &&
74 | lhs[2] == rhs[2] &&
75 | lhs[3] == rhs[3] &&
| |- error: 'subscript(_:)' is only available in watchOS 26.0 or newer
| `- note: add 'if #available' version check
76 | lhs[4] == rhs[4] &&
77 | lhs[5] == rhs[5]
/Users/admin/builder/spi-builder-workspace/.dependencies/checkouts/IEEE802Swift/Sources/IEEE802/EUI48.swift:76:5: error: 'subscript(_:)' is only available in watchOS 26.0 or newer
69 | }
70 |
71 | public func _isEqualMacAddress(_ lhs: EUI48, _ rhs: EUI48) -> Bool {
| `- note: add '@available' attribute to enclosing global function
72 | lhs[0] == rhs[0] &&
73 | lhs[1] == rhs[1] &&
74 | lhs[2] == rhs[2] &&
75 | lhs[3] == rhs[3] &&
76 | lhs[4] == rhs[4] &&
| |- error: 'subscript(_:)' is only available in watchOS 26.0 or newer
| `- note: add 'if #available' version check
77 | lhs[5] == rhs[5]
78 | }
/Users/admin/builder/spi-builder-workspace/.dependencies/checkouts/IEEE802Swift/Sources/IEEE802/EUI48.swift:76:15: error: 'subscript(_:)' is only available in watchOS 26.0 or newer
69 | }
70 |
71 | public func _isEqualMacAddress(_ lhs: EUI48, _ rhs: EUI48) -> Bool {
| `- note: add '@available' attribute to enclosing global function
72 | lhs[0] == rhs[0] &&
73 | lhs[1] == rhs[1] &&
74 | lhs[2] == rhs[2] &&
75 | lhs[3] == rhs[3] &&
76 | lhs[4] == rhs[4] &&
| |- error: 'subscript(_:)' is only available in watchOS 26.0 or newer
| `- note: add 'if #available' version check
77 | lhs[5] == rhs[5]
78 | }
/Users/admin/builder/spi-builder-workspace/.dependencies/checkouts/IEEE802Swift/Sources/IEEE802/EUI48.swift:77:5: error: 'subscript(_:)' is only available in watchOS 26.0 or newer
69 | }
70 |
71 | public func _isEqualMacAddress(_ lhs: EUI48, _ rhs: EUI48) -> Bool {
| `- note: add '@available' attribute to enclosing global function
72 | lhs[0] == rhs[0] &&
73 | lhs[1] == rhs[1] &&
:
75 | lhs[3] == rhs[3] &&
76 | lhs[4] == rhs[4] &&
77 | lhs[5] == rhs[5]
| |- error: 'subscript(_:)' is only available in watchOS 26.0 or newer
| `- note: add 'if #available' version check
78 | }
79 |
/Users/admin/builder/spi-builder-workspace/.dependencies/checkouts/IEEE802Swift/Sources/IEEE802/EUI48.swift:77:15: error: 'subscript(_:)' is only available in watchOS 26.0 or newer
69 | }
70 |
71 | public func _isEqualMacAddress(_ lhs: EUI48, _ rhs: EUI48) -> Bool {
| `- note: add '@available' attribute to enclosing global function
72 | lhs[0] == rhs[0] &&
73 | lhs[1] == rhs[1] &&
:
75 | lhs[3] == rhs[3] &&
76 | lhs[4] == rhs[4] &&
77 | lhs[5] == rhs[5]
| |- error: 'subscript(_:)' is only available in watchOS 26.0 or newer
| `- note: add 'if #available' version check
78 | }
79 |
/Users/admin/builder/spi-builder-workspace/.dependencies/checkouts/IEEE802Swift/Sources/IEEE802/EUI48.swift:81:3: error: 'subscript(_:)' is only available in watchOS 26.0 or newer
78 | }
79 |
80 | public func _isMulticast(macAddress: EUI48) -> Bool {
| `- note: add '@available' attribute to enclosing global function
81 | macAddress[0] & 1 != 0
| |- error: 'subscript(_:)' is only available in watchOS 26.0 or newer
| `- note: add 'if #available' version check
82 | }
83 |
/Users/admin/builder/spi-builder-workspace/.dependencies/checkouts/IEEE802Swift/Sources/IEEE802/EUI48.swift:85:3: error: 'subscript(_:)' is only available in watchOS 26.0 or newer
82 | }
83 |
84 | public func _hashMacAddress(_ macAddress: EUI48, into hasher: inout Hasher) {
| `- note: add '@available' attribute to enclosing global function
85 | macAddress[0].hash(into: &hasher)
| |- error: 'subscript(_:)' is only available in watchOS 26.0 or newer
| `- note: add 'if #available' version check
86 | macAddress[1].hash(into: &hasher)
87 | macAddress[2].hash(into: &hasher)
/Users/admin/builder/spi-builder-workspace/.dependencies/checkouts/IEEE802Swift/Sources/IEEE802/EUI48.swift:86:3: error: 'subscript(_:)' is only available in watchOS 26.0 or newer
82 | }
83 |
84 | public func _hashMacAddress(_ macAddress: EUI48, into hasher: inout Hasher) {
| `- note: add '@available' attribute to enclosing global function
85 | macAddress[0].hash(into: &hasher)
86 | macAddress[1].hash(into: &hasher)
| |- error: 'subscript(_:)' is only available in watchOS 26.0 or newer
| `- note: add 'if #available' version check
87 | macAddress[2].hash(into: &hasher)
88 | macAddress[3].hash(into: &hasher)
/Users/admin/builder/spi-builder-workspace/.dependencies/checkouts/IEEE802Swift/Sources/IEEE802/EUI48.swift:87:3: error: 'subscript(_:)' is only available in watchOS 26.0 or newer
82 | }
83 |
84 | public func _hashMacAddress(_ macAddress: EUI48, into hasher: inout Hasher) {
| `- note: add '@available' attribute to enclosing global function
85 | macAddress[0].hash(into: &hasher)
86 | macAddress[1].hash(into: &hasher)
87 | macAddress[2].hash(into: &hasher)
| |- error: 'subscript(_:)' is only available in watchOS 26.0 or newer
| `- note: add 'if #available' version check
88 | macAddress[3].hash(into: &hasher)
89 | macAddress[4].hash(into: &hasher)
/Users/admin/builder/spi-builder-workspace/.dependencies/checkouts/IEEE802Swift/Sources/IEEE802/EUI48.swift:88:3: error: 'subscript(_:)' is only available in watchOS 26.0 or newer
82 | }
83 |
84 | public func _hashMacAddress(_ macAddress: EUI48, into hasher: inout Hasher) {
| `- note: add '@available' attribute to enclosing global function
85 | macAddress[0].hash(into: &hasher)
86 | macAddress[1].hash(into: &hasher)
87 | macAddress[2].hash(into: &hasher)
88 | macAddress[3].hash(into: &hasher)
| |- error: 'subscript(_:)' is only available in watchOS 26.0 or newer
| `- note: add 'if #available' version check
89 | macAddress[4].hash(into: &hasher)
90 | macAddress[5].hash(into: &hasher)
/Users/admin/builder/spi-builder-workspace/.dependencies/checkouts/IEEE802Swift/Sources/IEEE802/EUI48.swift:89:3: error: 'subscript(_:)' is only available in watchOS 26.0 or newer
82 | }
83 |
84 | public func _hashMacAddress(_ macAddress: EUI48, into hasher: inout Hasher) {
| `- note: add '@available' attribute to enclosing global function
85 | macAddress[0].hash(into: &hasher)
86 | macAddress[1].hash(into: &hasher)
87 | macAddress[2].hash(into: &hasher)
88 | macAddress[3].hash(into: &hasher)
89 | macAddress[4].hash(into: &hasher)
| |- error: 'subscript(_:)' is only available in watchOS 26.0 or newer
| `- note: add 'if #available' version check
90 | macAddress[5].hash(into: &hasher)
91 | }
/Users/admin/builder/spi-builder-workspace/.dependencies/checkouts/IEEE802Swift/Sources/IEEE802/EUI48.swift:90:3: error: 'subscript(_:)' is only available in watchOS 26.0 or newer
82 | }
83 |
84 | public func _hashMacAddress(_ macAddress: EUI48, into hasher: inout Hasher) {
| `- note: add '@available' attribute to enclosing global function
85 | macAddress[0].hash(into: &hasher)
86 | macAddress[1].hash(into: &hasher)
:
88 | macAddress[3].hash(into: &hasher)
89 | macAddress[4].hash(into: &hasher)
90 | macAddress[5].hash(into: &hasher)
| |- error: 'subscript(_:)' is only available in watchOS 26.0 or newer
| `- note: add 'if #available' version check
91 | }
92 |
/Users/admin/builder/spi-builder-workspace/.dependencies/checkouts/IEEE802Swift/Sources/IEEE802/EUI48.swift:98:14: error: 'subscript(_:)' is only available in watchOS 26.0 or newer
95 | }
96 |
97 | public func _macAddressToString(_ macAddress: EUI48) -> String {
| `- note: add '@available' attribute to enclosing global function
98 | _hexFormat(macAddress[0]) +
| |- error: 'subscript(_:)' is only available in watchOS 26.0 or newer
| `- note: add 'if #available' version check
99 | _hexFormat(macAddress[1]) +
100 | _hexFormat(macAddress[2]) +
/Users/admin/builder/spi-builder-workspace/.dependencies/checkouts/IEEE802Swift/Sources/IEEE802/EUI48.swift:99:16: error: 'subscript(_:)' is only available in watchOS 26.0 or newer
95 | }
96 |
97 | public func _macAddressToString(_ macAddress: EUI48) -> String {
| `- note: add '@available' attribute to enclosing global function
98 | _hexFormat(macAddress[0]) +
99 | _hexFormat(macAddress[1]) +
| |- error: 'subscript(_:)' is only available in watchOS 26.0 or newer
| `- note: add 'if #available' version check
100 | _hexFormat(macAddress[2]) +
101 | _hexFormat(macAddress[3]) +
/Users/admin/builder/spi-builder-workspace/.dependencies/checkouts/IEEE802Swift/Sources/IEEE802/EUI48.swift:100:16: error: 'subscript(_:)' is only available in watchOS 26.0 or newer
95 | }
96 |
97 | public func _macAddressToString(_ macAddress: EUI48) -> String {
| `- note: add '@available' attribute to enclosing global function
98 | _hexFormat(macAddress[0]) +
99 | _hexFormat(macAddress[1]) +
100 | _hexFormat(macAddress[2]) +
| |- error: 'subscript(_:)' is only available in watchOS 26.0 or newer
| `- note: add 'if #available' version check
101 | _hexFormat(macAddress[3]) +
102 | _hexFormat(macAddress[4]) +
/Users/admin/builder/spi-builder-workspace/.dependencies/checkouts/IEEE802Swift/Sources/IEEE802/EUI48.swift:101:16: error: 'subscript(_:)' is only available in watchOS 26.0 or newer
95 | }
96 |
97 | public func _macAddressToString(_ macAddress: EUI48) -> String {
| `- note: add '@available' attribute to enclosing global function
98 | _hexFormat(macAddress[0]) +
99 | _hexFormat(macAddress[1]) +
100 | _hexFormat(macAddress[2]) +
101 | _hexFormat(macAddress[3]) +
| |- error: 'subscript(_:)' is only available in watchOS 26.0 or newer
| `- note: add 'if #available' version check
102 | _hexFormat(macAddress[4]) +
103 | _hexFormat(macAddress[5], colonSuffix: false)
/Users/admin/builder/spi-builder-workspace/.dependencies/checkouts/IEEE802Swift/Sources/IEEE802/EUI48.swift:102:16: error: 'subscript(_:)' is only available in watchOS 26.0 or newer
95 | }
96 |
97 | public func _macAddressToString(_ macAddress: EUI48) -> String {
| `- note: add '@available' attribute to enclosing global function
98 | _hexFormat(macAddress[0]) +
99 | _hexFormat(macAddress[1]) +
100 | _hexFormat(macAddress[2]) +
101 | _hexFormat(macAddress[3]) +
102 | _hexFormat(macAddress[4]) +
| |- error: 'subscript(_:)' is only available in watchOS 26.0 or newer
| `- note: add 'if #available' version check
103 | _hexFormat(macAddress[5], colonSuffix: false)
104 | }
SwiftCompile normal arm64_32 /Users/admin/builder/spi-builder-workspace/.dependencies/checkouts/IEEE802Swift/Sources/IEEE802/EUI48.swift (in target 'IEEE802' from project 'IEEE802Swift')
cd /Users/admin/builder/spi-builder-workspace/.swiftpm/xcode
builtin-SwiftPerFileCompile EUI48.swift
SwiftCompile normal arm64_32 Compiling\ IEEE802Packet.swift /Users/admin/builder/spi-builder-workspace/.dependencies/checkouts/IEEE802Swift/Sources/IEEE802/IEEE802Packet.swift (in target 'IEEE802' from project 'IEEE802Swift')
SwiftCompile normal arm64_32 /Users/admin/builder/spi-builder-workspace/.dependencies/checkouts/IEEE802Swift/Sources/IEEE802/IEEE802Packet.swift (in target 'IEEE802' from project 'IEEE802Swift')
cd /Users/admin/builder/spi-builder-workspace/.swiftpm/xcode
builtin-SwiftPerFileCompile IEEE802Packet.swift
SwiftEmitModule normal arm64 Emitting\ module\ for\ IEEE802 (in target 'IEEE802' from project 'IEEE802Swift')
/Users/admin/builder/spi-builder-workspace/.dependencies/checkouts/IEEE802Swift/Sources/IEEE802/EUI48.swift:19:26: error: 'InlineArray' is only available in watchOS 26.0 or newer
17 | import SystemPackage
18 |
19 | public typealias EUI48 = InlineArray<6, UInt8>
| | `- error: 'InlineArray' is only available in watchOS 26.0 or newer
| `- note: add '@available' attribute to enclosing type alias
20 |
21 | public extension UInt64 {
/Users/admin/builder/spi-builder-workspace/.dependencies/checkouts/IEEE802Swift/Sources/IEEE802/SerDes.swift:130:50: error: 'count' is only available in watchOS 26.0 or newer
41 | /// array per value, and every method is inlinable so that callers in other modules can
42 | /// specialize them.
43 | public struct SerializationContext {
| `- note: add '@available' attribute to enclosing struct
44 | @usableFromInline
45 | var _bytes = [UInt8]()
:
126 |
127 | @inlinable
128 | public mutating func serialize(eui48: EUI48, at index: Int? = nil) {
| `- note: add '@available' attribute to enclosing instance method
129 | if let index {
130 | precondition(_bytes.count >= index + eui48.count)
| |- error: 'count' is only available in watchOS 26.0 or newer
| `- note: add 'if #available' version check
131 | for offset in eui48.indices {
132 | _bytes[index + offset] = eui48[offset]
/Users/admin/builder/spi-builder-workspace/.dependencies/checkouts/IEEE802Swift/Sources/IEEE802/SerDes.swift:131:27: error: 'indices' is only available in watchOS 26.0 or newer
41 | /// array per value, and every method is inlinable so that callers in other modules can
42 | /// specialize them.
43 | public struct SerializationContext {
| `- note: add '@available' attribute to enclosing struct
44 | @usableFromInline
45 | var _bytes = [UInt8]()
:
126 |
127 | @inlinable
128 | public mutating func serialize(eui48: EUI48, at index: Int? = nil) {
| `- note: add '@available' attribute to enclosing instance method
129 | if let index {
130 | precondition(_bytes.count >= index + eui48.count)
131 | for offset in eui48.indices {
| |- error: 'indices' is only available in watchOS 26.0 or newer
| `- note: add 'if #available' version check
132 | _bytes[index + offset] = eui48[offset]
133 | }
/Users/admin/builder/spi-builder-workspace/.dependencies/checkouts/IEEE802Swift/Sources/IEEE802/SerDes.swift:132:34: error: 'subscript(_:)' is only available in watchOS 26.0 or newer
41 | /// array per value, and every method is inlinable so that callers in other modules can
42 | /// specialize them.
43 | public struct SerializationContext {
| `- note: add '@available' attribute to enclosing struct
44 | @usableFromInline
45 | var _bytes = [UInt8]()
:
126 |
127 | @inlinable
128 | public mutating func serialize(eui48: EUI48, at index: Int? = nil) {
| `- note: add '@available' attribute to enclosing instance method
129 | if let index {
130 | precondition(_bytes.count >= index + eui48.count)
131 | for offset in eui48.indices {
132 | _bytes[index + offset] = eui48[offset]
| |- error: 'subscript(_:)' is only available in watchOS 26.0 or newer
| `- note: add 'if #available' version check
133 | }
134 | } else {
/Users/admin/builder/spi-builder-workspace/.dependencies/checkouts/IEEE802Swift/Sources/IEEE802/SerDes.swift:135:43: error: 'count' is only available in watchOS 26.0 or newer
41 | /// array per value, and every method is inlinable so that callers in other modules can
42 | /// specialize them.
43 | public struct SerializationContext {
| `- note: add '@available' attribute to enclosing struct
44 | @usableFromInline
45 | var _bytes = [UInt8]()
:
126 |
127 | @inlinable
128 | public mutating func serialize(eui48: EUI48, at index: Int? = nil) {
| `- note: add '@available' attribute to enclosing instance method
129 | if let index {
130 | precondition(_bytes.count >= index + eui48.count)
:
133 | }
134 | } else {
135 | _bytes.append(addingCapacity: eui48.count) { output in
| |- error: 'count' is only available in watchOS 26.0 or newer
| `- note: add 'if #available' version check
136 | for offset in eui48.indices {
137 | output.append(eui48[offset])
/Users/admin/builder/spi-builder-workspace/.dependencies/checkouts/IEEE802Swift/Sources/IEEE802/SerDes.swift:136:29: error: 'indices' is only available in watchOS 26.0 or newer
41 | /// array per value, and every method is inlinable so that callers in other modules can
42 | /// specialize them.
43 | public struct SerializationContext {
| `- note: add '@available' attribute to enclosing struct
44 | @usableFromInline
45 | var _bytes = [UInt8]()
:
126 |
127 | @inlinable
128 | public mutating func serialize(eui48: EUI48, at index: Int? = nil) {
| `- note: add '@available' attribute to enclosing instance method
129 | if let index {
130 | precondition(_bytes.count >= index + eui48.count)
:
134 | } else {
135 | _bytes.append(addingCapacity: eui48.count) { output in
136 | for offset in eui48.indices {
| |- error: 'indices' is only available in watchOS 26.0 or newer
| `- note: add 'if #available' version check
137 | output.append(eui48[offset])
138 | }
/Users/admin/builder/spi-builder-workspace/.dependencies/checkouts/IEEE802Swift/Sources/IEEE802/SerDes.swift:137:25: error: 'subscript(_:)' is only available in watchOS 26.0 or newer
41 | /// array per value, and every method is inlinable so that callers in other modules can
42 | /// specialize them.
43 | public struct SerializationContext {
| `- note: add '@available' attribute to enclosing struct
44 | @usableFromInline
45 | var _bytes = [UInt8]()
:
126 |
127 | @inlinable
128 | public mutating func serialize(eui48: EUI48, at index: Int? = nil) {
| `- note: add '@available' attribute to enclosing instance method
129 | if let index {
130 | precondition(_bytes.count >= index + eui48.count)
:
135 | _bytes.append(addingCapacity: eui48.count) { output in
136 | for offset in eui48.indices {
137 | output.append(eui48[offset])
| |- error: 'subscript(_:)' is only available in watchOS 26.0 or newer
| `- note: add 'if #available' version check
138 | }
139 | }
Failed frontend command:
/Applications/Xcode-27.0.0-Release.Candidate.app/Contents/Developer/Toolchains/XcodeDefault.xctoolchain/usr/bin/swift-frontend -frontend -emit-module -experimental-skip-non-inlinable-function-bodies-without-types /Users/admin/builder/spi-builder-workspace/.dependencies/checkouts/IEEE802Swift/Sources/IEEE802/EUI48.swift /Users/admin/builder/spi-builder-workspace/.dependencies/checkouts/IEEE802Swift/Sources/IEEE802/IEEE802Packet.swift /Users/admin/builder/spi-builder-workspace/.dependencies/checkouts/IEEE802Swift/Sources/IEEE802/SerDes.swift -target arm64-apple-watchos9.0 -disable-cross-import-overlay-search -load-resolved-plugin \#/Users/admin/builder/spi-builder-workspace/.derivedData/Build/Products/Debug/BinaryParsingMacros\#BinaryParsingMacros -load-resolved-plugin /Applications/Xcode-27.0.0-Release.Candidate.app/Contents/Developer/Platforms/WatchOS.platform/Developer/usr/lib/swift/host/plugins/libFoundationMacros.dylib\#/Applications/Xcode-27.0.0-Release.Candidate.app/Contents/Developer/Platforms/WatchOS.platform/Developer/usr/bin/swift-plugin-server\#FoundationMacros -load-resolved-plugin /Applications/Xcode-27.0.0-Release.Candidate.app/Contents/Developer/Platforms/WatchOS.platform/Developer/usr/lib/swift/host/plugins/libObservationMacros.dylib\#/Applications/Xcode-27.0.0-Release.Candidate.app/Contents/Developer/Platforms/WatchOS.platform/Developer/usr/bin/swift-plugin-server\#ObservationMacros -load-resolved-plugin /Applications/Xcode-27.0.0-Release.Candidate.app/Contents/Developer/Platforms/WatchOS.platform/Developer/usr/lib/swift/host/plugins/libSwiftMacros.dylib\#/Applications/Xcode-27.0.0-Release.Candidate.app/Contents/Developer/Platforms/WatchOS.platform/Developer/usr/bin/swift-plugin-server\#SwiftMacros -disable-implicit-swift-modules -Xcc -fno-implicit-modules -Xcc -fno-implicit-module-maps -explicit-swift-module-map-file /Users/admin/builder/spi-builder-workspace/.derivedData/Build/Intermediates.noindex/IEEE802Swift.build/Debug-watchos/IEEE802-t.build/Objects-normal/arm64/IEEE802-dependencies-2.json -Xllvm -aarch64-use-tbi -enable-objc-interop -stack-check -sdk /Applications/Xcode-27.0.0-Release.Candidate.app/Contents/Developer/Platforms/WatchOS.platform/Developer/SDKs/WatchOS27.0.sdk -I /Users/admin/builder/spi-builder-workspace/.derivedData/Build/Products/Debug-watchos -Isystem /Applications/Xcode-27.0.0-Release.Candidate.app/Contents/Developer/Platforms/WatchOS.platform/Developer/usr/lib -F /Users/admin/builder/spi-builder-workspace/.derivedData/Build/Products/Debug-watchos/PackageFrameworks -F /Users/admin/builder/spi-builder-workspace/.derivedData/Build/Products/Debug-watchos -F /Applications/Xcode-27.0.0-Release.Candidate.app/Contents/Developer/Platforms/WatchOS.platform/Developer/Library/Frameworks -F /Applications/Xcode-27.0.0-Release.Candidate.app/Contents/Developer/Platforms/WatchOS.platform/Developer/SDKs/WatchOS27.0.sdk/Developer/Library/Frameworks -module-cache-path /Users/admin/builder/spi-builder-workspace/.derivedData/Build/Intermediates.noindex/SwiftExplicitPrecompiledModules -no-color-diagnostics -Xcc -fno-color-diagnostics -enable-testing -g -debug-info-format\=dwarf -dwarf-version\=4 -suppress-warnings -profile-generate -profile-coverage-mapping -swift-version 6 -Onone -D SWIFT_PACKAGE -D DEBUG -D SWIFT_MODULE_RESOURCE_BUNDLE_UNAVAILABLE -D Xcode -serialize-debugging-options -load-plugin-executable /Users/admin/builder/spi-builder-workspace/.derivedData/Build/Products/Debug/BinaryParsingMacros\#BinaryParsingMacros -enable-experimental-feature StrictConcurrency -enable-experimental-feature NonisolatedNonsendingByDefault -enable-experimental-feature DebugDescriptionMacro -empty-abi-descriptor -user-module-version 0.2.0 -validate-clang-modules-once -clang-build-session-file /Users/admin/builder/spi-builder-workspace/.derivedData/ModuleCache.noindex/Session.modulevalidation -Xcc -working-directory -Xcc /Users/admin/builder/spi-builder-workspace/.swiftpm/xcode -enable-anonymous-context-mangled-names -file-compilation-dir /Users/admin/builder/spi-builder-workspace/.swiftpm/xcode -Xcc -fmodule-map-file\=/Users/admin/builder/spi-builder-workspace/.dependencies/checkouts/swift-system/Sources/CSystem/include/module.modulemap -Xcc -D_LIBCPP_HARDENING_MODE\=_LIBCPP_HARDENING_MODE_DEBUG -Xcc -ivfsstatcache -Xcc /Users/admin/builder/spi-builder-workspace/.derivedData/SDKStatCaches.noindex/watchos27.0-24R360-e829b21a6f8c9b70876ba0858053c04477534ef55a1706bf4c1112bbb242f0a2.sdkstatcache -Xcc -fmodules-prune-interval\=86400 -Xcc -fmodules-prune-after\=345600 -Xcc -I/Users/admin/builder/spi-builder-workspace/.dependencies/checkouts/swift-system/Sources/CSystem/include -Xcc -I/Users/admin/builder/spi-builder-workspace/.derivedData/Build/Products/Debug-watchos/include -Xcc -I/Users/admin/builder/spi-builder-workspace/.derivedData/Build/Intermediates.noindex/IEEE802Swift.build/Debug-watchos/IEEE802-t.build/DerivedSources-normal/arm64 -Xcc -I/Users/admin/builder/spi-builder-workspace/.derivedData/Build/Intermediates.noindex/IEEE802Swift.build/Debug-watchos/IEEE802-t.build/DerivedSources/arm64 -Xcc -I/Users/admin/builder/spi-builder-workspace/.derivedData/Build/Intermediates.noindex/IEEE802Swift.build/Debug-watchos/IEEE802-t.build/DerivedSources -Xcc -DSWIFT_PACKAGE -Xcc -DDEBUG\=1 -no-auto-bridging-header-chaining -module-name IEEE802 -package-name ieee802swift -const-gather-protocols-file /Users/admin/builder/spi-builder-workspace/.derivedData/Build/Intermediates.noindex/IEEE802Swift.build/Debug-watchos/IEEE802-t.build/Objects-normal/arm64/IEEE802_const_extract_protocols.json -disable-clang-spi -clang-target arm64-apple-watchos27.0 -target-sdk-version 27.0 -target-sdk-name watchos27.0 -in-process-plugin-server-path /Applications/Xcode-27.0.0-Release.Candidate.app/Contents/Developer/Toolchains/XcodeDefault.xctoolchain/usr/lib/swift/host/libSwiftInProcPluginServer.dylib -emit-module-doc-path /Users/admin/builder/spi-builder-workspace/.derivedData/Build/Intermediates.noindex/IEEE802Swift.build/Debug-watchos/IEEE802-t.build/Objects-normal/arm64/IEEE802.swiftdoc -emit-module-source-info-path /Users/admin/builder/spi-builder-workspace/.derivedData/Build/Intermediates.noindex/IEEE802Swift.build/Debug-watchos/IEEE802-t.build/Objects-normal/arm64/IEEE802.swiftsourceinfo -emit-objc-header-path /Users/admin/builder/spi-builder-workspace/.derivedData/Build/Intermediates.noindex/IEEE802Swift.build/Debug-watchos/IEEE802-t.build/Objects-normal/arm64/IEEE802-Swift.h -serialize-diagnostics-path /Users/admin/builder/spi-builder-workspace/.derivedData/Build/Intermediates.noindex/IEEE802Swift.build/Debug-watchos/IEEE802-t.build/Objects-normal/arm64/IEEE802-primary-emit-module.dia -emit-dependencies-path /Users/admin/builder/spi-builder-workspace/.derivedData/Build/Intermediates.noindex/IEEE802Swift.build/Debug-watchos/IEEE802-t.build/Objects-normal/arm64/IEEE802-primary-emit-module.d -parse-as-library -o /Users/admin/builder/spi-builder-workspace/.derivedData/Build/Intermediates.noindex/IEEE802Swift.build/Debug-watchos/IEEE802-t.build/Objects-normal/arm64/IEEE802.swiftmodule -emit-abi-descriptor-path /Users/admin/builder/spi-builder-workspace/.derivedData/Build/Intermediates.noindex/IEEE802Swift.build/Debug-watchos/IEEE802-t.build/Objects-normal/arm64/IEEE802.abi.json
SwiftCompile normal arm64 (in target 'IEEE802' from project 'IEEE802Swift')
cd /Users/admin/builder/spi-builder-workspace/.swiftpm/xcode
SwiftCompile normal arm64 Compiling\ SerDes.swift /Users/admin/builder/spi-builder-workspace/.dependencies/checkouts/IEEE802Swift/Sources/IEEE802/SerDes.swift (in target 'IEEE802' from project 'IEEE802Swift')
/Users/admin/builder/spi-builder-workspace/.dependencies/checkouts/IEEE802Swift/Sources/IEEE802/SerDes.swift:130:50: error: 'count' is only available in watchOS 26.0 or newer
41 | /// array per value, and every method is inlinable so that callers in other modules can
42 | /// specialize them.
43 | public struct SerializationContext {
| `- note: add '@available' attribute to enclosing struct
44 | @usableFromInline
45 | var _bytes = [UInt8]()
:
126 |
127 | @inlinable
128 | public mutating func serialize(eui48: EUI48, at index: Int? = nil) {
| `- note: add '@available' attribute to enclosing instance method
129 | if let index {
130 | precondition(_bytes.count >= index + eui48.count)
| |- error: 'count' is only available in watchOS 26.0 or newer
| `- note: add 'if #available' version check
131 | for offset in eui48.indices {
132 | _bytes[index + offset] = eui48[offset]
/Users/admin/builder/spi-builder-workspace/.dependencies/checkouts/IEEE802Swift/Sources/IEEE802/SerDes.swift:131:27: error: 'indices' is only available in watchOS 26.0 or newer
41 | /// array per value, and every method is inlinable so that callers in other modules can
42 | /// specialize them.
43 | public struct SerializationContext {
| `- note: add '@available' attribute to enclosing struct
44 | @usableFromInline
45 | var _bytes = [UInt8]()
:
126 |
127 | @inlinable
128 | public mutating func serialize(eui48: EUI48, at index: Int? = nil) {
| `- note: add '@available' attribute to enclosing instance method
129 | if let index {
130 | precondition(_bytes.count >= index + eui48.count)
131 | for offset in eui48.indices {
| |- error: 'indices' is only available in watchOS 26.0 or newer
| `- note: add 'if #available' version check
132 | _bytes[index + offset] = eui48[offset]
133 | }
/Users/admin/builder/spi-builder-workspace/.dependencies/checkouts/IEEE802Swift/Sources/IEEE802/SerDes.swift:132:34: error: 'subscript(_:)' is only available in watchOS 26.0 or newer
41 | /// array per value, and every method is inlinable so that callers in other modules can
42 | /// specialize them.
43 | public struct SerializationContext {
| `- note: add '@available' attribute to enclosing struct
44 | @usableFromInline
45 | var _bytes = [UInt8]()
:
126 |
127 | @inlinable
128 | public mutating func serialize(eui48: EUI48, at index: Int? = nil) {
| `- note: add '@available' attribute to enclosing instance method
129 | if let index {
130 | precondition(_bytes.count >= index + eui48.count)
131 | for offset in eui48.indices {
132 | _bytes[index + offset] = eui48[offset]
| |- error: 'subscript(_:)' is only available in watchOS 26.0 or newer
| `- note: add 'if #available' version check
133 | }
134 | } else {
/Users/admin/builder/spi-builder-workspace/.dependencies/checkouts/IEEE802Swift/Sources/IEEE802/SerDes.swift:135:43: error: 'count' is only available in watchOS 26.0 or newer
41 | /// array per value, and every method is inlinable so that callers in other modules can
42 | /// specialize them.
43 | public struct SerializationContext {
| `- note: add '@available' attribute to enclosing struct
44 | @usableFromInline
45 | var _bytes = [UInt8]()
:
126 |
127 | @inlinable
128 | public mutating func serialize(eui48: EUI48, at index: Int? = nil) {
| `- note: add '@available' attribute to enclosing instance method
129 | if let index {
130 | precondition(_bytes.count >= index + eui48.count)
:
133 | }
134 | } else {
135 | _bytes.append(addingCapacity: eui48.count) { output in
| |- error: 'count' is only available in watchOS 26.0 or newer
| `- note: add 'if #available' version check
136 | for offset in eui48.indices {
137 | output.append(eui48[offset])
/Users/admin/builder/spi-builder-workspace/.dependencies/checkouts/IEEE802Swift/Sources/IEEE802/SerDes.swift:136:29: error: 'indices' is only available in watchOS 26.0 or newer
41 | /// array per value, and every method is inlinable so that callers in other modules can
42 | /// specialize them.
43 | public struct SerializationContext {
| `- note: add '@available' attribute to enclosing struct
44 | @usableFromInline
45 | var _bytes = [UInt8]()
:
126 |
127 | @inlinable
128 | public mutating func serialize(eui48: EUI48, at index: Int? = nil) {
| `- note: add '@available' attribute to enclosing instance method
129 | if let index {
130 | precondition(_bytes.count >= index + eui48.count)
:
134 | } else {
135 | _bytes.append(addingCapacity: eui48.count) { output in
136 | for offset in eui48.indices {
| |- error: 'indices' is only available in watchOS 26.0 or newer
| `- note: add 'if #available' version check
137 | output.append(eui48[offset])
138 | }
SwiftCompile normal arm64 /Users/admin/builder/spi-builder-workspace/.dependencies/checkouts/IEEE802Swift/Sources/IEEE802/SerDes.swift (in target 'IEEE802' from project 'IEEE802Swift')
cd /Users/admin/builder/spi-builder-workspace/.swiftpm/xcode
builtin-SwiftPerFileCompile SerDes.swift
PruneExplicitPrecompiledModules /Users/admin/builder/spi-builder-workspace/.derivedData/Build/Intermediates.noindex/SwiftExplicitPrecompiledModules
PruneExplicitPrecompiledModules /Users/admin/builder/spi-builder-workspace/.derivedData/Build/Intermediates.noindex/ExplicitPrecompiledModules
PruneExplicitPrecompiledModules /Users/admin/builder/spi-builder-workspace/.derivedData/SDKExplicitPrecompiledModules
2026-09-25 11:47:24.452 xcodebuild[2235:12380] [MT] IDERunDestination: Supported platforms for the buildables in the current scheme is empty.
** BUILD FAILED **
The following build commands failed:
SwiftEmitModule normal arm64_32 Emitting\ module\ for\ IEEE802 (in target 'IEEE802' from project 'IEEE802Swift')
SwiftCompile normal arm64_32 (in target 'IEEE802' from project 'IEEE802Swift')
SwiftEmitModule normal arm64 Emitting\ module\ for\ IEEE802 (in target 'IEEE802' from project 'IEEE802Swift')
SwiftCompile normal arm64 (in target 'IEEE802' from project 'IEEE802Swift')
Building workspace OpenSRP with scheme OpenSRP
(5 failures)
BUILD FAILURE 6.4 watchOS