Build Information
Failed to build Permissionary, reference 0.1.0 (b69c39), with Swift 6.4 for watchOS using Xcode 27.0 on 26 Sep 2026 20:53:48 UTC.
Build Command
env DEVELOPER_DIR=/Applications/Xcode-27.0.0-Release.Candidate.app xcrun xcodebuild -IDEClonedSourcePackagesDirPathOverride=$PWD/.dependencies -skipMacroValidation -skipPackagePluginValidation -derivedDataPath $PWD/.derivedData build -scheme Permissionary -destination generic/platform=watchOSBuild Log
========================================
RunAll
========================================
Builder version: 5.1.0
Interrupt handler set up.
========================================
Checkout
========================================
Clone URL: https://github.com/cleverClosure/Permissionary.git
Reference: 0.1.0
Initialized empty Git repository in /Users/admin/builder/spi-builder-workspace/.git/
From https://github.com/cleverClosure/Permissionary
* tag 0.1.0 -> FETCH_HEAD
HEAD is now at b69c393 Permissionary v0.1.0
Cloned https://github.com/cleverClosure/Permissionary.git
Revision (git rev-parse @):
b69c3936dfe97ff2e5f2488d32a17f844ffbf39e
SUCCESS checkout https://github.com/cleverClosure/Permissionary.git at 0.1.0
========================================
Build
========================================
Selected platform: watchOS
Swift version: 6.4
Building package at path: $PWD
https://github.com/cleverClosure/Permissionary.git
Command line invocation:
/Applications/Xcode-27.0.0-Release.Candidate.app/Contents/Developer/usr/bin/xcodebuild -IDEClonedSourcePackagesDirPathOverride=/Users/admin/builder/spi-builder-workspace/.dependencies -resolvePackageDependencies
Resolve Package Graph
Resolve Package Graph
Resolved source packages:
Permissionary: /Users/admin/builder/spi-builder-workspace
resolved source packages: Permissionary
2026-09-26 16:53:07.331 xcodebuild[525:3016] [MT] IDERunDestination: Supported platforms for the buildables in the current scheme is empty.
{
"dependencies" : [
],
"manifest_display_name" : "Permissionary",
"name" : "Permissionary",
"path" : "/Users/admin/builder/spi-builder-workspace",
"platforms" : [
{
"name" : "ios",
"version" : "18.0"
}
],
"products" : [
{
"name" : "Permissionary",
"targets" : [
"Permissionary"
],
"type" : {
"library" : [
"automatic"
]
}
}
],
"targets" : [
{
"c99name" : "PermissionaryTests",
"module_type" : "SwiftTarget",
"name" : "PermissionaryTests",
"path" : "Tests/PermissionaryTests",
"sources" : [
"CameraAdapterTests.swift",
"ClientFixture.swift",
"ContactsAdapterTests.swift",
"CoordinationTests.swift",
"DiagnosticsTests.swift",
"LocationAlwaysAdapterTests.swift",
"LocationScript.swift",
"LocationWhenInUseAdapterTests.swift",
"MicrophoneAdapterTests.swift",
"NotificationsAdapterTests.swift",
"PermissionAuthorizationTests.swift",
"PermissionErrorTests.swift",
"PermissionModelTests.swift",
"PermissionRecoveryTests.swift",
"PermissionStatusTests.swift",
"PermissionsClientTests.swift",
"PermissionsEnvironmentTests.swift",
"PhotosAddOnlyAdapterTests.swift",
"PhotosReadWriteAdapterTests.swift",
"READMEExamples.swift",
"ShimScript.swift",
"StatusStreamTests.swift",
"TrackingAdapterTests.swift"
],
"target_dependencies" : [
"Permissionary"
],
"type" : "test"
},
{
"c99name" : "Permissionary",
"module_type" : "SwiftTarget",
"name" : "Permissionary",
"path" : "Sources/Permissionary",
"product_memberships" : [
"Permissionary"
],
"resources" : [
{
"path" : "/Users/admin/builder/spi-builder-workspace/Sources/Permissionary/PrivacyInfo.xcprivacy",
"rule" : {
"copy" : {
}
}
}
],
"sources" : [
"Configuration/InfoPlistReader.swift",
"Configuration/PermissionsDiagnostics.swift",
"Configuration/UsageDescriptionKey.swift",
"Coordination/PromptSerializer.swift",
"Coordination/RequestCoalescer.swift",
"Domain/CameraPermission.swift",
"Domain/CameraStatus.swift",
"Domain/ContactsPermission.swift",
"Domain/ContactsStatus.swift",
"Domain/LocationAccuracy.swift",
"Domain/LocationAlwaysPermission.swift",
"Domain/LocationAlwaysStatus.swift",
"Domain/LocationWhenInUsePermission.swift",
"Domain/LocationWhenInUseStatus.swift",
"Domain/MicrophonePermission.swift",
"Domain/MicrophoneStatus.swift",
"Domain/NotificationAlertStyle.swift",
"Domain/NotificationGrant.swift",
"Domain/NotificationOptions.swift",
"Domain/NotificationSetting.swift",
"Domain/NotificationSettings.swift",
"Domain/NotificationsPermission.swift",
"Domain/NotificationsStatus.swift",
"Domain/PermissionAuthorization.swift",
"Domain/PermissionError.swift",
"Domain/PermissionRecovery.swift",
"Domain/PermissionStatus.swift",
"Domain/PermissionsClient.swift",
"Domain/PhotosAddOnlyPermission.swift",
"Domain/PhotosAddOnlyStatus.swift",
"Domain/PhotosReadWritePermission.swift",
"Domain/PhotosReadWriteStatus.swift",
"Domain/StatusHub.swift",
"Domain/TrackingPermission.swift",
"Domain/TrackingStatus.swift",
"PermissionsClient+Live.swift",
"SwiftUI/CameraPermissionModel.swift",
"SwiftUI/ContactsPermissionModel.swift",
"SwiftUI/LimitedPhotoLibraryPicker.swift",
"SwiftUI/LocationAlwaysPermissionModel.swift",
"SwiftUI/LocationWhenInUsePermissionModel.swift",
"SwiftUI/MicrophonePermissionModel.swift",
"SwiftUI/NotificationsPermissionModel.swift",
"SwiftUI/PermissionsEnvironment.swift",
"SwiftUI/PhotosAddOnlyPermissionModel.swift",
"SwiftUI/PhotosReadWritePermissionModel.swift",
"SwiftUI/TrackingPermissionModel.swift",
"SystemAdapters/Camera.swift",
"SystemAdapters/ContactStore.swift",
"SystemAdapters/Location.swift",
"SystemAdapters/Microphone.swift",
"SystemAdapters/NotificationCenter.swift",
"SystemAdapters/PhotoLibrary.swift",
"SystemAdapters/PromptOnceRequest.swift",
"SystemAdapters/Tracking.swift"
],
"type" : "library"
}
],
"tools_version" : "6.0"
}
{
"workspace" : {
"name" : "Permissionary",
"schemes" : [
"Permissionary"
]
}
}
2026-09-26 16:53:39.890 xcodebuild[622:3817] [MT] IDERunDestination: Supported platforms for the buildables in the current scheme is empty.
Running build ...
env DEVELOPER_DIR=/Applications/Xcode-27.0.0-Release.Candidate.app xcrun xcodebuild -IDEClonedSourcePackagesDirPathOverride=$PWD/.dependencies -skipMacroValidation -skipPackagePluginValidation -derivedDataPath $PWD/.derivedData build -scheme Permissionary -destination generic/platform=watchOS
Command line invocation:
/Applications/Xcode-27.0.0-Release.Candidate.app/Contents/Developer/usr/bin/xcodebuild -IDEClonedSourcePackagesDirPathOverride=/Users/admin/builder/spi-builder-workspace/.dependencies -skipMacroValidation -skipPackagePluginValidation -derivedDataPath /Users/admin/builder/spi-builder-workspace/.derivedData build -scheme Permissionary -destination generic/platform=watchOS
Resolve Package Graph
Resolved source packages:
Permissionary: /Users/admin/builder/spi-builder-workspace
ComputePackagePrebuildTargetDependencyGraph
Prepare packages
CreateBuildRequest
SendProjectDescription
CreateBuildOperation
ComputeTargetDependencyGraph
note: Building targets in dependency order
note: Target dependency graph (3 targets)
Target 'Permissionary-product' in project 'Permissionary'
➜ Explicit dependency on target 'Permissionary' in project 'Permissionary'
➜ Explicit dependency on target 'Permissionary_Permissionary' in project 'Permissionary'
Target 'Permissionary' in project 'Permissionary'
➜ Explicit dependency on target 'Permissionary_Permissionary' in project 'Permissionary'
Target 'Permissionary_Permissionary' in project 'Permissionary' (no dependencies)
GatherProvisioningInputs
CreateBuildDescription
ExecuteExternalTool /Applications/Xcode-27.0.0-Release.Candidate.app/Contents/Developer/Toolchains/XcodeDefault.xctoolchain/usr/bin/clang -v -E -dM -isysroot /Applications/Xcode-27.0.0-Release.Candidate.app/Contents/Developer/Platforms/WatchOS.platform/Developer/SDKs/WatchOS27.0.sdk -x c -c /dev/null
ExecuteExternalTool /Applications/Xcode-27.0.0-Release.Candidate.app/Contents/Developer/Toolchains/XcodeDefault.xctoolchain/usr/bin/swiftc --version
ExecuteExternalTool /Applications/Xcode-27.0.0-Release.Candidate.app/Contents/Developer/Toolchains/XcodeDefault.xctoolchain/usr/bin/ld -version_details
ReadFileContents /Applications/Xcode-27.0.0-Release.Candidate.app/Contents/Developer/Toolchains/XcodeDefault.xctoolchain/usr/share/docc/features.json
Build description signature: 535d89ac3ba4e882f23a2a45ca94be0d
Build description path: /Users/admin/builder/spi-builder-workspace/.derivedData/Build/Intermediates.noindex/XCBuildData/535d89ac3ba4e882f23a2a45ca94be0d.xcbuilddata
CreateBuildDirectory /Users/admin/builder/spi-builder-workspace/.derivedData/ModuleCache.noindex
cd /Users/admin/builder/spi-builder-workspace/.swiftpm/xcode
builtin-create-build-directory /Users/admin/builder/spi-builder-workspace/.derivedData/ModuleCache.noindex
CreateBuildDirectory /Users/admin/builder/spi-builder-workspace/.derivedData/SDKExplicitPrecompiledModules
cd /Users/admin/builder/spi-builder-workspace/.swiftpm/xcode
builtin-create-build-directory /Users/admin/builder/spi-builder-workspace/.derivedData/SDKExplicitPrecompiledModules
CreateBuildDirectory /Users/admin/builder/spi-builder-workspace/.derivedData/CompilationCache.noindex
cd /Users/admin/builder/spi-builder-workspace/.swiftpm/xcode
builtin-create-build-directory /Users/admin/builder/spi-builder-workspace/.derivedData/CompilationCache.noindex
ClangStatCache /Applications/Xcode-27.0.0-Release.Candidate.app/Contents/Developer/Toolchains/XcodeDefault.xctoolchain/usr/bin/clang-stat-cache /Applications/Xcode-27.0.0-Release.Candidate.app/Contents/Developer/Platforms/WatchOS.platform/Developer/SDKs/WatchOS27.0.sdk /Users/admin/builder/spi-builder-workspace/.derivedData/SDKStatCaches.noindex/watchos27.0-24R360-e829b21a6f8c9b70876ba0858053c04477534ef55a1706bf4c1112bbb242f0a2.sdkstatcache
cd /Users/admin/builder/spi-builder-workspace/.swiftpm/xcode
/Applications/Xcode-27.0.0-Release.Candidate.app/Contents/Developer/Toolchains/XcodeDefault.xctoolchain/usr/bin/clang-stat-cache /Applications/Xcode-27.0.0-Release.Candidate.app/Contents/Developer/Platforms/WatchOS.platform/Developer/SDKs/WatchOS27.0.sdk -o /Users/admin/builder/spi-builder-workspace/.derivedData/SDKStatCaches.noindex/watchos27.0-24R360-e829b21a6f8c9b70876ba0858053c04477534ef55a1706bf4c1112bbb242f0a2.sdkstatcache
CreateBuildDirectory /Users/admin/builder/spi-builder-workspace/.derivedData/Build/Products
cd /Users/admin/builder/spi-builder-workspace/.swiftpm/xcode
builtin-create-build-directory /Users/admin/builder/spi-builder-workspace/.derivedData/Build/Products
CreateBuildDirectory /Users/admin/builder/spi-builder-workspace/.derivedData/Build/Intermediates.noindex
cd /Users/admin/builder/spi-builder-workspace/.swiftpm/xcode
builtin-create-build-directory /Users/admin/builder/spi-builder-workspace/.derivedData/Build/Intermediates.noindex
CreateBuildDirectory /Users/admin/builder/spi-builder-workspace/.derivedData/Build/Intermediates.noindex/SwiftExplicitPrecompiledModules
cd /Users/admin/builder/spi-builder-workspace/.swiftpm/xcode
builtin-create-build-directory /Users/admin/builder/spi-builder-workspace/.derivedData/Build/Intermediates.noindex/SwiftExplicitPrecompiledModules
CreateBuildDirectory /Users/admin/builder/spi-builder-workspace/.derivedData/Build/Intermediates.noindex/PrecompiledHeaders
cd /Users/admin/builder/spi-builder-workspace/.swiftpm/xcode
builtin-create-build-directory /Users/admin/builder/spi-builder-workspace/.derivedData/Build/Intermediates.noindex/PrecompiledHeaders
CreateBuildDirectory /Users/admin/builder/spi-builder-workspace/.derivedData/Build/Intermediates.noindex/ExplicitPrecompiledModules
cd /Users/admin/builder/spi-builder-workspace/.swiftpm/xcode
builtin-create-build-directory /Users/admin/builder/spi-builder-workspace/.derivedData/Build/Intermediates.noindex/ExplicitPrecompiledModules
CreateBuildDirectory /Users/admin/builder/spi-builder-workspace/.derivedData/Build/Intermediates.noindex/EagerLinkingTBDs/Debug-watchos
cd /Users/admin/builder/spi-builder-workspace/.swiftpm/xcode
builtin-create-build-directory /Users/admin/builder/spi-builder-workspace/.derivedData/Build/Intermediates.noindex/EagerLinkingTBDs/Debug-watchos
CreateBuildDirectory /Users/admin/builder/spi-builder-workspace/.derivedData/Build/Products/Debug-watchos
cd /Users/admin/builder/spi-builder-workspace/.swiftpm/xcode
builtin-create-build-directory /Users/admin/builder/spi-builder-workspace/.derivedData/Build/Products/Debug-watchos
CreateBuildDirectory /Users/admin/builder/spi-builder-workspace/.derivedData/Build/Products/Debug-watchos/PackageFrameworks
cd /Users/admin/builder/spi-builder-workspace/.swiftpm/xcode
builtin-create-build-directory /Users/admin/builder/spi-builder-workspace/.derivedData/Build/Products/Debug-watchos/PackageFrameworks
WriteAuxiliaryFile /Users/admin/builder/spi-builder-workspace/.derivedData/Build/Intermediates.noindex/Permissionary.build/Debug-watchos/Permissionary-t.build/Permissionary.modulemap (in target 'Permissionary' from project 'Permissionary')
cd /Users/admin/builder/spi-builder-workspace
write-file /Users/admin/builder/spi-builder-workspace/.derivedData/Build/Intermediates.noindex/Permissionary.build/Debug-watchos/Permissionary-t.build/Permissionary.modulemap
WriteAuxiliaryFile /Users/admin/builder/spi-builder-workspace/.derivedData/Build/Intermediates.noindex/Permissionary.build/Debug-watchos/Permissionary_Permissionary-b.build/empty-Permissionary_Permissionary.plist (in target 'Permissionary_Permissionary' from project 'Permissionary')
cd /Users/admin/builder/spi-builder-workspace
write-file /Users/admin/builder/spi-builder-workspace/.derivedData/Build/Intermediates.noindex/Permissionary.build/Debug-watchos/Permissionary_Permissionary-b.build/empty-Permissionary_Permissionary.plist
WriteAuxiliaryFile /Users/admin/builder/spi-builder-workspace/.derivedData/Build/Intermediates.noindex/Permissionary.build/Debug-watchos/Permissionary_Permissionary-b.build/Permissionary_Permissionary.DependencyMetadataFileList (in target 'Permissionary_Permissionary' from project 'Permissionary')
cd /Users/admin/builder/spi-builder-workspace
write-file /Users/admin/builder/spi-builder-workspace/.derivedData/Build/Intermediates.noindex/Permissionary.build/Debug-watchos/Permissionary_Permissionary-b.build/Permissionary_Permissionary.DependencyMetadataFileList
WriteAuxiliaryFile /Users/admin/builder/spi-builder-workspace/.derivedData/Build/Intermediates.noindex/Permissionary.build/Debug-watchos/Permissionary_Permissionary-b.build/Permissionary_Permissionary.DependencyStaticMetadataFileList (in target 'Permissionary_Permissionary' from project 'Permissionary')
cd /Users/admin/builder/spi-builder-workspace
write-file /Users/admin/builder/spi-builder-workspace/.derivedData/Build/Intermediates.noindex/Permissionary.build/Debug-watchos/Permissionary_Permissionary-b.build/Permissionary_Permissionary.DependencyStaticMetadataFileList
WriteAuxiliaryFile /Users/admin/builder/spi-builder-workspace/.derivedData/Build/Intermediates.noindex/Permissionary.build/Debug-watchos/Permissionary-t.build/Permissionary.DependencyStaticMetadataFileList (in target 'Permissionary' from project 'Permissionary')
cd /Users/admin/builder/spi-builder-workspace
write-file /Users/admin/builder/spi-builder-workspace/.derivedData/Build/Intermediates.noindex/Permissionary.build/Debug-watchos/Permissionary-t.build/Permissionary.DependencyStaticMetadataFileList
WriteAuxiliaryFile /Users/admin/builder/spi-builder-workspace/.derivedData/Build/Intermediates.noindex/Permissionary.build/Debug-watchos/Permissionary-t.build/Permissionary.DependencyMetadataFileList (in target 'Permissionary' from project 'Permissionary')
cd /Users/admin/builder/spi-builder-workspace
write-file /Users/admin/builder/spi-builder-workspace/.derivedData/Build/Intermediates.noindex/Permissionary.build/Debug-watchos/Permissionary-t.build/Permissionary.DependencyMetadataFileList
WriteAuxiliaryFile /Users/admin/builder/spi-builder-workspace/.derivedData/Build/Intermediates.noindex/Permissionary.build/Debug-watchos/Permissionary-t.build/Objects-normal/arm64_32/Permissionary.SwiftFileList (in target 'Permissionary' from project 'Permissionary')
cd /Users/admin/builder/spi-builder-workspace
write-file /Users/admin/builder/spi-builder-workspace/.derivedData/Build/Intermediates.noindex/Permissionary.build/Debug-watchos/Permissionary-t.build/Objects-normal/arm64_32/Permissionary.SwiftFileList
WriteAuxiliaryFile /Users/admin/builder/spi-builder-workspace/.derivedData/Build/Intermediates.noindex/Permissionary.build/Debug-watchos/Permissionary-t.build/Objects-normal/arm64_32/Permissionary.SwiftConstValuesFileList (in target 'Permissionary' from project 'Permissionary')
cd /Users/admin/builder/spi-builder-workspace
write-file /Users/admin/builder/spi-builder-workspace/.derivedData/Build/Intermediates.noindex/Permissionary.build/Debug-watchos/Permissionary-t.build/Objects-normal/arm64_32/Permissionary.SwiftConstValuesFileList
WriteAuxiliaryFile /Users/admin/builder/spi-builder-workspace/.derivedData/Build/Intermediates.noindex/Permissionary.build/Debug-watchos/Permissionary-t.build/Objects-normal/arm64_32/Permissionary_const_extract_protocols.json (in target 'Permissionary' from project 'Permissionary')
cd /Users/admin/builder/spi-builder-workspace
write-file /Users/admin/builder/spi-builder-workspace/.derivedData/Build/Intermediates.noindex/Permissionary.build/Debug-watchos/Permissionary-t.build/Objects-normal/arm64_32/Permissionary_const_extract_protocols.json
WriteAuxiliaryFile /Users/admin/builder/spi-builder-workspace/.derivedData/Build/Intermediates.noindex/Permissionary.build/Debug-watchos/Permissionary-t.build/Objects-normal/arm64_32/Permissionary.LinkFileList (in target 'Permissionary' from project 'Permissionary')
cd /Users/admin/builder/spi-builder-workspace
write-file /Users/admin/builder/spi-builder-workspace/.derivedData/Build/Intermediates.noindex/Permissionary.build/Debug-watchos/Permissionary-t.build/Objects-normal/arm64_32/Permissionary.LinkFileList
WriteAuxiliaryFile /Users/admin/builder/spi-builder-workspace/.derivedData/Build/Intermediates.noindex/Permissionary.build/Debug-watchos/Permissionary-t.build/Objects-normal/arm64_32/Permissionary-OutputFileMap.json (in target 'Permissionary' from project 'Permissionary')
cd /Users/admin/builder/spi-builder-workspace
write-file /Users/admin/builder/spi-builder-workspace/.derivedData/Build/Intermediates.noindex/Permissionary.build/Debug-watchos/Permissionary-t.build/Objects-normal/arm64_32/Permissionary-OutputFileMap.json
WriteAuxiliaryFile /Users/admin/builder/spi-builder-workspace/.derivedData/Build/Intermediates.noindex/Permissionary.build/Debug-watchos/Permissionary-t.build/Objects-normal/arm64/Permissionary_const_extract_protocols.json (in target 'Permissionary' from project 'Permissionary')
cd /Users/admin/builder/spi-builder-workspace
write-file /Users/admin/builder/spi-builder-workspace/.derivedData/Build/Intermediates.noindex/Permissionary.build/Debug-watchos/Permissionary-t.build/Objects-normal/arm64/Permissionary_const_extract_protocols.json
WriteAuxiliaryFile /Users/admin/builder/spi-builder-workspace/.derivedData/Build/Intermediates.noindex/Permissionary.build/Debug-watchos/Permissionary-t.build/Objects-normal/arm64/Permissionary.SwiftConstValuesFileList (in target 'Permissionary' from project 'Permissionary')
cd /Users/admin/builder/spi-builder-workspace
write-file /Users/admin/builder/spi-builder-workspace/.derivedData/Build/Intermediates.noindex/Permissionary.build/Debug-watchos/Permissionary-t.build/Objects-normal/arm64/Permissionary.SwiftConstValuesFileList
WriteAuxiliaryFile /Users/admin/builder/spi-builder-workspace/.derivedData/Build/Intermediates.noindex/Permissionary.build/Debug-watchos/Permissionary-t.build/Objects-normal/arm64/Permissionary.SwiftFileList (in target 'Permissionary' from project 'Permissionary')
cd /Users/admin/builder/spi-builder-workspace
write-file /Users/admin/builder/spi-builder-workspace/.derivedData/Build/Intermediates.noindex/Permissionary.build/Debug-watchos/Permissionary-t.build/Objects-normal/arm64/Permissionary.SwiftFileList
WriteAuxiliaryFile /Users/admin/builder/spi-builder-workspace/.derivedData/Build/Intermediates.noindex/Permissionary.build/Debug-watchos/Permissionary-t.build/Objects-normal/arm64/Permissionary.LinkFileList (in target 'Permissionary' from project 'Permissionary')
cd /Users/admin/builder/spi-builder-workspace
write-file /Users/admin/builder/spi-builder-workspace/.derivedData/Build/Intermediates.noindex/Permissionary.build/Debug-watchos/Permissionary-t.build/Objects-normal/arm64/Permissionary.LinkFileList
WriteAuxiliaryFile /Users/admin/builder/spi-builder-workspace/.derivedData/Build/Intermediates.noindex/Permissionary.build/Debug-watchos/Permissionary-t.build/Objects-normal/arm64/Permissionary-OutputFileMap.json (in target 'Permissionary' from project 'Permissionary')
cd /Users/admin/builder/spi-builder-workspace
write-file /Users/admin/builder/spi-builder-workspace/.derivedData/Build/Intermediates.noindex/Permissionary.build/Debug-watchos/Permissionary-t.build/Objects-normal/arm64/Permissionary-OutputFileMap.json
WriteAuxiliaryFile /Users/admin/builder/spi-builder-workspace/.derivedData/Build/Intermediates.noindex/Permissionary.build/Debug-watchos/Permissionary-t.build/DerivedSources/resource_bundle_accessor.swift (in target 'Permissionary' from project 'Permissionary')
cd /Users/admin/builder/spi-builder-workspace
write-file /Users/admin/builder/spi-builder-workspace/.derivedData/Build/Intermediates.noindex/Permissionary.build/Debug-watchos/Permissionary-t.build/DerivedSources/resource_bundle_accessor.swift
MkDir /Users/admin/builder/spi-builder-workspace/.derivedData/Build/Products/Debug-watchos/Permissionary_Permissionary.bundle (in target 'Permissionary_Permissionary' from project 'Permissionary')
cd /Users/admin/builder/spi-builder-workspace
/bin/mkdir -p /Users/admin/builder/spi-builder-workspace/.derivedData/Build/Products/Debug-watchos/Permissionary_Permissionary.bundle
Copy /Users/admin/builder/spi-builder-workspace/.derivedData/Build/Intermediates.noindex/GeneratedModuleMaps-watchos/Permissionary.modulemap /Users/admin/builder/spi-builder-workspace/.derivedData/Build/Intermediates.noindex/Permissionary.build/Debug-watchos/Permissionary-t.build/Permissionary.modulemap (in target 'Permissionary' from project 'Permissionary')
cd /Users/admin/builder/spi-builder-workspace
builtin-copy -exclude .DS_Store -exclude CVS -exclude .svn -exclude .git -exclude .hg -resolve-src-symlinks /Users/admin/builder/spi-builder-workspace/.derivedData/Build/Intermediates.noindex/Permissionary.build/Debug-watchos/Permissionary-t.build/Permissionary.modulemap /Users/admin/builder/spi-builder-workspace/.derivedData/Build/Intermediates.noindex/GeneratedModuleMaps-watchos
ProcessInfoPlistFile /Users/admin/builder/spi-builder-workspace/.derivedData/Build/Products/Debug-watchos/Permissionary_Permissionary.bundle/Info.plist /Users/admin/builder/spi-builder-workspace/.derivedData/Build/Intermediates.noindex/Permissionary.build/Debug-watchos/Permissionary_Permissionary-b.build/empty-Permissionary_Permissionary.plist (in target 'Permissionary_Permissionary' from project 'Permissionary')
cd /Users/admin/builder/spi-builder-workspace
builtin-infoPlistUtility /Users/admin/builder/spi-builder-workspace/.derivedData/Build/Intermediates.noindex/Permissionary.build/Debug-watchos/Permissionary_Permissionary-b.build/empty-Permissionary_Permissionary.plist -producttype com.apple.product-type.bundle -expandbuildsettings -format binary -platform watchos -o /Users/admin/builder/spi-builder-workspace/.derivedData/Build/Products/Debug-watchos/Permissionary_Permissionary.bundle/Info.plist
CpResource /Users/admin/builder/spi-builder-workspace/.derivedData/Build/Products/Debug-watchos/Permissionary_Permissionary.bundle/PrivacyInfo.xcprivacy /Users/admin/builder/spi-builder-workspace/Sources/Permissionary/PrivacyInfo.xcprivacy (in target 'Permissionary_Permissionary' from project 'Permissionary')
cd /Users/admin/builder/spi-builder-workspace
builtin-copy -exclude .DS_Store -exclude CVS -exclude .svn -exclude .git -exclude .hg -resolve-src-symlinks /Users/admin/builder/spi-builder-workspace/Sources/Permissionary/PrivacyInfo.xcprivacy /Users/admin/builder/spi-builder-workspace/.derivedData/Build/Products/Debug-watchos/Permissionary_Permissionary.bundle
RegisterExecutionPolicyException /Users/admin/builder/spi-builder-workspace/.derivedData/Build/Products/Debug-watchos/Permissionary_Permissionary.bundle (in target 'Permissionary_Permissionary' from project 'Permissionary')
cd /Users/admin/builder/spi-builder-workspace
builtin-RegisterExecutionPolicyException /Users/admin/builder/spi-builder-workspace/.derivedData/Build/Products/Debug-watchos/Permissionary_Permissionary.bundle
Touch /Users/admin/builder/spi-builder-workspace/.derivedData/Build/Products/Debug-watchos/Permissionary_Permissionary.bundle (in target 'Permissionary_Permissionary' from project 'Permissionary')
cd /Users/admin/builder/spi-builder-workspace
/usr/bin/touch -c /Users/admin/builder/spi-builder-workspace/.derivedData/Build/Products/Debug-watchos/Permissionary_Permissionary.bundle
SwiftDriver Permissionary normal arm64 com.apple.xcode.tools.swift.compiler (in target 'Permissionary' from project 'Permissionary')
cd /Users/admin/builder/spi-builder-workspace/.swiftpm/xcode
builtin-SwiftDriver -- /Applications/Xcode-27.0.0-Release.Candidate.app/Contents/Developer/Toolchains/XcodeDefault.xctoolchain/usr/bin/swiftc -parse-as-library -module-name Permissionary -Onone @/Users/admin/builder/spi-builder-workspace/.derivedData/Build/Intermediates.noindex/Permissionary.build/Debug-watchos/Permissionary-t.build/Objects-normal/arm64/Permissionary.SwiftFileList -DSWIFT_PACKAGE -DDEBUG -DSWIFT_MODULE_RESOURCE_BUNDLE_AVAILABLE -DXcode -plugin-path /Applications/Xcode-27.0.0-Release.Candidate.app/Contents/Developer/Toolchains/XcodeDefault.xctoolchain/usr/lib/swift/host/plugins/testing -enable-experimental-feature DebugDescriptionMacro -sdk /Applications/Xcode-27.0.0-Release.Candidate.app/Contents/Developer/Platforms/WatchOS.platform/Developer/SDKs/WatchOS27.0.sdk -target arm64-apple-watchos11.0 -g -module-cache-path /Users/admin/builder/spi-builder-workspace/.derivedData/ModuleCache.noindex -Xfrontend -serialize-debugging-options -profile-coverage-mapping -profile-generate -enable-testing -index-store-path /Users/admin/builder/spi-builder-workspace/.derivedData/Index.noindex/DataStore -Xcc -D_LIBCPP_HARDENING_MODE\=_LIBCPP_HARDENING_MODE_DEBUG -swift-version 6 -I /Users/admin/builder/spi-builder-workspace/.derivedData/Build/Products/Debug-watchos -Isystem /Applications/Xcode-27.0.0-Release.Candidate.app/Contents/Developer/Platforms/WatchOS.platform/Developer/usr/lib -F /Users/admin/builder/spi-builder-workspace/.derivedData/Build/Products/Debug-watchos -F /Applications/Xcode-27.0.0-Release.Candidate.app/Contents/Developer/Platforms/WatchOS.platform/Developer/Library/Frameworks -F /Applications/Xcode-27.0.0-Release.Candidate.app/Contents/Developer/Platforms/WatchOS.platform/Developer/SDKs/WatchOS27.0.sdk/Developer/Library/Frameworks -c -j10 -enable-batch-mode -incremental -Xcc -ivfsstatcache -Xcc /Users/admin/builder/spi-builder-workspace/.derivedData/SDKStatCaches.noindex/watchos27.0-24R360-e829b21a6f8c9b70876ba0858053c04477534ef55a1706bf4c1112bbb242f0a2.sdkstatcache -output-file-map /Users/admin/builder/spi-builder-workspace/.derivedData/Build/Intermediates.noindex/Permissionary.build/Debug-watchos/Permissionary-t.build/Objects-normal/arm64/Permissionary-OutputFileMap.json -save-temps -no-color-diagnostics -explicit-module-build -module-cache-path /Users/admin/builder/spi-builder-workspace/.derivedData/Build/Intermediates.noindex/SwiftExplicitPrecompiledModules -clang-scanner-module-cache-path /Users/admin/builder/spi-builder-workspace/.derivedData/ModuleCache.noindex -sdk-module-cache-path /Users/admin/builder/spi-builder-workspace/.derivedData/SDKExplicitPrecompiledModules -emit-dependencies -emit-module -emit-module-path /Users/admin/builder/spi-builder-workspace/.derivedData/Build/Intermediates.noindex/Permissionary.build/Debug-watchos/Permissionary-t.build/Objects-normal/arm64/Permissionary.swiftmodule -serialize-diagnostics -dependency-scan-serialize-diagnostics-path /Users/admin/builder/spi-builder-workspace/.derivedData/Build/Intermediates.noindex/Permissionary.build/Debug-watchos/Permissionary-t.build/Objects-normal/arm64/Permissionary-dependency-scan.dia -validate-clang-modules-once -clang-build-session-file /Users/admin/builder/spi-builder-workspace/.derivedData/ModuleCache.noindex/Session.modulevalidation -Xcc -fmodules-prune-interval\=86400 -Xcc -fmodules-prune-after\=345600 -package-name spi_builder_workspace -emit-const-values -const-gather-protocols-list /Users/admin/builder/spi-builder-workspace/.derivedData/Build/Intermediates.noindex/Permissionary.build/Debug-watchos/Permissionary-t.build/Objects-normal/arm64/Permissionary_const_extract_protocols.json -Xcc -I/Users/admin/builder/spi-builder-workspace/.derivedData/Build/Products/Debug-watchos/include -Xcc -I/Users/admin/builder/spi-builder-workspace/.derivedData/Build/Intermediates.noindex/Permissionary.build/Debug-watchos/Permissionary-t.build/DerivedSources-normal/arm64 -Xcc -I/Users/admin/builder/spi-builder-workspace/.derivedData/Build/Intermediates.noindex/Permissionary.build/Debug-watchos/Permissionary-t.build/DerivedSources/arm64 -Xcc -I/Users/admin/builder/spi-builder-workspace/.derivedData/Build/Intermediates.noindex/Permissionary.build/Debug-watchos/Permissionary-t.build/DerivedSources -Xcc -DSWIFT_PACKAGE -Xcc -DDEBUG\=1 -emit-objc-header -emit-objc-header-path /Users/admin/builder/spi-builder-workspace/.derivedData/Build/Intermediates.noindex/Permissionary.build/Debug-watchos/Permissionary-t.build/Objects-normal/arm64/Permissionary-Swift.h -working-directory /Users/admin/builder/spi-builder-workspace/.swiftpm/xcode -experimental-emit-module-separately -disable-cmo
/Users/admin/builder/spi-builder-workspace/Sources/Permissionary/SystemAdapters/PhotoLibrary.swift:8:8: error: Unable to resolve module dependency: 'Photos' (in target 'Permissionary' from project 'Permissionary')
note: A dependency of main module 'Permissionary'
/Users/admin/builder/spi-builder-workspace/Sources/Permissionary/SystemAdapters/Tracking.swift:8:8: error: Unable to resolve module dependency: 'AppTrackingTransparency' (in target 'Permissionary' from project 'Permissionary')
note: A dependency of main module 'Permissionary'
/Users/admin/builder/spi-builder-workspace/Sources/Permissionary/SystemAdapters/PhotoLibrary.swift:8:8: note: A dependency of main module 'Permissionary'
import Photos
^ (in target 'Permissionary' from project 'Permissionary')
/Users/admin/builder/spi-builder-workspace/Sources/Permissionary/SystemAdapters/Tracking.swift:8:8: note: A dependency of main module 'Permissionary'
import AppTrackingTransparency
^ (in target 'Permissionary' from project 'Permissionary')
SwiftDriver Permissionary normal arm64_32 com.apple.xcode.tools.swift.compiler (in target 'Permissionary' from project 'Permissionary')
cd /Users/admin/builder/spi-builder-workspace/.swiftpm/xcode
builtin-SwiftDriver -- /Applications/Xcode-27.0.0-Release.Candidate.app/Contents/Developer/Toolchains/XcodeDefault.xctoolchain/usr/bin/swiftc -parse-as-library -module-name Permissionary -Onone @/Users/admin/builder/spi-builder-workspace/.derivedData/Build/Intermediates.noindex/Permissionary.build/Debug-watchos/Permissionary-t.build/Objects-normal/arm64_32/Permissionary.SwiftFileList -DSWIFT_PACKAGE -DDEBUG -DSWIFT_MODULE_RESOURCE_BUNDLE_AVAILABLE -DXcode -plugin-path /Applications/Xcode-27.0.0-Release.Candidate.app/Contents/Developer/Toolchains/XcodeDefault.xctoolchain/usr/lib/swift/host/plugins/testing -enable-experimental-feature DebugDescriptionMacro -sdk /Applications/Xcode-27.0.0-Release.Candidate.app/Contents/Developer/Platforms/WatchOS.platform/Developer/SDKs/WatchOS27.0.sdk -target arm64_32-apple-watchos11.0 -g -module-cache-path /Users/admin/builder/spi-builder-workspace/.derivedData/ModuleCache.noindex -Xfrontend -serialize-debugging-options -profile-coverage-mapping -profile-generate -enable-testing -index-store-path /Users/admin/builder/spi-builder-workspace/.derivedData/Index.noindex/DataStore -Xcc -D_LIBCPP_HARDENING_MODE\=_LIBCPP_HARDENING_MODE_DEBUG -swift-version 6 -I /Users/admin/builder/spi-builder-workspace/.derivedData/Build/Products/Debug-watchos -Isystem /Applications/Xcode-27.0.0-Release.Candidate.app/Contents/Developer/Platforms/WatchOS.platform/Developer/usr/lib -F /Users/admin/builder/spi-builder-workspace/.derivedData/Build/Products/Debug-watchos -F /Applications/Xcode-27.0.0-Release.Candidate.app/Contents/Developer/Platforms/WatchOS.platform/Developer/Library/Frameworks -F /Applications/Xcode-27.0.0-Release.Candidate.app/Contents/Developer/Platforms/WatchOS.platform/Developer/SDKs/WatchOS27.0.sdk/Developer/Library/Frameworks -c -j10 -enable-batch-mode -incremental -Xcc -ivfsstatcache -Xcc /Users/admin/builder/spi-builder-workspace/.derivedData/SDKStatCaches.noindex/watchos27.0-24R360-e829b21a6f8c9b70876ba0858053c04477534ef55a1706bf4c1112bbb242f0a2.sdkstatcache -output-file-map /Users/admin/builder/spi-builder-workspace/.derivedData/Build/Intermediates.noindex/Permissionary.build/Debug-watchos/Permissionary-t.build/Objects-normal/arm64_32/Permissionary-OutputFileMap.json -save-temps -no-color-diagnostics -explicit-module-build -module-cache-path /Users/admin/builder/spi-builder-workspace/.derivedData/Build/Intermediates.noindex/SwiftExplicitPrecompiledModules -clang-scanner-module-cache-path /Users/admin/builder/spi-builder-workspace/.derivedData/ModuleCache.noindex -sdk-module-cache-path /Users/admin/builder/spi-builder-workspace/.derivedData/SDKExplicitPrecompiledModules -emit-dependencies -emit-module -emit-module-path /Users/admin/builder/spi-builder-workspace/.derivedData/Build/Intermediates.noindex/Permissionary.build/Debug-watchos/Permissionary-t.build/Objects-normal/arm64_32/Permissionary.swiftmodule -serialize-diagnostics -dependency-scan-serialize-diagnostics-path /Users/admin/builder/spi-builder-workspace/.derivedData/Build/Intermediates.noindex/Permissionary.build/Debug-watchos/Permissionary-t.build/Objects-normal/arm64_32/Permissionary-dependency-scan.dia -validate-clang-modules-once -clang-build-session-file /Users/admin/builder/spi-builder-workspace/.derivedData/ModuleCache.noindex/Session.modulevalidation -Xcc -fmodules-prune-interval\=86400 -Xcc -fmodules-prune-after\=345600 -package-name spi_builder_workspace -emit-const-values -const-gather-protocols-list /Users/admin/builder/spi-builder-workspace/.derivedData/Build/Intermediates.noindex/Permissionary.build/Debug-watchos/Permissionary-t.build/Objects-normal/arm64_32/Permissionary_const_extract_protocols.json -Xcc -I/Users/admin/builder/spi-builder-workspace/.derivedData/Build/Products/Debug-watchos/include -Xcc -I/Users/admin/builder/spi-builder-workspace/.derivedData/Build/Intermediates.noindex/Permissionary.build/Debug-watchos/Permissionary-t.build/DerivedSources-normal/arm64_32 -Xcc -I/Users/admin/builder/spi-builder-workspace/.derivedData/Build/Intermediates.noindex/Permissionary.build/Debug-watchos/Permissionary-t.build/DerivedSources/arm64_32 -Xcc -I/Users/admin/builder/spi-builder-workspace/.derivedData/Build/Intermediates.noindex/Permissionary.build/Debug-watchos/Permissionary-t.build/DerivedSources -Xcc -DSWIFT_PACKAGE -Xcc -DDEBUG\=1 -emit-objc-header -emit-objc-header-path /Users/admin/builder/spi-builder-workspace/.derivedData/Build/Intermediates.noindex/Permissionary.build/Debug-watchos/Permissionary-t.build/Objects-normal/arm64_32/Permissionary-Swift.h -working-directory /Users/admin/builder/spi-builder-workspace/.swiftpm/xcode -experimental-emit-module-separately -disable-cmo
/Users/admin/builder/spi-builder-workspace/Sources/Permissionary/SystemAdapters/PhotoLibrary.swift:8:8: error: Unable to resolve module dependency: 'Photos' (in target 'Permissionary' from project 'Permissionary')
note: A dependency of main module 'Permissionary'
/Users/admin/builder/spi-builder-workspace/Sources/Permissionary/SystemAdapters/Tracking.swift:8:8: error: Unable to resolve module dependency: 'AppTrackingTransparency' (in target 'Permissionary' from project 'Permissionary')
note: A dependency of main module 'Permissionary'
/Users/admin/builder/spi-builder-workspace/Sources/Permissionary/SystemAdapters/PhotoLibrary.swift:8:8: note: A dependency of main module 'Permissionary'
import Photos
^ (in target 'Permissionary' from project 'Permissionary')
/Users/admin/builder/spi-builder-workspace/Sources/Permissionary/SystemAdapters/Tracking.swift:8:8: note: A dependency of main module 'Permissionary'
import AppTrackingTransparency
^ (in target 'Permissionary' from project 'Permissionary')
PruneExplicitPrecompiledModules /Users/admin/builder/spi-builder-workspace/.derivedData/Build/Intermediates.noindex/ExplicitPrecompiledModules
PruneExplicitPrecompiledModules /Users/admin/builder/spi-builder-workspace/.derivedData/Build/Intermediates.noindex/SwiftExplicitPrecompiledModules
PruneExplicitPrecompiledModules /Users/admin/builder/spi-builder-workspace/.derivedData/SDKExplicitPrecompiledModules
2026-09-26 16:53:41.470 xcodebuild[623:3862] [MT] IDERunDestination: Supported platforms for the buildables in the current scheme is empty.
** BUILD FAILED **
The following build commands failed:
SwiftDriver Permissionary normal arm64 com.apple.xcode.tools.swift.compiler (in target 'Permissionary' from project 'Permissionary')
SwiftDriver Permissionary normal arm64_32 com.apple.xcode.tools.swift.compiler (in target 'Permissionary' from project 'Permissionary')
Building workspace Permissionary with scheme Permissionary
(3 failures)
Command line invocation:
/Applications/Xcode-27.0.0-Release.Candidate.app/Contents/Developer/usr/bin/xcodebuild -IDEClonedSourcePackagesDirPathOverride=/Users/admin/builder/spi-builder-workspace/.dependencies -resolvePackageDependencies
Resolve Package Graph
Resolved source packages:
Permissionary: /Users/admin/builder/spi-builder-workspace
resolved source packages: Permissionary
2026-09-26 16:53:45.349 xcodebuild[639:4130] [MT] IDERunDestination: Supported platforms for the buildables in the current scheme is empty.
{
"dependencies" : [
],
"manifest_display_name" : "Permissionary",
"name" : "Permissionary",
"path" : "/Users/admin/builder/spi-builder-workspace",
"platforms" : [
{
"name" : "ios",
"version" : "18.0"
}
],
"products" : [
{
"name" : "Permissionary",
"targets" : [
"Permissionary"
],
"type" : {
"library" : [
"automatic"
]
}
}
],
"targets" : [
{
"c99name" : "PermissionaryTests",
"module_type" : "SwiftTarget",
"name" : "PermissionaryTests",
"path" : "Tests/PermissionaryTests",
"sources" : [
"CameraAdapterTests.swift",
"ClientFixture.swift",
"ContactsAdapterTests.swift",
"CoordinationTests.swift",
"DiagnosticsTests.swift",
"LocationAlwaysAdapterTests.swift",
"LocationScript.swift",
"LocationWhenInUseAdapterTests.swift",
"MicrophoneAdapterTests.swift",
"NotificationsAdapterTests.swift",
"PermissionAuthorizationTests.swift",
"PermissionErrorTests.swift",
"PermissionModelTests.swift",
"PermissionRecoveryTests.swift",
"PermissionStatusTests.swift",
"PermissionsClientTests.swift",
"PermissionsEnvironmentTests.swift",
"PhotosAddOnlyAdapterTests.swift",
"PhotosReadWriteAdapterTests.swift",
"READMEExamples.swift",
"ShimScript.swift",
"StatusStreamTests.swift",
"TrackingAdapterTests.swift"
],
"target_dependencies" : [
"Permissionary"
],
"type" : "test"
},
{
"c99name" : "Permissionary",
"module_type" : "SwiftTarget",
"name" : "Permissionary",
"path" : "Sources/Permissionary",
"product_memberships" : [
"Permissionary"
],
"resources" : [
{
"path" : "/Users/admin/builder/spi-builder-workspace/Sources/Permissionary/PrivacyInfo.xcprivacy",
"rule" : {
"copy" : {
}
}
}
],
"sources" : [
"Configuration/InfoPlistReader.swift",
"Configuration/PermissionsDiagnostics.swift",
"Configuration/UsageDescriptionKey.swift",
"Coordination/PromptSerializer.swift",
"Coordination/RequestCoalescer.swift",
"Domain/CameraPermission.swift",
"Domain/CameraStatus.swift",
"Domain/ContactsPermission.swift",
"Domain/ContactsStatus.swift",
"Domain/LocationAccuracy.swift",
"Domain/LocationAlwaysPermission.swift",
"Domain/LocationAlwaysStatus.swift",
"Domain/LocationWhenInUsePermission.swift",
"Domain/LocationWhenInUseStatus.swift",
"Domain/MicrophonePermission.swift",
"Domain/MicrophoneStatus.swift",
"Domain/NotificationAlertStyle.swift",
"Domain/NotificationGrant.swift",
"Domain/NotificationOptions.swift",
"Domain/NotificationSetting.swift",
"Domain/NotificationSettings.swift",
"Domain/NotificationsPermission.swift",
"Domain/NotificationsStatus.swift",
"Domain/PermissionAuthorization.swift",
"Domain/PermissionError.swift",
"Domain/PermissionRecovery.swift",
"Domain/PermissionStatus.swift",
"Domain/PermissionsClient.swift",
"Domain/PhotosAddOnlyPermission.swift",
"Domain/PhotosAddOnlyStatus.swift",
"Domain/PhotosReadWritePermission.swift",
"Domain/PhotosReadWriteStatus.swift",
"Domain/StatusHub.swift",
"Domain/TrackingPermission.swift",
"Domain/TrackingStatus.swift",
"PermissionsClient+Live.swift",
"SwiftUI/CameraPermissionModel.swift",
"SwiftUI/ContactsPermissionModel.swift",
"SwiftUI/LimitedPhotoLibraryPicker.swift",
"SwiftUI/LocationAlwaysPermissionModel.swift",
"SwiftUI/LocationWhenInUsePermissionModel.swift",
"SwiftUI/MicrophonePermissionModel.swift",
"SwiftUI/NotificationsPermissionModel.swift",
"SwiftUI/PermissionsEnvironment.swift",
"SwiftUI/PhotosAddOnlyPermissionModel.swift",
"SwiftUI/PhotosReadWritePermissionModel.swift",
"SwiftUI/TrackingPermissionModel.swift",
"SystemAdapters/Camera.swift",
"SystemAdapters/ContactStore.swift",
"SystemAdapters/Location.swift",
"SystemAdapters/Microphone.swift",
"SystemAdapters/NotificationCenter.swift",
"SystemAdapters/PhotoLibrary.swift",
"SystemAdapters/PromptOnceRequest.swift",
"SystemAdapters/Tracking.swift"
],
"type" : "library"
}
],
"tools_version" : "6.0"
}
{
"workspace" : {
"name" : "Permissionary",
"schemes" : [
"Permissionary"
]
}
}
2026-09-26 16:53:46.579 xcodebuild[647:4187] [MT] IDERunDestination: Supported platforms for the buildables in the current scheme is empty.
Running build ...
env DEVELOPER_DIR=/Applications/Xcode-27.0.0-Release.Candidate.app xcrun xcodebuild -IDEClonedSourcePackagesDirPathOverride=$PWD/.dependencies -skipMacroValidation -skipPackagePluginValidation -derivedDataPath $PWD/.derivedData build -scheme Permissionary -destination generic/platform=watchOS
Command line invocation:
/Applications/Xcode-27.0.0-Release.Candidate.app/Contents/Developer/usr/bin/xcodebuild -IDEClonedSourcePackagesDirPathOverride=/Users/admin/builder/spi-builder-workspace/.dependencies -skipMacroValidation -skipPackagePluginValidation -derivedDataPath /Users/admin/builder/spi-builder-workspace/.derivedData build -scheme Permissionary -destination generic/platform=watchOS
Resolve Package Graph
Resolved source packages:
Permissionary: /Users/admin/builder/spi-builder-workspace
ComputePackagePrebuildTargetDependencyGraph
Prepare packages
CreateBuildRequest
SendProjectDescription
CreateBuildOperation
ComputeTargetDependencyGraph
note: Building targets in dependency order
note: Target dependency graph (3 targets)
Target 'Permissionary-product' in project 'Permissionary'
➜ Explicit dependency on target 'Permissionary' in project 'Permissionary'
➜ Explicit dependency on target 'Permissionary_Permissionary' in project 'Permissionary'
Target 'Permissionary' in project 'Permissionary'
➜ Explicit dependency on target 'Permissionary_Permissionary' in project 'Permissionary'
Target 'Permissionary_Permissionary' in project 'Permissionary' (no dependencies)
GatherProvisioningInputs
CreateBuildDescription
ClangStatCache /Applications/Xcode-27.0.0-Release.Candidate.app/Contents/Developer/Toolchains/XcodeDefault.xctoolchain/usr/bin/clang-stat-cache /Applications/Xcode-27.0.0-Release.Candidate.app/Contents/Developer/Platforms/WatchOS.platform/Developer/SDKs/WatchOS27.0.sdk /Users/admin/builder/spi-builder-workspace/.derivedData/SDKStatCaches.noindex/watchos27.0-24R360-e829b21a6f8c9b70876ba0858053c04477534ef55a1706bf4c1112bbb242f0a2.sdkstatcache
cd /Users/admin/builder/spi-builder-workspace/.swiftpm/xcode
/Applications/Xcode-27.0.0-Release.Candidate.app/Contents/Developer/Toolchains/XcodeDefault.xctoolchain/usr/bin/clang-stat-cache /Applications/Xcode-27.0.0-Release.Candidate.app/Contents/Developer/Platforms/WatchOS.platform/Developer/SDKs/WatchOS27.0.sdk -o /Users/admin/builder/spi-builder-workspace/.derivedData/SDKStatCaches.noindex/watchos27.0-24R360-e829b21a6f8c9b70876ba0858053c04477534ef55a1706bf4c1112bbb242f0a2.sdkstatcache
SwiftDriver Permissionary normal arm64_32 com.apple.xcode.tools.swift.compiler (in target 'Permissionary' from project 'Permissionary')
cd /Users/admin/builder/spi-builder-workspace/.swiftpm/xcode
builtin-SwiftDriver -- /Applications/Xcode-27.0.0-Release.Candidate.app/Contents/Developer/Toolchains/XcodeDefault.xctoolchain/usr/bin/swiftc -parse-as-library -module-name Permissionary -Onone @/Users/admin/builder/spi-builder-workspace/.derivedData/Build/Intermediates.noindex/Permissionary.build/Debug-watchos/Permissionary-t.build/Objects-normal/arm64_32/Permissionary.SwiftFileList -DSWIFT_PACKAGE -DDEBUG -DSWIFT_MODULE_RESOURCE_BUNDLE_AVAILABLE -DXcode -plugin-path /Applications/Xcode-27.0.0-Release.Candidate.app/Contents/Developer/Toolchains/XcodeDefault.xctoolchain/usr/lib/swift/host/plugins/testing -enable-experimental-feature DebugDescriptionMacro -sdk /Applications/Xcode-27.0.0-Release.Candidate.app/Contents/Developer/Platforms/WatchOS.platform/Developer/SDKs/WatchOS27.0.sdk -target arm64_32-apple-watchos11.0 -g -module-cache-path /Users/admin/builder/spi-builder-workspace/.derivedData/ModuleCache.noindex -Xfrontend -serialize-debugging-options -profile-coverage-mapping -profile-generate -enable-testing -index-store-path /Users/admin/builder/spi-builder-workspace/.derivedData/Index.noindex/DataStore -Xcc -D_LIBCPP_HARDENING_MODE\=_LIBCPP_HARDENING_MODE_DEBUG -swift-version 6 -I /Users/admin/builder/spi-builder-workspace/.derivedData/Build/Products/Debug-watchos -Isystem /Applications/Xcode-27.0.0-Release.Candidate.app/Contents/Developer/Platforms/WatchOS.platform/Developer/usr/lib -F /Users/admin/builder/spi-builder-workspace/.derivedData/Build/Products/Debug-watchos -F /Applications/Xcode-27.0.0-Release.Candidate.app/Contents/Developer/Platforms/WatchOS.platform/Developer/Library/Frameworks -F /Applications/Xcode-27.0.0-Release.Candidate.app/Contents/Developer/Platforms/WatchOS.platform/Developer/SDKs/WatchOS27.0.sdk/Developer/Library/Frameworks -c -j10 -enable-batch-mode -incremental -Xcc -ivfsstatcache -Xcc /Users/admin/builder/spi-builder-workspace/.derivedData/SDKStatCaches.noindex/watchos27.0-24R360-e829b21a6f8c9b70876ba0858053c04477534ef55a1706bf4c1112bbb242f0a2.sdkstatcache -output-file-map /Users/admin/builder/spi-builder-workspace/.derivedData/Build/Intermediates.noindex/Permissionary.build/Debug-watchos/Permissionary-t.build/Objects-normal/arm64_32/Permissionary-OutputFileMap.json -save-temps -no-color-diagnostics -explicit-module-build -module-cache-path /Users/admin/builder/spi-builder-workspace/.derivedData/Build/Intermediates.noindex/SwiftExplicitPrecompiledModules -clang-scanner-module-cache-path /Users/admin/builder/spi-builder-workspace/.derivedData/ModuleCache.noindex -sdk-module-cache-path /Users/admin/builder/spi-builder-workspace/.derivedData/SDKExplicitPrecompiledModules -emit-dependencies -emit-module -emit-module-path /Users/admin/builder/spi-builder-workspace/.derivedData/Build/Intermediates.noindex/Permissionary.build/Debug-watchos/Permissionary-t.build/Objects-normal/arm64_32/Permissionary.swiftmodule -serialize-diagnostics -dependency-scan-serialize-diagnostics-path /Users/admin/builder/spi-builder-workspace/.derivedData/Build/Intermediates.noindex/Permissionary.build/Debug-watchos/Permissionary-t.build/Objects-normal/arm64_32/Permissionary-dependency-scan.dia -validate-clang-modules-once -clang-build-session-file /Users/admin/builder/spi-builder-workspace/.derivedData/ModuleCache.noindex/Session.modulevalidation -Xcc -fmodules-prune-interval\=86400 -Xcc -fmodules-prune-after\=345600 -package-name spi_builder_workspace -emit-const-values -const-gather-protocols-list /Users/admin/builder/spi-builder-workspace/.derivedData/Build/Intermediates.noindex/Permissionary.build/Debug-watchos/Permissionary-t.build/Objects-normal/arm64_32/Permissionary_const_extract_protocols.json -Xcc -I/Users/admin/builder/spi-builder-workspace/.derivedData/Build/Products/Debug-watchos/include -Xcc -I/Users/admin/builder/spi-builder-workspace/.derivedData/Build/Intermediates.noindex/Permissionary.build/Debug-watchos/Permissionary-t.build/DerivedSources-normal/arm64_32 -Xcc -I/Users/admin/builder/spi-builder-workspace/.derivedData/Build/Intermediates.noindex/Permissionary.build/Debug-watchos/Permissionary-t.build/DerivedSources/arm64_32 -Xcc -I/Users/admin/builder/spi-builder-workspace/.derivedData/Build/Intermediates.noindex/Permissionary.build/Debug-watchos/Permissionary-t.build/DerivedSources -Xcc -DSWIFT_PACKAGE -Xcc -DDEBUG\=1 -emit-objc-header -emit-objc-header-path /Users/admin/builder/spi-builder-workspace/.derivedData/Build/Intermediates.noindex/Permissionary.build/Debug-watchos/Permissionary-t.build/Objects-normal/arm64_32/Permissionary-Swift.h -working-directory /Users/admin/builder/spi-builder-workspace/.swiftpm/xcode -experimental-emit-module-separately -disable-cmo
/Users/admin/builder/spi-builder-workspace/Sources/Permissionary/SystemAdapters/PhotoLibrary.swift:8:8: error: Unable to resolve module dependency: 'Photos' (in target 'Permissionary' from project 'Permissionary')
note: A dependency of main module 'Permissionary'
/Users/admin/builder/spi-builder-workspace/Sources/Permissionary/SystemAdapters/Tracking.swift:8:8: error: Unable to resolve module dependency: 'AppTrackingTransparency' (in target 'Permissionary' from project 'Permissionary')
note: A dependency of main module 'Permissionary'
/Users/admin/builder/spi-builder-workspace/Sources/Permissionary/SystemAdapters/PhotoLibrary.swift:8:8: note: A dependency of main module 'Permissionary'
import Photos
^ (in target 'Permissionary' from project 'Permissionary')
/Users/admin/builder/spi-builder-workspace/Sources/Permissionary/SystemAdapters/Tracking.swift:8:8: note: A dependency of main module 'Permissionary'
import AppTrackingTransparency
^ (in target 'Permissionary' from project 'Permissionary')
SwiftDriver Permissionary normal arm64 com.apple.xcode.tools.swift.compiler (in target 'Permissionary' from project 'Permissionary')
cd /Users/admin/builder/spi-builder-workspace/.swiftpm/xcode
builtin-SwiftDriver -- /Applications/Xcode-27.0.0-Release.Candidate.app/Contents/Developer/Toolchains/XcodeDefault.xctoolchain/usr/bin/swiftc -parse-as-library -module-name Permissionary -Onone @/Users/admin/builder/spi-builder-workspace/.derivedData/Build/Intermediates.noindex/Permissionary.build/Debug-watchos/Permissionary-t.build/Objects-normal/arm64/Permissionary.SwiftFileList -DSWIFT_PACKAGE -DDEBUG -DSWIFT_MODULE_RESOURCE_BUNDLE_AVAILABLE -DXcode -plugin-path /Applications/Xcode-27.0.0-Release.Candidate.app/Contents/Developer/Toolchains/XcodeDefault.xctoolchain/usr/lib/swift/host/plugins/testing -enable-experimental-feature DebugDescriptionMacro -sdk /Applications/Xcode-27.0.0-Release.Candidate.app/Contents/Developer/Platforms/WatchOS.platform/Developer/SDKs/WatchOS27.0.sdk -target arm64-apple-watchos11.0 -g -module-cache-path /Users/admin/builder/spi-builder-workspace/.derivedData/ModuleCache.noindex -Xfrontend -serialize-debugging-options -profile-coverage-mapping -profile-generate -enable-testing -index-store-path /Users/admin/builder/spi-builder-workspace/.derivedData/Index.noindex/DataStore -Xcc -D_LIBCPP_HARDENING_MODE\=_LIBCPP_HARDENING_MODE_DEBUG -swift-version 6 -I /Users/admin/builder/spi-builder-workspace/.derivedData/Build/Products/Debug-watchos -Isystem /Applications/Xcode-27.0.0-Release.Candidate.app/Contents/Developer/Platforms/WatchOS.platform/Developer/usr/lib -F /Users/admin/builder/spi-builder-workspace/.derivedData/Build/Products/Debug-watchos -F /Applications/Xcode-27.0.0-Release.Candidate.app/Contents/Developer/Platforms/WatchOS.platform/Developer/Library/Frameworks -F /Applications/Xcode-27.0.0-Release.Candidate.app/Contents/Developer/Platforms/WatchOS.platform/Developer/SDKs/WatchOS27.0.sdk/Developer/Library/Frameworks -c -j10 -enable-batch-mode -incremental -Xcc -ivfsstatcache -Xcc /Users/admin/builder/spi-builder-workspace/.derivedData/SDKStatCaches.noindex/watchos27.0-24R360-e829b21a6f8c9b70876ba0858053c04477534ef55a1706bf4c1112bbb242f0a2.sdkstatcache -output-file-map /Users/admin/builder/spi-builder-workspace/.derivedData/Build/Intermediates.noindex/Permissionary.build/Debug-watchos/Permissionary-t.build/Objects-normal/arm64/Permissionary-OutputFileMap.json -save-temps -no-color-diagnostics -explicit-module-build -module-cache-path /Users/admin/builder/spi-builder-workspace/.derivedData/Build/Intermediates.noindex/SwiftExplicitPrecompiledModules -clang-scanner-module-cache-path /Users/admin/builder/spi-builder-workspace/.derivedData/ModuleCache.noindex -sdk-module-cache-path /Users/admin/builder/spi-builder-workspace/.derivedData/SDKExplicitPrecompiledModules -emit-dependencies -emit-module -emit-module-path /Users/admin/builder/spi-builder-workspace/.derivedData/Build/Intermediates.noindex/Permissionary.build/Debug-watchos/Permissionary-t.build/Objects-normal/arm64/Permissionary.swiftmodule -serialize-diagnostics -dependency-scan-serialize-diagnostics-path /Users/admin/builder/spi-builder-workspace/.derivedData/Build/Intermediates.noindex/Permissionary.build/Debug-watchos/Permissionary-t.build/Objects-normal/arm64/Permissionary-dependency-scan.dia -validate-clang-modules-once -clang-build-session-file /Users/admin/builder/spi-builder-workspace/.derivedData/ModuleCache.noindex/Session.modulevalidation -Xcc -fmodules-prune-interval\=86400 -Xcc -fmodules-prune-after\=345600 -package-name spi_builder_workspace -emit-const-values -const-gather-protocols-list /Users/admin/builder/spi-builder-workspace/.derivedData/Build/Intermediates.noindex/Permissionary.build/Debug-watchos/Permissionary-t.build/Objects-normal/arm64/Permissionary_const_extract_protocols.json -Xcc -I/Users/admin/builder/spi-builder-workspace/.derivedData/Build/Products/Debug-watchos/include -Xcc -I/Users/admin/builder/spi-builder-workspace/.derivedData/Build/Intermediates.noindex/Permissionary.build/Debug-watchos/Permissionary-t.build/DerivedSources-normal/arm64 -Xcc -I/Users/admin/builder/spi-builder-workspace/.derivedData/Build/Intermediates.noindex/Permissionary.build/Debug-watchos/Permissionary-t.build/DerivedSources/arm64 -Xcc -I/Users/admin/builder/spi-builder-workspace/.derivedData/Build/Intermediates.noindex/Permissionary.build/Debug-watchos/Permissionary-t.build/DerivedSources -Xcc -DSWIFT_PACKAGE -Xcc -DDEBUG\=1 -emit-objc-header -emit-objc-header-path /Users/admin/builder/spi-builder-workspace/.derivedData/Build/Intermediates.noindex/Permissionary.build/Debug-watchos/Permissionary-t.build/Objects-normal/arm64/Permissionary-Swift.h -working-directory /Users/admin/builder/spi-builder-workspace/.swiftpm/xcode -experimental-emit-module-separately -disable-cmo
/Users/admin/builder/spi-builder-workspace/Sources/Permissionary/SystemAdapters/PhotoLibrary.swift:8:8: error: Unable to resolve module dependency: 'Photos' (in target 'Permissionary' from project 'Permissionary')
note: A dependency of main module 'Permissionary'
/Users/admin/builder/spi-builder-workspace/Sources/Permissionary/SystemAdapters/Tracking.swift:8:8: error: Unable to resolve module dependency: 'AppTrackingTransparency' (in target 'Permissionary' from project 'Permissionary')
note: A dependency of main module 'Permissionary'
/Users/admin/builder/spi-builder-workspace/Sources/Permissionary/SystemAdapters/PhotoLibrary.swift:8:8: note: A dependency of main module 'Permissionary'
import Photos
^ (in target 'Permissionary' from project 'Permissionary')
/Users/admin/builder/spi-builder-workspace/Sources/Permissionary/SystemAdapters/Tracking.swift:8:8: note: A dependency of main module 'Permissionary'
import AppTrackingTransparency
^ (in target 'Permissionary' from project 'Permissionary')
PruneExplicitPrecompiledModules /Users/admin/builder/spi-builder-workspace/.derivedData/Build/Intermediates.noindex/ExplicitPrecompiledModules
PruneExplicitPrecompiledModules /Users/admin/builder/spi-builder-workspace/.derivedData/Build/Intermediates.noindex/SwiftExplicitPrecompiledModules
PruneExplicitPrecompiledModules /Users/admin/builder/spi-builder-workspace/.derivedData/SDKExplicitPrecompiledModules
2026-09-26 16:53:47.643 xcodebuild[649:4227] [MT] IDERunDestination: Supported platforms for the buildables in the current scheme is empty.
** BUILD FAILED **
The following build commands failed:
SwiftDriver Permissionary normal arm64_32 com.apple.xcode.tools.swift.compiler (in target 'Permissionary' from project 'Permissionary')
SwiftDriver Permissionary normal arm64 com.apple.xcode.tools.swift.compiler (in target 'Permissionary' from project 'Permissionary')
Building workspace Permissionary with scheme Permissionary
(3 failures)
BUILD FAILURE 6.4 watchOS