Build Information
Failed to build Kass, reference main (f8b015), with Swift 6.2 for Linux on 26 Jun 2026 02:32:48 UTC.
Build Command
bash -c docker run --pull=always --rm -v "checkouts-53886769-0":/host -w "$PWD" -e JAVA_HOME="/root/.sdkman/candidates/java/current" -e SPI_BUILD="1" -e SPI_PROCESSING="1" registry.gitlab.com/saguaro1/spi-images:basic-6.2-latest swift build --triple x86_64-unknown-linux-gnu 2>&1Build Log
========================================
RunAll
========================================
Builder version: 0e64495ecc1688c3b3e031a5ef1348b5c05091ae
Interrupt handler set up.
========================================
Checkout
========================================
Clone URL: https://github.com/nmggithub/Kass.git
Reference: main
Initialized empty Git repository in /host/spi-builder-workspace/.git/
hint: Using 'master' as the name for the initial branch. This default branch name
hint: is subject to change. To configure the initial branch name to use in all
hint: of your new repositories, which will suppress this warning, call:
hint:
hint: git config --global init.defaultBranch <name>
hint:
hint: Names commonly chosen instead of 'master' are 'main', 'trunk' and
hint: 'development'. The just-created branch can be renamed via this command:
hint:
hint: git branch -m <name>
From https://github.com/nmggithub/Kass
* branch main -> FETCH_HEAD
* [new branch] main -> origin/main
HEAD is now at f8b0159 allow for mutable descriptors
Cloned https://github.com/nmggithub/Kass.git
Revision (git rev-parse @):
f8b01598be657e66bef8774ec618ba427a3cd705
SPI manifest file found: $PWD/.spi.yml
SUCCESS checkout https://github.com/nmggithub/Kass.git at main
========================================
Build
========================================
Selected platform: linux
Swift version: 6.2
Building package at path: $PWD
https://github.com/nmggithub/Kass.git
Running build ...
bash -c docker run --pull=always --rm -v "checkouts-53886769-0":/host -w "$PWD" -e JAVA_HOME="/root/.sdkman/candidates/java/current" -e SPI_BUILD="1" -e SPI_PROCESSING="1" registry.gitlab.com/saguaro1/spi-images:basic-6.2-latest swift build --triple x86_64-unknown-linux-gnu 2>&1
basic-6.2-latest: Pulling from saguaro1/spi-images
Digest: sha256:146297aca0eb7f3e338453cbf4c0aa72424647d7d0d3f35fda2f7ef7698dd3aa
Status: Image is up to date for registry.gitlab.com/saguaro1/spi-images:basic-6.2-latest
Fetching https://github.com/swiftlang/swift-docc-plugin
[1/2299] Fetching swift-docc-plugin
Fetched https://github.com/swiftlang/swift-docc-plugin from cache (0.49s)
Computing version for https://github.com/swiftlang/swift-docc-plugin
Computed https://github.com/swiftlang/swift-docc-plugin at 1.5.0 (1.37s)
Fetching https://github.com/swiftlang/swift-docc-symbolkit
[1/3749] Fetching swift-docc-symbolkit
Fetched https://github.com/swiftlang/swift-docc-symbolkit from cache (0.47s)
Computing version for https://github.com/swiftlang/swift-docc-symbolkit
Computed https://github.com/swiftlang/swift-docc-symbolkit at 1.0.0 (0.67s)
Creating working copy for https://github.com/swiftlang/swift-docc-plugin
Working copy of https://github.com/swiftlang/swift-docc-plugin resolved at 1.5.0
Creating working copy for https://github.com/swiftlang/swift-docc-symbolkit
Working copy of https://github.com/swiftlang/swift-docc-symbolkit resolved at 1.0.0
[1/1] Compiling plugin Swift-DocC Preview
[2/2] Compiling plugin Swift-DocC
Building for debugging...
[2/12] Write sources
[10/12] Compiling KassC KassC.c
[11/12] Write swift-version-24593BA9C3E375BF.txt
[13/17] Compiling KassHelpers KassHelpers.swift
[14/17] Emitting module KassHelpers
error: emit-module command failed with exit code 1 (use -v to see invocation)
[16/18] Compiling Linking common.swift
[17/18] Emitting module Linking
/host/spi-builder-workspace/Sources/Linking/linking.swift:67:60: error: cannot find type 'vm_address_t' in scope
65 | /// it cannot determine the address of `otherSymbol` if it's not an exported symbol.
66 | public func get(
67 | symbol: String, atExpectedAddress expectedAddress: vm_address_t, otherSymbol: String,
| `- error: cannot find type 'vm_address_t' in scope
68 | otherSymbolExpectedAddress: vm_address_t
69 | ) -> Symbol? {
/host/spi-builder-workspace/Sources/Linking/linking.swift:68:37: error: cannot find type 'vm_address_t' in scope
66 | public func get(
67 | symbol: String, atExpectedAddress expectedAddress: vm_address_t, otherSymbol: String,
68 | otherSymbolExpectedAddress: vm_address_t
| `- error: cannot find type 'vm_address_t' in scope
69 | ) -> Symbol? {
70 | guard
[18/18] Compiling Linking linking.swift
/host/spi-builder-workspace/Sources/Linking/linking.swift:67:60: error: cannot find type 'vm_address_t' in scope
65 | /// it cannot determine the address of `otherSymbol` if it's not an exported symbol.
66 | public func get(
67 | symbol: String, atExpectedAddress expectedAddress: vm_address_t, otherSymbol: String,
| `- error: cannot find type 'vm_address_t' in scope
68 | otherSymbolExpectedAddress: vm_address_t
69 | ) -> Symbol? {
/host/spi-builder-workspace/Sources/Linking/linking.swift:68:37: error: cannot find type 'vm_address_t' in scope
66 | public func get(
67 | symbol: String, atExpectedAddress expectedAddress: vm_address_t, otherSymbol: String,
68 | otherSymbolExpectedAddress: vm_address_t
| `- error: cannot find type 'vm_address_t' in scope
69 | ) -> Symbol? {
70 | guard
BUILD FAILURE 6.2 linux